141.98.100.212 - - [01/Jan/2025:01:22:01 +0800] "GET /logs/access_20231010.log HTTP/1.1" 200 9456 "-" "Mozilla/5.0 (Windows NT 11.0; Win64; x64) AppleWebKit/537.36 (KHTML, like Gecko) Chrome/131.0.6778.86 Safari/537.36"
66.249.68.7 - - [01/Jan/2025:01:50:42 +0800] "GET /icons/small/sound2.png HTTP/1.1" 200 171 "-" "Googlebot-Image/1.0"
66.249.68.8 - - [01/Jan/2025:03:20:42 +0800] "GET /icons/dvi.png HTTP/1.1" 200 305 "-" "Googlebot-Image/1.0"
66.249.68.7 - - [01/Jan/2025:03:42:21 +0800] "GET /logs/access_20231220.log HTTP/1.1" 304 - "-" "Mozilla/5.0 (Linux; Android 6.0.1; Nexus 5X Build/MMB29P) AppleWebKit/537.36 (KHTML, like Gecko) Chrome/131.0.6778.139 Mobile Safari/537.36 (compatible; Googlebot/2.1; +http://www.google.com/bot.html)"
180.102.110.153 - - [01/Jan/2025:11:51:19 +0800] "GET / HTTP/1.1" 200 794 "-" "Sogou web spider/4.0(+http://www.sogou.com/docs/help/webmasters.htm#07)"
223.109.252.180 - - [01/Jan/2025:11:51:20 +0800] "GET /robots.txt HTTP/1.1" 404 1052 "-" "Sogou web spider/4.0(+http://www.sogou.com/docs/help/webmasters.htm#07)"
216.244.66.195 - - [01/Jan/2025:19:02:45 +0800] "GET /robots.txt HTTP/1.1" 404 1052 "-" "Mozilla/5.0 (compatible; DotBot/1.2; +https://opensiteexplorer.org/dotbot; help@moz.com)"
216.244.66.195 - - [01/Jan/2025:19:21:30 +0800] "GET /?C=D;O=A HTTP/1.1" 200 794 "-" "Mozilla/5.0 (compatible; DotBot/1.2; +https://opensiteexplorer.org/dotbot; help@moz.com)"
113.215.188.100 - - [01/Jan/2025:20:37:35 +0800] "GET / HTTP/1.1" 200 794 "-" "Mozilla/5.0 (Windows NT 10.0; Win64; x64) AppleWebKit/537.36 (KHTML, like Gecko) Chrome/100.0.7091.60 Safari/537.36"
113.215.188.100 - - [01/Jan/2025:20:37:35 +0800] "GET / HTTP/1.1" 200 794 "-" "Mozilla/5.0 (Windows NT 10.0; Win64; x64) AppleWebKit/537.36 (KHTML, like Gecko) Chrome/98.0.5292.164 Safari/537.36"
113.215.188.100 - - [01/Jan/2025:20:37:35 +0800] "GET /favicon.ico HTTP/1.1" 404 1052 "-" "Mozilla/5.0 (Windows NT 10.0; Win64; x64) AppleWebKit/537.36 (KHTML, like Gecko) Chrome/98.0.5292.164 Safari/537.36"
113.215.188.100 - - [01/Jan/2025:20:37:35 +0800] "GET /?C=M;O=A HTTP/1.1" 200 794 "-" "Mozilla/5.0 (Windows NT 10.0; Win64; x64) AppleWebKit/537.36 (KHTML, like Gecko) Chrome/108.0.7487.71 Safari/537.36"
113.215.188.103 - - [01/Jan/2025:20:37:35 +0800] "GET /?C=N;O=D HTTP/1.1" 200 794 "-" "Mozilla/5.0 (Windows NT 10.0; Win64; x64) AppleWebKit/537.36 (KHTML, like Gecko) Chrome/91.0.5857.129 Safari/537.36"
113.215.188.100 - - [01/Jan/2025:20:37:36 +0800] "GET / HTTP/1.1" 200 794 "-" "Mozilla/5.0 (Windows NT 10.0; Win64; x64) AppleWebKit/537.36 (KHTML, like Gecko) Chrome/109.0.8379.16 Safari/537.36"
113.215.188.100 - - [01/Jan/2025:20:37:36 +0800] "GET /favicon.ico HTTP/1.1" 404 1052 "-" "Mozilla/5.0 (Windows NT 10.0; Win64; x64) AppleWebKit/537.36 (KHTML, like Gecko) Chrome/109.0.8379.16 Safari/537.36"
113.215.188.103 - - [01/Jan/2025:20:37:36 +0800] "GET / HTTP/1.1" 200 794 "-" "Mozilla/5.0 (Windows NT 10.0; Win64; x64) AppleWebKit/537.36 (KHTML, like Gecko) Chrome/112.0.7376.149 Safari/537.36"
113.215.188.103 - - [01/Jan/2025:20:37:36 +0800] "GET /favicon.ico HTTP/1.1" 404 1052 "-" "Mozilla/5.0 (Windows NT 10.0; Win64; x64) AppleWebKit/537.36 (KHTML, like Gecko) Chrome/112.0.7376.149 Safari/537.36"
113.215.188.103 - - [01/Jan/2025:20:37:36 +0800] "GET /?C=S;O=A HTTP/1.1" 200 794 "-" "Mozilla/5.0 (Windows NT 10.0; Win64; x64) AppleWebKit/537.36 (KHTML, like Gecko) Chrome/85.0.6914.15 Safari/537.36"
113.215.188.100 - - [01/Jan/2025:20:37:36 +0800] "GET /icons/blank.gif HTTP/1.1" 200 148 "-" "Mozilla/5.0 (Windows NT 10.0; Win64; x64) AppleWebKit/537.36 (KHTML, like Gecko) Chrome/83.0.9546.154 Safari/537.36"
113.215.188.103 - - [01/Jan/2025:20:37:36 +0800] "GET / HTTP/1.1" 200 794 "-" "Mozilla/5.0 (Windows NT 10.0; Win64; x64) AppleWebKit/537.36 (KHTML, like Gecko) Chrome/102.0.7088.188 Safari/537.36"
113.215.188.100 - - [01/Jan/2025:20:37:36 +0800] "GET / HTTP/1.1" 200 794 "-" "Mozilla/5.0 (Windows NT 10.0; Win64; x64) AppleWebKit/537.36 (KHTML, like Gecko) Chrome/90.0.8311.168 Safari/537.36"
113.215.188.100 - - [01/Jan/2025:20:37:36 +0800] "GET /favicon.ico HTTP/1.1" 404 1052 "-" "Mozilla/5.0 (Windows NT 10.0; Win64; x64) AppleWebKit/537.36 (KHTML, like Gecko) Chrome/90.0.8311.168 Safari/537.36"
113.215.188.103 - - [01/Jan/2025:20:37:36 +0800] "GET /favicon.ico HTTP/1.1" 404 1052 "-" "Mozilla/5.0 (Windows NT 10.0; Win64; x64) AppleWebKit/537.36 (KHTML, like Gecko) Chrome/102.0.7088.188 Safari/537.36"
113.215.188.100 - - [01/Jan/2025:20:37:36 +0800] "GET /icons/folder.gif HTTP/1.1" 200 225 "-" "Mozilla/5.0 (Windows NT 10.0; Win64; x64) AppleWebKit/537.36 (KHTML, like Gecko) Chrome/104.0.3211.185 Safari/537.36"
113.215.188.100 - - [01/Jan/2025:20:37:36 +0800] "GET / HTTP/1.1" 200 794 "-" "Mozilla/5.0 (Windows NT 10.0; Win64; x64) AppleWebKit/537.36 (KHTML, like Gecko) Chrome/102.0.3306.52 Safari/537.36"
113.215.188.100 - - [01/Jan/2025:20:37:36 +0800] "GET /favicon.ico HTTP/1.1" 404 1052 "-" "Mozilla/5.0 (Windows NT 10.0; Win64; x64) AppleWebKit/537.36 (KHTML, like Gecko) Chrome/102.0.3306.52 Safari/537.36"
64.227.24.228 - - [01/Jan/2025:21:14:38 +0800] "GET /logs/access_20210425.log HTTP/1.1" 404 1052 "-" "Mozilla/5.0 (Windows NT 10.0; Win64; x64; rv:114.0) Gecko/20100101 Firefox/114.0"
64.227.24.228 - - [01/Jan/2025:21:14:39 +0800] "GET / HTTP/1.1" 200 794 "-" "Mozilla/5.0 (Windows NT 10.0; Win64; x64; rv:114.0) Gecko/20100101 Firefox/114.0"
113.215.189.112 - - [01/Jan/2025:22:40:57 +0800] "GET / HTTP/1.1" 200 794 "-" "Mozilla/5.0 (Windows NT 10.0; Win64; x64) AppleWebKit/537.36 (KHTML, like Gecko) Chrome/94.0.9116.97 Safari/537.36"
113.215.189.112 - - [01/Jan/2025:22:40:57 +0800] "GET / HTTP/1.1" 200 794 "-" "Mozilla/5.0 (Windows NT 10.0; Win64; x64) AppleWebKit/537.36 (KHTML, like Gecko) Chrome/104.0.7359.55 Safari/537.36"
113.215.189.112 - - [01/Jan/2025:22:40:57 +0800] "GET /favicon.ico HTTP/1.1" 404 1052 "-" "Mozilla/5.0 (Windows NT 10.0; Win64; x64) AppleWebKit/537.36 (KHTML, like Gecko) Chrome/104.0.7359.55 Safari/537.36"
113.215.189.112 - - [01/Jan/2025:22:40:58 +0800] "GET /?C=N;O=D HTTP/1.1" 200 794 "-" "Mozilla/5.0 (Windows NT 10.0; Win64; x64) AppleWebKit/537.36 (KHTML, like Gecko) Chrome/104.0.4066.59 Safari/537.36"
113.215.188.103 - - [01/Jan/2025:22:40:58 +0800] "GET /?C=M;O=A HTTP/1.1" 200 794 "-" "Mozilla/5.0 (Windows NT 10.0; Win64; x64) AppleWebKit/537.36 (KHTML, like Gecko) Chrome/114.0.8771.12 Safari/537.36"
113.215.189.112 - - [01/Jan/2025:22:40:58 +0800] "GET / HTTP/1.1" 200 794 "-" "Mozilla/5.0 (Windows NT 10.0; Win64; x64) AppleWebKit/537.36 (KHTML, like Gecko) Chrome/88.0.6181.163 Safari/537.36"
113.215.188.103 - - [01/Jan/2025:22:40:58 +0800] "GET / HTTP/1.1" 200 794 "-" "Mozilla/5.0 (Windows NT 10.0; Win64; x64) AppleWebKit/537.36 (KHTML, like Gecko) Chrome/104.0.4786.40 Safari/537.36"
113.215.189.112 - - [01/Jan/2025:22:40:58 +0800] "GET /favicon.ico HTTP/1.1" 404 1052 "-" "Mozilla/5.0 (Windows NT 10.0; Win64; x64) AppleWebKit/537.36 (KHTML, like Gecko) Chrome/88.0.6181.163 Safari/537.36"
113.215.188.103 - - [01/Jan/2025:22:40:58 +0800] "GET /favicon.ico HTTP/1.1" 404 1052 "-" "Mozilla/5.0 (Windows NT 10.0; Win64; x64) AppleWebKit/537.36 (KHTML, like Gecko) Chrome/104.0.4786.40 Safari/537.36"
113.215.188.103 - - [01/Jan/2025:22:40:59 +0800] "GET /icons/blank.gif HTTP/1.1" 200 148 "-" "Mozilla/5.0 (Windows NT 10.0; Win64; x64) AppleWebKit/537.36 (KHTML, like Gecko) Chrome/90.0.2945.84 Safari/537.36"
113.215.189.112 - - [01/Jan/2025:22:40:59 +0800] "GET /?C=S;O=A HTTP/1.1" 200 794 "-" "Mozilla/5.0 (Windows NT 10.0; Win64; x64) AppleWebKit/537.36 (KHTML, like Gecko) Chrome/113.0.1756.114 Safari/537.36"
113.215.188.103 - - [01/Jan/2025:22:40:59 +0800] "GET / HTTP/1.1" 200 794 "-" "Mozilla/5.0 (Windows NT 10.0; Win64; x64) AppleWebKit/537.36 (KHTML, like Gecko) Chrome/99.0.9329.52 Safari/537.36"
113.215.189.112 - - [01/Jan/2025:22:40:59 +0800] "GET / HTTP/1.1" 200 794 "-" "Mozilla/5.0 (Windows NT 10.0; Win64; x64) AppleWebKit/537.36 (KHTML, like Gecko) Chrome/113.0.3371.164 Safari/537.36"
113.215.188.103 - - [01/Jan/2025:22:40:59 +0800] "GET /favicon.ico HTTP/1.1" 404 1052 "-" "Mozilla/5.0 (Windows NT 10.0; Win64; x64) AppleWebKit/537.36 (KHTML, like Gecko) Chrome/99.0.9329.52 Safari/537.36"
113.215.189.112 - - [01/Jan/2025:22:40:59 +0800] "GET /favicon.ico HTTP/1.1" 404 1052 "-" "Mozilla/5.0 (Windows NT 10.0; Win64; x64) AppleWebKit/537.36 (KHTML, like Gecko) Chrome/113.0.3371.164 Safari/537.36"
113.215.189.112 - - [01/Jan/2025:22:40:59 +0800] "GET /icons/folder.gif HTTP/1.1" 200 225 "-" "Mozilla/5.0 (Windows NT 10.0; Win64; x64) AppleWebKit/537.36 (KHTML, like Gecko) Chrome/112.0.7731.143 Safari/537.36"
113.215.189.112 - - [01/Jan/2025:22:40:59 +0800] "GET / HTTP/1.1" 200 794 "-" "Mozilla/5.0 (Windows NT 10.0; Win64; x64) AppleWebKit/537.36 (KHTML, like Gecko) Chrome/86.0.9571.21 Safari/537.36"
113.215.189.112 - - [01/Jan/2025:22:40:59 +0800] "GET /favicon.ico HTTP/1.1" 404 1052 "-" "Mozilla/5.0 (Windows NT 10.0; Win64; x64) AppleWebKit/537.36 (KHTML, like Gecko) Chrome/86.0.9571.21 Safari/537.36"