66.249.69.166 - - [12/Nov/2024:00:09:03 +0800] "GET /include/taglib/help/adminname.txt HTTP/1.1" 404 1052 "-" "Mozilla/5.0 (Linux; Android 6.0.1; Nexus 5X Build/MMB29P) AppleWebKit/537.36 (KHTML, like Gecko) Chrome/130.0.6723.69 Mobile Safari/537.36 (compatible; Googlebot/2.1; +http://www.google.com/bot.html)"
66.249.69.165 - - [12/Nov/2024:00:36:09 +0800] "GET /admin/_Manager/AspCms_Manager.asp?action=add HTTP/1.1" 404 1052 "-" "Mozilla/5.0 (Linux; Android 6.0.1; Nexus 5X Build/MMB29P) AppleWebKit/537.36 (KHTML, like Gecko) Chrome/130.0.6723.69 Mobile Safari/537.36 (compatible; Googlebot/2.1; +http://www.google.com/bot.html)"
66.249.69.166 - - [12/Nov/2024:01:01:53 +0800] "GET /icons/patch.gif HTTP/1.1" 200 251 "-" "Googlebot-Image/1.0"
66.249.69.165 - - [12/Nov/2024:01:29:53 +0800] "GET /logs/access_20230216.log HTTP/1.1" 200 11270 "-" "Mozilla/5.0 (Linux; Android 6.0.1; Nexus 5X Build/MMB29P) AppleWebKit/537.36 (KHTML, like Gecko) Chrome/130.0.6723.69 Mobile Safari/537.36 (compatible; Googlebot/2.1; +http://www.google.com/bot.html)"
66.249.69.167 - - [12/Nov/2024:01:42:10 +0800] "GET /logs/access_20230724.log HTTP/1.1" 200 10924 "-" "Mozilla/5.0 (Linux; Android 6.0.1; Nexus 5X Build/MMB29P) AppleWebKit/537.36 (KHTML, like Gecko) Chrome/130.0.6723.69 Mobile Safari/537.36 (compatible; Googlebot/2.1; +http://www.google.com/bot.html)"
66.249.69.167 - - [12/Nov/2024:01:51:10 +0800] "GET /logs/access_20230904.log HTTP/1.1" 200 17577 "-" "Mozilla/5.0 (Linux; Android 6.0.1; Nexus 5X Build/MMB29P) AppleWebKit/537.36 (KHTML, like Gecko) Chrome/130.0.6723.69 Mobile Safari/537.36 (compatible; Googlebot/2.1; +http://www.google.com/bot.html)"
52.167.144.18 - - [12/Nov/2024:02:25:11 +0800] "GET /logs/access_20241013.log HTTP/1.1" 200 21142 "-" "Mozilla/5.0 AppleWebKit/537.36 (KHTML, like Gecko; compatible; bingbot/2.0; +http://www.bing.com/bingbot.htm) Chrome/116.0.1938.76 Safari/537.36"
220.181.51.116 - - [12/Nov/2024:02:35:29 +0800] "GET /robots.txt HTTP/1.1" 404 1052 "-" "Mozilla/5.0 (Windows NT 10.0; WOW64) AppleWebKit/537.36 (KHTML, like Gecko) Chrome/48.0.2564.116 Safari/537.36"
220.181.108.90 - - [12/Nov/2024:02:35:29 +0800] "GET /logs/access_20240411.log HTTP/1.1" 304 - "-" "Mozilla/5.0 (Linux;u;Android 4.2.2;zh-cn;) AppleWebKit/534.46 (KHTML,like Gecko) Version/5.1 Mobile Safari/10600.6.3 (compatible; Baiduspider/2.0; +http://www.baidu.com/search/spider.html)"
220.181.108.146 - - [12/Nov/2024:02:35:29 +0800] "GET /logs/access_20240411.log HTTP/1.1" 304 - "-" "Mozilla/5.0 (compatible; Baiduspider/2.0; +http://www.baidu.com/search/spider.html)"
220.181.51.92 - - [12/Nov/2024:02:35:29 +0800] "GET /robots.txt HTTP/1.1" 404 1052 "-" "Mozilla/5.0 (Windows NT 10.0; WOW64) AppleWebKit/537.36 (KHTML, like Gecko) Chrome/48.0.2564.116 Safari/537.36"
116.179.33.146 - - [12/Nov/2024:02:35:30 +0800] "GET /robots.txt HTTP/1.1" 404 1052 "-" "Mozilla/5.0 (Windows NT 10.0; WOW64) AppleWebKit/537.36 (KHTML, like Gecko) Chrome/48.0.2564.116 Safari/537.36"
220.181.51.113 - - [12/Nov/2024:02:35:44 +0800] "GET /robots.txt HTTP/1.1" 404 1052 "-" "Mozilla/5.0 (Windows NT 10.0; WOW64) AppleWebKit/537.36 (KHTML, like Gecko) Chrome/48.0.2564.116 Safari/537.36"
66.249.69.167 - - [12/Nov/2024:02:44:00 +0800] "GET /logs/access_20230801.log HTTP/1.1" 200 13182 "-" "Mozilla/5.0 (Linux; Android 6.0.1; Nexus 5X Build/MMB29P) AppleWebKit/537.36 (KHTML, like Gecko) Chrome/130.0.6723.116 Mobile Safari/537.36 (compatible; Googlebot/2.1; +http://www.google.com/bot.html)"
66.249.69.165 - - [12/Nov/2024:03:26:01 +0800] "GET /logs/access_20240318.log HTTP/1.1" 200 3607 "-" "Mozilla/5.0 (Linux; Android 6.0.1; Nexus 5X Build/MMB29P) AppleWebKit/537.36 (KHTML, like Gecko) Chrome/130.0.6723.116 Mobile Safari/537.36 (compatible; Googlebot/2.1; +http://www.google.com/bot.html)"
66.249.69.167 - - [12/Nov/2024:04:10:01 +0800] "GET /logs/access_20230525.log HTTP/1.1" 200 7466 "-" "Mozilla/5.0 (Linux; Android 6.0.1; Nexus 5X Build/MMB29P) AppleWebKit/537.36 (KHTML, like Gecko) Chrome/130.0.6723.116 Mobile Safari/537.36 (compatible; Googlebot/2.1; +http://www.google.com/bot.html)"
66.249.69.167 - - [12/Nov/2024:04:13:17 +0800] "GET /icons/image2.png HTTP/1.1" 200 371 "-" "Googlebot-Image/1.0"
66.249.69.166 - - [12/Nov/2024:04:20:24 +0800] "GET /icons/broken.png HTTP/1.1" 200 320 "-" "Googlebot-Image/1.0"
66.249.69.165 - - [12/Nov/2024:04:28:54 +0800] "GET /icons/pie7.png HTTP/1.1" 200 275 "-" "Googlebot-Image/1.0"
66.249.69.166 - - [12/Nov/2024:05:02:26 +0800] "GET /logs/access_20230414.log HTTP/1.1" 200 8719 "-" "Mozilla/5.0 (Linux; Android 6.0.1; Nexus 5X Build/MMB29P) AppleWebKit/537.36 (KHTML, like Gecko) Chrome/130.0.6723.116 Mobile Safari/537.36 (compatible; Googlebot/2.1; +http://www.google.com/bot.html)"
66.249.69.166 - - [12/Nov/2024:05:02:30 +0800] "GET /icons/apache_pb.png HTTP/1.1" 200 9691 "-" "Googlebot-Image/1.0"
66.249.69.165 - - [12/Nov/2024:05:07:24 +0800] "GET /icons/diskimg.png HTTP/1.1" 200 215 "-" "Googlebot-Image/1.0"
66.249.69.166 - - [12/Nov/2024:05:51:25 +0800] "GET /icons/ball.red.gif HTTP/1.1" 200 205 "-" "Googlebot-Image/1.0"
66.249.69.165 - - [12/Nov/2024:05:58:51 +0800] "GET /icons/small/generic.png HTTP/1.1" 200 149 "-" "Googlebot-Image/1.0"
66.249.69.167 - - [12/Nov/2024:06:27:19 +0800] "GET /icons/p.gif HTTP/1.1" 200 237 "-" "Googlebot-Image/1.0"
66.249.69.166 - - [12/Nov/2024:06:31:29 +0800] "GET /logs/access_20240201.log HTTP/1.1" 200 21212 "-" "Mozilla/5.0 (Linux; Android 6.0.1; Nexus 5X Build/MMB29P) AppleWebKit/537.36 (KHTML, like Gecko) Chrome/130.0.6723.116 Mobile Safari/537.36 (compatible; Googlebot/2.1; +http://www.google.com/bot.html)"
40.77.167.9 - - [12/Nov/2024:06:42:26 +0800] "GET /logs/access_20240802.log HTTP/1.1" 200 21196 "-" "Mozilla/5.0 AppleWebKit/537.36 (KHTML, like Gecko; compatible; bingbot/2.0; +http://www.bing.com/bingbot.htm) Chrome/116.0.1938.76 Safari/537.36"
66.249.69.165 - - [12/Nov/2024:07:08:47 +0800] "GET /icons/comp.gray.gif HTTP/1.1" 200 246 "-" "Googlebot-Image/1.0"
66.249.69.166 - - [12/Nov/2024:07:12:00 +0800] "GET /logs/access_20231220.log HTTP/1.1" 304 - "-" "Mozilla/5.0 (Linux; Android 6.0.1; Nexus 5X Build/MMB29P) AppleWebKit/537.36 (KHTML, like Gecko) Chrome/130.0.6723.116 Mobile Safari/537.36 (compatible; Googlebot/2.1; +http://www.google.com/bot.html)"
66.249.69.165 - - [12/Nov/2024:07:42:24 +0800] "GET /icons/compressed.png HTTP/1.1" 200 1108 "-" "Googlebot-Image/1.0"
113.24.225.202 - - [12/Nov/2024:07:42:26 +0800] "GET /favicon.ico HTTP/1.1" 404 1052 "-" "Mozilla/5.0 (Windows NT 10.0; WOW64) AppleWebKit/537.36 (KHTML, like Gecko) Chrome/48.0.2564.116 Safari/537.36"
66.249.69.167 - - [12/Nov/2024:08:14:24 +0800] "GET /icons/sphere1.gif HTTP/1.1" 200 285 "-" "Googlebot-Image/1.0"
66.249.69.167 - - [12/Nov/2024:08:40:07 +0800] "GET /icons/left.gif HTTP/1.1" 200 172 "-" "Googlebot-Image/1.0"
66.249.69.165 - - [12/Nov/2024:09:06:49 +0800] "GET /icons/small/tar.gif HTTP/1.1" 200 132 "-" "Googlebot-Image/1.0"
112.86.225.95 - - [12/Nov/2024:09:22:58 +0800] "GET / HTTP/1.1" 200 794 "-" "Sogou web spider/4.0(+http://www.sogou.com/docs/help/webmasters.htm#07)"
66.249.69.166 - - [12/Nov/2024:09:41:33 +0800] "GET /icons/forward.gif HTTP/1.1" 200 219 "-" "Googlebot-Image/1.0"
66.249.69.167 - - [12/Nov/2024:09:59:53 +0800] "GET /robots.txt HTTP/1.1" 404 1052 "-" "Mozilla/5.0 (compatible; Googlebot/2.1; +http://www.google.com/bot.html)"
66.249.69.165 - - [12/Nov/2024:09:59:54 +0800] "GET /icons/uu.png HTTP/1.1" 200 296 "-" "Googlebot-Image/1.0"
66.249.69.165 - - [12/Nov/2024:10:22:58 +0800] "GET /icons/small/index.png HTTP/1.1" 200 225 "-" "Googlebot-Image/1.0"
42.236.17.113 - - [12/Nov/2024:10:34:07 +0800] "GET / HTTP/1.1" 200 794 "-" "Mozilla/5.0 (Windows NT 6.1; WOW64) AppleWebKit/537.36 (KHTML, like Gecko) Chrome/50.0.2661.102 Safari/537.36; 360Spider"
66.249.69.165 - - [12/Nov/2024:10:47:18 +0800] "GET /icons/back.png HTTP/1.1" 200 308 "-" "Googlebot-Image/1.0"
66.249.69.166 - - [12/Nov/2024:11:03:58 +0800] "GET /icons/small/sound2.gif HTTP/1.1" 200 119 "-" "Googlebot-Image/1.0"
66.249.69.165 - - [12/Nov/2024:11:27:00 +0800] "GET /icons/small/tar.png HTTP/1.1" 200 173 "-" "Googlebot-Image/1.0"
66.249.69.166 - - [12/Nov/2024:11:45:22 +0800] "GET /icons/movie.gif HTTP/1.1" 200 243 "-" "Googlebot-Image/1.0"
66.249.69.167 - - [12/Nov/2024:12:02:58 +0800] "GET /icons/apache_pb.gif HTTP/1.1" 200 4463 "-" "Googlebot-Image/1.0"
40.77.167.55 - - [12/Nov/2024:12:20:45 +0800] "GET /logs/access_20230604.log HTTP/1.1" 200 22414 "-" "Mozilla/5.0 AppleWebKit/537.36 (KHTML, like Gecko; compatible; bingbot/2.0; +http://www.bing.com/bingbot.htm) Chrome/116.0.1938.76 Safari/537.36"
66.249.69.167 - - [12/Nov/2024:12:22:58 +0800] "GET /icons/box2.gif HTTP/1.1" 200 268 "-" "Googlebot-Image/1.0"
66.249.69.167 - - [12/Nov/2024:12:48:29 +0800] "GET /icons/small/uu.png HTTP/1.1" 200 166 "-" "Googlebot-Image/1.0"
66.249.69.165 - - [12/Nov/2024:13:07:58 +0800] "GET /icons/pie3.gif HTTP/1.1" 200 191 "-" "Googlebot-Image/1.0"
52.167.144.222 - - [12/Nov/2024:13:13:20 +0800] "GET /logs/access_20240925.log HTTP/1.1" 200 8138 "-" "Mozilla/5.0 AppleWebKit/537.36 (KHTML, like Gecko; compatible; bingbot/2.0; +http://www.bing.com/bingbot.htm) Chrome/116.0.1938.76 Safari/537.36"
66.249.69.165 - - [12/Nov/2024:13:31:28 +0800] "GET /icons/alert.black.png HTTP/1.1" 200 293 "-" "Googlebot-Image/1.0"
66.249.69.166 - - [12/Nov/2024:13:52:58 +0800] "GET /icons/apache_pb2.png HTTP/1.1" 200 10401 "-" "Googlebot-Image/1.0"
66.249.69.167 - - [12/Nov/2024:14:15:28 +0800] "GET /icons/pie2.png HTTP/1.1" 200 272 "-" "Googlebot-Image/1.0"
66.249.69.166 - - [12/Nov/2024:14:35:28 +0800] "GET /icons/odf6ott.png HTTP/1.1" 200 1022 "-" "Googlebot-Image/1.0"
66.249.69.167 - - [12/Nov/2024:14:56:28 +0800] "GET /icons/small/continued.png HTTP/1.1" 200 163 "-" "Googlebot-Image/1.0"
66.249.69.166 - - [12/Nov/2024:15:16:28 +0800] "GET /icons/screw1.png HTTP/1.1" 200 328 "-" "Googlebot-Image/1.0"
66.249.69.165 - - [12/Nov/2024:15:37:28 +0800] "GET /icons/quill.gif HTTP/1.1" 200 267 "-" "Googlebot-Image/1.0"
66.249.69.165 - - [12/Nov/2024:15:55:28 +0800] "GET /icons/movie.png HTTP/1.1" 200 272 "-" "Googlebot-Image/1.0"
66.249.69.167 - - [12/Nov/2024:16:15:28 +0800] "GET /icons/pie4.gif HTTP/1.1" 200 193 "-" "Googlebot-Image/1.0"
52.167.144.182 - - [12/Nov/2024:16:18:31 +0800] "GET /logs/access_20230611.log HTTP/1.1" 200 25096 "-" "Mozilla/5.0 AppleWebKit/537.36 (KHTML, like Gecko; compatible; bingbot/2.0; +http://www.bing.com/bingbot.htm) Chrome/116.0.1938.76 Safari/537.36"
66.249.69.167 - - [12/Nov/2024:16:31:28 +0800] "GET /icons/sphere2.png HTTP/1.1" 200 339 "-" "Googlebot-Image/1.0"
66.249.69.165 - - [12/Nov/2024:16:52:28 +0800] "GET /icons/small/movie.png HTTP/1.1" 200 159 "-" "Googlebot-Image/1.0"
52.167.144.147 - - [12/Nov/2024:17:00:55 +0800] "GET /logs/access_20240812.log HTTP/1.1" 200 24678 "-" "Mozilla/5.0 AppleWebKit/537.36 (KHTML, like Gecko; compatible; bingbot/2.0; +http://www.bing.com/bingbot.htm) Chrome/116.0.1938.76 Safari/537.36"
66.249.69.167 - - [12/Nov/2024:17:09:51 +0800] "GET /icons/hand.up.gif HTTP/1.1" 200 223 "-" "Googlebot-Image/1.0"
40.77.167.70 - - [12/Nov/2024:17:29:59 +0800] "GET /logs/access_20231105.log HTTP/1.1" 200 5525 "-" "Mozilla/5.0 AppleWebKit/537.36 (KHTML, like Gecko; compatible; bingbot/2.0; +http://www.bing.com/bingbot.htm) Chrome/116.0.1938.76 Safari/537.36"
66.249.69.166 - - [12/Nov/2024:17:38:13 +0800] "GET /icons/back.gif HTTP/1.1" 200 216 "-" "Googlebot-Image/1.0"
66.249.69.165 - - [12/Nov/2024:17:49:14 +0800] "GET /icons/layout.png HTTP/1.1" 200 323 "-" "Googlebot-Image/1.0"
52.167.144.197 - - [12/Nov/2024:17:55:01 +0800] "GET /logs/access_20240727.log HTTP/1.1" 200 24167 "-" "Mozilla/5.0 AppleWebKit/537.36 (KHTML, like Gecko; compatible; bingbot/2.0; +http://www.bing.com/bingbot.htm) Chrome/116.0.1938.76 Safari/537.36"
66.249.69.167 - - [12/Nov/2024:18:10:45 +0800] "GET /icons/small/folder2.png HTTP/1.1" 200 180 "-" "Googlebot-Image/1.0"
66.249.69.166 - - [12/Nov/2024:18:20:45 +0800] "GET /icons/down.png HTTP/1.1" 200 256 "-" "Googlebot-Image/1.0"
40.77.167.51 - - [12/Nov/2024:18:23:44 +0800] "GET /logs/access_20240830.log HTTP/1.1" 200 16812 "-" "Mozilla/5.0 AppleWebKit/537.36 (KHTML, like Gecko; compatible; bingbot/2.0; +http://www.bing.com/bingbot.htm) Chrome/116.0.1938.76 Safari/537.36"
66.249.69.167 - - [12/Nov/2024:18:43:33 +0800] "GET /icons/hand.right.png HTTP/1.1" 200 311 "-" "Googlebot-Image/1.0"
52.167.144.19 - - [12/Nov/2024:18:46:27 +0800] "GET /logs/access_20220630.log HTTP/1.1" 404 1052 "-" "Mozilla/5.0 AppleWebKit/537.36 (KHTML, like Gecko; compatible; bingbot/2.0; +http://www.bing.com/bingbot.htm) Chrome/116.0.1938.76 Safari/537.36"
66.249.69.165 - - [12/Nov/2024:18:55:28 +0800] "GET /icons/small/forward.png HTTP/1.1" 200 174 "-" "Googlebot-Image/1.0"
66.249.69.167 - - [12/Nov/2024:19:21:28 +0800] "GET /icons/small/uu.gif HTTP/1.1" 200 125 "-" "Googlebot-Image/1.0"
66.249.69.166 - - [12/Nov/2024:19:35:00 +0800] "GET /logs/access_20231107.log HTTP/1.1" 200 3199 "-" "Mozilla/5.0 (Linux; Android 6.0.1; Nexus 5X Build/MMB29P) AppleWebKit/537.36 (KHTML, like Gecko) Chrome/130.0.6723.116 Mobile Safari/537.36 (compatible; Googlebot/2.1; +http://www.google.com/bot.html)"
66.249.69.166 - - [12/Nov/2024:19:35:45 +0800] "GET /icons/svg.png HTTP/1.1" 200 1010 "-" "Googlebot-Image/1.0"
66.249.69.167 - - [12/Nov/2024:19:54:28 +0800] "GET /icons/small/image.png HTTP/1.1" 200 197 "-" "Googlebot-Image/1.0"
52.167.144.157 - - [12/Nov/2024:20:10:25 +0800] "GET /logs/access_20230225.log HTTP/1.1" 200 18756 "-" "Mozilla/5.0 AppleWebKit/537.36 (KHTML, like Gecko; compatible; bingbot/2.0; +http://www.bing.com/bingbot.htm) Chrome/116.0.1938.76 Safari/537.36"
66.249.69.166 - - [12/Nov/2024:20:11:28 +0800] "GET /icons/odf6oti.png HTTP/1.1" 200 1107 "-" "Googlebot-Image/1.0"
66.249.69.166 - - [12/Nov/2024:20:22:59 +0800] "GET /logs/access_20230112.log HTTP/1.1" 200 19044 "-" "Mozilla/5.0 (Linux; Android 6.0.1; Nexus 5X Build/MMB29P) AppleWebKit/537.36 (KHTML, like Gecko) Chrome/130.0.6723.116 Mobile Safari/537.36 (compatible; Googlebot/2.1; +http://www.google.com/bot.html)"
66.249.69.167 - - [12/Nov/2024:20:38:30 +0800] "GET /icons/small/patch.png HTTP/1.1" 200 211 "-" "Googlebot-Image/1.0"
66.249.69.167 - - [12/Nov/2024:21:08:59 +0800] "GET /logs/access_20221127.log HTTP/1.1" 200 30243 "-" "Mozilla/5.0 (Linux; Android 6.0.1; Nexus 5X Build/MMB29P) AppleWebKit/537.36 (KHTML, like Gecko) Chrome/130.0.6723.116 Mobile Safari/537.36 (compatible; Googlebot/2.1; +http://www.google.com/bot.html)"
66.249.69.165 - - [12/Nov/2024:21:09:28 +0800] "GET /icons/odf6odm.png HTTP/1.1" 200 1060 "-" "Googlebot-Image/1.0"
52.167.144.150 - - [12/Nov/2024:21:11:18 +0800] "GET /logs/access_20231121.log HTTP/1.1" 200 12934 "-" "Mozilla/5.0 AppleWebKit/537.36 (KHTML, like Gecko; compatible; bingbot/2.0; +http://www.bing.com/bingbot.htm) Chrome/116.0.1938.76 Safari/537.36"
196.51.97.31 - - [12/Nov/2024:21:28:35 +0800] "GET /logs/access_20210425.log HTTP/1.1" 404 1052 "-" "Mozilla/5.0 (Windows NT 10.0; WOW64) AppleWebKit/537.36 (KHTML, like Gecko) Chrome/114.0.0.0 Safari/537.36 Vivaldi/5.3.2679.68"
196.51.97.31 - - [12/Nov/2024:21:28:36 +0800] "GET / HTTP/1.1" 200 794 "-" "Mozilla/5.0 (Windows NT 10.0; WOW64) AppleWebKit/537.36 (KHTML, like Gecko) Chrome/114.0.0.0 Safari/537.36 Vivaldi/5.3.2679.68"
66.249.69.167 - - [12/Nov/2024:21:50:29 +0800] "GET /icons/image2.gif HTTP/1.1" 200 309 "-" "Googlebot-Image/1.0"
66.249.69.166 - - [12/Nov/2024:21:55:13 +0800] "GET /logs/access_20231204.log HTTP/1.1" 200 13236 "-" "Mozilla/5.0 (Linux; Android 6.0.1; Nexus 5X Build/MMB29P) AppleWebKit/537.36 (KHTML, like Gecko) Chrome/130.0.6723.116 Mobile Safari/537.36 (compatible; Googlebot/2.1; +http://www.google.com/bot.html)"
66.249.69.167 - - [12/Nov/2024:22:08:01 +0800] "GET /logs/access_20230219.log HTTP/1.1" 304 - "-" "Mozilla/5.0 (Linux; Android 6.0.1; Nexus 5X Build/MMB29P) AppleWebKit/537.36 (KHTML, like Gecko) Chrome/130.0.6723.116 Mobile Safari/537.36 (compatible; Googlebot/2.1; +http://www.google.com/bot.html)"
66.249.69.167 - - [12/Nov/2024:22:08:03 +0800] "GET /robots.txt HTTP/1.1" 404 1052 "-" "Mozilla/5.0 (compatible; Googlebot/2.1; +http://www.google.com/bot.html)"
66.249.69.165 - - [12/Nov/2024:22:12:02 +0800] "GET /logs/access_20240602.log HTTP/1.1" 200 8305 "-" "Mozilla/5.0 (Linux; Android 6.0.1; Nexus 5X Build/MMB29P) AppleWebKit/537.36 (KHTML, like Gecko) Chrome/130.0.6723.116 Mobile Safari/537.36 (compatible; Googlebot/2.1; +http://www.google.com/bot.html)"
66.249.69.165 - - [12/Nov/2024:22:12:02 +0800] "GET /robots.txt HTTP/1.1" 404 1052 "-" "Mozilla/5.0 (compatible; Googlebot/2.1; +http://www.google.com/bot.html)"
66.249.69.167 - - [12/Nov/2024:22:15:11 +0800] "GET /icons/folder.gif HTTP/1.1" 200 225 "-" "Googlebot-Image/1.0"
66.249.69.166 - - [12/Nov/2024:22:15:11 +0800] "GET /robots.txt HTTP/1.1" 404 1052 "-" "Mozilla/5.0 (compatible; Googlebot/2.1; +http://www.google.com/bot.html)"
66.249.79.34 - - [12/Nov/2024:22:45:39 +0800] "GET /icons/generic.gif HTTP/1.1" 200 221 "-" "Googlebot-Image/1.0"
66.249.79.33 - - [12/Nov/2024:23:06:39 +0800] "GET /icons/small/continued.gif HTTP/1.1" 200 114 "-" "Googlebot-Image/1.0"
66.249.79.35 - - [12/Nov/2024:23:31:35 +0800] "GET /logs/access_20231122.log HTTP/1.1" 200 11572 "-" "Mozilla/5.0 (Linux; Android 6.0.1; Nexus 5X Build/MMB29P) AppleWebKit/537.36 (KHTML, like Gecko) Chrome/130.0.6723.116 Mobile Safari/537.36 (compatible; Googlebot/2.1; +http://www.google.com/bot.html)"
66.249.79.34 - - [12/Nov/2024:23:32:20 +0800] "GET /icons/tex.gif HTTP/1.1" 200 251 "-" "Googlebot-Image/1.0"