66.249.79.35 - - [06/Nov/2024:00:10:13 +0800] "GET /icons/uu.png HTTP/1.1" 200 296 "-" "Googlebot-Image/1.0"
45.127.126.88 - - [06/Nov/2024:00:12:42 +0800] "GET /index.php?m=admin&c=index&a=login HTTP/1.1" 404 1264 "http://ft.kidcastle.com.cn/index.php?m=admin&c=index&a=login" "Mozilla/5.0 (compatible; MSIE 9.0; Windows NT 6.1; Win64; x64; Trident/5.0)"
66.249.79.33 - - [06/Nov/2024:00:19:04 +0800] "GET /icons/pie3.gif HTTP/1.1" 200 191 "-" "Googlebot-Image/1.0"
52.167.144.217 - - [06/Nov/2024:00:28:55 +0800] "GET /logs/access_20220610.log HTTP/1.1" 404 1052 "-" "Mozilla/5.0 AppleWebKit/537.36 (KHTML, like Gecko; compatible; bingbot/2.0; +http://www.bing.com/bingbot.htm) Chrome/116.0.1938.76 Safari/537.36"
66.249.79.34 - - [06/Nov/2024:00:31:57 +0800] "GET /icons/image2.png HTTP/1.1" 200 371 "-" "Googlebot-Image/1.0"
66.249.79.34 - - [06/Nov/2024:00:46:48 +0800] "GET /icons/small/uu.png HTTP/1.1" 200 166 "-" "Googlebot-Image/1.0"
66.249.79.34 - - [06/Nov/2024:00:58:10 +0800] "GET /icons/comp.gray.gif HTTP/1.1" 200 246 "-" "Googlebot-Image/1.0"
66.249.79.34 - - [06/Nov/2024:01:07:35 +0800] "GET /icons/tex.gif HTTP/1.1" 200 251 "-" "Googlebot-Image/1.0"
102.129.143.92 - - [06/Nov/2024:01:18:16 +0800] "GET /logs/access_20230309.log HTTP/1.1" 200 13962 "-" "Mozilla/5.0 (Windows NT 11.0; Win64; x64) AppleWebKit/537.36 (KHTML, like Gecko) Chrome/130.0.6723.70 Safari/537.36"
66.249.79.34 - - [06/Nov/2024:01:43:16 +0800] "GET /icons/small/tar.gif HTTP/1.1" 200 132 "-" "Googlebot-Image/1.0"
66.249.79.33 - - [06/Nov/2024:01:49:41 +0800] "GET /icons/world2.gif HTTP/1.1" 200 261 "-" "Googlebot-Image/1.0"
66.249.79.33 - - [06/Nov/2024:02:01:56 +0800] "GET /icons/small/generic2.png HTTP/1.1" 200 179 "-" "Googlebot-Image/1.0"
66.249.79.33 - - [06/Nov/2024:02:16:48 +0800] "GET /icons/broken.png HTTP/1.1" 200 320 "-" "Googlebot-Image/1.0"
66.249.79.34 - - [06/Nov/2024:02:29:07 +0800] "GET /icons/left.gif HTTP/1.1" 200 172 "-" "Googlebot-Image/1.0"
66.249.79.35 - - [06/Nov/2024:02:40:30 +0800] "GET /icons/small/image.gif HTTP/1.1" 200 126 "-" "Googlebot-Image/1.0"
66.249.79.33 - - [06/Nov/2024:02:53:22 +0800] "GET /icons/small/image.png HTTP/1.1" 200 197 "-" "Googlebot-Image/1.0"
66.249.79.34 - - [06/Nov/2024:03:08:00 +0800] "GET /icons/sphere1.gif HTTP/1.1" 200 285 "-" "Googlebot-Image/1.0"
66.249.79.33 - - [06/Nov/2024:03:25:05 +0800] "GET /icons/ball.red.gif HTTP/1.1" 200 205 "-" "Googlebot-Image/1.0"
66.249.79.34 - - [06/Nov/2024:03:33:56 +0800] "GET /icons/right.gif HTTP/1.1" 200 172 "-" "Googlebot-Image/1.0"
66.249.79.33 - - [06/Nov/2024:03:46:48 +0800] "GET /icons/odf6odg.png HTTP/1.1" 200 1072 "-" "Googlebot-Image/1.0"
66.249.79.34 - - [06/Nov/2024:03:58:08 +0800] "GET /icons/diskimg.png HTTP/1.1" 200 215 "-" "Googlebot-Image/1.0"
66.249.79.34 - - [06/Nov/2024:04:08:54 +0800] "GET /icons/up.gif HTTP/1.1" 200 164 "-" "Googlebot-Image/1.0"
66.249.79.35 - - [06/Nov/2024:04:20:09 +0800] "GET /icons/transfer.gif HTTP/1.1" 200 242 "-" "Googlebot-Image/1.0"
66.249.79.35 - - [06/Nov/2024:04:31:24 +0800] "GET /icons/back.png HTTP/1.1" 200 308 "-" "Googlebot-Image/1.0"
40.77.167.23 - - [06/Nov/2024:04:32:57 +0800] "GET /logs/access_20220804.log HTTP/1.1" 404 1052 "-" "Mozilla/5.0 AppleWebKit/537.36 (KHTML, like Gecko; compatible; bingbot/2.0; +http://www.bing.com/bingbot.htm) Chrome/116.0.1938.76 Safari/537.36"
23.108.2.58 - - [06/Nov/2024:04:37:07 +0800] "GET /logs/access_20210425.log HTTP/1.0" 404 1052 "-" "Mozilla/5.0 (Macintosh; Intel Mac OS X 12_5) AppleWebKit/537.36 (KHTML, like Gecko) Chrome/114.0.0.0 Safari/537.36 Edg/114.0.1264.71"
23.108.2.58 - - [06/Nov/2024:04:37:08 +0800] "GET / HTTP/1.1" 200 794 "-" "Mozilla/5.0 (Macintosh; Intel Mac OS X 12_5) AppleWebKit/537.36 (KHTML, like Gecko) Chrome/114.0.0.0 Safari/537.36 Edg/114.0.1264.71"
23.108.2.58 - - [06/Nov/2024:04:37:16 +0800] "GET /?C=M;O=A HTTP/1.1" 200 794 "http://ft.kidcastle.com.cn" "Mozilla/5.0 (Macintosh; Intel Mac OS X 12_5) AppleWebKit/537.36 (KHTML, like Gecko) Chrome/114.0.0.0 Safari/537.36 Edg/114.0.1264.71"
66.249.79.34 - - [06/Nov/2024:04:42:39 +0800] "GET /icons/world1.gif HTTP/1.1" 200 228 "-" "Googlebot-Image/1.0"
66.249.79.34 - - [06/Nov/2024:04:54:54 +0800] "GET /icons/generic.sec.gif HTTP/1.1" 200 249 "-" "Googlebot-Image/1.0"
66.249.79.35 - - [06/Nov/2024:05:05:09 +0800] "GET /icons/alert.black.png HTTP/1.1" 200 293 "-" "Googlebot-Image/1.0"
66.249.79.35 - - [06/Nov/2024:05:32:09 +0800] "GET /icons/compressed.png HTTP/1.1" 200 1108 "-" "Googlebot-Image/1.0"
220.181.51.113 - - [06/Nov/2024:05:36:13 +0800] "GET /robots.txt HTTP/1.1" 404 1052 "-" "Mozilla/5.0 (Windows NT 10.0; WOW64) AppleWebKit/537.36 (KHTML, like Gecko) Chrome/48.0.2564.116 Safari/537.36"
220.181.51.90 - - [06/Nov/2024:05:36:13 +0800] "GET /robots.txt HTTP/1.1" 404 1052 "-" "Mozilla/5.0 (Windows NT 10.0; WOW64) AppleWebKit/537.36 (KHTML, like Gecko) Chrome/48.0.2564.116 Safari/537.36"
220.181.108.105 - - [06/Nov/2024:05:36:13 +0800] "GET /logs/?C=S;O=A HTTP/1.1" 200 169066 "-" "Mozilla/5.0 (compatible; Baiduspider/2.0; +http://www.baidu.com/search/spider.html)"
66.249.79.35 - - [06/Nov/2024:05:39:53 +0800] "GET /icons/uu.gif HTTP/1.1" 200 236 "-" "Googlebot-Image/1.0"
66.249.79.33 - - [06/Nov/2024:05:39:53 +0800] "GET /robots.txt HTTP/1.1" 404 1052 "-" "Mozilla/5.0 (compatible; Googlebot/2.1; +http://www.google.com/bot.html)"
45.88.97.184 - - [06/Nov/2024:05:45:14 +0800] "GET /logs/access_20230214.log HTTP/1.1" 200 16806 "-" "Mozilla/5.0 (Windows NT 11.0; Win64; x64) AppleWebKit/537.36 (KHTML, like Gecko) Chrome/130.0.6723.70 Safari/537.36"
66.249.79.35 - - [06/Nov/2024:05:50:09 +0800] "GET /robots.txt HTTP/1.1" 404 1052 "-" "Mozilla/5.0 (compatible; Googlebot/2.1; +http://www.google.com/bot.html)"
66.249.69.165 - - [06/Nov/2024:05:50:09 +0800] "GET /icons/small/burst.png HTTP/1.1" 200 210 "-" "Googlebot-Image/1.0"
66.249.79.34 - - [06/Nov/2024:05:58:10 +0800] "GET /icons/pie6.gif HTTP/1.1" 200 186 "-" "Googlebot-Image/1.0"
66.249.79.35 - - [06/Nov/2024:06:02:57 +0800] "GET /icons/dvi.png HTTP/1.1" 200 305 "-" "Googlebot-Image/1.0"
66.249.79.33 - - [06/Nov/2024:06:03:24 +0800] "GET /icons/bomb.png HTTP/1.1" 200 375 "-" "Googlebot-Image/1.0"
66.249.79.34 - - [06/Nov/2024:06:07:02 +0800] "GET /icons/c.png HTTP/1.1" 200 299 "-" "Googlebot-Image/1.0"
66.249.79.34 - - [06/Nov/2024:06:12:36 +0800] "GET /icons/continued.png HTTP/1.1" 200 296 "-" "Googlebot-Image/1.0"
220.181.108.93 - - [06/Nov/2024:06:24:13 +0800] "GET /logs/access_20230117.log HTTP/1.1" 200 13355 "-" "Mozilla/5.0 (compatible; Baiduspider/2.0; +http://www.baidu.com/search/spider.html)"
220.181.108.103 - - [06/Nov/2024:06:24:13 +0800] "GET /logs/access_20240804.log HTTP/1.1" 304 - "-" "Mozilla/5.0 (compatible; Baiduspider/2.0; +http://www.baidu.com/search/spider.html)"
66.249.79.34 - - [06/Nov/2024:06:45:19 +0800] "GET /icons/small/key.png HTTP/1.1" 200 210 "-" "Googlebot-Image/1.0"
66.249.79.34 - - [06/Nov/2024:06:52:29 +0800] "GET /icons/small/burst.gif HTTP/1.1" 200 128 "-" "Googlebot-Image/1.0"
113.141.85.104 - - [06/Nov/2024:06:55:21 +0800] "GET / HTTP/1.1" 200 794 "-" "Mozilla/5.0 (Macintosh; Intel Mac OS X 10_15_7) AppleWebKit/537.36 (KHTML, like Gecko) Chrome/96.0.4664.110 Safari/537.36"
113.141.85.104 - - [06/Nov/2024:06:55:21 +0800] "GET /favicon.ico HTTP/1.1" 404 1052 "-" "Mozilla/5.0 (Macintosh; Intel Mac OS X 10_15_7) AppleWebKit/537.36 (KHTML, like Gecko) Chrome/96.0.4664.110 Safari/537.36"
66.249.79.35 - - [06/Nov/2024:07:00:40 +0800] "GET /icons/small/ps.png HTTP/1.1" 200 217 "-" "Googlebot-Image/1.0"
66.249.79.33 - - [06/Nov/2024:07:06:51 +0800] "GET /icons/bomb.gif HTTP/1.1" 200 308 "-" "Googlebot-Image/1.0"
66.249.79.33 - - [06/Nov/2024:07:15:02 +0800] "GET /icons/box1.png HTTP/1.1" 200 325 "-" "Googlebot-Image/1.0"
66.249.79.34 - - [06/Nov/2024:07:24:12 +0800] "GET /icons/small/sound2.png HTTP/1.1" 200 171 "-" "Googlebot-Image/1.0"
66.249.79.34 - - [06/Nov/2024:07:32:24 +0800] "GET /icons/blank.gif HTTP/1.1" 200 148 "-" "Googlebot-Image/1.0"
66.249.79.34 - - [06/Nov/2024:07:45:35 +0800] "GET /icons/text.gif HTTP/1.1" 200 229 "-" "Googlebot-Image/1.0"
66.249.79.33 - - [06/Nov/2024:07:49:40 +0800] "GET /icons/pie0.png HTTP/1.1" 200 259 "-" "Googlebot-Image/1.0"
103.225.9.2 - - [06/Nov/2024:07:52:02 +0800] "GET / HTTP/1.1" 200 794 "-" "Mozilla/5.0 (compatible; Baiduspider/2.0; +http://www.baidu.com/search/spider.html)"
66.249.79.35 - - [06/Nov/2024:07:56:56 +0800] "GET /icons/sound1.gif HTTP/1.1" 200 248 "-" "Googlebot-Image/1.0"
66.249.79.33 - - [06/Nov/2024:08:04:07 +0800] "GET /icons/folder.sec.png HTTP/1.1" 200 313 "-" "Googlebot-Image/1.0"
52.167.144.145 - - [06/Nov/2024:08:06:11 +0800] "GET /logs/access_20220719.log HTTP/1.1" 404 1052 "-" "Mozilla/5.0 AppleWebKit/537.36 (KHTML, like Gecko; compatible; bingbot/2.0; +http://www.bing.com/bingbot.htm) Chrome/116.0.1938.76 Safari/537.36"
66.249.79.34 - - [06/Nov/2024:08:13:18 +0800] "GET /icons/alert.red.png HTTP/1.1" 200 314 "-" "Googlebot-Image/1.0"
66.249.79.33 - - [06/Nov/2024:08:21:29 +0800] "GET /icons/layout.gif HTTP/1.1" 200 276 "-" "Googlebot-Image/1.0"
66.249.79.35 - - [06/Nov/2024:08:29:03 +0800] "GET /icons/image3.gif HTTP/1.1" 200 286 "-" "Googlebot-Image/1.0"
66.249.79.34 - - [06/Nov/2024:08:40:45 +0800] "GET /icons/sphere1.png HTTP/1.1" 200 347 "-" "Googlebot-Image/1.0"
66.249.79.33 - - [06/Nov/2024:08:47:14 +0800] "GET /icons/c.gif HTTP/1.1" 200 242 "-" "Googlebot-Image/1.0"
220.181.108.103 - - [06/Nov/2024:08:48:58 +0800] "GET /logs/access_20240823.log HTTP/1.1" 304 - "-" "Mozilla/5.0 (compatible; Baiduspider/2.0; +http://www.baidu.com/search/spider.html)"
66.249.79.34 - - [06/Nov/2024:08:54:46 +0800] "GET /icons/small/tar.png HTTP/1.1" 200 173 "-" "Googlebot-Image/1.0"
66.249.79.35 - - [06/Nov/2024:09:06:21 +0800] "GET /icons/small/comp1.png HTTP/1.1" 200 216 "-" "Googlebot-Image/1.0"
66.249.79.33 - - [06/Nov/2024:09:12:55 +0800] "GET /icons/sphere2.gif HTTP/1.1" 200 264 "-" "Googlebot-Image/1.0"
66.249.79.35 - - [06/Nov/2024:09:21:29 +0800] "GET /icons/dir.gif HTTP/1.1" 200 225 "-" "Googlebot-Image/1.0"
116.179.32.24 - - [06/Nov/2024:09:22:17 +0800] "GET /logs/access_20230224.log HTTP/1.1" 200 60956 "-" "Mozilla/5.0 (compatible; Baiduspider/2.0; +http://www.baidu.com/search/spider.html)"
66.249.79.34 - - [06/Nov/2024:09:29:03 +0800] "GET /icons/binhex.gif HTTP/1.1" 200 246 "-" "Googlebot-Image/1.0"
66.249.79.34 - - [06/Nov/2024:09:39:38 +0800] "GET /icons/box2.png HTTP/1.1" 200 336 "-" "Googlebot-Image/1.0"
66.249.79.35 - - [06/Nov/2024:09:53:12 +0800] "GET /icons/small/index.gif HTTP/1.1" 200 145 "-" "Googlebot-Image/1.0"
66.249.79.33 - - [06/Nov/2024:09:58:09 +0800] "GET /icons/link.gif HTTP/1.1" 200 249 "-" "Googlebot-Image/1.0"
66.249.79.35 - - [06/Nov/2024:10:04:21 +0800] "GET /icons/pie4.gif HTTP/1.1" 200 193 "-" "Googlebot-Image/1.0"
66.249.79.34 - - [06/Nov/2024:10:08:09 +0800] "GET /logs/access_20230219.log HTTP/1.1" 304 - "-" "Mozilla/5.0 (Linux; Android 6.0.1; Nexus 5X Build/MMB29P) AppleWebKit/537.36 (KHTML, like Gecko) Chrome/130.0.6723.69 Mobile Safari/537.36 (compatible; Googlebot/2.1; +http://www.google.com/bot.html)"
66.249.79.35 - - [06/Nov/2024:10:11:10 +0800] "GET /icons/movie.gif HTTP/1.1" 200 243 "-" "Googlebot-Image/1.0"
66.249.79.35 - - [06/Nov/2024:10:19:00 +0800] "GET /icons/small/sound2.gif HTTP/1.1" 200 119 "-" "Googlebot-Image/1.0"
66.249.79.35 - - [06/Nov/2024:10:27:49 +0800] "GET /icons/pie2.png HTTP/1.1" 200 272 "-" "Googlebot-Image/1.0"
217.113.194.194 - - [06/Nov/2024:10:28:51 +0800] "GET /robots.txt HTTP/1.1" 404 1052 "-" "Mozilla/5.0 (compatible; Barkrowler/0.9; +https://babbar.tech/crawler)"
217.113.194.196 - - [06/Nov/2024:10:29:03 +0800] "GET /logs/error.log HTTP/1.1" 200 519035 "-" "Mozilla/5.0 (compatible; Barkrowler/0.9; +https://babbar.tech/crawler)"
217.113.194.193 - - [06/Nov/2024:10:29:26 +0800] "GET /logs/access_20230728.log HTTP/1.1" 200 15701 "-" "Mozilla/5.0 (compatible; Barkrowler/0.9; +https://babbar.tech/crawler)"
217.113.194.200 - - [06/Nov/2024:10:29:35 +0800] "GET /logs/access_20230731.log HTTP/1.1" 200 22337 "-" "Mozilla/5.0 (compatible; Barkrowler/0.9; +https://babbar.tech/crawler)"
217.113.194.201 - - [06/Nov/2024:10:29:44 +0800] "GET /logs/access_20240112.log HTTP/1.1" 200 40592 "-" "Mozilla/5.0 (compatible; Barkrowler/0.9; +https://babbar.tech/crawler)"
217.113.194.197 - - [06/Nov/2024:10:29:54 +0800] "GET /logs/access_20230701.log HTTP/1.1" 200 15616 "-" "Mozilla/5.0 (compatible; Barkrowler/0.9; +https://babbar.tech/crawler)"
217.113.194.199 - - [06/Nov/2024:10:30:03 +0800] "GET /logs/access_20230609.log HTTP/1.1" 200 7943 "-" "Mozilla/5.0 (compatible; Barkrowler/0.9; +https://babbar.tech/crawler)"
217.113.194.197 - - [06/Nov/2024:10:30:12 +0800] "GET /logs/access_20221125.log HTTP/1.1" 200 26365 "-" "Mozilla/5.0 (compatible; Barkrowler/0.9; +https://babbar.tech/crawler)"
154.54.249.214 - - [06/Nov/2024:10:30:21 +0800] "GET /logs/access_20221011.log HTTP/1.1" 200 23542 "-" "Mozilla/5.0 (compatible; Barkrowler/0.9; +https://babbar.tech/crawler)"
217.113.194.193 - - [06/Nov/2024:10:30:30 +0800] "GET /logs/access_20230410.log HTTP/1.1" 200 6747 "-" "Mozilla/5.0 (compatible; Barkrowler/0.9; +https://babbar.tech/crawler)"
217.113.194.193 - - [06/Nov/2024:10:30:38 +0800] "GET /logs/access_20231030.log HTTP/1.1" 200 8359 "-" "Mozilla/5.0 (compatible; Barkrowler/0.9; +https://babbar.tech/crawler)"
217.113.194.196 - - [06/Nov/2024:10:30:47 +0800] "GET /logs/access_20231117.log HTTP/1.1" 200 10339 "-" "Mozilla/5.0 (compatible; Barkrowler/0.9; +https://babbar.tech/crawler)"
154.54.249.214 - - [06/Nov/2024:10:30:56 +0800] "GET /logs/access_20230913.log HTTP/1.1" 200 21923 "-" "Mozilla/5.0 (compatible; Barkrowler/0.9; +https://babbar.tech/crawler)"
66.249.79.35 - - [06/Nov/2024:10:37:41 +0800] "GET /icons/small/blank.gif HTTP/1.1" 200 55 "-" "Googlebot-Image/1.0"
66.249.79.33 - - [06/Nov/2024:10:43:28 +0800] "GET /icons/f.gif HTTP/1.1" 200 236 "-" "Googlebot-Image/1.0"
66.249.79.35 - - [06/Nov/2024:10:53:18 +0800] "GET /icons/alert.black.gif HTTP/1.1" 200 242 "-" "Googlebot-Image/1.0"
66.249.79.33 - - [06/Nov/2024:10:58:07 +0800] "GET /icons/small/binary.gif HTTP/1.1" 200 134 "-" "Googlebot-Image/1.0"
66.249.79.33 - - [06/Nov/2024:11:06:57 +0800] "GET /icons/apache_pb.gif HTTP/1.1" 200 4463 "-" "Googlebot-Image/1.0"
66.249.79.33 - - [06/Nov/2024:11:16:47 +0800] "GET /icons/small/sound.gif HTTP/1.1" 200 130 "-" "Googlebot-Image/1.0"
66.249.79.35 - - [06/Nov/2024:11:21:36 +0800] "GET /icons/portal.gif HTTP/1.1" 200 254 "-" "Googlebot-Image/1.0"
66.249.79.33 - - [06/Nov/2024:11:29:25 +0800] "GET /icons/hand.right.png HTTP/1.1" 200 311 "-" "Googlebot-Image/1.0"
66.249.79.33 - - [06/Nov/2024:11:40:18 +0800] "GET /icons/small/continued.png HTTP/1.1" 200 163 "-" "Googlebot-Image/1.0"
66.249.79.33 - - [06/Nov/2024:11:45:05 +0800] "GET /icons/small/forward.png HTTP/1.1" 200 174 "-" "Googlebot-Image/1.0"
66.249.79.35 - - [06/Nov/2024:11:53:54 +0800] "GET /icons/box2.gif HTTP/1.1" 200 268 "-" "Googlebot-Image/1.0"
66.249.79.34 - - [06/Nov/2024:12:01:44 +0800] "GET /icons/small/folder2.png HTTP/1.1" 200 180 "-" "Googlebot-Image/1.0"
66.249.79.33 - - [06/Nov/2024:12:08:34 +0800] "GET /include/ckeditor/plugins/smiley/images/angel_smile.gif HTTP/1.1" 404 1052 "-" "Googlebot-Image/1.0"
66.249.79.35 - - [06/Nov/2024:12:18:09 +0800] "GET /icons/small/key.gif HTTP/1.1" 200 187 "-" "Googlebot-Image/1.0"
66.249.79.33 - - [06/Nov/2024:12:25:43 +0800] "GET /icons/pie6.png HTTP/1.1" 200 273 "-" "Googlebot-Image/1.0"
66.249.79.34 - - [06/Nov/2024:12:37:20 +0800] "GET /icons/a.gif HTTP/1.1" 200 246 "-" "Googlebot-Image/1.0"
66.249.79.33 - - [06/Nov/2024:12:41:10 +0800] "GET /logs/access_20221128.log HTTP/1.1" 304 - "-" "Mozilla/5.0 (Linux; Android 6.0.1; Nexus 5X Build/MMB29P) AppleWebKit/537.36 (KHTML, like Gecko) Chrome/130.0.6723.69 Mobile Safari/537.36 (compatible; Googlebot/2.1; +http://www.google.com/bot.html)"
66.249.79.34 - - [06/Nov/2024:12:42:51 +0800] "GET /icons/small/patch.gif HTTP/1.1" 200 182 "-" "Googlebot-Image/1.0"
207.46.13.102 - - [06/Nov/2024:12:46:41 +0800] "GET /logs/access_20230303.log HTTP/1.1" 200 13650 "-" "Mozilla/5.0 AppleWebKit/537.36 (KHTML, like Gecko; compatible; bingbot/2.0; +http://www.bing.com/bingbot.htm) Chrome/116.0.1938.76 Safari/537.36"
66.249.79.33 - - [06/Nov/2024:12:55:29 +0800] "GET /icons/apache_pb2.png HTTP/1.1" 200 10401 "-" "Googlebot-Image/1.0"
66.249.79.33 - - [06/Nov/2024:12:59:59 +0800] "GET /icons/generic.red.png HTTP/1.1" 200 283 "-" "Googlebot-Image/1.0"
66.249.79.34 - - [06/Nov/2024:13:00:32 +0800] "GET /icons/sound2.gif HTTP/1.1" 200 221 "-" "Googlebot-Image/1.0"
66.249.79.33 - - [06/Nov/2024:13:05:50 +0800] "GET /icons/unknown.gif HTTP/1.1" 200 245 "-" "Googlebot-Image/1.0"
66.249.79.35 - - [06/Nov/2024:13:08:33 +0800] "GET /icons/small/text.png HTTP/1.1" 200 163 "-" "Googlebot-Image/1.0"
66.249.79.35 - - [06/Nov/2024:13:10:06 +0800] "GET /icons/odf6otg.png HTTP/1.1" 200 1106 "-" "Googlebot-Image/1.0"
66.249.79.34 - - [06/Nov/2024:13:18:09 +0800] "GET /icons/movie.png HTTP/1.1" 200 272 "-" "Googlebot-Image/1.0"
66.249.79.34 - - [06/Nov/2024:13:25:42 +0800] "GET /icons/quill.gif HTTP/1.1" 200 267 "-" "Googlebot-Image/1.0"
66.249.79.35 - - [06/Nov/2024:13:34:17 +0800] "GET /icons/down.png HTTP/1.1" 200 256 "-" "Googlebot-Image/1.0"
66.249.79.33 - - [06/Nov/2024:13:43:51 +0800] "GET /icons/pie8.gif HTTP/1.1" 200 173 "-" "Googlebot-Image/1.0"
66.249.79.33 - - [06/Nov/2024:13:52:25 +0800] "GET /icons/layout.png HTTP/1.1" 200 323 "-" "Googlebot-Image/1.0"
66.249.79.33 - - [06/Nov/2024:14:01:00 +0800] "GET /icons/screw1.png HTTP/1.1" 200 328 "-" "Googlebot-Image/1.0"
66.249.79.34 - - [06/Nov/2024:14:03:44 +0800] "GET /icons/sphere2.png HTTP/1.1" 200 339 "-" "Googlebot-Image/1.0"
66.249.79.34 - - [06/Nov/2024:14:09:22 +0800] "GET /logs/access_20240430.log HTTP/1.1" 200 16883 "-" "Mozilla/5.0 (Linux; Android 6.0.1; Nexus 5X Build/MMB29P) AppleWebKit/537.36 (KHTML, like Gecko) Chrome/130.0.6723.69 Mobile Safari/537.36 (compatible; Googlebot/2.1; +http://www.google.com/bot.html)"
66.249.79.33 - - [06/Nov/2024:14:09:34 +0800] "GET /icons/odf6ott.png HTTP/1.1" 200 1022 "-" "Googlebot-Image/1.0"
66.249.79.33 - - [06/Nov/2024:15:00:12 +0800] "GET /icons/small/uu.gif HTTP/1.1" 200 125 "-" "Googlebot-Image/1.0"
66.249.79.33 - - [06/Nov/2024:15:30:37 +0800] "GET /icons/hand.up.gif HTTP/1.1" 200 223 "-" "Googlebot-Image/1.0"
66.249.79.35 - - [06/Nov/2024:16:03:13 +0800] "GET /icons/folder.gif HTTP/1.1" 200 225 "-" "Googlebot-Image/1.0"
66.249.79.33 - - [06/Nov/2024:16:21:14 +0800] "GET /icons/back.gif HTTP/1.1" 200 216 "-" "Googlebot-Image/1.0"
181.41.206.192 - - [06/Nov/2024:16:41:17 +0800] "GET /logs/access_20211209.log HTTP/1.1" 404 1052 "-" "Mozilla/5.0 (Windows NT 10.0; Win64; x64; Xbox; Xbox One) AppleWebKit/537.36 (KHTML, like Gecko) Chrome/114.0.0.0 Safari/537.36 Edge/44.18363.8131"
66.249.79.34 - - [06/Nov/2024:16:42:30 +0800] "GET /icons/odf6odm.png HTTP/1.1" 200 1060 "-" "Googlebot-Image/1.0"
220.181.108.81 - - [06/Nov/2024:16:47:02 +0800] "GET /logs/access_20221013.log HTTP/1.1" 200 29701 "-" "Mozilla/5.0 (compatible; Baiduspider/2.0; +http://www.baidu.com/search/spider.html)"
66.249.79.34 - - [06/Nov/2024:17:17:37 +0800] "GET /icons/broken.gif HTTP/1.1" 200 247 "-" "Googlebot-Image/1.0"
207.46.13.31 - - [06/Nov/2024:17:17:38 +0800] "GET /logs/access_20230925.log HTTP/1.1" 304 - "-" "Mozilla/5.0 AppleWebKit/537.36 (KHTML, like Gecko; compatible; bingbot/2.0; +http://www.bing.com/bingbot.htm) Chrome/116.0.1938.76 Safari/537.36"
40.77.167.43 - - [06/Nov/2024:17:44:33 +0800] "GET /logs/access_20240604.log HTTP/1.1" 200 16320 "-" "Mozilla/5.0 AppleWebKit/537.36 (KHTML, like Gecko; compatible; bingbot/2.0; +http://www.bing.com/bingbot.htm) Chrome/116.0.1938.76 Safari/537.36"
66.249.79.35 - - [06/Nov/2024:18:02:28 +0800] "GET /robots.txt HTTP/1.1" 404 1052 "-" "Mozilla/5.0 (compatible; Googlebot/2.1; +http://www.google.com/bot.html)"
66.249.79.34 - - [06/Nov/2024:18:02:29 +0800] "GET /icons/svg.png HTTP/1.1" 200 1010 "-" "Googlebot-Image/1.0"
66.249.79.33 - - [06/Nov/2024:18:48:29 +0800] "GET /icons/pie4.png HTTP/1.1" 200 258 "-" "Googlebot-Image/1.0"
66.249.79.34 - - [06/Nov/2024:19:32:28 +0800] "GET /icons/odf6oti.png HTTP/1.1" 200 1107 "-" "Googlebot-Image/1.0"
66.249.79.35 - - [06/Nov/2024:19:56:59 +0800] "GET /icons/small/patch.png HTTP/1.1" 200 211 "-" "Googlebot-Image/1.0"
66.249.79.34 - - [06/Nov/2024:20:19:29 +0800] "GET /icons/image2.gif HTTP/1.1" 200 309 "-" "Googlebot-Image/1.0"
59.82.135.190 - - [06/Nov/2024:20:33:41 +0800] "GET / HTTP/1.1" 200 794 "-" "Mozilla/5.0 (Windows NT 10.0; Win64; x64) AppleWebKit/537.36 (KHTML, like Gecko) Chrome/107.0.6831.115 Safari/537.36"
59.82.135.190 - - [06/Nov/2024:20:33:41 +0800] "GET / HTTP/1.1" 200 794 "-" "Mozilla/5.0 (Windows NT 10.0; Win64; x64) AppleWebKit/537.36 (KHTML, like Gecko) Chrome/84.0.2844.114 Safari/537.36"
59.82.135.190 - - [06/Nov/2024:20:33:41 +0800] "GET /favicon.ico HTTP/1.1" 404 1052 "-" "Mozilla/5.0 (Windows NT 10.0; Win64; x64) AppleWebKit/537.36 (KHTML, like Gecko) Chrome/84.0.2844.114 Safari/537.36"
59.82.135.190 - - [06/Nov/2024:20:33:42 +0800] "GET /?C=M;O=A HTTP/1.1" 200 794 "-" "Mozilla/5.0 (Windows NT 10.0; Win64; x64) AppleWebKit/537.36 (KHTML, like Gecko) Chrome/103.0.3749.137 Safari/537.36"
59.82.135.190 - - [06/Nov/2024:20:33:42 +0800] "GET / HTTP/1.1" 200 794 "-" "Mozilla/5.0 (Windows NT 10.0; Win64; x64) AppleWebKit/537.36 (KHTML, like Gecko) Chrome/96.0.5465.178 Safari/537.36"
59.82.135.190 - - [06/Nov/2024:20:33:42 +0800] "GET /favicon.ico HTTP/1.1" 404 1052 "-" "Mozilla/5.0 (Windows NT 10.0; Win64; x64) AppleWebKit/537.36 (KHTML, like Gecko) Chrome/96.0.5465.178 Safari/537.36"
59.82.135.190 - - [06/Nov/2024:20:33:42 +0800] "GET /?C=N;O=D HTTP/1.1" 200 794 "-" "Mozilla/5.0 (Windows NT 10.0; Win64; x64) AppleWebKit/537.36 (KHTML, like Gecko) Chrome/96.0.6467.28 Safari/537.36"
59.82.135.190 - - [06/Nov/2024:20:33:42 +0800] "GET / HTTP/1.1" 200 794 "-" "Mozilla/5.0 (Windows NT 10.0; Win64; x64) AppleWebKit/537.36 (KHTML, like Gecko) Chrome/109.0.1745.191 Safari/537.36"
59.82.135.190 - - [06/Nov/2024:20:33:42 +0800] "GET /favicon.ico HTTP/1.1" 404 1052 "-" "Mozilla/5.0 (Windows NT 10.0; Win64; x64) AppleWebKit/537.36 (KHTML, like Gecko) Chrome/109.0.1745.191 Safari/537.36"
59.82.135.190 - - [06/Nov/2024:20:33:42 +0800] "GET /?C=S;O=A HTTP/1.1" 200 794 "-" "Mozilla/5.0 (Windows NT 10.0; Win64; x64) AppleWebKit/537.36 (KHTML, like Gecko) Chrome/84.0.1101.138 Safari/537.36"
59.82.135.190 - - [06/Nov/2024:20:33:42 +0800] "GET / HTTP/1.1" 200 794 "-" "Mozilla/5.0 (Windows NT 10.0; Win64; x64) AppleWebKit/537.36 (KHTML, like Gecko) Chrome/107.0.4717.131 Safari/537.36"
59.82.135.190 - - [06/Nov/2024:20:33:42 +0800] "GET /favicon.ico HTTP/1.1" 404 1052 "-" "Mozilla/5.0 (Windows NT 10.0; Win64; x64) AppleWebKit/537.36 (KHTML, like Gecko) Chrome/107.0.4717.131 Safari/537.36"
59.82.135.190 - - [06/Nov/2024:20:33:42 +0800] "GET /icons/blank.gif HTTP/1.1" 200 148 "-" "Mozilla/5.0 (Windows NT 10.0; Win64; x64) AppleWebKit/537.36 (KHTML, like Gecko) Chrome/99.0.2932.113 Safari/537.36"
59.82.135.48 - - [06/Nov/2024:20:33:42 +0800] "GET /icons/folder.gif HTTP/1.1" 200 225 "-" "Mozilla/5.0 (Windows NT 10.0; Win64; x64) AppleWebKit/537.36 (KHTML, like Gecko) Chrome/100.0.7359.134 Safari/537.36"
59.82.135.190 - - [06/Nov/2024:20:33:42 +0800] "GET / HTTP/1.1" 200 794 "-" "Mozilla/5.0 (Windows NT 10.0; Win64; x64) AppleWebKit/537.36 (KHTML, like Gecko) Chrome/111.0.9153.121 Safari/537.36"
59.82.135.190 - - [06/Nov/2024:20:33:42 +0800] "GET /favicon.ico HTTP/1.1" 404 1052 "-" "Mozilla/5.0 (Windows NT 10.0; Win64; x64) AppleWebKit/537.36 (KHTML, like Gecko) Chrome/111.0.9153.121 Safari/537.36"
59.82.135.48 - - [06/Nov/2024:20:33:42 +0800] "GET / HTTP/1.1" 200 794 "-" "Mozilla/5.0 (Windows NT 10.0; Win64; x64) AppleWebKit/537.36 (KHTML, like Gecko) Chrome/96.0.5084.21 Safari/537.36"
59.82.135.48 - - [06/Nov/2024:20:33:42 +0800] "GET /favicon.ico HTTP/1.1" 404 1052 "-" "Mozilla/5.0 (Windows NT 10.0; Win64; x64) AppleWebKit/537.36 (KHTML, like Gecko) Chrome/96.0.5084.21 Safari/537.36"
66.249.79.33 - - [06/Nov/2024:20:41:59 +0800] "GET /icons/pie5.gif HTTP/1.1" 200 189 "-" "Googlebot-Image/1.0"
66.249.79.33 - - [06/Nov/2024:21:05:29 +0800] "GET /icons/small/back.png HTTP/1.1" 200 181 "-" "Googlebot-Image/1.0"
66.249.79.35 - - [06/Nov/2024:21:25:00 +0800] "GET /icons/small/text.gif HTTP/1.1" 200 128 "-" "Googlebot-Image/1.0"
66.249.79.35 - - [06/Nov/2024:21:47:29 +0800] "GET /icons/odf6odf.png HTTP/1.1" 200 1047 "-" "Googlebot-Image/1.0"
66.249.79.34 - - [06/Nov/2024:22:12:23 +0800] "GET /icons/uuencoded.png HTTP/1.1" 200 296 "-" "Googlebot-Image/1.0"
66.249.79.35 - - [06/Nov/2024:22:19:01 +0800] "GET /icons/small/sound.png HTTP/1.1" 200 197 "-" "Googlebot-Image/1.0"
113.215.189.54 - - [06/Nov/2024:22:24:22 +0800] "GET / HTTP/1.1" 200 794 "-" "Mozilla/5.0 (Windows NT 10.0; Win64; x64) AppleWebKit/537.36 (KHTML, like Gecko) Chrome/101.0.9488.141 Safari/537.36"
113.215.189.54 - - [06/Nov/2024:22:24:22 +0800] "GET / HTTP/1.1" 200 794 "-" "Mozilla/5.0 (Windows NT 10.0; Win64; x64) AppleWebKit/537.36 (KHTML, like Gecko) Chrome/97.0.6529.157 Safari/537.36"
113.215.189.54 - - [06/Nov/2024:22:24:22 +0800] "GET /favicon.ico HTTP/1.1" 404 1052 "-" "Mozilla/5.0 (Windows NT 10.0; Win64; x64) AppleWebKit/537.36 (KHTML, like Gecko) Chrome/97.0.6529.157 Safari/537.36"
113.215.189.54 - - [06/Nov/2024:22:24:24 +0800] "GET /?C=N;O=D HTTP/1.1" 200 794 "-" "Mozilla/5.0 (Windows NT 10.0; Win64; x64) AppleWebKit/537.36 (KHTML, like Gecko) Chrome/82.0.8824.118 Safari/537.36"
113.215.189.61 - - [06/Nov/2024:22:24:24 +0800] "GET /?C=M;O=A HTTP/1.1" 200 794 "-" "Mozilla/5.0 (Windows NT 10.0; Win64; x64) AppleWebKit/537.36 (KHTML, like Gecko) Chrome/94.0.8437.194 Safari/537.36"
113.215.189.54 - - [06/Nov/2024:22:24:24 +0800] "GET / HTTP/1.1" 200 794 "-" "Mozilla/5.0 (Windows NT 10.0; Win64; x64) AppleWebKit/537.36 (KHTML, like Gecko) Chrome/87.0.8446.116 Safari/537.36"
113.215.189.54 - - [06/Nov/2024:22:24:24 +0800] "GET /favicon.ico HTTP/1.1" 404 1052 "-" "Mozilla/5.0 (Windows NT 10.0; Win64; x64) AppleWebKit/537.36 (KHTML, like Gecko) Chrome/87.0.8446.116 Safari/537.36"
113.215.189.61 - - [06/Nov/2024:22:24:24 +0800] "GET / HTTP/1.1" 200 794 "-" "Mozilla/5.0 (Windows NT 10.0; Win64; x64) AppleWebKit/537.36 (KHTML, like Gecko) Chrome/90.0.4691.141 Safari/537.36"
113.215.189.61 - - [06/Nov/2024:22:24:24 +0800] "GET /favicon.ico HTTP/1.1" 404 1052 "-" "Mozilla/5.0 (Windows NT 10.0; Win64; x64) AppleWebKit/537.36 (KHTML, like Gecko) Chrome/90.0.4691.141 Safari/537.36"
113.215.189.54 - - [06/Nov/2024:22:24:24 +0800] "GET /icons/blank.gif HTTP/1.1" 200 148 "-" "Mozilla/5.0 (Windows NT 10.0; Win64; x64) AppleWebKit/537.36 (KHTML, like Gecko) Chrome/111.0.6161.113 Safari/537.36"
113.215.189.61 - - [06/Nov/2024:22:24:24 +0800] "GET /?C=S;O=A HTTP/1.1" 200 794 "-" "Mozilla/5.0 (Windows NT 10.0; Win64; x64) AppleWebKit/537.36 (KHTML, like Gecko) Chrome/115.0.7071.49 Safari/537.36"
113.215.189.54 - - [06/Nov/2024:22:24:24 +0800] "GET / HTTP/1.1" 200 794 "-" "Mozilla/5.0 (Windows NT 10.0; Win64; x64) AppleWebKit/537.36 (KHTML, like Gecko) Chrome/89.0.5160.135 Safari/537.36"
113.215.189.61 - - [06/Nov/2024:22:24:25 +0800] "GET /favicon.ico HTTP/1.1" 404 1052 "-" "Mozilla/5.0 (Windows NT 10.0; Win64; x64) AppleWebKit/537.36 (KHTML, like Gecko) Chrome/89.0.5160.135 Safari/537.36"
113.215.189.54 - - [06/Nov/2024:22:24:25 +0800] "GET / HTTP/1.1" 200 794 "-" "Mozilla/5.0 (Windows NT 10.0; Win64; x64) AppleWebKit/537.36 (KHTML, like Gecko) Chrome/108.0.3833.123 Safari/537.36"
113.215.189.54 - - [06/Nov/2024:22:24:25 +0800] "GET /favicon.ico HTTP/1.1" 404 1052 "-" "Mozilla/5.0 (Windows NT 10.0; Win64; x64) AppleWebKit/537.36 (KHTML, like Gecko) Chrome/108.0.3833.123 Safari/537.36"
113.215.189.54 - - [06/Nov/2024:22:24:25 +0800] "GET /icons/folder.gif HTTP/1.1" 200 225 "-" "Mozilla/5.0 (Windows NT 10.0; Win64; x64) AppleWebKit/537.36 (KHTML, like Gecko) Chrome/107.0.2399.161 Safari/537.36"
113.215.189.54 - - [06/Nov/2024:22:24:25 +0800] "GET / HTTP/1.1" 200 794 "-" "Mozilla/5.0 (Windows NT 10.0; Win64; x64) AppleWebKit/537.36 (KHTML, like Gecko) Chrome/113.0.5077.162 Safari/537.36"
113.215.189.54 - - [06/Nov/2024:22:24:25 +0800] "GET /favicon.ico HTTP/1.1" 404 1052 "-" "Mozilla/5.0 (Windows NT 10.0; Win64; x64) AppleWebKit/537.36 (KHTML, like Gecko) Chrome/113.0.5077.162 Safari/537.36"
66.249.79.35 - - [06/Nov/2024:22:28:13 +0800] "GET /icons/small/ps.gif HTTP/1.1" 200 184 "-" "Googlebot-Image/1.0"
66.249.79.33 - - [06/Nov/2024:22:33:50 +0800] "GET /icons/folder.open.gif HTTP/1.1" 200 242 "-" "Googlebot-Image/1.0"
66.249.79.34 - - [06/Nov/2024:22:43:44 +0800] "GET /icons/tar.png HTTP/1.1" 200 261 "-" "Googlebot-Image/1.0"
66.249.79.33 - - [06/Nov/2024:22:54:59 +0800] "GET /icons/small/blank.png HTTP/1.1" 200 100 "-" "Googlebot-Image/1.0"
111.229.73.213 - - [06/Nov/2024:23:04:51 +0800] "GET /public/plugins/ckeditor/images/spacer.gif HTTP/1.1" 404 1276 "http://ft.kidcastle.com.cn/public/plugins/ckeditor/images/spacer.gif" "Mozilla/5.0 (Windows NT 10.0; Win64; x64) AppleWebKit/537.36 (KHTML, like Gecko) Chrome/83.0.4103.61 Safari/537.36"
111.229.73.213 - - [06/Nov/2024:23:04:51 +0800] "GET /public/plugins/Ueditor/dialogs/attachment/fileTypeImages/icon_psd.gif HTTP/1.1" 404 1332 "http://ft.kidcastle.com.cn/public/plugins/Ueditor/dialogs/attachment/fileTypeImages/icon_psd.gif" "Mozilla/5.0 (Windows NT 10.0; Win64; x64) AppleWebKit/537.36 (KHTML, like Gecko) Chrome/83.0.4103.61 Safari/537.36"
111.229.73.213 - - [06/Nov/2024:23:04:52 +0800] "GET /public/plugins/Ueditor/dialogs/attachment/images/alignicon.gif HTTP/1.1" 404 1318 "http://ft.kidcastle.com.cn/public/plugins/Ueditor/dialogs/attachment/images/alignicon.gif" "Mozilla/5.0 (Windows NT 10.0; Win64; x64) AppleWebKit/537.36 (KHTML, like Gecko) Chrome/83.0.4103.61 Safari/537.36"
66.249.79.35 - - [06/Nov/2024:23:10:17 +0800] "GET /icons/small/generic.gif HTTP/1.1" 200 116 "-" "Googlebot-Image/1.0"
52.167.144.217 - - [06/Nov/2024:23:17:25 +0800] "GET /logs/access_20240809.log HTTP/1.1" 200 13983 "-" "Mozilla/5.0 AppleWebKit/537.36 (KHTML, like Gecko; compatible; bingbot/2.0; +http://www.bing.com/bingbot.htm) Chrome/116.0.1938.76 Safari/537.36"
66.249.79.33 - - [06/Nov/2024:23:18:28 +0800] "GET /icons/small/forward.gif HTTP/1.1" 200 125 "-" "Googlebot-Image/1.0"
66.249.79.33 - - [06/Nov/2024:23:32:45 +0800] "GET /icons/small/movie.gif HTTP/1.1" 200 134 "-" "Googlebot-Image/1.0"
66.249.79.33 - - [06/Nov/2024:23:39:58 +0800] "GET /app/app/ueditor/dialogs/video/images/icons.gif HTTP/1.1" 404 1052 "-" "Googlebot-Image/1.0"
66.249.79.33 - - [06/Nov/2024:23:52:14 +0800] "GET /icons/continued.gif HTTP/1.1" 200 214 "-" "Googlebot-Image/1.0"