66.249.69.165 - - [31/Oct/2024:09:56:17 +0800] "GET /logs/access_20240519.log HTTP/1.1" 200 36003 "-" "Mozilla/5.0 (Linux; Android 6.0.1; Nexus 5X Build/MMB29P) AppleWebKit/537.36 (KHTML, like Gecko) Chrome/130.0.6723.69 Mobile Safari/537.36 (compatible; Googlebot/2.1; +http://www.google.com/bot.html)"
66.249.69.165 - - [31/Oct/2024:10:01:30 +0800] "GET /dgbf/index.php HTTP/1.1" 404 1052 "-" "Mozilla/5.0 (Linux; Android 6.0.1; Nexus 5X Build/MMB29P) AppleWebKit/537.36 (KHTML, like Gecko) Chrome/130.0.6723.69 Mobile Safari/537.36 (compatible; Googlebot/2.1; +http://www.google.com/bot.html)"
66.249.69.165 - - [31/Oct/2024:10:10:38 +0800] "GET /icons/pie2.png HTTP/1.1" 200 272 "-" "Googlebot-Image/1.0"
66.249.69.167 - - [31/Oct/2024:10:59:13 +0800] "GET /icons/small/folder2.png HTTP/1.1" 200 180 "-" "Googlebot-Image/1.0"
66.249.69.165 - - [31/Oct/2024:11:08:47 +0800] "GET /icons/hand.right.png HTTP/1.1" 200 311 "-" "Googlebot-Image/1.0"
66.249.69.166 - - [31/Oct/2024:11:15:23 +0800] "GET /icons/odf6ott.png HTTP/1.1" 200 1022 "-" "Googlebot-Image/1.0"
66.249.69.165 - - [31/Oct/2024:11:20:02 +0800] "GET /icons/box2.gif HTTP/1.1" 200 268 "-" "Googlebot-Image/1.0"
84.247.48.28 - - [31/Oct/2024:11:21:48 +0800] "GET /logs/access_20230116.log HTTP/1.1" 200 10984 "-" "Mozilla/5.0 (Windows NT 11.0; Win64; x64) AppleWebKit/537.36 (KHTML, like Gecko) Chrome/130.0.6723.70 Safari/537.36"
66.249.69.166 - - [31/Oct/2024:11:33:17 +0800] "GET /icons/small/forward.png HTTP/1.1" 200 174 "-" "Googlebot-Image/1.0"
66.249.69.165 - - [31/Oct/2024:11:49:33 +0800] "GET /icons/small/continued.png HTTP/1.1" 200 163 "-" "Googlebot-Image/1.0"
66.249.69.165 - - [31/Oct/2024:12:03:13 +0800] "GET /icons/quill.gif HTTP/1.1" 200 267 "-" "Googlebot-Image/1.0"
66.249.69.166 - - [31/Oct/2024:12:05:06 +0800] "GET /icons/layout.png HTTP/1.1" 200 323 "-" "Googlebot-Image/1.0"
125.122.13.181 - - [31/Oct/2024:12:11:37 +0800] "GET / HTTP/1.1" 200 794 "-" "Mozilla/5.0 (Macintosh; Intel Mac OS X 10_15_7) AppleWebKit/537.36 (KHTML, like Gecko) Chrome/96.0.4664.110 Safari/537.36"
125.122.13.181 - - [31/Oct/2024:12:11:37 +0800] "GET /favicon.ico HTTP/1.1" 404 1052 "-" "Mozilla/5.0 (Macintosh; Intel Mac OS X 10_15_7) AppleWebKit/537.36 (KHTML, like Gecko) Chrome/96.0.4664.110 Safari/537.36"
66.249.69.167 - - [31/Oct/2024:12:15:28 +0800] "GET /icons/movie.png HTTP/1.1" 200 272 "-" "Googlebot-Image/1.0"
66.249.69.166 - - [31/Oct/2024:12:25:36 +0800] "GET /icons/down.png HTTP/1.1" 200 256 "-" "Googlebot-Image/1.0"
66.249.69.165 - - [31/Oct/2024:12:51:06 +0800] "GET /icons/small/generic.gif HTTP/1.1" 200 116 "-" "Googlebot-Image/1.0"
84.239.18.39 - - [31/Oct/2024:12:52:34 +0800] "GET /logs/access_20230309.log HTTP/1.1" 200 13962 "-" "Mozilla/5.0 (Windows NT 11.0; Win64; x64) AppleWebKit/537.36 (KHTML, like Gecko) Chrome/130.0.6723.70 Safari/537.36"
66.249.69.167 - - [31/Oct/2024:13:06:14 +0800] "GET /icons/small/patch.png HTTP/1.1" 200 211 "-" "Googlebot-Image/1.0"
40.119.197.45 - - [31/Oct/2024:13:13:35 +0800] "GET / HTTP/1.1" 200 794 "-" "Mozilla/5.0 (Windows NT 10.0; Win64; x64) AppleWebKit/537.36 (KHTML, like Gecko) Chrome/125.0.6422.114 Safari/537.36"
40.119.197.45 - - [31/Oct/2024:13:13:39 +0800] "GET /icons/blank.gif HTTP/1.1" 200 148 "http://ft.kidcastle.com.cn/" "Mozilla/5.0 (Windows NT 10.0; Win64; x64) AppleWebKit/537.36 (KHTML, like Gecko) Chrome/125.0.6422.114 Safari/537.36"
40.119.197.45 - - [31/Oct/2024:13:13:39 +0800] "GET /icons/folder.gif HTTP/1.1" 200 225 "http://ft.kidcastle.com.cn/" "Mozilla/5.0 (Windows NT 10.0; Win64; x64) AppleWebKit/537.36 (KHTML, like Gecko) Chrome/125.0.6422.114 Safari/537.36"
66.249.69.167 - - [31/Oct/2024:13:13:49 +0800] "GET /icons/apache_pb2.png HTTP/1.1" 200 10401 "-" "Googlebot-Image/1.0"
40.119.197.45 - - [31/Oct/2024:13:14:21 +0800] "GET /favicon.ico HTTP/1.1" 404 1194 "http://ft.kidcastle.com.cn/" "Mozilla/5.0 (Windows NT 10.0; Win64; x64) AppleWebKit/537.36 (KHTML, like Gecko) Chrome/125.0.6422.114 Safari/537.36"
66.249.69.166 - - [31/Oct/2024:13:27:10 +0800] "GET /icons/odf6oti.png HTTP/1.1" 200 1107 "-" "Googlebot-Image/1.0"
66.249.69.167 - - [31/Oct/2024:13:46:32 +0800] "GET /icons/pie0.gif HTTP/1.1" 200 188 "-" "Googlebot-Image/1.0"
66.249.69.167 - - [31/Oct/2024:13:55:59 +0800] "GET /icons/sphere2.png HTTP/1.1" 200 339 "-" "Googlebot-Image/1.0"
66.249.69.166 - - [31/Oct/2024:13:58:10 +0800] "GET /logs/access_20231220.log HTTP/1.1" 304 - "-" "Mozilla/5.0 (Linux; Android 6.0.1; Nexus 5X Build/MMB29P) AppleWebKit/537.36 (KHTML, like Gecko) Chrome/130.0.6723.69 Mobile Safari/537.36 (compatible; Googlebot/2.1; +http://www.google.com/bot.html)"
66.249.69.167 - - [31/Oct/2024:13:59:13 +0800] "GET /icons/pie5.gif HTTP/1.1" 200 189 "-" "Googlebot-Image/1.0"
66.249.69.167 - - [31/Oct/2024:14:07:38 +0800] "GET /icons/small/broken.gif HTTP/1.1" 200 139 "-" "Googlebot-Image/1.0"
14.216.35.232 - - [31/Oct/2024:14:11:54 +0800] "GET /favicon.ico HTTP/1.1" 404 1052 "-" "Mozilla/5.0 (Windows NT 6.1; Win64; x64) AppleWebKit/537.36 (KHTML, like Gecko) Chrome/122.0.6261.95 Safari/537.36"
14.216.35.232 - - [31/Oct/2024:14:12:15 +0800] "GET /favicon.ico HTTP/1.1" 404 1052 "-" "Mozilla/5.0 (Windows NT 6.1; Win64; x64) AppleWebKit/537.36 (KHTML, like Gecko) Chrome/122.0.6261.95 Safari/537.36"
66.249.69.165 - - [31/Oct/2024:14:14:34 +0800] "GET /icons/small/uu.gif HTTP/1.1" 200 125 "-" "Googlebot-Image/1.0"
66.249.69.167 - - [31/Oct/2024:14:29:13 +0800] "GET /icons/continued.gif HTTP/1.1" 200 214 "-" "Googlebot-Image/1.0"
66.249.69.167 - - [31/Oct/2024:14:43:39 +0800] "GET /icons/folder.gif HTTP/1.1" 200 225 "-" "Googlebot-Image/1.0"
66.249.69.165 - - [31/Oct/2024:14:54:17 +0800] "GET /icons/svg.png HTTP/1.1" 200 1010 "-" "Googlebot-Image/1.0"
66.249.69.165 - - [31/Oct/2024:15:03:40 +0800] "GET /icons/hand.up.gif HTTP/1.1" 200 223 "-" "Googlebot-Image/1.0"
66.249.69.167 - - [31/Oct/2024:15:12:06 +0800] "GET /robots.txt HTTP/1.1" 404 1052 "-" "Mozilla/5.0 (compatible; Googlebot/2.1; +http://www.google.com/bot.html)"
66.249.69.165 - - [31/Oct/2024:15:12:08 +0800] "GET /icons/broken.gif HTTP/1.1" 200 247 "-" "Googlebot-Image/1.0"
66.249.69.166 - - [31/Oct/2024:15:17:43 +0800] "GET /icons/back.gif HTTP/1.1" 200 216 "-" "Googlebot-Image/1.0"
66.249.69.165 - - [31/Oct/2024:15:17:44 +0800] "GET /robots.txt HTTP/1.1" 404 1052 "-" "Mozilla/5.0 (compatible; Googlebot/2.1; +http://www.google.com/bot.html)"
66.249.69.165 - - [31/Oct/2024:15:27:11 +0800] "GET /icons/pie4.png HTTP/1.1" 200 258 "-" "Googlebot-Image/1.0"
66.249.69.165 - - [31/Oct/2024:15:29:21 +0800] "GET /icons/odf6odf.png HTTP/1.1" 200 1047 "-" "Googlebot-Image/1.0"
66.249.69.165 - - [31/Oct/2024:15:33:48 +0800] "GET /icons/small/text.gif HTTP/1.1" 200 128 "-" "Googlebot-Image/1.0"
66.249.69.167 - - [31/Oct/2024:15:35:58 +0800] "GET /icons/generic.sec.png HTTP/1.1" 200 295 "-" "Googlebot-Image/1.0"
66.249.69.165 - - [31/Oct/2024:15:39:25 +0800] "GET /icons/small/generic3.gif HTTP/1.1" 200 113 "-" "Googlebot-Image/1.0"
66.249.69.165 - - [31/Oct/2024:15:42:36 +0800] "GET /icons/small/back.png HTTP/1.1" 200 181 "-" "Googlebot-Image/1.0"
157.55.39.225 - - [31/Oct/2024:15:43:38 +0800] "GET /robots.txt HTTP/1.1" 404 1052 "-" "Mozilla/5.0 AppleWebKit/537.36 (KHTML, like Gecko; compatible; bingbot/2.0; +http://www.bing.com/bingbot.htm) Chrome/116.0.1938.76 Safari/537.36"
40.77.167.50 - - [31/Oct/2024:15:43:44 +0800] "GET /logs/access_20240530.log HTTP/1.1" 200 11496 "-" "Mozilla/5.0 AppleWebKit/537.36 (KHTML, like Gecko; compatible; bingbot/2.0; +http://www.bing.com/bingbot.htm) Chrome/116.0.1938.76 Safari/537.36"
66.249.69.166 - - [31/Oct/2024:15:46:49 +0800] "GET /icons/tar.png HTTP/1.1" 200 261 "-" "Googlebot-Image/1.0"
66.249.69.165 - - [31/Oct/2024:15:52:26 +0800] "GET /icons/uuencoded.png HTTP/1.1" 200 296 "-" "Googlebot-Image/1.0"
66.249.69.166 - - [31/Oct/2024:15:53:13 +0800] "GET /icons/small/ps.gif HTTP/1.1" 200 184 "-" "Googlebot-Image/1.0"
40.77.167.43 - - [31/Oct/2024:15:54:13 +0800] "GET /logs/access_20220409.log HTTP/1.1" 404 1052 "-" "Mozilla/5.0 AppleWebKit/537.36 (KHTML, like Gecko; compatible; bingbot/2.0; +http://www.bing.com/bingbot.htm) Chrome/116.0.1938.76 Safari/537.36"
66.249.69.166 - - [31/Oct/2024:15:59:51 +0800] "GET /icons/odf6odm.png HTTP/1.1" 200 1060 "-" "Googlebot-Image/1.0"
66.249.69.167 - - [31/Oct/2024:16:27:50 +0800] "GET /icons/small/rainbow.gif HTTP/1.1" 200 3811 "-" "Googlebot-Image/1.0"
66.249.69.169 - - [31/Oct/2024:16:35:27 +0800] "GET /icons/small/forward.gif HTTP/1.1" 200 125 "-" "Googlebot-Image/1.0"
52.167.144.16 - - [31/Oct/2024:16:40:37 +0800] "GET /logs/access_20240901.log HTTP/1.1" 200 9334 "-" "Mozilla/5.0 AppleWebKit/537.36 (KHTML, like Gecko; compatible; bingbot/2.0; +http://www.bing.com/bingbot.htm) Chrome/116.0.1938.76 Safari/537.36"
66.249.69.165 - - [31/Oct/2024:16:42:15 +0800] "GET /icons/small/movie.gif HTTP/1.1" 200 134 "-" "Googlebot-Image/1.0"
66.249.69.166 - - [31/Oct/2024:16:48:52 +0800] "GET /icons/folder.open.gif HTTP/1.1" 200 242 "-" "Googlebot-Image/1.0"
181.214.153.18 - - [31/Oct/2024:16:58:54 +0800] "GET /logs/access_20230214.log HTTP/1.1" 200 16806 "-" "Mozilla/5.0 (Windows NT 11.0; Win64; x64) AppleWebKit/537.36 (KHTML, like Gecko) Chrome/130.0.6723.70 Safari/537.36"
66.249.69.165 - - [31/Oct/2024:17:01:14 +0800] "GET /icons/burst.gif HTTP/1.1" 200 235 "-" "Googlebot-Image/1.0"
66.249.69.166 - - [31/Oct/2024:17:07:51 +0800] "GET /icons/small/sound.png HTTP/1.1" 200 197 "-" "Googlebot-Image/1.0"
52.167.144.179 - - [31/Oct/2024:17:08:42 +0800] "GET /logs/access_20230315.log HTTP/1.1" 200 7347 "-" "Mozilla/5.0 AppleWebKit/537.36 (KHTML, like Gecko; compatible; bingbot/2.0; +http://www.bing.com/bingbot.htm) Chrome/116.0.1938.76 Safari/537.36"
27.186.127.125 - - [31/Oct/2024:17:12:59 +0800] "GET / HTTP/1.1" 200 794 "https://www.baidu.com" "Mozilla/5.0 (Windows NT 10.0; Win64; x64) AppleWebKit/537.36 (KHTML, like Gecko) Chrome/120.0.0.0 Safari/537.36 Edg/120.0.0.0"
66.249.69.167 - - [31/Oct/2024:17:20:29 +0800] "GET /icons/small/blank.png HTTP/1.1" 200 100 "-" "Googlebot-Image/1.0"
66.249.69.167 - - [31/Oct/2024:17:31:11 +0800] "GET /icons/image2.gif HTTP/1.1" 200 309 "-" "Googlebot-Image/1.0"
113.215.189.48 - - [31/Oct/2024:17:34:42 +0800] "GET / HTTP/1.1" 200 794 "-" "Mozilla/5.0 (Windows NT 10.0; Win64; x64) AppleWebKit/537.36 (KHTML, like Gecko) Chrome/98.0.2471.139 Safari/537.36"
113.215.189.48 - - [31/Oct/2024:17:34:42 +0800] "GET / HTTP/1.1" 200 794 "-" "Mozilla/5.0 (Windows NT 10.0; Win64; x64) AppleWebKit/537.36 (KHTML, like Gecko) Chrome/82.0.7341.195 Safari/537.36"
113.215.189.48 - - [31/Oct/2024:17:34:42 +0800] "GET /favicon.ico HTTP/1.1" 404 1052 "-" "Mozilla/5.0 (Windows NT 10.0; Win64; x64) AppleWebKit/537.36 (KHTML, like Gecko) Chrome/82.0.7341.195 Safari/537.36"
113.215.189.48 - - [31/Oct/2024:17:34:43 +0800] "GET /?C=M;O=A HTTP/1.1" 200 794 "-" "Mozilla/5.0 (Windows NT 10.0; Win64; x64) AppleWebKit/537.36 (KHTML, like Gecko) Chrome/80.0.1789.172 Safari/537.36"
113.215.189.44 - - [31/Oct/2024:17:34:43 +0800] "GET /?C=N;O=D HTTP/1.1" 200 794 "-" "Mozilla/5.0 (Windows NT 10.0; Win64; x64) AppleWebKit/537.36 (KHTML, like Gecko) Chrome/99.0.2291.118 Safari/537.36"
113.215.189.48 - - [31/Oct/2024:17:34:43 +0800] "GET / HTTP/1.1" 200 794 "-" "Mozilla/5.0 (Windows NT 10.0; Win64; x64) AppleWebKit/537.36 (KHTML, like Gecko) Chrome/99.0.4031.93 Safari/537.36"
113.215.189.48 - - [31/Oct/2024:17:34:43 +0800] "GET /favicon.ico HTTP/1.1" 404 1052 "-" "Mozilla/5.0 (Windows NT 10.0; Win64; x64) AppleWebKit/537.36 (KHTML, like Gecko) Chrome/99.0.4031.93 Safari/537.36"
113.215.189.44 - - [31/Oct/2024:17:34:43 +0800] "GET / HTTP/1.1" 200 794 "-" "Mozilla/5.0 (Windows NT 10.0; Win64; x64) AppleWebKit/537.36 (KHTML, like Gecko) Chrome/98.0.8306.44 Safari/537.36"
113.215.189.44 - - [31/Oct/2024:17:34:43 +0800] "GET /favicon.ico HTTP/1.1" 404 1052 "-" "Mozilla/5.0 (Windows NT 10.0; Win64; x64) AppleWebKit/537.36 (KHTML, like Gecko) Chrome/98.0.8306.44 Safari/537.36"
113.215.189.48 - - [31/Oct/2024:17:34:43 +0800] "GET /icons/blank.gif HTTP/1.1" 200 148 "-" "Mozilla/5.0 (Windows NT 10.0; Win64; x64) AppleWebKit/537.36 (KHTML, like Gecko) Chrome/93.0.4609.49 Safari/537.36"
113.215.189.44 - - [31/Oct/2024:17:34:43 +0800] "GET /?C=S;O=A HTTP/1.1" 200 794 "-" "Mozilla/5.0 (Windows NT 10.0; Win64; x64) AppleWebKit/537.36 (KHTML, like Gecko) Chrome/113.0.5558.186 Safari/537.36"
113.215.189.48 - - [31/Oct/2024:17:34:43 +0800] "GET / HTTP/1.1" 200 794 "-" "Mozilla/5.0 (Windows NT 10.0; Win64; x64) AppleWebKit/537.36 (KHTML, like Gecko) Chrome/92.0.4098.120 Safari/537.36"
113.215.189.44 - - [31/Oct/2024:17:34:43 +0800] "GET / HTTP/1.1" 200 794 "-" "Mozilla/5.0 (Windows NT 10.0; Win64; x64) AppleWebKit/537.36 (KHTML, like Gecko) Chrome/113.0.9260.179 Safari/537.36"
113.215.189.48 - - [31/Oct/2024:17:34:43 +0800] "GET /favicon.ico HTTP/1.1" 404 1052 "-" "Mozilla/5.0 (Windows NT 10.0; Win64; x64) AppleWebKit/537.36 (KHTML, like Gecko) Chrome/92.0.4098.120 Safari/537.36"
113.215.189.44 - - [31/Oct/2024:17:34:43 +0800] "GET /favicon.ico HTTP/1.1" 404 1052 "-" "Mozilla/5.0 (Windows NT 10.0; Win64; x64) AppleWebKit/537.36 (KHTML, like Gecko) Chrome/113.0.9260.179 Safari/537.36"
113.215.189.44 - - [31/Oct/2024:17:34:43 +0800] "GET /icons/folder.gif HTTP/1.1" 200 225 "-" "Mozilla/5.0 (Windows NT 10.0; Win64; x64) AppleWebKit/537.36 (KHTML, like Gecko) Chrome/113.0.7300.185 Safari/537.36"
113.215.189.44 - - [31/Oct/2024:17:34:43 +0800] "GET / HTTP/1.1" 200 794 "-" "Mozilla/5.0 (Windows NT 10.0; Win64; x64) AppleWebKit/537.36 (KHTML, like Gecko) Chrome/81.0.3630.140 Safari/537.36"
113.215.189.44 - - [31/Oct/2024:17:34:43 +0800] "GET /favicon.ico HTTP/1.1" 404 1052 "-" "Mozilla/5.0 (Windows NT 10.0; Win64; x64) AppleWebKit/537.36 (KHTML, like Gecko) Chrome/81.0.3630.140 Safari/537.36"
66.249.69.165 - - [31/Oct/2024:17:40:11 +0800] "GET /icons/small/comp1.gif HTTP/1.1" 200 130 "-" "Googlebot-Image/1.0"
66.249.69.165 - - [31/Oct/2024:17:52:13 +0800] "GET /icons/quill.png HTTP/1.1" 200 329 "-" "Googlebot-Image/1.0"
119.42.148.90 - - [31/Oct/2024:17:57:48 +0800] "GET /e/123/index.php?enews=setdb&f=4 HTTP/1.1" 404 1052 "-" "Mozilla/5.0 (Windows NT 10.0; WOW64; rv:48.0) Gecko/20100101 Firefox/48.0"
66.249.69.166 - - [31/Oct/2024:18:01:11 +0800] "GET /icons/small/generic3.png HTTP/1.1" 200 171 "-" "Googlebot-Image/1.0"
40.77.167.51 - - [31/Oct/2024:18:09:35 +0800] "GET /logs/access_20240908.log HTTP/1.1" 200 28426 "-" "Mozilla/5.0 AppleWebKit/537.36 (KHTML, like Gecko; compatible; bingbot/2.0; +http://www.bing.com/bingbot.htm) Chrome/116.0.1938.76 Safari/537.36"
52.167.144.156 - - [31/Oct/2024:18:20:17 +0800] "GET /logs/access_20240625.log HTTP/1.1" 200 42024 "-" "Mozilla/5.0 AppleWebKit/537.36 (KHTML, like Gecko; compatible; bingbot/2.0; +http://www.bing.com/bingbot.htm) Chrome/116.0.1938.76 Safari/537.36"
66.249.69.167 - - [31/Oct/2024:18:23:20 +0800] "GET /icons/small/doc.gif HTTP/1.1" 200 191 "-" "Googlebot-Image/1.0"
52.167.144.156 - - [31/Oct/2024:18:25:06 +0800] "GET /logs/access_20240929.log HTTP/1.1" 200 8418 "-" "Mozilla/5.0 AppleWebKit/537.36 (KHTML, like Gecko; compatible; bingbot/2.0; +http://www.bing.com/bingbot.htm) Chrome/116.0.1938.76 Safari/537.36"
52.167.144.191 - - [31/Oct/2024:18:25:11 +0800] "GET /logs/access_20240726.log HTTP/1.1" 200 63010 "-" "Mozilla/5.0 AppleWebKit/537.36 (KHTML, like Gecko; compatible; bingbot/2.0; +http://www.bing.com/bingbot.htm) Chrome/116.0.1938.76 Safari/537.36"
103.194.185.42 - - [31/Oct/2024:18:28:44 +0800] "GET /includ HTTP/1.1" 404 1052 "-" "Mozilla/5.0 (Windows NT 10.0; WOW64; rv:48.0) Gecko/20100101 Firefox/48.0"
103.212.98.186 - - [31/Oct/2024:18:29:38 +0800] "GET /static/images/nopic.png HTTP/1.1" 404 1052 "-" "Mozilla/5.0 (Windows NT 10.0; WOW64; rv:48.0) Gecko/20100101 Firefox/48.0"
59.82.135.215 - - [31/Oct/2024:18:35:48 +0800] "GET / HTTP/1.1" 200 794 "-" "Mozilla/5.0 (Windows NT 10.0; Win64; x64) AppleWebKit/537.36 (KHTML, like Gecko) Chrome/109.0.9352.149 Safari/537.36"
59.82.135.215 - - [31/Oct/2024:18:35:48 +0800] "GET / HTTP/1.1" 200 794 "-" "Mozilla/5.0 (Windows NT 10.0; Win64; x64) AppleWebKit/537.36 (KHTML, like Gecko) Chrome/80.0.4487.115 Safari/537.36"
59.82.135.215 - - [31/Oct/2024:18:35:48 +0800] "GET /favicon.ico HTTP/1.1" 404 1052 "-" "Mozilla/5.0 (Windows NT 10.0; Win64; x64) AppleWebKit/537.36 (KHTML, like Gecko) Chrome/80.0.4487.115 Safari/537.36"
59.82.135.215 - - [31/Oct/2024:18:35:49 +0800] "GET /?C=M;O=A HTTP/1.1" 200 794 "-" "Mozilla/5.0 (Windows NT 10.0; Win64; x64) AppleWebKit/537.36 (KHTML, like Gecko) Chrome/107.0.4732.28 Safari/537.36"
59.82.135.134 - - [31/Oct/2024:18:35:49 +0800] "GET /?C=N;O=D HTTP/1.1" 200 794 "-" "Mozilla/5.0 (Windows NT 10.0; Win64; x64) AppleWebKit/537.36 (KHTML, like Gecko) Chrome/83.0.4424.68 Safari/537.36"
59.82.135.215 - - [31/Oct/2024:18:35:49 +0800] "GET / HTTP/1.1" 200 794 "-" "Mozilla/5.0 (Windows NT 10.0; Win64; x64) AppleWebKit/537.36 (KHTML, like Gecko) Chrome/87.0.5379.155 Safari/537.36"
59.82.135.134 - - [31/Oct/2024:18:35:49 +0800] "GET / HTTP/1.1" 200 794 "-" "Mozilla/5.0 (Windows NT 10.0; Win64; x64) AppleWebKit/537.36 (KHTML, like Gecko) Chrome/96.0.5026.190 Safari/537.36"
59.82.135.215 - - [31/Oct/2024:18:35:49 +0800] "GET /favicon.ico HTTP/1.1" 404 1052 "-" "Mozilla/5.0 (Windows NT 10.0; Win64; x64) AppleWebKit/537.36 (KHTML, like Gecko) Chrome/87.0.5379.155 Safari/537.36"
59.82.135.134 - - [31/Oct/2024:18:35:49 +0800] "GET /favicon.ico HTTP/1.1" 404 1052 "-" "Mozilla/5.0 (Windows NT 10.0; Win64; x64) AppleWebKit/537.36 (KHTML, like Gecko) Chrome/96.0.5026.190 Safari/537.36"
59.82.135.134 - - [31/Oct/2024:18:35:49 +0800] "GET /icons/blank.gif HTTP/1.1" 200 148 "-" "Mozilla/5.0 (Windows NT 10.0; Win64; x64) AppleWebKit/537.36 (KHTML, like Gecko) Chrome/89.0.4691.112 Safari/537.36"
59.82.135.215 - - [31/Oct/2024:18:35:49 +0800] "GET /?C=S;O=A HTTP/1.1" 200 794 "-" "Mozilla/5.0 (Windows NT 10.0; Win64; x64) AppleWebKit/537.36 (KHTML, like Gecko) Chrome/110.0.3006.186 Safari/537.36"
59.82.135.134 - - [31/Oct/2024:18:35:49 +0800] "GET / HTTP/1.1" 200 794 "-" "Mozilla/5.0 (Windows NT 10.0; Win64; x64) AppleWebKit/537.36 (KHTML, like Gecko) Chrome/109.0.5297.193 Safari/537.36"
59.82.135.215 - - [31/Oct/2024:18:35:49 +0800] "GET / HTTP/1.1" 200 794 "-" "Mozilla/5.0 (Windows NT 10.0; Win64; x64) AppleWebKit/537.36 (KHTML, like Gecko) Chrome/115.0.5909.89 Safari/537.36"
59.82.135.134 - - [31/Oct/2024:18:35:49 +0800] "GET /favicon.ico HTTP/1.1" 404 1052 "-" "Mozilla/5.0 (Windows NT 10.0; Win64; x64) AppleWebKit/537.36 (KHTML, like Gecko) Chrome/109.0.5297.193 Safari/537.36"
59.82.135.215 - - [31/Oct/2024:18:35:49 +0800] "GET /favicon.ico HTTP/1.1" 404 1052 "-" "Mozilla/5.0 (Windows NT 10.0; Win64; x64) AppleWebKit/537.36 (KHTML, like Gecko) Chrome/115.0.5909.89 Safari/537.36"
59.82.135.134 - - [31/Oct/2024:18:35:49 +0800] "GET /icons/folder.gif HTTP/1.1" 200 225 "-" "Mozilla/5.0 (Windows NT 10.0; Win64; x64) AppleWebKit/537.36 (KHTML, like Gecko) Chrome/112.0.1975.151 Safari/537.36"
59.82.135.134 - - [31/Oct/2024:18:35:49 +0800] "GET / HTTP/1.1" 200 794 "-" "Mozilla/5.0 (Windows NT 10.0; Win64; x64) AppleWebKit/537.36 (KHTML, like Gecko) Chrome/107.0.5248.102 Safari/537.36"
59.82.135.134 - - [31/Oct/2024:18:35:49 +0800] "GET /favicon.ico HTTP/1.1" 404 1052 "-" "Mozilla/5.0 (Windows NT 10.0; Win64; x64) AppleWebKit/537.36 (KHTML, like Gecko) Chrome/107.0.5248.102 Safari/537.36"
66.249.69.165 - - [31/Oct/2024:18:43:32 +0800] "GET /app/app/ueditor/dialogs/video/images/icons.gif HTTP/1.1" 404 1052 "-" "Googlebot-Image/1.0"
27.186.10.228 - - [31/Oct/2024:18:44:54 +0800] "GET / HTTP/1.1" 200 794 "https://www.baidu.com" "Mozilla/5.0 (Windows NT 10.0; Win64; x64) AppleWebKit/537.36 (KHTML, like Gecko) Chrome/120.0.0.0 Safari/537.36 Edg/120.0.0.0"
66.249.69.167 - - [31/Oct/2024:18:46:12 +0800] "GET /icons/small/generic.png HTTP/1.1" 200 149 "-" "Googlebot-Image/1.0"
66.249.69.167 - - [31/Oct/2024:18:58:11 +0800] "GET /icons/pdf.gif HTTP/1.1" 200 249 "-" "Googlebot-Image/1.0"
66.249.79.35 - - [31/Oct/2024:19:21:40 +0800] "GET /icons/odf6oth.png HTTP/1.1" 200 1062 "-" "Googlebot-Image/1.0"
66.249.79.35 - - [31/Oct/2024:19:34:31 +0800] "GET /icons/small/doc.png HTTP/1.1" 200 222 "-" "Googlebot-Image/1.0"
101.43.14.47 - - [31/Oct/2024:19:51:05 +0800] "HEAD / HTTP/1.1" 200 - "http://ft.kidcastle.com.cn" "Mozilla/5.0 (compatible; Baiduspider/2.0; +http://www.baidu.com/search/spider.html"
101.43.14.47 - - [31/Oct/2024:19:51:06 +0800] "HEAD /README.md HTTP/1.1" 404 - "http://ft.kidcastle.com.cn/README.md" "Mozilla/5.0 (compatible; Baiduspider/2.0; +http://www.baidu.com/search/spider.html"
101.43.14.47 - - [31/Oct/2024:19:51:06 +0800] "HEAD /doc/ChangeLog.txt HTTP/1.1" 404 - "http://ft.kidcastle.com.cn/doc/ChangeLog.txt" "Mozilla/5.0 (compatible; Baiduspider/2.0; +http://www.baidu.com/search/spider.html"
101.43.14.47 - - [31/Oct/2024:19:51:06 +0800] "HEAD /rewrite/nginx.txt HTTP/1.1" 404 - "http://ft.kidcastle.com.cn/rewrite/nginx.txt" "Mozilla/5.0 (compatible; Baiduspider/2.0; +http://www.baidu.com/search/spider.html"
101.43.14.47 - - [31/Oct/2024:19:51:06 +0800] "HEAD /template/default/index.html HTTP/1.1" 404 - "http://ft.kidcastle.com.cn/template/default/index.html" "Mozilla/5.0 (compatible; Baiduspider/2.0; +http://www.baidu.com/search/spider.html"
101.43.14.47 - - [31/Oct/2024:19:51:06 +0800] "HEAD /data/pbootcms.db HTTP/1.1" 404 - "http://ft.kidcastle.com.cn/data/pbootcms.db" "Mozilla/5.0 (compatible; Baiduspider/2.0; +http://www.baidu.com/search/spider.html"
101.43.14.47 - - [31/Oct/2024:19:51:07 +0800] "HEAD /core/template/success.html HTTP/1.1" 404 - "http://ft.kidcastle.com.cn/core/template/success.html" "Mozilla/5.0 (compatible; Baiduspider/2.0; +http://www.baidu.com/search/spider.html"
101.43.14.47 - - [31/Oct/2024:19:51:07 +0800] "HEAD /core/template/face02.png HTTP/1.1" 404 - "http://ft.kidcastle.com.cn/core/template/face02.png" "Mozilla/5.0 (compatible; Baiduspider/2.0; +http://www.baidu.com/search/spider.html"
101.43.14.47 - - [31/Oct/2024:19:51:07 +0800] "HEAD /admin.php HTTP/1.1" 404 - "http://ft.kidcastle.com.cn/admin.php" "Mozilla/5.0 (compatible; Baiduspider/2.0; +http://www.baidu.com/search/spider.html"
101.43.14.47 - - [31/Oct/2024:19:51:07 +0800] "HEAD /resetpw.php HTTP/1.1" 404 - "http://ft.kidcastle.com.cn/resetpw.php" "Mozilla/5.0 (compatible; Baiduspider/2.0; +http://www.baidu.com/search/spider.html"
66.249.79.35 - - [31/Oct/2024:20:01:14 +0800] "GET /icons/comp.blue.png HTTP/1.1" 200 330 "-" "Googlebot-Image/1.0"
66.249.79.34 - - [31/Oct/2024:20:16:12 +0800] "GET /icons/pie7.png HTTP/1.1" 200 275 "-" "Googlebot-Image/1.0"
20.171.206.131 - - [31/Oct/2024:20:33:14 +0800] "GET /robots.txt HTTP/1.1" 404 1052 "-" "Mozilla/5.0 AppleWebKit/537.36 (KHTML, like Gecko; compatible; GPTBot/1.0; +https://openai.com/gptbot)"
20.171.206.34 - - [31/Oct/2024:20:36:05 +0800] "GET /logs/access_20231203.log HTTP/1.1" 200 28818 "-" "Mozilla/5.0 AppleWebKit/537.36 (KHTML, like Gecko; compatible; GPTBot/1.0; +https://openai.com/gptbot)"
20.171.206.34 - - [31/Oct/2024:20:36:35 +0800] "GET /logs/access_20230711.log HTTP/1.1" 200 9416 "-" "Mozilla/5.0 AppleWebKit/537.36 (KHTML, like Gecko; compatible; GPTBot/1.0; +https://openai.com/gptbot)"
20.171.206.34 - - [31/Oct/2024:20:36:45 +0800] "GET /logs/access_20240625.log HTTP/1.1" 200 42024 "-" "Mozilla/5.0 AppleWebKit/537.36 (KHTML, like Gecko; compatible; GPTBot/1.0; +https://openai.com/gptbot)"
20.171.206.106 - - [31/Oct/2024:20:37:10 +0800] "GET /logs/access_20240306.log HTTP/1.1" 200 36438 "-" "Mozilla/5.0 AppleWebKit/537.36 (KHTML, like Gecko; compatible; GPTBot/1.0; +https://openai.com/gptbot)"
66.249.79.35 - - [31/Oct/2024:20:37:17 +0800] "GET /icons/odf6ods.png HTTP/1.1" 200 971 "-" "Googlebot-Image/1.0"
20.171.206.106 - - [31/Oct/2024:20:37:35 +0800] "GET /logs/access_20240222.log HTTP/1.1" 200 12978 "-" "Mozilla/5.0 AppleWebKit/537.36 (KHTML, like Gecko; compatible; GPTBot/1.0; +https://openai.com/gptbot)"
20.171.206.181 - - [31/Oct/2024:20:38:21 +0800] "GET /logs/access_20231118.log HTTP/1.1" 200 9622 "-" "Mozilla/5.0 AppleWebKit/537.36 (KHTML, like Gecko; compatible; GPTBot/1.0; +https://openai.com/gptbot)"
20.171.206.164 - - [31/Oct/2024:20:39:20 +0800] "GET /logs/access_20240402.log HTTP/1.1" 200 3771 "-" "Mozilla/5.0 AppleWebKit/537.36 (KHTML, like Gecko; compatible; GPTBot/1.0; +https://openai.com/gptbot)"
20.171.206.164 - - [31/Oct/2024:20:39:26 +0800] "GET /logs/access_20240606.log HTTP/1.1" 200 10273 "-" "Mozilla/5.0 AppleWebKit/537.36 (KHTML, like Gecko; compatible; GPTBot/1.0; +https://openai.com/gptbot)"
20.171.206.5 - - [31/Oct/2024:20:40:00 +0800] "GET /logs/access_20230712.log HTTP/1.1" 200 16667 "-" "Mozilla/5.0 AppleWebKit/537.36 (KHTML, like Gecko; compatible; GPTBot/1.0; +https://openai.com/gptbot)"
20.171.206.5 - - [31/Oct/2024:20:40:26 +0800] "GET /logs/access_20230915.log HTTP/1.1" 200 13791 "-" "Mozilla/5.0 AppleWebKit/537.36 (KHTML, like Gecko; compatible; GPTBot/1.0; +https://openai.com/gptbot)"
20.171.206.5 - - [31/Oct/2024:20:40:42 +0800] "GET /logs/access_20240313.log HTTP/1.1" 200 11890 "-" "Mozilla/5.0 AppleWebKit/537.36 (KHTML, like Gecko; compatible; GPTBot/1.0; +https://openai.com/gptbot)"
20.171.206.215 - - [31/Oct/2024:20:40:59 +0800] "GET /logs/access_20230615.log HTTP/1.1" 200 7467 "-" "Mozilla/5.0 AppleWebKit/537.36 (KHTML, like Gecko; compatible; GPTBot/1.0; +https://openai.com/gptbot)"
20.171.206.215 - - [31/Oct/2024:20:41:25 +0800] "GET /logs/access_20240512.log HTTP/1.1" 200 18780 "-" "Mozilla/5.0 AppleWebKit/537.36 (KHTML, like Gecko; compatible; GPTBot/1.0; +https://openai.com/gptbot)"
20.171.206.215 - - [31/Oct/2024:20:41:33 +0800] "GET /logs/access_20240511.log HTTP/1.1" 200 8130 "-" "Mozilla/5.0 AppleWebKit/537.36 (KHTML, like Gecko; compatible; GPTBot/1.0; +https://openai.com/gptbot)"
20.171.206.215 - - [31/Oct/2024:20:41:44 +0800] "GET /logs/access_20230719.log HTTP/1.1" 200 12761 "-" "Mozilla/5.0 AppleWebKit/537.36 (KHTML, like Gecko; compatible; GPTBot/1.0; +https://openai.com/gptbot)"
20.171.206.215 - - [31/Oct/2024:20:41:46 +0800] "GET /logs/access_20240327.log HTTP/1.1" 200 6485 "-" "Mozilla/5.0 AppleWebKit/537.36 (KHTML, like Gecko; compatible; GPTBot/1.0; +https://openai.com/gptbot)"
20.171.206.215 - - [31/Oct/2024:20:41:48 +0800] "GET /logs/access_20230515.log HTTP/1.1" 200 11001 "-" "Mozilla/5.0 AppleWebKit/537.36 (KHTML, like Gecko; compatible; GPTBot/1.0; +https://openai.com/gptbot)"
20.171.206.92 - - [31/Oct/2024:20:41:56 +0800] "GET /logs/access_20240308.log HTTP/1.1" 200 10754 "-" "Mozilla/5.0 AppleWebKit/537.36 (KHTML, like Gecko; compatible; GPTBot/1.0; +https://openai.com/gptbot)"
20.171.206.92 - - [31/Oct/2024:20:42:01 +0800] "GET /logs/access_20240217.log HTTP/1.1" 200 7897 "-" "Mozilla/5.0 AppleWebKit/537.36 (KHTML, like Gecko; compatible; GPTBot/1.0; +https://openai.com/gptbot)"
20.171.206.92 - - [31/Oct/2024:20:42:12 +0800] "GET /logs/access_20221118.log HTTP/1.1" 200 39059 "-" "Mozilla/5.0 AppleWebKit/537.36 (KHTML, like Gecko; compatible; GPTBot/1.0; +https://openai.com/gptbot)"
20.171.206.92 - - [31/Oct/2024:20:42:13 +0800] "GET /logs/access_20240408.log HTTP/1.1" 200 56882 "-" "Mozilla/5.0 AppleWebKit/537.36 (KHTML, like Gecko; compatible; GPTBot/1.0; +https://openai.com/gptbot)"
20.171.206.92 - - [31/Oct/2024:20:42:36 +0800] "GET /logs/access_20241007.log HTTP/1.1" 200 11538 "-" "Mozilla/5.0 AppleWebKit/537.36 (KHTML, like Gecko; compatible; GPTBot/1.0; +https://openai.com/gptbot)"
20.171.206.92 - - [31/Oct/2024:20:42:49 +0800] "GET /logs/access_20240618.log HTTP/1.1" 200 22127 "-" "Mozilla/5.0 AppleWebKit/537.36 (KHTML, like Gecko; compatible; GPTBot/1.0; +https://openai.com/gptbot)"
20.171.206.227 - - [31/Oct/2024:20:43:30 +0800] "GET /art/2023/9/5/art_11978_4821361.html HTTP/1.1" 404 1052 "-" "Mozilla/5.0 AppleWebKit/537.36 (KHTML, like Gecko; compatible; GPTBot/1.0; +https://openai.com/gptbot)"
20.171.206.227 - - [31/Oct/2024:20:43:31 +0800] "GET /gongkai/channel_63899ccd37599182826299a0/ HTTP/1.1" 404 1052 "-" "Mozilla/5.0 AppleWebKit/537.36 (KHTML, like Gecko; compatible; GPTBot/1.0; +https://openai.com/gptbot)"
20.171.206.227 - - [31/Oct/2024:20:43:32 +0800] "GET /art/2023/8/30/art_15481_4821320.html HTTP/1.1" 404 1052 "-" "Mozilla/5.0 AppleWebKit/537.36 (KHTML, like Gecko; compatible; GPTBot/1.0; +https://openai.com/gptbot)"
20.171.206.227 - - [31/Oct/2024:20:43:33 +0800] "GET /gongkai/channel_63899ec7375991828262e186/?open=fdzdgknr HTTP/1.1" 404 1052 "-" "Mozilla/5.0 AppleWebKit/537.36 (KHTML, like Gecko; compatible; GPTBot/1.0; +https://openai.com/gptbot)"
20.171.206.227 - - [31/Oct/2024:20:43:35 +0800] "GET /col/col11990/index.html HTTP/1.1" 404 1052 "-" "Mozilla/5.0 AppleWebKit/537.36 (KHTML, like Gecko; compatible; GPTBot/1.0; +https://openai.com/gptbot)"
20.171.206.227 - - [31/Oct/2024:20:43:36 +0800] "GET /gongkai/channel_63899ec7375991828262e17e HTTP/1.1" 404 1052 "-" "Mozilla/5.0 AppleWebKit/537.36 (KHTML, like Gecko; compatible; GPTBot/1.0; +https://openai.com/gptbot)"
20.171.206.227 - - [31/Oct/2024:20:43:55 +0800] "GET /art/2023/10/8/art_11875_4821699.html HTTP/1.1" 404 1052 "-" "Mozilla/5.0 AppleWebKit/537.36 (KHTML, like Gecko; compatible; GPTBot/1.0; +https://openai.com/gptbot)"
20.171.206.236 - - [31/Oct/2024:20:43:55 +0800] "GET /art/2023/9/29/art_15481_4821692.html HTTP/1.1" 404 1052 "-" "Mozilla/5.0 AppleWebKit/537.36 (KHTML, like Gecko; compatible; GPTBot/1.0; +https://openai.com/gptbot)"
20.171.206.236 - - [31/Oct/2024:20:43:56 +0800] "GET /art/2023/9/29/art_15481_4821693.html HTTP/1.1" 404 1052 "-" "Mozilla/5.0 AppleWebKit/537.36 (KHTML, like Gecko; compatible; GPTBot/1.0; +https://openai.com/gptbot)"
20.171.206.236 - - [31/Oct/2024:20:43:57 +0800] "GET /art/2023/8/31/art_11875_4821317.html HTTP/1.1" 404 1052 "-" "Mozilla/5.0 AppleWebKit/537.36 (KHTML, like Gecko; compatible; GPTBot/1.0; +https://openai.com/gptbot)"
20.171.206.236 - - [31/Oct/2024:20:43:58 +0800] "GET /gongkai/channel_63899cd93759918282629d5a/ HTTP/1.1" 404 1052 "-" "Mozilla/5.0 AppleWebKit/537.36 (KHTML, like Gecko; compatible; GPTBot/1.0; +https://openai.com/gptbot)"
20.171.206.236 - - [31/Oct/2024:20:44:00 +0800] "GET /gongkai/channel_63899cdc3759918282629e42/ HTTP/1.1" 404 1052 "-" "Mozilla/5.0 AppleWebKit/537.36 (KHTML, like Gecko; compatible; GPTBot/1.0; +https://openai.com/gptbot)"
20.171.206.236 - - [31/Oct/2024:20:44:01 +0800] "GET /art/2023/9/27/art_15481_4821650.html HTTP/1.1" 404 1052 "-" "Mozilla/5.0 AppleWebKit/537.36 (KHTML, like Gecko; compatible; GPTBot/1.0; +https://openai.com/gptbot)"
20.171.206.236 - - [31/Oct/2024:20:44:03 +0800] "GET /gongkai/channel_63899ec7375991828262e186/?open=morelink HTTP/1.1" 404 1052 "-" "Mozilla/5.0 AppleWebKit/537.36 (KHTML, like Gecko; compatible; GPTBot/1.0; +https://openai.com/gptbot)"
20.171.206.236 - - [31/Oct/2024:20:44:03 +0800] "GET /gongkai/channel_63899cdb3759918282629e36/ HTTP/1.1" 404 1052 "-" "Mozilla/5.0 AppleWebKit/537.36 (KHTML, like Gecko; compatible; GPTBot/1.0; +https://openai.com/gptbot)"
20.171.206.236 - - [31/Oct/2024:20:44:04 +0800] "GET /art/2023/10/8/art_11873_4821696.html HTTP/1.1" 404 1052 "-" "Mozilla/5.0 AppleWebKit/537.36 (KHTML, like Gecko; compatible; GPTBot/1.0; +https://openai.com/gptbot)"
20.171.206.236 - - [31/Oct/2024:20:44:05 +0800] "GET /art/2023/9/11/art_11875_4821441.html HTTP/1.1" 404 1052 "-" "Mozilla/5.0 AppleWebKit/537.36 (KHTML, like Gecko; compatible; GPTBot/1.0; +https://openai.com/gptbot)"
20.171.206.236 - - [31/Oct/2024:20:44:06 +0800] "GET /gongkai/ HTTP/1.1" 404 1052 "-" "Mozilla/5.0 AppleWebKit/537.36 (KHTML, like Gecko; compatible; GPTBot/1.0; +https://openai.com/gptbot)"
20.171.206.236 - - [31/Oct/2024:20:44:08 +0800] "GET /art/2023/9/27/art_11875_4821642.html HTTP/1.1" 404 1052 "-" "Mozilla/5.0 AppleWebKit/537.36 (KHTML, like Gecko; compatible; GPTBot/1.0; +https://openai.com/gptbot)"
20.171.206.236 - - [31/Oct/2024:20:44:09 +0800] "GET /gongkai/channel_63899ceb375991828262a208/ HTTP/1.1" 404 1052 "-" "Mozilla/5.0 AppleWebKit/537.36 (KHTML, like Gecko; compatible; GPTBot/1.0; +https://openai.com/gptbot)"
20.171.206.236 - - [31/Oct/2024:20:44:10 +0800] "GET /gongkai/channel_63899cde3759918282629f12 HTTP/1.1" 404 1052 "-" "Mozilla/5.0 AppleWebKit/537.36 (KHTML, like Gecko; compatible; GPTBot/1.0; +https://openai.com/gptbot)"
20.171.206.236 - - [31/Oct/2024:20:44:12 +0800] "GET /col/col11875/index.html HTTP/1.1" 404 1052 "-" "Mozilla/5.0 AppleWebKit/537.36 (KHTML, like Gecko; compatible; GPTBot/1.0; +https://openai.com/gptbot)"
20.171.206.236 - - [31/Oct/2024:20:44:12 +0800] "GET /art/2023/9/1/art_11875_4821329.html HTTP/1.1" 404 1052 "-" "Mozilla/5.0 AppleWebKit/537.36 (KHTML, like Gecko; compatible; GPTBot/1.0; +https://openai.com/gptbot)"
20.171.206.236 - - [31/Oct/2024:20:44:13 +0800] "GET /gongkai/channel_63899eea375991828262e9ba/ HTTP/1.1" 404 1052 "-" "Mozilla/5.0 AppleWebKit/537.36 (KHTML, like Gecko; compatible; GPTBot/1.0; +https://openai.com/gptbot)"
20.171.206.236 - - [31/Oct/2024:20:44:14 +0800] "GET /col/col72155/index.html HTTP/1.1" 404 1052 "-" "Mozilla/5.0 AppleWebKit/537.36 (KHTML, like Gecko; compatible; GPTBot/1.0; +https://openai.com/gptbot)"
20.171.206.236 - - [31/Oct/2024:20:44:33 +0800] "GET /art/2023/10/9/art_15481_4821709.html HTTP/1.1" 404 1052 "-" "Mozilla/5.0 AppleWebKit/537.36 (KHTML, like Gecko; compatible; GPTBot/1.0; +https://openai.com/gptbot)"
20.171.206.236 - - [31/Oct/2024:20:44:34 +0800] "GET /gongkai/channel_63899eeb375991828262ea38/ HTTP/1.1" 404 1052 "-" "Mozilla/5.0 AppleWebKit/537.36 (KHTML, like Gecko; compatible; GPTBot/1.0; +https://openai.com/gptbot)"
20.171.206.236 - - [31/Oct/2024:20:44:35 +0800] "GET /art/2023/6/1/art_11873_4820195.html HTTP/1.1" 404 1052 "-" "Mozilla/5.0 AppleWebKit/537.36 (KHTML, like Gecko; compatible; GPTBot/1.0; +https://openai.com/gptbot)"
20.171.206.236 - - [31/Oct/2024:20:44:36 +0800] "GET /art/2023/9/11/art_11875_4821440.html HTTP/1.1" 404 1052 "-" "Mozilla/5.0 AppleWebKit/537.36 (KHTML, like Gecko; compatible; GPTBot/1.0; +https://openai.com/gptbot)"
20.171.206.236 - - [31/Oct/2024:20:44:37 +0800] "GET /art/2023/10/9/art_15481_4821710.html HTTP/1.1" 404 1052 "-" "Mozilla/5.0 AppleWebKit/537.36 (KHTML, like Gecko; compatible; GPTBot/1.0; +https://openai.com/gptbot)"
20.171.206.236 - - [31/Oct/2024:20:44:38 +0800] "GET /col/col11973/index.html HTTP/1.1" 404 1052 "-" "Mozilla/5.0 AppleWebKit/537.36 (KHTML, like Gecko; compatible; GPTBot/1.0; +https://openai.com/gptbot)"
20.171.206.236 - - [31/Oct/2024:20:44:39 +0800] "GET /art/2023/9/28/art_15481_4821690.html HTTP/1.1" 404 1052 "-" "Mozilla/5.0 AppleWebKit/537.36 (KHTML, like Gecko; compatible; GPTBot/1.0; +https://openai.com/gptbot)"
20.171.206.236 - - [31/Oct/2024:20:44:40 +0800] "GET /art/2023/9/28/art_15481_4821651.html HTTP/1.1" 404 1052 "-" "Mozilla/5.0 AppleWebKit/537.36 (KHTML, like Gecko; compatible; GPTBot/1.0; +https://openai.com/gptbot)"
20.171.206.236 - - [31/Oct/2024:20:44:41 +0800] "GET /?C=M;O=A HTTP/1.1" 200 794 "-" "Mozilla/5.0 AppleWebKit/537.36 (KHTML, like Gecko; compatible; GPTBot/1.0; +https://openai.com/gptbot)"
20.171.206.236 - - [31/Oct/2024:20:44:43 +0800] "GET /gongkai/channel_63899cf2375991828262a312/ HTTP/1.1" 404 1052 "-" "Mozilla/5.0 AppleWebKit/537.36 (KHTML, like Gecko; compatible; GPTBot/1.0; +https://openai.com/gptbot)"
20.171.206.236 - - [31/Oct/2024:20:44:44 +0800] "GET /?C=S;O=A HTTP/1.1" 200 794 "-" "Mozilla/5.0 AppleWebKit/537.36 (KHTML, like Gecko; compatible; GPTBot/1.0; +https://openai.com/gptbot)"
20.171.206.236 - - [31/Oct/2024:20:44:45 +0800] "GET /art/2023/9/15/art_11978_4821514.html HTTP/1.1" 404 1052 "-" "Mozilla/5.0 AppleWebKit/537.36 (KHTML, like Gecko; compatible; GPTBot/1.0; +https://openai.com/gptbot)"
20.171.206.236 - - [31/Oct/2024:20:44:46 +0800] "GET /gongkai/channel_63899ebf375991828262e008 HTTP/1.1" 404 1052 "-" "Mozilla/5.0 AppleWebKit/537.36 (KHTML, like Gecko; compatible; GPTBot/1.0; +https://openai.com/gptbot)"
20.171.206.236 - - [31/Oct/2024:20:44:47 +0800] "GET /art/2023/9/16/art_15481_4821535.html HTTP/1.1" 404 1052 "-" "Mozilla/5.0 AppleWebKit/537.36 (KHTML, like Gecko; compatible; GPTBot/1.0; +https://openai.com/gptbot)"
20.171.206.236 - - [31/Oct/2024:20:44:48 +0800] "GET /gongkai/channel_63899ebc375991828262df3a/ HTTP/1.1" 404 1052 "-" "Mozilla/5.0 AppleWebKit/537.36 (KHTML, like Gecko; compatible; GPTBot/1.0; +https://openai.com/gptbot)"
20.171.206.236 - - [31/Oct/2024:20:44:49 +0800] "GET /art/2023/9/28/art_15481_4821691.html HTTP/1.1" 404 1052 "-" "Mozilla/5.0 AppleWebKit/537.36 (KHTML, like Gecko; compatible; GPTBot/1.0; +https://openai.com/gptbot)"
20.171.206.236 - - [31/Oct/2024:20:44:50 +0800] "GET /?C=D;O=A HTTP/1.1" 200 794 "-" "Mozilla/5.0 AppleWebKit/537.36 (KHTML, like Gecko; compatible; GPTBot/1.0; +https://openai.com/gptbot)"
20.171.206.236 - - [31/Oct/2024:20:44:51 +0800] "GET /art/2023/8/31/art_11875_4821316.html HTTP/1.1" 404 1052 "-" "Mozilla/5.0 AppleWebKit/537.36 (KHTML, like Gecko; compatible; GPTBot/1.0; +https://openai.com/gptbot)"
20.171.206.236 - - [31/Oct/2024:20:44:53 +0800] "GET /gongkai/channel_lichengqu_zwztzlkz_2/ HTTP/1.1" 404 1052 "-" "Mozilla/5.0 AppleWebKit/537.36 (KHTML, like Gecko; compatible; GPTBot/1.0; +https://openai.com/gptbot)"
20.171.206.236 - - [31/Oct/2024:20:44:54 +0800] "GET /gongkai/channel_j_lichengqu_1089b/ HTTP/1.1" 404 1052 "-" "Mozilla/5.0 AppleWebKit/537.36 (KHTML, like Gecko; compatible; GPTBot/1.0; +https://openai.com/gptbot)"
20.171.206.75 - - [31/Oct/2024:20:44:55 +0800] "GET /col/col11873/index.html HTTP/1.1" 404 1052 "-" "Mozilla/5.0 AppleWebKit/537.36 (KHTML, like Gecko; compatible; GPTBot/1.0; +https://openai.com/gptbot)"
20.171.206.75 - - [31/Oct/2024:20:44:56 +0800] "GET /col/col11989/index.html HTTP/1.1" 404 1052 "-" "Mozilla/5.0 AppleWebKit/537.36 (KHTML, like Gecko; compatible; GPTBot/1.0; +https://openai.com/gptbot)"
20.171.206.75 - - [31/Oct/2024:20:44:57 +0800] "GET /gongkai/channel_63899ec7375991828262e186/?open=zfxxgkzd HTTP/1.1" 404 1052 "-" "Mozilla/5.0 AppleWebKit/537.36 (KHTML, like Gecko; compatible; GPTBot/1.0; +https://openai.com/gptbot)"
20.171.206.75 - - [31/Oct/2024:20:44:58 +0800] "GET /art/2023/9/27/art_11978_4821647.html HTTP/1.1" 404 1052 "-" "Mozilla/5.0 AppleWebKit/537.36 (KHTML, like Gecko; compatible; GPTBot/1.0; +https://openai.com/gptbot)"
20.171.206.75 - - [31/Oct/2024:20:44:59 +0800] "GET /col/col73282/index.html HTTP/1.1" 404 1052 "-" "Mozilla/5.0 AppleWebKit/537.36 (KHTML, like Gecko; compatible; GPTBot/1.0; +https://openai.com/gptbot)"
20.171.206.75 - - [31/Oct/2024:20:45:00 +0800] "GET /gongkai/channel_63899cdc3759918282629e68/ HTTP/1.1" 404 1052 "-" "Mozilla/5.0 AppleWebKit/537.36 (KHTML, like Gecko; compatible; GPTBot/1.0; +https://openai.com/gptbot)"
20.171.206.75 - - [31/Oct/2024:20:45:01 +0800] "GET /col/col11978/index.html HTTP/1.1" 404 1052 "-" "Mozilla/5.0 AppleWebKit/537.36 (KHTML, like Gecko; compatible; GPTBot/1.0; +https://openai.com/gptbot)"
20.171.206.75 - - [31/Oct/2024:20:45:02 +0800] "GET /gongkai/channel_63899ec7375991828262e186/?open=zfxxgknb HTTP/1.1" 404 1052 "-" "Mozilla/5.0 AppleWebKit/537.36 (KHTML, like Gecko; compatible; GPTBot/1.0; +https://openai.com/gptbot)"
20.171.206.75 - - [31/Oct/2024:20:45:03 +0800] "GET /col/col11975/index.html HTTP/1.1" 404 1052 "-" "Mozilla/5.0 AppleWebKit/537.36 (KHTML, like Gecko; compatible; GPTBot/1.0; +https://openai.com/gptbot)"
20.171.206.75 - - [31/Oct/2024:20:45:05 +0800] "GET /col/col15481/index.html HTTP/1.1" 404 1052 "-" "Mozilla/5.0 AppleWebKit/537.36 (KHTML, like Gecko; compatible; GPTBot/1.0; +https://openai.com/gptbot)"
20.171.206.75 - - [31/Oct/2024:20:45:06 +0800] "GET /art/2023/10/8/art_11873_4821698.html HTTP/1.1" 404 1052 "-" "Mozilla/5.0 AppleWebKit/537.36 (KHTML, like Gecko; compatible; GPTBot/1.0; +https://openai.com/gptbot)"
20.171.206.75 - - [31/Oct/2024:20:45:07 +0800] "GET /20240606111916.txt HTTP/1.1" 404 1052 "-" "Mozilla/5.0 AppleWebKit/537.36 (KHTML, like Gecko; compatible; GPTBot/1.0; +https://openai.com/gptbot)"
20.171.206.75 - - [31/Oct/2024:20:45:40 +0800] "GET /?C=M;O=D HTTP/1.1" 200 794 "-" "Mozilla/5.0 AppleWebKit/537.36 (KHTML, like Gecko; compatible; GPTBot/1.0; +https://openai.com/gptbot)"
20.171.206.75 - - [31/Oct/2024:20:45:41 +0800] "GET /?C=S;O=D HTTP/1.1" 200 794 "-" "Mozilla/5.0 AppleWebKit/537.36 (KHTML, like Gecko; compatible; GPTBot/1.0; +https://openai.com/gptbot)"
20.171.206.75 - - [31/Oct/2024:20:45:42 +0800] "GET /?C=N;O=A HTTP/1.1" 200 794 "-" "Mozilla/5.0 AppleWebKit/537.36 (KHTML, like Gecko; compatible; GPTBot/1.0; +https://openai.com/gptbot)"
20.171.206.75 - - [31/Oct/2024:20:45:43 +0800] "GET /?C=D;O=D HTTP/1.1" 200 794 "-" "Mozilla/5.0 AppleWebKit/537.36 (KHTML, like Gecko; compatible; GPTBot/1.0; +https://openai.com/gptbot)"
66.249.79.34 - - [31/Oct/2024:20:50:08 +0800] "GET /icons/comp.blue.gif HTTP/1.1" 200 251 "-" "Googlebot-Image/1.0"
66.249.79.33 - - [31/Oct/2024:21:16:23 +0800] "GET /icons/world2.png HTTP/1.1" 200 363 "-" "Googlebot-Image/1.0"
66.249.79.33 - - [31/Oct/2024:21:41:06 +0800] "GET /icons/diskimg.gif HTTP/1.1" 200 167 "-" "Googlebot-Image/1.0"
66.249.79.33 - - [31/Oct/2024:22:06:51 +0800] "GET /icons/hand.up.png HTTP/1.1" 200 304 "-" "Googlebot-Image/1.0"
157.55.39.225 - - [31/Oct/2024:22:32:24 +0800] "GET /robots.txt HTTP/1.1" 404 1052 "-" "Mozilla/5.0 AppleWebKit/537.36 (KHTML, like Gecko; compatible; bingbot/2.0; +http://www.bing.com/bingbot.htm) Chrome/116.0.1938.76 Safari/537.36"
52.167.144.138 - - [31/Oct/2024:22:32:30 +0800] "GET /logs/access_20230108.log HTTP/1.1" 200 8727 "-" "Mozilla/5.0 AppleWebKit/537.36 (KHTML, like Gecko; compatible; bingbot/2.0; +http://www.bing.com/bingbot.htm) Chrome/116.0.1938.76 Safari/537.36"
66.249.79.34 - - [31/Oct/2024:22:35:33 +0800] "GET /icons/small/comp2.gif HTTP/1.1" 200 131 "-" "Googlebot-Image/1.0"
116.179.33.136 - - [31/Oct/2024:22:38:13 +0800] "GET /robots.txt HTTP/1.1" 404 1052 "-" "Mozilla/5.0 (Windows NT 10.0; WOW64) AppleWebKit/537.36 (KHTML, like Gecko) Chrome/48.0.2564.116 Safari/537.36"
220.181.108.101 - - [31/Oct/2024:22:38:13 +0800] "GET /logs/access_20221014.log HTTP/1.1" 200 32894 "-" "Mozilla/5.0 (compatible; Baiduspider/2.0; +http://www.baidu.com/search/spider.html)"
220.181.51.120 - - [31/Oct/2024:22:38:13 +0800] "GET /robots.txt HTTP/1.1" 404 1052 "-" "Mozilla/5.0 (Windows NT 10.0; WOW64) AppleWebKit/537.36 (KHTML, like Gecko) Chrome/48.0.2564.116 Safari/537.36"
66.249.79.35 - - [31/Oct/2024:22:58:14 +0800] "GET /icons/script.png HTTP/1.1" 200 290 "-" "Googlebot-Image/1.0"
66.249.79.33 - - [31/Oct/2024:23:04:29 +0800] "GET /logs/access_20230219.log HTTP/1.1" 304 - "-" "Mozilla/5.0 (Linux; Android 6.0.1; Nexus 5X Build/MMB29P) AppleWebKit/537.36 (KHTML, like Gecko) Chrome/130.0.6723.69 Mobile Safari/537.36 (compatible; Googlebot/2.1; +http://www.google.com/bot.html)"
66.249.79.34 - - [31/Oct/2024:23:17:14 +0800] "GET /icons/pie5.png HTTP/1.1" 200 277 "-" "Googlebot-Image/1.0"
52.167.144.20 - - [31/Oct/2024:23:23:26 +0800] "GET /logs/access_20240803.log HTTP/1.1" 200 9491 "-" "Mozilla/5.0 AppleWebKit/537.36 (KHTML, like Gecko; compatible; bingbot/2.0; +http://www.bing.com/bingbot.htm) Chrome/116.0.1938.76 Safari/537.36"
66.249.79.35 - - [31/Oct/2024:23:31:19 +0800] "GET /icons/patch.png HTTP/1.1" 200 310 "-" "Googlebot-Image/1.0"
66.249.79.34 - - [31/Oct/2024:23:43:20 +0800] "GET /icons/unknown.png HTTP/1.1" 200 307 "-" "Googlebot-Image/1.0"