66.249.69.165 - - [30/Oct/2024:00:00:24 +0800] "GET /logs/access_20240813.log HTTP/1.1" 304 - "-" "Mozilla/5.0 (Linux; Android 6.0.1; Nexus 5X Build/MMB29P) AppleWebKit/537.36 (KHTML, like Gecko) Chrome/130.0.6723.69 Mobile Safari/537.36 (compatible; Googlebot/2.1; +http://www.google.com/bot.html)"
66.249.69.166 - - [30/Oct/2024:00:17:16 +0800] "GET /icons/folder.open.png HTTP/1.1" 200 332 "-" "Googlebot-Image/1.0"
66.249.69.165 - - [30/Oct/2024:00:31:06 +0800] "GET /icons/small/unknown.png HTTP/1.1" 200 172 "-" "Googlebot-Image/1.0"
66.249.69.167 - - [30/Oct/2024:00:42:57 +0800] "GET /icons/dvi.gif HTTP/1.1" 200 238 "-" "Googlebot-Image/1.0"
66.249.69.167 - - [30/Oct/2024:00:57:41 +0800] "GET /icons/small/image2.png HTTP/1.1" 200 203 "-" "Googlebot-Image/1.0"
220.181.108.112 - - [30/Oct/2024:01:08:40 +0800] "GET /logs/access_20221201.log HTTP/1.1" 200 26157 "-" "Mozilla/5.0 (compatible; Baiduspider/2.0; +http://www.baidu.com/search/spider.html)"
66.249.69.166 - - [30/Oct/2024:01:08:40 +0800] "GET /app/system/web/user/templates/met/img/loading.gif HTTP/1.1" 404 1052 "-" "Googlebot-Image/1.0"
66.249.69.166 - - [30/Oct/2024:01:23:34 +0800] "GET /icons/alert.red.gif HTTP/1.1" 200 247 "-" "Googlebot-Image/1.0"
52.167.144.192 - - [30/Oct/2024:01:35:08 +0800] "GET /logs/access_20220831.log HTTP/1.1" 404 1052 "-" "Mozilla/5.0 AppleWebKit/537.36 (KHTML, like Gecko; compatible; bingbot/2.0; +http://www.bing.com/bingbot.htm) Chrome/116.0.1938.76 Safari/537.36"
116.179.32.240 - - [30/Oct/2024:01:39:18 +0800] "GET /logs/access_20230715.log HTTP/1.1" 200 18852 "-" "Mozilla/5.0 (compatible; Baiduspider/2.0; +http://www.baidu.com/search/spider.html)"
66.249.69.165 - - [30/Oct/2024:01:39:40 +0800] "GET /icons/index.png HTTP/1.1" 200 332 "-" "Googlebot-Image/1.0"
66.249.69.166 - - [30/Oct/2024:02:03:12 +0800] "GET /icons/small/movie.png HTTP/1.1" 200 159 "-" "Googlebot-Image/1.0"
52.167.144.199 - - [30/Oct/2024:02:09:30 +0800] "GET /logs/access_20240110.log HTTP/1.1" 200 10048 "-" "Mozilla/5.0 AppleWebKit/537.36 (KHTML, like Gecko; compatible; bingbot/2.0; +http://www.bing.com/bingbot.htm) Chrome/116.0.1938.76 Safari/537.36"
220.181.108.166 - - [30/Oct/2024:02:09:56 +0800] "GET /logs/access_20221113.log HTTP/1.1" 200 26470 "-" "Mozilla/5.0 (compatible; Baiduspider/2.0; +http://www.baidu.com/search/spider.html)"
66.249.69.167 - - [30/Oct/2024:02:24:29 +0800] "GET /icons/ps.gif HTTP/1.1" 200 244 "-" "Googlebot-Image/1.0"
66.249.69.167 - - [30/Oct/2024:02:31:29 +0800] "GET /icons/f.png HTTP/1.1" 200 296 "-" "Googlebot-Image/1.0"
66.249.69.165 - - [30/Oct/2024:02:41:12 +0800] "GET /icons/small/folder.png HTTP/1.1" 200 196 "-" "Googlebot-Image/1.0"
66.249.69.167 - - [30/Oct/2024:02:41:12 +0800] "GET /robots.txt HTTP/1.1" 404 1052 "-" "Mozilla/5.0 (compatible; Googlebot/2.1; +http://www.google.com/bot.html)"
66.249.69.167 - - [30/Oct/2024:02:57:42 +0800] "GET /icons/odf6otf.png HTTP/1.1" 200 1082 "-" "Googlebot-Image/1.0"
66.249.69.166 - - [30/Oct/2024:03:03:42 +0800] "GET /icons/apache_pb2.gif HTTP/1.1" 200 4234 "-" "Googlebot-Image/1.0"
220.181.108.155 - - [30/Oct/2024:03:10:35 +0800] "GET /logs/access_20231021.log HTTP/1.1" 200 15823 "-" "Mozilla/5.0 (compatible; Baiduspider/2.0; +http://www.baidu.com/search/spider.html)"
66.249.69.167 - - [30/Oct/2024:03:27:45 +0800] "GET /icons/icon.sheet.gif HTTP/1.1" 200 11977 "-" "Googlebot-Image/1.0"
66.249.69.165 - - [30/Oct/2024:03:33:44 +0800] "GET /icons/blank.png HTTP/1.1" 200 215 "-" "Googlebot-Image/1.0"
66.249.69.167 - - [30/Oct/2024:03:50:26 +0800] "GET /icons/tex.gif HTTP/1.1" 200 251 "-" "Googlebot-Image/1.0"
66.249.69.166 - - [30/Oct/2024:03:56:44 +0800] "GET /icons/small/image.gif HTTP/1.1" 200 126 "-" "Googlebot-Image/1.0"
220.181.108.168 - - [30/Oct/2024:04:10:35 +0800] "GET /logs/access_20231018.log HTTP/1.1" 200 16179 "-" "Mozilla/5.0 (compatible; Baiduspider/2.0; +http://www.baidu.com/search/spider.html)"
66.249.69.167 - - [30/Oct/2024:04:16:14 +0800] "GET /icons/screw2.png HTTP/1.1" 200 333 "-" "Googlebot-Image/1.0"
66.249.69.167 - - [30/Oct/2024:04:21:50 +0800] "GET /icons/small/binhex.gif HTTP/1.1" 200 131 "-" "Googlebot-Image/1.0"
66.249.69.166 - - [30/Oct/2024:04:30:27 +0800] "GET /icons/small/generic2.gif HTTP/1.1" 200 127 "-" "Googlebot-Image/1.0"
66.249.69.167 - - [30/Oct/2024:04:40:12 +0800] "GET /icons/xml.png HTTP/1.1" 200 1053 "-" "Googlebot-Image/1.0"
40.77.167.24 - - [30/Oct/2024:04:51:15 +0800] "GET /logs/access_20220402.log HTTP/1.1" 404 1052 "-" "Mozilla/5.0 AppleWebKit/537.36 (KHTML, like Gecko; compatible; bingbot/2.0; +http://www.bing.com/bingbot.htm) Chrome/116.0.1938.76 Safari/537.36"
66.249.69.165 - - [30/Oct/2024:04:51:27 +0800] "GET /icons/small/continued.gif HTTP/1.1" 200 114 "-" "Googlebot-Image/1.0"
66.249.69.165 - - [30/Oct/2024:04:58:42 +0800] "GET /icons/generic.gif HTTP/1.1" 200 221 "-" "Googlebot-Image/1.0"
66.249.69.165 - - [30/Oct/2024:05:10:57 +0800] "GET /icons/ball.gray.png HTTP/1.1" 200 298 "-" "Googlebot-Image/1.0"
52.167.144.157 - - [30/Oct/2024:05:15:13 +0800] "GET /logs/access_20220517.log HTTP/1.1" 404 1052 "-" "Mozilla/5.0 AppleWebKit/537.36 (KHTML, like Gecko; compatible; bingbot/2.0; +http://www.bing.com/bingbot.htm) Chrome/116.0.1938.76 Safari/537.36"
66.249.69.166 - - [30/Oct/2024:05:29:45 +0800] "GET /icons/small/unknown.gif HTTP/1.1" 200 131 "-" "Googlebot-Image/1.0"
66.249.69.166 - - [30/Oct/2024:05:38:23 +0800] "GET /icons/small/image2.gif HTTP/1.1" 200 138 "-" "Googlebot-Image/1.0"
66.249.69.166 - - [30/Oct/2024:05:47:12 +0800] "GET /icons/image1.gif HTTP/1.1" 200 274 "-" "Googlebot-Image/1.0"
66.249.69.165 - - [30/Oct/2024:05:57:45 +0800] "GET /icons/sound1.png HTTP/1.1" 200 331 "-" "Googlebot-Image/1.0"
116.179.32.212 - - [30/Oct/2024:06:00:35 +0800] "GET /logs/access_20230912.log HTTP/1.1" 200 7081 "-" "Mozilla/5.0 (compatible; Baiduspider/2.0; +http://www.baidu.com/search/spider.html)"
66.249.69.167 - - [30/Oct/2024:06:12:12 +0800] "GET /icons/pie8.png HTTP/1.1" 200 259 "-" "Googlebot-Image/1.0"
66.249.69.166 - - [30/Oct/2024:06:23:33 +0800] "GET /icons/image1.png HTTP/1.1" 200 325 "-" "Googlebot-Image/1.0"
66.249.69.165 - - [30/Oct/2024:06:30:57 +0800] "GET /icons/apache_pb.svg HTTP/1.1" 200 272334 "-" "Googlebot-Image/1.0"
66.249.69.165 - - [30/Oct/2024:06:42:57 +0800] "GET /icons/world1.png HTTP/1.1" 200 332 "-" "Googlebot-Image/1.0"
66.249.69.167 - - [30/Oct/2024:06:56:49 +0800] "GET /icons/tex.png HTTP/1.1" 200 310 "-" "Googlebot-Image/1.0"
66.249.69.165 - - [30/Oct/2024:07:10:58 +0800] "GET /icons/odf6ots.png HTTP/1.1" 200 1010 "-" "Googlebot-Image/1.0"
66.249.69.167 - - [30/Oct/2024:07:20:57 +0800] "GET /icons/image3.png HTTP/1.1" 200 338 "-" "Googlebot-Image/1.0"
66.249.69.165 - - [30/Oct/2024:07:33:01 +0800] "GET /icons/script.gif HTTP/1.1" 200 242 "-" "Googlebot-Image/1.0"
66.249.69.167 - - [30/Oct/2024:07:42:57 +0800] "GET /icons/text.png HTTP/1.1" 200 288 "-" "Googlebot-Image/1.0"
116.179.32.207 - - [30/Oct/2024:07:54:52 +0800] "GET /logs/access_20230212.log HTTP/1.1" 200 14717 "-" "Mozilla/5.0 (compatible; Baiduspider/2.0; +http://www.baidu.com/search/spider.html)"
66.249.69.167 - - [30/Oct/2024:07:54:57 +0800] "GET /icons/pie1.gif HTTP/1.1" 200 198 "-" "Googlebot-Image/1.0"
66.249.69.165 - - [30/Oct/2024:08:09:53 +0800] "GET /icons/small/folder.gif HTTP/1.1" 200 132 "-" "Googlebot-Image/1.0"
66.249.69.166 - - [30/Oct/2024:08:20:38 +0800] "GET /icons/hand.right.gif HTTP/1.1" 200 217 "-" "Googlebot-Image/1.0"
66.249.69.165 - - [30/Oct/2024:08:28:50 +0800] "GET /icons/pie2.gif HTTP/1.1" 200 198 "-" "Googlebot-Image/1.0"
66.249.69.165 - - [30/Oct/2024:08:31:32 +0800] "GET /icons/folder.png HTTP/1.1" 200 295 "-" "Googlebot-Image/1.0"
66.249.69.167 - - [30/Oct/2024:08:32:45 +0800] "GET /icons/dir.png HTTP/1.1" 200 295 "-" "Googlebot-Image/1.0"
66.249.69.167 - - [30/Oct/2024:08:41:15 +0800] "GET /icons/uuencoded.gif HTTP/1.1" 200 236 "-" "Googlebot-Image/1.0"
40.77.167.60 - - [30/Oct/2024:08:43:43 +0800] "GET /logs/access_20220613.log HTTP/1.1" 404 1052 "-" "Mozilla/5.0 AppleWebKit/537.36 (KHTML, like Gecko; compatible; bingbot/2.0; +http://www.bing.com/bingbot.htm) Chrome/116.0.1938.76 Safari/537.36"
116.179.32.97 - - [30/Oct/2024:08:49:26 +0800] "GET /logs/access_20221102.log HTTP/1.1" 200 25423 "-" "Mozilla/5.0 (compatible; Baiduspider/2.0; +http://www.baidu.com/search/spider.html)"
66.249.69.166 - - [30/Oct/2024:09:07:04 +0800] "GET /icons/small/transfer.gif HTTP/1.1" 200 124 "-" "Googlebot-Image/1.0"
116.179.32.97 - - [30/Oct/2024:09:09:43 +0800] "GET /logs/access_20221019.log HTTP/1.1" 200 28601 "-" "Mozilla/5.0 (compatible; Baiduspider/2.0; +http://www.baidu.com/search/spider.html)"
66.249.69.166 - - [30/Oct/2024:09:11:18 +0800] "GET /logs/access_20221116.log HTTP/1.1" 304 - "-" "Mozilla/5.0 (Linux; Android 6.0.1; Nexus 5X Build/MMB29P) AppleWebKit/537.36 (KHTML, like Gecko) Chrome/130.0.6723.69 Mobile Safari/537.36 (compatible; Googlebot/2.1; +http://www.google.com/bot.html)"
66.249.69.166 - - [30/Oct/2024:09:12:05 +0800] "GET /icons/binary.png HTTP/1.1" 200 310 "-" "Googlebot-Image/1.0"
66.249.69.165 - - [30/Oct/2024:09:20:02 +0800] "GET /icons/left.png HTTP/1.1" 200 257 "-" "Googlebot-Image/1.0"
66.249.69.166 - - [30/Oct/2024:09:24:57 +0800] "GET /icons/generic.red.gif HTTP/1.1" 200 220 "-" "Googlebot-Image/1.0"
66.249.69.166 - - [30/Oct/2024:09:28:51 +0800] "GET /icons/small/folder2.gif HTTP/1.1" 200 122 "-" "Googlebot-Image/1.0"
66.249.69.165 - - [30/Oct/2024:09:33:46 +0800] "GET /icons/dvi.png HTTP/1.1" 200 305 "-" "Googlebot-Image/1.0"
66.249.69.166 - - [30/Oct/2024:09:37:41 +0800] "GET /icons/pie6.gif HTTP/1.1" 200 186 "-" "Googlebot-Image/1.0"
66.249.69.167 - - [30/Oct/2024:09:41:36 +0800] "GET /icons/uu.gif HTTP/1.1" 200 236 "-" "Googlebot-Image/1.0"
66.249.69.165 - - [30/Oct/2024:09:48:43 +0800] "GET /icons/small/broken.png HTTP/1.1" 200 184 "-" "Googlebot-Image/1.0"
220.181.108.158 - - [30/Oct/2024:09:50:17 +0800] "GET /logs/access_20230121.log HTTP/1.1" 200 16538 "-" "Mozilla/5.0 (compatible; Baiduspider/2.0; +http://www.baidu.com/search/spider.html)"
66.249.69.166 - - [30/Oct/2024:10:02:58 +0800] "GET /icons/screw1.gif HTTP/1.1" 200 258 "-" "Googlebot-Image/1.0"
66.249.69.165 - - [30/Oct/2024:10:06:53 +0800] "GET /icons/a.gif HTTP/1.1" 200 246 "-" "Googlebot-Image/1.0"
116.179.32.196 - - [30/Oct/2024:10:10:34 +0800] "GET /logs/access_20230226.log HTTP/1.1" 200 14660 "-" "Mozilla/5.0 (compatible; Baiduspider/2.0; +http://www.baidu.com/search/spider.html)"
66.249.69.165 - - [30/Oct/2024:10:15:16 +0800] "GET /icons/generic.red.png HTTP/1.1" 200 283 "-" "Googlebot-Image/1.0"
66.249.69.167 - - [30/Oct/2024:10:28:17 +0800] "GET /icons/c.png HTTP/1.1" 200 299 "-" "Googlebot-Image/1.0"
66.249.69.167 - - [30/Oct/2024:10:32:45 +0800] "GET /icons/small/key.png HTTP/1.1" 200 210 "-" "Googlebot-Image/1.0"
66.249.69.165 - - [30/Oct/2024:10:45:14 +0800] "GET /icons/small/burst.gif HTTP/1.1" 200 128 "-" "Googlebot-Image/1.0"
66.249.69.165 - - [30/Oct/2024:10:48:41 +0800] "GET /icons/small/ps.png HTTP/1.1" 200 217 "-" "Googlebot-Image/1.0"
66.249.69.165 - - [30/Oct/2024:10:55:08 +0800] "GET /icons/blank.gif HTTP/1.1" 200 148 "-" "Googlebot-Image/1.0"
220.181.108.149 - - [30/Oct/2024:10:58:01 +0800] "GET /logs/access_20221009.log HTTP/1.1" 200 32939 "-" "Mozilla/5.0 (compatible; Baiduspider/2.0; +http://www.baidu.com/search/spider.html)"
66.249.69.167 - - [30/Oct/2024:11:01:37 +0800] "GET /icons/small/comp1.png HTTP/1.1" 200 216 "-" "Googlebot-Image/1.0"
66.249.69.166 - - [30/Oct/2024:11:07:09 +0800] "GET /icons/sound1.gif HTTP/1.1" 200 248 "-" "Googlebot-Image/1.0"
66.249.69.165 - - [30/Oct/2024:11:13:37 +0800] "GET /icons/folder.sec.png HTTP/1.1" 200 313 "-" "Googlebot-Image/1.0"
66.249.69.165 - - [30/Oct/2024:11:17:05 +0800] "GET /icons/bomb.gif HTTP/1.1" 200 308 "-" "Googlebot-Image/1.0"
66.249.69.165 - - [30/Oct/2024:11:25:30 +0800] "GET /logs/access_20221128.log HTTP/1.1" 304 - "-" "Mozilla/5.0 (Linux; Android 6.0.1; Nexus 5X Build/MMB29P) AppleWebKit/537.36 (KHTML, like Gecko) Chrome/130.0.6723.69 Mobile Safari/537.36 (compatible; Googlebot/2.1; +http://www.google.com/bot.html)"
66.249.69.165 - - [30/Oct/2024:11:39:06 +0800] "GET /icons/box1.png HTTP/1.1" 200 325 "-" "Googlebot-Image/1.0"
66.249.69.167 - - [30/Oct/2024:11:44:33 +0800] "GET /icons/layout.gif HTTP/1.1" 200 276 "-" "Googlebot-Image/1.0"
66.249.69.166 - - [30/Oct/2024:11:51:02 +0800] "GET /icons/image3.gif HTTP/1.1" 200 286 "-" "Googlebot-Image/1.0"
66.249.69.166 - - [30/Oct/2024:11:55:29 +0800] "GET /icons/text.gif HTTP/1.1" 200 229 "-" "Googlebot-Image/1.0"
116.179.32.172 - - [30/Oct/2024:11:55:50 +0800] "GET /logs/access_20221023.log HTTP/1.1" 200 32877 "-" "Mozilla/5.0 (compatible; Baiduspider/2.0; +http://www.baidu.com/search/spider.html)"
180.120.17.119 - - [30/Oct/2024:12:05:48 +0800] "GET /logs/access_20240411.log HTTP/1.1" 200 261388 "http://www.baidu.com" "-"
66.249.69.167 - - [30/Oct/2024:12:06:08 +0800] "GET /icons/pie0.png HTTP/1.1" 200 259 "-" "Googlebot-Image/1.0"
66.249.69.167 - - [30/Oct/2024:12:08:46 +0800] "GET /icons/small/blank.gif HTTP/1.1" 200 55 "-" "Googlebot-Image/1.0"
66.249.69.166 - - [30/Oct/2024:12:13:25 +0800] "GET /icons/sphere1.png HTTP/1.1" 200 347 "-" "Googlebot-Image/1.0"
66.249.69.166 - - [30/Oct/2024:12:16:05 +0800] "GET /icons/c.gif HTTP/1.1" 200 242 "-" "Googlebot-Image/1.0"
66.249.69.165 - - [30/Oct/2024:12:18:45 +0800] "GET /icons/alert.red.png HTTP/1.1" 200 314 "-" "Googlebot-Image/1.0"
66.249.69.167 - - [30/Oct/2024:12:22:22 +0800] "GET /icons/pdf.png HTTP/1.1" 200 304 "-" "Googlebot-Image/1.0"
66.249.69.165 - - [30/Oct/2024:12:25:01 +0800] "GET /icons/pie6.png HTTP/1.1" 200 273 "-" "Googlebot-Image/1.0"
66.249.69.167 - - [30/Oct/2024:12:28:39 +0800] "GET /icons/small/transfer.png HTTP/1.1" 200 211 "-" "Googlebot-Image/1.0"
66.249.69.167 - - [30/Oct/2024:12:35:36 +0800] "GET /icons/small/sound.gif HTTP/1.1" 200 130 "-" "Googlebot-Image/1.0"
66.249.69.165 - - [30/Oct/2024:12:43:14 +0800] "GET /icons/portal.gif HTTP/1.1" 200 254 "-" "Googlebot-Image/1.0"
66.249.69.167 - - [30/Oct/2024:12:48:56 +0800] "GET /icons/f.gif HTTP/1.1" 200 236 "-" "Googlebot-Image/1.0"
66.249.69.165 - - [30/Oct/2024:12:52:32 +0800] "GET /icons/alert.black.gif HTTP/1.1" 200 242 "-" "Googlebot-Image/1.0"
220.181.108.158 - - [30/Oct/2024:12:53:08 +0800] "GET /logs/access_20221105.log HTTP/1.1" 200 19663 "-" "Mozilla/5.0 (compatible; Baiduspider/2.0; +http://www.baidu.com/search/spider.html)"
66.249.69.167 - - [30/Oct/2024:13:03:32 +0800] "GET /icons/box2.png HTTP/1.1" 200 336 "-" "Googlebot-Image/1.0"
66.249.69.167 - - [30/Oct/2024:13:07:02 +0800] "GET /icons/sound2.gif HTTP/1.1" 200 221 "-" "Googlebot-Image/1.0"
116.179.33.199 - - [30/Oct/2024:13:19:48 +0800] "GET /robots.txt HTTP/1.1" 404 1052 "-" "Mozilla/5.0 (Windows NT 10.0; WOW64) AppleWebKit/537.36 (KHTML, like Gecko) Chrome/48.0.2564.116 Safari/537.36"
220.181.108.176 - - [30/Oct/2024:13:19:48 +0800] "GET /logs/access_20221218.log HTTP/1.1" 200 32249 "-" "Mozilla/5.0 (compatible; Baiduspider/2.0; +http://www.baidu.com/search/spider.html)"
66.249.69.166 - - [30/Oct/2024:13:27:30 +0800] "GET /icons/small/patch.gif HTTP/1.1" 200 182 "-" "Googlebot-Image/1.0"
66.249.69.167 - - [30/Oct/2024:13:28:57 +0800] "GET /icons/odf6otg.png HTTP/1.1" 200 1106 "-" "Googlebot-Image/1.0"
66.249.69.167 - - [30/Oct/2024:13:32:27 +0800] "GET /icons/unknown.gif HTTP/1.1" 200 245 "-" "Googlebot-Image/1.0"
66.249.69.165 - - [30/Oct/2024:13:40:08 +0800] "GET /icons/sphere2.gif HTTP/1.1" 200 264 "-" "Googlebot-Image/1.0"
66.249.69.167 - - [30/Oct/2024:13:44:37 +0800] "GET /icons/dir.gif HTTP/1.1" 200 225 "-" "Googlebot-Image/1.0"
66.249.69.165 - - [30/Oct/2024:13:52:05 +0800] "GET /icons/small/binary.gif HTTP/1.1" 200 134 "-" "Googlebot-Image/1.0"
66.249.69.167 - - [30/Oct/2024:14:01:04 +0800] "GET /icons/binhex.gif HTTP/1.1" 200 246 "-" "Googlebot-Image/1.0"
66.249.69.165 - - [30/Oct/2024:14:04:33 +0800] "GET /icons/binhex.png HTTP/1.1" 200 319 "-" "Googlebot-Image/1.0"
66.249.69.167 - - [30/Oct/2024:14:10:00 +0800] "GET /icons/odf6odp.png HTTP/1.1" 200 978 "-" "Googlebot-Image/1.0"
220.181.108.176 - - [30/Oct/2024:14:13:08 +0800] "GET /logs/access_20221231.log HTTP/1.1" 200 16271 "-" "Mozilla/5.0 (compatible; Baiduspider/2.0; +http://www.baidu.com/search/spider.html)"
45.127.126.72 - - [30/Oct/2024:14:36:13 +0800] "GET /ueditor/dialogs/internal.js HTTP/1.1" 404 1248 "http://ft.kidcastle.com.cn/ueditor/dialogs/internal.js" "Mozilla/5.0 (compatible; MSIE 9.0; Windows NT 6.1; Win64; x64; Trident/5.0)"
66.249.69.165 - - [30/Oct/2024:14:39:29 +0800] "GET /icons/right.png HTTP/1.1" 200 254 "-" "Googlebot-Image/1.0"
220.181.108.90 - - [30/Oct/2024:14:39:48 +0800] "GET /logs/access_20230130.log HTTP/1.1" 200 8195 "-" "Mozilla/5.0 (compatible; Baiduspider/2.0; +http://www.baidu.com/search/spider.html)"
66.249.69.166 - - [30/Oct/2024:14:51:05 +0800] "GET /robots.txt HTTP/1.1" 404 1052 "-" "Mozilla/5.0 (compatible; Googlebot/2.1; +http://www.google.com/bot.html)"
66.249.69.165 - - [30/Oct/2024:14:51:06 +0800] "GET /icons/comp.gray.png HTTP/1.1" 200 318 "-" "Googlebot-Image/1.0"
66.249.69.165 - - [30/Oct/2024:14:54:49 +0800] "GET /icons/pie8.gif HTTP/1.1" 200 173 "-" "Googlebot-Image/1.0"
66.249.69.165 - - [30/Oct/2024:14:54:50 +0800] "GET /robots.txt HTTP/1.1" 404 1052 "-" "Mozilla/5.0 (compatible; Googlebot/2.1; +http://www.google.com/bot.html)"
66.249.69.167 - - [30/Oct/2024:14:56:22 +0800] "GET /robots.txt HTTP/1.1" 404 1052 "-" "Mozilla/5.0 (compatible; Googlebot/2.1; +http://www.google.com/bot.html)"
66.249.69.165 - - [30/Oct/2024:14:56:33 +0800] "GET /icons/patch.gif HTTP/1.1" 200 251 "-" "Googlebot-Image/1.0"
66.249.69.167 - - [30/Oct/2024:14:59:16 +0800] "GET /icons/odf6odb.png HTTP/1.1" 200 1047 "-" "Googlebot-Image/1.0"
66.249.69.166 - - [30/Oct/2024:14:59:16 +0800] "GET /robots.txt HTTP/1.1" 404 1052 "-" "Mozilla/5.0 (compatible; Googlebot/2.1; +http://www.google.com/bot.html)"
66.249.69.166 - - [30/Oct/2024:14:59:48 +0800] "GET /icons/small/key.gif HTTP/1.1" 200 187 "-" "Googlebot-Image/1.0"
66.249.69.167 - - [30/Oct/2024:15:03:18 +0800] "GET /icons/ball.red.png HTTP/1.1" 200 289 "-" "Googlebot-Image/1.0"
66.249.69.166 - - [30/Oct/2024:15:03:45 +0800] "GET /icons/generic.png HTTP/1.1" 200 275 "-" "Googlebot-Image/1.0"
220.181.108.105 - - [30/Oct/2024:15:06:28 +0800] "GET /logs/access_20230126.log HTTP/1.1" 200 10686 "-" "Mozilla/5.0 (compatible; Baiduspider/2.0; +http://www.baidu.com/search/spider.html)"
66.249.69.167 - - [30/Oct/2024:15:07:44 +0800] "GET /icons/link.gif HTTP/1.1" 200 249 "-" "Googlebot-Image/1.0"
120.237.87.26 - - [30/Oct/2024:15:10:26 +0800] "GET /robots.txt HTTP/1.1" 404 1052 "-" "Mozilla/5.0 (Windows NT 10.0; WOW64) AppleWebKit/537.36 (KHTML, like Gecko) Chrome/55.0.4196.145 UBrowser/6.2.3964.2 Safari/537.36"
66.249.69.166 - - [30/Oct/2024:15:12:15 +0800] "GET /icons/down.gif HTTP/1.1" 200 163 "-" "Googlebot-Image/1.0"
180.120.179.73 - - [30/Oct/2024:15:16:33 +0800] "GET /logs/access_20240411.log HTTP/1.1" 200 261388 "http://www.baidu.com" "-"
66.249.69.165 - - [30/Oct/2024:15:17:45 +0800] "GET /include/ckeditor/plugins/smiley/images/angel_smile.gif HTTP/1.1" 404 1052 "-" "Googlebot-Image/1.0"
66.249.69.166 - - [30/Oct/2024:15:24:21 +0800] "GET /icons/small/index.gif HTTP/1.1" 200 145 "-" "Googlebot-Image/1.0"
116.179.32.12 - - [30/Oct/2024:15:33:08 +0800] "GET /logs/access_20221222.log HTTP/1.1" 200 17021 "-" "Mozilla/5.0 (compatible; Baiduspider/2.0; +http://www.baidu.com/search/spider.html)"
66.249.69.167 - - [30/Oct/2024:15:33:22 +0800] "GET /icons/small/comp2.png HTTP/1.1" 200 215 "-" "Googlebot-Image/1.0"
66.249.69.165 - - [30/Oct/2024:15:44:22 +0800] "GET /icons/folder.sec.gif HTTP/1.1" 200 243 "-" "Googlebot-Image/1.0"
58.251.94.154 - - [30/Oct/2024:15:57:50 +0800] "GET / HTTP/1.1" 200 794 "-" "Mozilla/5.0 (X11; Linux x86_64) AppleWebKit/537.36 (KHTML, like Gecko) Ubuntu Chromium/68.0.3440.106 Chrome/68.0.3440.106 Safari/537.36"
188.253.127.97 - - [30/Oct/2024:15:58:11 +0800] "GET / HTTP/1.1" 200 794 "-" "Mozilla/5.0 (X11; Linux x86_64) AppleWebKit/537.36 (KHTML, like Gecko) HeadlessChrome/126.0.0.0 Safari/537.36"
188.253.127.97 - - [30/Oct/2024:15:58:12 +0800] "GET /icons/blank.gif HTTP/1.1" 200 148 "http://ft.kidcastle.com.cn/" "Mozilla/5.0 (X11; Linux x86_64) AppleWebKit/537.36 (KHTML, like Gecko) HeadlessChrome/126.0.0.0 Safari/537.36"
188.253.127.97 - - [30/Oct/2024:15:58:13 +0800] "GET /icons/folder.gif HTTP/1.1" 200 225 "http://ft.kidcastle.com.cn/" "Mozilla/5.0 (X11; Linux x86_64) AppleWebKit/537.36 (KHTML, like Gecko) HeadlessChrome/126.0.0.0 Safari/537.36"
188.253.127.97 - - [30/Oct/2024:15:58:13 +0800] "GET /favicon.ico HTTP/1.1" 404 1194 "http://ft.kidcastle.com.cn/" "Mozilla/5.0 (X11; Linux x86_64) AppleWebKit/537.36 (KHTML, like Gecko) HeadlessChrome/126.0.0.0 Safari/537.36"
220.181.108.176 - - [30/Oct/2024:15:59:48 +0800] "GET /logs/access_20221124.log HTTP/1.1" 200 35887 "-" "Mozilla/5.0 (compatible; Baiduspider/2.0; +http://www.baidu.com/search/spider.html)"
69.172.67.172 - - [30/Oct/2024:15:59:55 +0800] "GET / HTTP/1.1" 200 794 "-" "python-requests/2.17.3"
116.179.32.83 - - [30/Oct/2024:16:26:28 +0800] "GET /logs/access_20221109.log HTTP/1.1" 200 26547 "-" "Mozilla/5.0 (compatible; Baiduspider/2.0; +http://www.baidu.com/search/spider.html)"
66.249.69.167 - - [30/Oct/2024:16:28:03 +0800] "GET /icons/sound2.png HTTP/1.1" 200 315 "-" "Googlebot-Image/1.0"
66.249.69.165 - - [30/Oct/2024:16:38:21 +0800] "GET /icons/pie1.png HTTP/1.1" 200 279 "-" "Googlebot-Image/1.0"
66.249.69.166 - - [30/Oct/2024:16:56:21 +0800] "GET /icons/small/compressed.gif HTTP/1.1" 200 128 "-" "Googlebot-Image/1.0"
220.181.108.169 - - [30/Oct/2024:16:59:48 +0800] "GET /logs/access_20221020.log HTTP/1.1" 200 62702 "-" "Mozilla/5.0 (compatible; Baiduspider/2.0; +http://www.baidu.com/search/spider.html)"
220.181.108.157 - - [30/Oct/2024:16:59:48 +0800] "GET /logs/access_20230222.log HTTP/1.1" 200 16899 "-" "Mozilla/5.0 (compatible; Baiduspider/2.0; +http://www.baidu.com/search/spider.html)"
220.181.108.166 - - [30/Oct/2024:16:59:48 +0800] "GET /logs/access_20221227.log HTTP/1.1" 200 19171 "-" "Mozilla/5.0 (compatible; Baiduspider/2.0; +http://www.baidu.com/search/spider.html)"
116.179.32.29 - - [30/Oct/2024:16:59:48 +0800] "GET /logs/?C=D;O=A HTTP/1.1" 200 167526 "-" "Mozilla/5.0 (compatible; Baiduspider/2.0; +http://www.baidu.com/search/spider.html)"
116.179.32.198 - - [30/Oct/2024:16:59:49 +0800] "GET /logs/access_20230525.log HTTP/1.1" 200 7466 "-" "Mozilla/5.0 (compatible; Baiduspider/2.0; +http://www.baidu.com/search/spider.html)"
220.181.108.156 - - [30/Oct/2024:17:03:08 +0800] "GET /logs/access_20240806.log HTTP/1.1" 200 18845 "-" "Mozilla/5.0 (compatible; Baiduspider/2.0; +http://www.baidu.com/search/spider.html)"
220.181.108.156 - - [30/Oct/2024:17:03:08 +0800] "GET /logs/access_20221028.log HTTP/1.1" 200 26549 "-" "Mozilla/5.0 (compatible; Baiduspider/2.0; +http://www.baidu.com/search/spider.html)"
66.249.69.166 - - [30/Oct/2024:17:16:09 +0800] "GET /icons/up.png HTTP/1.1" 200 255 "-" "Googlebot-Image/1.0"
66.249.69.167 - - [30/Oct/2024:17:54:21 +0800] "GET /icons/right.gif HTTP/1.1" 200 172 "-" "Googlebot-Image/1.0"
116.179.32.18 - - [30/Oct/2024:18:03:54 +0800] "GET /logs/access_20221008.log HTTP/1.1" 200 50230 "-" "Mozilla/5.0 (compatible; Baiduspider/2.0; +http://www.baidu.com/search/spider.html)"
66.249.69.167 - - [30/Oct/2024:18:30:00 +0800] "GET /icons/comp.gray.gif HTTP/1.1" 200 246 "-" "Googlebot-Image/1.0"
66.249.69.167 - - [30/Oct/2024:18:53:21 +0800] "GET /icons/tar.gif HTTP/1.1" 200 219 "-" "Googlebot-Image/1.0"
66.249.69.166 - - [30/Oct/2024:19:00:00 +0800] "GET /icons/screw2.gif HTTP/1.1" 200 263 "-" "Googlebot-Image/1.0"
66.249.69.165 - - [30/Oct/2024:19:07:55 +0800] "GET /bf/index.php HTTP/1.1" 404 1052 "-" "Mozilla/5.0 (Linux; Android 6.0.1; Nexus 5X Build/MMB29P) AppleWebKit/537.36 (KHTML, like Gecko) Chrome/130.0.6723.69 Mobile Safari/537.36 (compatible; Googlebot/2.1; +http://www.google.com/bot.html)"
66.249.69.166 - - [30/Oct/2024:19:37:21 +0800] "GET /icons/index.gif HTTP/1.1" 200 268 "-" "Googlebot-Image/1.0"
52.167.144.217 - - [30/Oct/2024:20:02:20 +0800] "GET /logs/access_20231122.log HTTP/1.1" 304 - "-" "Mozilla/5.0 AppleWebKit/537.36 (KHTML, like Gecko; compatible; bingbot/2.0; +http://www.bing.com/bingbot.htm) Chrome/116.0.1938.76 Safari/537.36"
66.249.69.166 - - [30/Oct/2024:20:05:23 +0800] "GET /icons/forward.png HTTP/1.1" 200 308 "-" "Googlebot-Image/1.0"
66.249.69.167 - - [30/Oct/2024:20:42:21 +0800] "GET /icons/odf6odi.png HTTP/1.1" 200 1067 "-" "Googlebot-Image/1.0"
66.249.69.166 - - [30/Oct/2024:21:19:21 +0800] "GET /icons/continued.png HTTP/1.1" 200 296 "-" "Googlebot-Image/1.0"
66.249.69.167 - - [30/Oct/2024:21:36:21 +0800] "GET /icons/ball.gray.gif HTTP/1.1" 200 233 "-" "Googlebot-Image/1.0"
66.249.69.165 - - [30/Oct/2024:21:53:23 +0800] "GET /icons/odf6odt.png HTTP/1.1" 200 983 "-" "Googlebot-Image/1.0"
66.249.69.165 - - [30/Oct/2024:22:08:01 +0800] "GET /logs/access_20240528.log HTTP/1.1" 200 16539 "-" "Mozilla/5.0 (Linux; Android 6.0.1; Nexus 5X Build/MMB29P) AppleWebKit/537.36 (KHTML, like Gecko) Chrome/130.0.6723.69 Mobile Safari/537.36 (compatible; Googlebot/2.1; +http://www.google.com/bot.html)"
66.249.69.165 - - [30/Oct/2024:22:19:27 +0800] "GET /icons/small/index.png HTTP/1.1" 200 225 "-" "Googlebot-Image/1.0"
14.155.183.120 - - [30/Oct/2024:22:23:53 +0800] "GET /robots.txt HTTP/1.1" 404 1052 "-" "Mozilla/5.0 (Windows NT 10.0; WOW64) AppleWebKit/537.36 (KHTML, like Gecko) Chrome/55.0.4311.141 Safari/537.36 QIHU 360EE"
66.249.69.165 - - [30/Oct/2024:22:40:21 +0800] "GET /icons/pie3.gif HTTP/1.1" 200 191 "-" "Googlebot-Image/1.0"
66.249.69.166 - - [30/Oct/2024:22:50:49 +0800] "GET /icons/apache_pb.png HTTP/1.1" 200 9691 "-" "Googlebot-Image/1.0"
66.249.69.167 - - [30/Oct/2024:23:05:21 +0800] "GET /icons/uu.png HTTP/1.1" 200 296 "-" "Googlebot-Image/1.0"
66.249.69.165 - - [30/Oct/2024:23:28:12 +0800] "GET /icons/bomb.png HTTP/1.1" 200 375 "-" "Googlebot-Image/1.0"
66.249.69.167 - - [30/Oct/2024:23:39:08 +0800] "GET /icons/p.gif HTTP/1.1" 200 237 "-" "Googlebot-Image/1.0"
66.249.69.165 - - [30/Oct/2024:23:46:53 +0800] "GET /icons/alert.black.png HTTP/1.1" 200 293 "-" "Googlebot-Image/1.0"