103.212.98.210 - - [22/Oct/2024:01:23:16 +0800] "GET /login.php?s=Admin/login HTTP/1.1" 404 1052 "-" "Mozilla/5.0 (Windows NT 10.0; WOW64; rv:48.0) Gecko/20100101 Firefox/48.0"
103.194.185.114 - - [22/Oct/2024:01:28:23 +0800] "GET /effect/js/transform.js HTTP/1.1" 404 1052 "-" "Mozilla/5.0 (Windows NT 10.0; WOW64; rv:48.0) Gecko/20100101 Firefox/48.0"
66.249.69.165 - - [22/Oct/2024:01:54:48 +0800] "GET /icons/odf6otf.png HTTP/1.1" 200 1082 "-" "Googlebot-Image/1.0"
66.249.69.165 - - [22/Oct/2024:02:02:48 +0800] "GET /logs/access_20230219.log HTTP/1.1" 304 - "-" "Mozilla/5.0 (Linux; Android 6.0.1; Nexus 5X Build/MMB29P) AppleWebKit/537.36 (KHTML, like Gecko) Chrome/129.0.6668.89 Mobile Safari/537.36 (compatible; Googlebot/2.1; +http://www.google.com/bot.html)"
66.249.69.166 - - [22/Oct/2024:02:55:02 +0800] "GET /icons/icon.sheet.gif HTTP/1.1" 200 11977 "-" "Googlebot-Image/1.0"
194.113.119.121 - - [22/Oct/2024:03:37:52 +0800] "GET /logs/access_20210425.log HTTP/1.1" 404 1052 "-" "Mozilla/5.0 (Windows NT 10.0; WOW64; x64) AppleWebKit/537.36 (KHTML, like Gecko) Chrome/114.0.0.0 Safari/537.36 OPR/89.0.4447.51"
194.113.119.121 - - [22/Oct/2024:03:37:52 +0800] "GET / HTTP/1.1" 200 794 "-" "Mozilla/5.0 (Windows NT 10.0; WOW64; x64) AppleWebKit/537.36 (KHTML, like Gecko) Chrome/114.0.0.0 Safari/537.36 OPR/89.0.4447.51"
194.113.119.121 - - [22/Oct/2024:03:37:53 +0800] "GET /wp-login.php?action=register HTTP/1.1" 404 1192 "http://ft.kidcastle.com.cn" "Mozilla/5.0 (Windows NT 10.0; WOW64; x64) AppleWebKit/537.36 (KHTML, like Gecko) Chrome/114.0.0.0 Safari/537.36 OPR/89.0.4447.51"
66.249.69.167 - - [22/Oct/2024:04:25:49 +0800] "GET /icons/right.gif HTTP/1.1" 200 172 "-" "Googlebot-Image/1.0"
66.249.69.167 - - [22/Oct/2024:04:31:06 +0800] "GET /icons/tar.gif HTTP/1.1" 200 219 "-" "Googlebot-Image/1.0"
66.249.69.165 - - [22/Oct/2024:04:37:24 +0800] "GET /icons/world2.gif HTTP/1.1" 200 261 "-" "Googlebot-Image/1.0"
66.249.69.167 - - [22/Oct/2024:04:44:41 +0800] "GET /icons/small/generic2.png HTTP/1.1" 200 179 "-" "Googlebot-Image/1.0"
66.249.69.166 - - [22/Oct/2024:04:49:59 +0800] "GET /icons/pie1.png HTTP/1.1" 200 279 "-" "Googlebot-Image/1.0"
66.249.69.167 - - [22/Oct/2024:05:02:24 +0800] "GET /icons/small/compressed.gif HTTP/1.1" 200 128 "-" "Googlebot-Image/1.0"
66.249.69.166 - - [22/Oct/2024:05:07:42 +0800] "GET /icons/transfer.gif HTTP/1.1" 200 242 "-" "Googlebot-Image/1.0"
44.211.240.78 - - [22/Oct/2024:05:11:55 +0800] "GET / HTTP/1.1" 200 794 "-" "Mozilla/5.0 (Windows NT 10.0; Win64; x64) AppleWebKit/537.36 (KHTML, like Gecko) Chrome/58.0.3029.110 Safari/537.3"
66.249.69.166 - - [22/Oct/2024:05:13:00 +0800] "GET /icons/bomb.png HTTP/1.1" 200 375 "-" "Googlebot-Image/1.0"
66.249.69.167 - - [22/Oct/2024:05:18:45 +0800] "GET /icons/ball.gray.gif HTTP/1.1" 200 233 "-" "Googlebot-Image/1.0"
66.249.69.167 - - [22/Oct/2024:05:30:21 +0800] "GET /icons/odf6odi.png HTTP/1.1" 200 1067 "-" "Googlebot-Image/1.0"
104.207.41.222 - - [22/Oct/2024:05:44:17 +0800] "GET /logs/access_20210425.log HTTP/1.1" 404 1052 "-" "Mozilla/5.0 (Macintosh; Intel Mac OS X 12.5; rv:114.0) Gecko/20100101 Firefox/114.0"
104.207.41.222 - - [22/Oct/2024:05:44:18 +0800] "GET / HTTP/1.1" 200 794 "-" "Mozilla/5.0 (Macintosh; Intel Mac OS X 12.5; rv:114.0) Gecko/20100101 Firefox/114.0"
104.207.41.222 - - [22/Oct/2024:05:44:18 +0800] "GET /?C=M;O=A HTTP/1.1" 200 794 "http://ft.kidcastle.com.cn" "Mozilla/5.0 (Macintosh; Intel Mac OS X 12.5; rv:114.0) Gecko/20100101 Firefox/114.0"
66.249.69.167 - - [22/Oct/2024:05:50:31 +0800] "GET /icons/small/sound2.png HTTP/1.1" 200 171 "-" "Googlebot-Image/1.0"
66.249.69.166 - - [22/Oct/2024:06:01:28 +0800] "GET /icons/generic.sec.gif HTTP/1.1" 200 249 "-" "Googlebot-Image/1.0"
66.249.69.165 - - [22/Oct/2024:06:14:42 +0800] "GET /icons/up.gif HTTP/1.1" 200 164 "-" "Googlebot-Image/1.0"
66.249.69.165 - - [22/Oct/2024:06:32:52 +0800] "GET /icons/odf6odg.png HTTP/1.1" 200 1072 "-" "Googlebot-Image/1.0"
66.249.69.166 - - [22/Oct/2024:06:45:28 +0800] "GET /icons/pie6.gif HTTP/1.1" 200 186 "-" "Googlebot-Image/1.0"
66.249.69.167 - - [22/Oct/2024:06:54:03 +0800] "GET /icons/uu.gif HTTP/1.1" 200 236 "-" "Googlebot-Image/1.0"
220.181.51.116 - - [22/Oct/2024:06:58:27 +0800] "GET /robots.txt HTTP/1.1" 404 1052 "-" "Mozilla/5.0 (Windows NT 10.0; WOW64) AppleWebKit/537.36 (KHTML, like Gecko) Chrome/48.0.2564.116 Safari/537.36"
116.179.32.22 - - [22/Oct/2024:06:58:27 +0800] "GET /logs/access_20231031.log HTTP/1.1" 200 16265 "-" "Mozilla/5.0 (compatible; Baiduspider/2.0; +http://www.baidu.com/search/spider.html)"
116.179.33.16 - - [22/Oct/2024:06:58:27 +0800] "GET /robots.txt HTTP/1.1" 404 1052 "-" "Mozilla/5.0 (Windows NT 10.0; WOW64) AppleWebKit/537.36 (KHTML, like Gecko) Chrome/48.0.2564.116 Safari/537.36"
66.249.69.166 - - [22/Oct/2024:07:04:38 +0800] "GET /icons/world1.gif HTTP/1.1" 200 228 "-" "Googlebot-Image/1.0"
66.249.69.166 - - [22/Oct/2024:07:16:14 +0800] "GET /icons/generic.red.png HTTP/1.1" 200 283 "-" "Googlebot-Image/1.0"
66.249.69.165 - - [22/Oct/2024:07:25:48 +0800] "GET /icons/c.png HTTP/1.1" 200 299 "-" "Googlebot-Image/1.0"
66.249.69.166 - - [22/Oct/2024:07:36:24 +0800] "GET /icons/pie6.png HTTP/1.1" 200 273 "-" "Googlebot-Image/1.0"
185.72.240.36 - - [22/Oct/2024:07:45:34 +0800] "GET /logs/access_20210425.log HTTP/1.1" 404 1052 "-" "Mozilla/5.0 (Windows NT 10.0; Win64; x64) AppleWebKit/537.36 (KHTML, like Gecko) Chrome/114.0.0.0 Safari/537.36 Vivaldi/5.3.2679.68"
185.72.240.36 - - [22/Oct/2024:07:45:36 +0800] "GET / HTTP/1.1" 200 794 "-" "Mozilla/5.0 (Windows NT 10.0; Win64; x64) AppleWebKit/537.36 (KHTML, like Gecko) Chrome/114.0.0.0 Safari/537.36 Vivaldi/5.3.2679.68"
185.72.240.36 - - [22/Oct/2024:07:45:38 +0800] "GET /wp-login.php?action=register HTTP/1.1" 404 1192 "http://ft.kidcastle.com.cn" "Mozilla/5.0 (Windows NT 10.0; Win64; x64) AppleWebKit/537.36 (KHTML, like Gecko) Chrome/114.0.0.0 Safari/537.36 Vivaldi/5.3.2679.68"
66.249.69.167 - - [22/Oct/2024:07:47:00 +0800] "GET /icons/a.gif HTTP/1.1" 200 246 "-" "Googlebot-Image/1.0"
66.249.69.167 - - [22/Oct/2024:08:02:35 +0800] "GET /icons/dvi.png HTTP/1.1" 200 305 "-" "Googlebot-Image/1.0"
66.249.69.165 - - [22/Oct/2024:08:08:10 +0800] "GET /icons/blank.gif HTTP/1.1" 200 148 "-" "Googlebot-Image/1.0"
220.181.108.103 - - [22/Oct/2024:08:18:27 +0800] "GET /logs/access_20231114.log HTTP/1.1" 200 5604 "-" "Mozilla/5.0 (compatible; Baiduspider/2.0; +http://www.baidu.com/search/spider.html)"
66.249.69.165 - - [22/Oct/2024:08:23:45 +0800] "GET /icons/small/comp1.png HTTP/1.1" 200 216 "-" "Googlebot-Image/1.0"
66.249.69.165 - - [22/Oct/2024:08:29:20 +0800] "GET /icons/small/burst.png HTTP/1.1" 200 210 "-" "Googlebot-Image/1.0"
66.249.69.165 - - [22/Oct/2024:08:40:56 +0800] "GET /icons/small/ps.png HTTP/1.1" 200 217 "-" "Googlebot-Image/1.0"
66.249.69.167 - - [22/Oct/2024:08:54:31 +0800] "GET /icons/pdf.png HTTP/1.1" 200 304 "-" "Googlebot-Image/1.0"
116.179.32.41 - - [22/Oct/2024:08:58:28 +0800] "GET /logs/access_20231003.log HTTP/1.1" 200 12407 "-" "Mozilla/5.0 (compatible; Baiduspider/2.0; +http://www.baidu.com/search/spider.html)"
66.249.69.166 - - [22/Oct/2024:09:01:06 +0800] "GET /icons/small/text.png HTTP/1.1" 200 163 "-" "Googlebot-Image/1.0"
66.249.69.166 - - [22/Oct/2024:09:12:42 +0800] "GET /icons/bomb.gif HTTP/1.1" 200 308 "-" "Googlebot-Image/1.0"
66.249.69.166 - - [22/Oct/2024:09:22:17 +0800] "GET /icons/box1.png HTTP/1.1" 200 325 "-" "Googlebot-Image/1.0"
66.249.69.167 - - [22/Oct/2024:09:32:52 +0800] "GET /icons/small/key.png HTTP/1.1" 200 210 "-" "Googlebot-Image/1.0"
66.249.69.165 - - [22/Oct/2024:09:43:27 +0800] "GET /icons/folder.sec.png HTTP/1.1" 200 313 "-" "Googlebot-Image/1.0"
66.249.69.165 - - [22/Oct/2024:09:54:03 +0800] "GET /icons/ball.red.png HTTP/1.1" 200 289 "-" "Googlebot-Image/1.0"
66.249.69.167 - - [22/Oct/2024:10:15:13 +0800] "GET /icons/up.png HTTP/1.1" 200 255 "-" "Googlebot-Image/1.0"
66.249.69.166 - - [22/Oct/2024:10:26:49 +0800] "GET /icons/down.gif HTTP/1.1" 200 163 "-" "Googlebot-Image/1.0"
66.249.69.165 - - [22/Oct/2024:10:44:34 +0800] "GET /icons/continued.png HTTP/1.1" 200 296 "-" "Googlebot-Image/1.0"
66.249.69.166 - - [22/Oct/2024:10:44:34 +0800] "GET /robots.txt HTTP/1.1" 404 1052 "-" "Mozilla/5.0 (compatible; Googlebot/2.1; +http://www.google.com/bot.html)"
66.249.69.166 - - [22/Oct/2024:10:49:51 +0800] "GET /icons/forward.png HTTP/1.1" 200 308 "-" "Googlebot-Image/1.0"
66.249.69.166 - - [22/Oct/2024:10:49:51 +0800] "GET /robots.txt HTTP/1.1" 404 1052 "-" "Mozilla/5.0 (compatible; Googlebot/2.1; +http://www.google.com/bot.html)"
66.249.69.166 - - [22/Oct/2024:10:57:34 +0800] "GET /icons/folder.sec.gif HTTP/1.1" 200 243 "-" "Googlebot-Image/1.0"
66.249.69.167 - - [22/Oct/2024:11:08:10 +0800] "GET /icons/small/burst.gif HTTP/1.1" 200 128 "-" "Googlebot-Image/1.0"
59.82.135.204 - - [22/Oct/2024:11:08:55 +0800] "GET / HTTP/1.1" 200 794 "-" "Mozilla/5.0 (Windows NT 10.0; Win64; x64) AppleWebKit/537.36 (KHTML, like Gecko) Chrome/86.0.5890.141 Safari/537.36"
59.82.135.204 - - [22/Oct/2024:11:08:55 +0800] "GET / HTTP/1.1" 200 794 "-" "Mozilla/5.0 (Windows NT 10.0; Win64; x64) AppleWebKit/537.36 (KHTML, like Gecko) Chrome/107.0.9524.175 Safari/537.36"
59.82.135.204 - - [22/Oct/2024:11:08:55 +0800] "GET /favicon.ico HTTP/1.1" 404 1052 "-" "Mozilla/5.0 (Windows NT 10.0; Win64; x64) AppleWebKit/537.36 (KHTML, like Gecko) Chrome/107.0.9524.175 Safari/537.36"
59.82.135.204 - - [22/Oct/2024:11:08:56 +0800] "GET /?C=N;O=D HTTP/1.1" 200 794 "-" "Mozilla/5.0 (Windows NT 10.0; Win64; x64) AppleWebKit/537.36 (KHTML, like Gecko) Chrome/99.0.3506.137 Safari/537.36"
59.82.135.211 - - [22/Oct/2024:11:08:56 +0800] "GET /?C=M;O=A HTTP/1.1" 200 794 "-" "Mozilla/5.0 (Windows NT 10.0; Win64; x64) AppleWebKit/537.36 (KHTML, like Gecko) Chrome/94.0.6184.72 Safari/537.36"
59.82.135.204 - - [22/Oct/2024:11:08:56 +0800] "GET / HTTP/1.1" 200 794 "-" "Mozilla/5.0 (Windows NT 10.0; Win64; x64) AppleWebKit/537.36 (KHTML, like Gecko) Chrome/96.0.6166.14 Safari/537.36"
59.82.135.211 - - [22/Oct/2024:11:08:56 +0800] "GET / HTTP/1.1" 200 794 "-" "Mozilla/5.0 (Windows NT 10.0; Win64; x64) AppleWebKit/537.36 (KHTML, like Gecko) Chrome/87.0.3474.192 Safari/537.36"
59.82.135.204 - - [22/Oct/2024:11:08:56 +0800] "GET /favicon.ico HTTP/1.1" 404 1052 "-" "Mozilla/5.0 (Windows NT 10.0; Win64; x64) AppleWebKit/537.36 (KHTML, like Gecko) Chrome/96.0.6166.14 Safari/537.36"
59.82.135.211 - - [22/Oct/2024:11:08:56 +0800] "GET /favicon.ico HTTP/1.1" 404 1052 "-" "Mozilla/5.0 (Windows NT 10.0; Win64; x64) AppleWebKit/537.36 (KHTML, like Gecko) Chrome/87.0.3474.192 Safari/537.36"
59.82.135.211 - - [22/Oct/2024:11:08:56 +0800] "GET /icons/blank.gif HTTP/1.1" 200 148 "-" "Mozilla/5.0 (Windows NT 10.0; Win64; x64) AppleWebKit/537.36 (KHTML, like Gecko) Chrome/92.0.8611.150 Safari/537.36"
59.82.135.204 - - [22/Oct/2024:11:08:56 +0800] "GET /?C=S;O=A HTTP/1.1" 200 794 "-" "Mozilla/5.0 (Windows NT 10.0; Win64; x64) AppleWebKit/537.36 (KHTML, like Gecko) Chrome/97.0.7145.96 Safari/537.36"
59.82.135.211 - - [22/Oct/2024:11:08:56 +0800] "GET / HTTP/1.1" 200 794 "-" "Mozilla/5.0 (Windows NT 10.0; Win64; x64) AppleWebKit/537.36 (KHTML, like Gecko) Chrome/114.0.6931.25 Safari/537.36"
59.82.135.204 - - [22/Oct/2024:11:08:56 +0800] "GET / HTTP/1.1" 200 794 "-" "Mozilla/5.0 (Windows NT 10.0; Win64; x64) AppleWebKit/537.36 (KHTML, like Gecko) Chrome/112.0.1693.89 Safari/537.36"
59.82.135.211 - - [22/Oct/2024:11:08:57 +0800] "GET /favicon.ico HTTP/1.1" 404 1052 "-" "Mozilla/5.0 (Windows NT 10.0; Win64; x64) AppleWebKit/537.36 (KHTML, like Gecko) Chrome/114.0.6931.25 Safari/537.36"
59.82.135.204 - - [22/Oct/2024:11:08:57 +0800] "GET /favicon.ico HTTP/1.1" 404 1052 "-" "Mozilla/5.0 (Windows NT 10.0; Win64; x64) AppleWebKit/537.36 (KHTML, like Gecko) Chrome/112.0.1693.89 Safari/537.36"
59.82.135.204 - - [22/Oct/2024:11:08:57 +0800] "GET /icons/folder.gif HTTP/1.1" 200 225 "-" "Mozilla/5.0 (Windows NT 10.0; Win64; x64) AppleWebKit/537.36 (KHTML, like Gecko) Chrome/107.0.8720.186 Safari/537.36"
59.82.135.204 - - [22/Oct/2024:11:08:57 +0800] "GET / HTTP/1.1" 200 794 "-" "Mozilla/5.0 (Windows NT 10.0; Win64; x64) AppleWebKit/537.36 (KHTML, like Gecko) Chrome/81.0.2086.116 Safari/537.36"
59.82.135.204 - - [22/Oct/2024:11:08:57 +0800] "GET /favicon.ico HTTP/1.1" 404 1052 "-" "Mozilla/5.0 (Windows NT 10.0; Win64; x64) AppleWebKit/537.36 (KHTML, like Gecko) Chrome/81.0.2086.116 Safari/537.36"
59.82.83.25 - - [22/Oct/2024:11:51:31 +0800] "GET / HTTP/1.1" 200 794 "-" "Mozilla/5.0 (Windows NT 10.0; Win64; x64) AppleWebKit/537.36 (KHTML, like Gecko) Chrome/93.0.3454.68 Safari/537.36"
59.82.83.25 - - [22/Oct/2024:11:51:31 +0800] "GET / HTTP/1.1" 200 794 "-" "Mozilla/5.0 (Windows NT 10.0; Win64; x64) AppleWebKit/537.36 (KHTML, like Gecko) Chrome/86.0.5095.128 Safari/537.36"
59.82.83.25 - - [22/Oct/2024:11:51:31 +0800] "GET /favicon.ico HTTP/1.1" 404 1052 "-" "Mozilla/5.0 (Windows NT 10.0; Win64; x64) AppleWebKit/537.36 (KHTML, like Gecko) Chrome/86.0.5095.128 Safari/537.36"
59.82.83.25 - - [22/Oct/2024:11:51:32 +0800] "GET /?C=M;O=A HTTP/1.1" 200 794 "-" "Mozilla/5.0 (Windows NT 10.0; Win64; x64) AppleWebKit/537.36 (KHTML, like Gecko) Chrome/99.0.5005.168 Safari/537.36"
59.82.83.134 - - [22/Oct/2024:11:51:32 +0800] "GET /?C=N;O=D HTTP/1.1" 200 794 "-" "Mozilla/5.0 (Windows NT 10.0; Win64; x64) AppleWebKit/537.36 (KHTML, like Gecko) Chrome/114.0.9081.112 Safari/537.36"
59.82.83.25 - - [22/Oct/2024:11:51:32 +0800] "GET / HTTP/1.1" 200 794 "-" "Mozilla/5.0 (Windows NT 10.0; Win64; x64) AppleWebKit/537.36 (KHTML, like Gecko) Chrome/99.0.7317.91 Safari/537.36"
59.82.83.134 - - [22/Oct/2024:11:51:32 +0800] "GET / HTTP/1.1" 200 794 "-" "Mozilla/5.0 (Windows NT 10.0; Win64; x64) AppleWebKit/537.36 (KHTML, like Gecko) Chrome/96.0.4294.56 Safari/537.36"
59.82.83.25 - - [22/Oct/2024:11:51:32 +0800] "GET /favicon.ico HTTP/1.1" 404 1052 "-" "Mozilla/5.0 (Windows NT 10.0; Win64; x64) AppleWebKit/537.36 (KHTML, like Gecko) Chrome/99.0.7317.91 Safari/537.36"
59.82.83.134 - - [22/Oct/2024:11:51:32 +0800] "GET /favicon.ico HTTP/1.1" 404 1052 "-" "Mozilla/5.0 (Windows NT 10.0; Win64; x64) AppleWebKit/537.36 (KHTML, like Gecko) Chrome/96.0.4294.56 Safari/537.36"
59.82.83.25 - - [22/Oct/2024:11:51:32 +0800] "GET /icons/blank.gif HTTP/1.1" 200 148 "-" "Mozilla/5.0 (Windows NT 10.0; Win64; x64) AppleWebKit/537.36 (KHTML, like Gecko) Chrome/108.0.4543.134 Safari/537.36"
59.82.83.134 - - [22/Oct/2024:11:51:32 +0800] "GET /?C=S;O=A HTTP/1.1" 200 794 "-" "Mozilla/5.0 (Windows NT 10.0; Win64; x64) AppleWebKit/537.36 (KHTML, like Gecko) Chrome/80.0.3610.89 Safari/537.36"
59.82.83.25 - - [22/Oct/2024:11:51:32 +0800] "GET / HTTP/1.1" 200 794 "-" "Mozilla/5.0 (Windows NT 10.0; Win64; x64) AppleWebKit/537.36 (KHTML, like Gecko) Chrome/96.0.5671.106 Safari/537.36"
59.82.83.134 - - [22/Oct/2024:11:51:32 +0800] "GET / HTTP/1.1" 200 794 "-" "Mozilla/5.0 (Windows NT 10.0; Win64; x64) AppleWebKit/537.36 (KHTML, like Gecko) Chrome/104.0.3441.69 Safari/537.36"
59.82.83.25 - - [22/Oct/2024:11:51:32 +0800] "GET /favicon.ico HTTP/1.1" 404 1052 "-" "Mozilla/5.0 (Windows NT 10.0; Win64; x64) AppleWebKit/537.36 (KHTML, like Gecko) Chrome/96.0.5671.106 Safari/537.36"
59.82.83.134 - - [22/Oct/2024:11:51:32 +0800] "GET /favicon.ico HTTP/1.1" 404 1052 "-" "Mozilla/5.0 (Windows NT 10.0; Win64; x64) AppleWebKit/537.36 (KHTML, like Gecko) Chrome/104.0.3441.69 Safari/537.36"
59.82.83.25 - - [22/Oct/2024:11:51:33 +0800] "GET /icons/folder.gif HTTP/1.1" 200 225 "-" "Mozilla/5.0 (Windows NT 10.0; Win64; x64) AppleWebKit/537.36 (KHTML, like Gecko) Chrome/115.0.2682.132 Safari/537.36"
59.82.83.25 - - [22/Oct/2024:11:51:33 +0800] "GET / HTTP/1.1" 200 794 "-" "Mozilla/5.0 (Windows NT 10.0; Win64; x64) AppleWebKit/537.36 (KHTML, like Gecko) Chrome/83.0.9884.162 Safari/537.36"
59.82.83.25 - - [22/Oct/2024:11:51:33 +0800] "GET /favicon.ico HTTP/1.1" 404 1052 "-" "Mozilla/5.0 (Windows NT 10.0; Win64; x64) AppleWebKit/537.36 (KHTML, like Gecko) Chrome/83.0.9884.162 Safari/537.36"
40.77.167.30 - - [22/Oct/2024:12:22:41 +0800] "GET /logs/access_20220714.log HTTP/1.1" 404 1052 "-" "Mozilla/5.0 AppleWebKit/537.36 (KHTML, like Gecko; compatible; bingbot/2.0; +http://www.bing.com/bingbot.htm) Chrome/116.0.1938.76 Safari/537.36"
66.249.69.166 - - [22/Oct/2024:12:24:53 +0800] "GET /icons/small/comp2.png HTTP/1.1" 200 215 "-" "Googlebot-Image/1.0"
45.127.126.72 - - [22/Oct/2024:12:28:00 +0800] "GET /plug/vote/plug.xml HTTP/1.1" 404 1230 "http://ft.kidcastle.com.cn/plug/vote/plug.xml" "Mozilla/5.0 (compatible; MSIE 9.0; Windows NT 6.1; Win64; x64; Trident/5.0)"
66.249.69.167 - - [22/Oct/2024:13:24:55 +0800] "GET /icons/patch.gif HTTP/1.1" 200 251 "-" "Googlebot-Image/1.0"
66.249.69.166 - - [22/Oct/2024:13:30:10 +0800] "GET /icons/broken.png HTTP/1.1" 200 320 "-" "Googlebot-Image/1.0"
23.80.151.67 - - [22/Oct/2024:13:53:58 +0800] "GET /contactus.html HTTP/1.1" 404 1052 "-" "Mozilla/5.0 (Windows NT 10.0; WOW64) AppleWebKit/537.36 (KHTML, like Gecko) Chrome/114.0.0.0 Safari/537.36"
23.80.151.67 - - [22/Oct/2024:13:53:59 +0800] "GET / HTTP/1.1" 200 794 "-" "Mozilla/5.0 (Windows NT 10.0; WOW64) AppleWebKit/537.36 (KHTML, like Gecko) Chrome/114.0.0.0 Safari/537.36"
23.80.151.67 - - [22/Oct/2024:13:54:00 +0800] "GET /?C=N;O=D HTTP/1.1" 200 794 "http://ft.kidcastle.com.cn/" "Mozilla/5.0 (Windows NT 10.0; WOW64) AppleWebKit/537.36 (KHTML, like Gecko) Chrome/114.0.0.0 Safari/537.36"
23.80.151.67 - - [22/Oct/2024:13:54:01 +0800] "GET /logs/ HTTP/1.1" 200 165766 "http://ft.kidcastle.com.cn/" "Mozilla/5.0 (Windows NT 10.0; WOW64) AppleWebKit/537.36 (KHTML, like Gecko) Chrome/114.0.0.0 Safari/537.36"
23.80.151.67 - - [22/Oct/2024:13:54:13 +0800] "GET /?C=M;O=A HTTP/1.1" 200 794 "http://ft.kidcastle.com.cn/" "Mozilla/5.0 (Windows NT 10.0; WOW64) AppleWebKit/537.36 (KHTML, like Gecko) Chrome/114.0.0.0 Safari/537.36"
23.80.151.67 - - [22/Oct/2024:13:54:14 +0800] "GET /?C=D;O=A HTTP/1.1" 200 794 "http://ft.kidcastle.com.cn/" "Mozilla/5.0 (Windows NT 10.0; WOW64) AppleWebKit/537.36 (KHTML, like Gecko) Chrome/114.0.0.0 Safari/537.36"
23.80.151.67 - - [22/Oct/2024:13:54:15 +0800] "GET /?C=S;O=A HTTP/1.1" 200 794 "http://ft.kidcastle.com.cn/" "Mozilla/5.0 (Windows NT 10.0; WOW64) AppleWebKit/537.36 (KHTML, like Gecko) Chrome/114.0.0.0 Safari/537.36"
66.249.69.166 - - [22/Oct/2024:13:56:53 +0800] "GET /icons/p.gif HTTP/1.1" 200 237 "-" "Googlebot-Image/1.0"
66.249.69.167 - - [22/Oct/2024:14:02:11 +0800] "GET /icons/comp.gray.gif HTTP/1.1" 200 246 "-" "Googlebot-Image/1.0"
220.181.108.90 - - [22/Oct/2024:14:18:27 +0800] "GET /logs/access_20231019.log HTTP/1.1" 200 12988 "-" "Mozilla/5.0 (compatible; Baiduspider/2.0; +http://www.baidu.com/search/spider.html)"
66.249.69.165 - - [22/Oct/2024:14:24:55 +0800] "GET /icons/comp.gray.png HTTP/1.1" 200 318 "-" "Googlebot-Image/1.0"
138.199.36.202 - - [22/Oct/2024:14:30:16 +0800] "GET /logs/access_20230116.log HTTP/1.1" 200 10984 "-" "Mozilla/5.0 (Windows NT 11.0; Win64; x64) AppleWebKit/537.36 (KHTML, like Gecko) Chrome/126.0.6478.183 Safari/537.36"
116.179.32.34 - - [22/Oct/2024:14:54:27 +0800] "GET /logs/access_20231006.log HTTP/1.1" 200 42148 "-" "Mozilla/5.0 (compatible; Baiduspider/2.0; +http://www.baidu.com/search/spider.html)"
66.249.69.166 - - [22/Oct/2024:14:56:58 +0800] "GET /icons/apache_pb.png HTTP/1.1" 200 9691 "-" "Googlebot-Image/1.0"
66.249.69.166 - - [22/Oct/2024:15:24:57 +0800] "GET /icons/diskimg.png HTTP/1.1" 200 215 "-" "Googlebot-Image/1.0"
66.249.69.167 - - [22/Oct/2024:15:30:13 +0800] "GET /icons/small/rainbow.gif HTTP/1.1" 200 3811 "-" "Googlebot-Image/1.0"
66.249.69.165 - - [22/Oct/2024:15:35:33 +0800] "GET /icons/small/tar.gif HTTP/1.1" 200 132 "-" "Googlebot-Image/1.0"
194.32.122.18 - - [22/Oct/2024:15:53:38 +0800] "GET /logs/access_20230309.log HTTP/1.1" 200 13962 "-" "Mozilla/5.0 (Windows NT 11.0; Win64; x64) AppleWebKit/537.36 (KHTML, like Gecko) Chrome/126.0.6478.183 Safari/537.36"
66.249.69.165 - - [22/Oct/2024:15:56:56 +0800] "GET /icons/sound2.png HTTP/1.1" 200 315 "-" "Googlebot-Image/1.0"
66.249.69.165 - - [22/Oct/2024:16:02:15 +0800] "GET /icons/odf6odt.png HTTP/1.1" 200 983 "-" "Googlebot-Image/1.0"
220.181.108.146 - - [22/Oct/2024:16:12:48 +0800] "GET /logs/access_20231009.log HTTP/1.1" 200 2390 "-" "Mozilla/5.0 (compatible; Baiduspider/2.0; +http://www.baidu.com/search/spider.html)"
66.249.69.166 - - [22/Oct/2024:16:25:57 +0800] "GET /icons/image2.png HTTP/1.1" 200 371 "-" "Googlebot-Image/1.0"
66.249.69.167 - - [22/Oct/2024:16:31:15 +0800] "GET /icons/small/folder2.png HTTP/1.1" 200 180 "-" "Googlebot-Image/1.0"
66.249.69.167 - - [22/Oct/2024:16:54:57 +0800] "GET /icons/small/index.png HTTP/1.1" 200 225 "-" "Googlebot-Image/1.0"
66.249.69.167 - - [22/Oct/2024:17:02:15 +0800] "GET /icons/small/uu.png HTTP/1.1" 200 166 "-" "Googlebot-Image/1.0"
66.249.69.166 - - [22/Oct/2024:17:30:28 +0800] "GET /icons/small/generic3.png HTTP/1.1" 200 171 "-" "Googlebot-Image/1.0"
66.249.69.165 - - [22/Oct/2024:17:41:04 +0800] "GET /icons/left.gif HTTP/1.1" 200 172 "-" "Googlebot-Image/1.0"
66.249.69.166 - - [22/Oct/2024:17:54:58 +0800] "GET /icons/sphere1.gif HTTP/1.1" 200 285 "-" "Googlebot-Image/1.0"
220.181.108.90 - - [22/Oct/2024:17:57:45 +0800] "GET /logs/access_20231012.log HTTP/1.1" 200 4205 "-" "Mozilla/5.0 (compatible; Baiduspider/2.0; +http://www.baidu.com/search/spider.html)"
66.249.69.165 - - [22/Oct/2024:18:01:14 +0800] "GET /icons/apache_pb2.png HTTP/1.1" 200 10401 "-" "Googlebot-Image/1.0"
113.132.11.224 - - [22/Oct/2024:18:19:16 +0800] "GET / HTTP/1.1" 200 794 "https://www.so.com/link?m=zS6cGBF2Oo5w2DHFvPL7mEYt4LQ%2FZdM1cf%2BML1HCwji%2BLqiq%2FDPwcpM5ctLrf7vDgp3eR0T1L7Z55TtHOcv0VDygaI9KoBL2A9WxSCsUUUspO%2FH4r3s9Mndq%2Fngg%3D" "Mozilla/5.0 (Windows NT 10.0; Win64; x64) AppleWebKit/537.36 (KHTML, like Gecko) Chrome/122.0.6261.95 Safari/537.36"
113.132.11.224 - - [22/Oct/2024:18:19:17 +0800] "GET /icons/blank.gif HTTP/1.1" 200 148 "http://ft.kidcastle.com.cn/" "Mozilla/5.0 (Windows NT 10.0; Win64; x64) AppleWebKit/537.36 (KHTML, like Gecko) Chrome/122.0.6261.95 Safari/537.36"
113.132.11.224 - - [22/Oct/2024:18:19:17 +0800] "GET /icons/folder.gif HTTP/1.1" 200 225 "http://ft.kidcastle.com.cn/" "Mozilla/5.0 (Windows NT 10.0; Win64; x64) AppleWebKit/537.36 (KHTML, like Gecko) Chrome/122.0.6261.95 Safari/537.36"
113.132.11.224 - - [22/Oct/2024:18:19:17 +0800] "GET /favicon.ico HTTP/1.1" 404 1194 "http://ft.kidcastle.com.cn/" "Mozilla/5.0 (Windows NT 10.0; Win64; x64) AppleWebKit/537.36 (KHTML, like Gecko) Chrome/122.0.6261.95 Safari/537.36"
123.6.49.18 - - [22/Oct/2024:18:19:29 +0800] "GET / HTTP/1.1" 200 794 "http://baidu.com/" "Mozilla/5.0 (Windows NT 10.0; Win64; x64) AppleWebKit/537.36 (KHTML, like Gecko) Chrome/77.0.3865.120 Safari/537.36"
123.6.49.18 - - [22/Oct/2024:18:19:29 +0800] "GET /icons/blank.gif HTTP/1.1" 200 148 "http://ft.kidcastle.com.cn/" "Mozilla/5.0 (Windows NT 10.0; Win64; x64) AppleWebKit/537.36 (KHTML, like Gecko) Chrome/77.0.3865.120 Safari/537.36"
123.6.49.50 - - [22/Oct/2024:18:19:29 +0800] "GET /icons/folder.gif HTTP/1.1" 200 225 "http://ft.kidcastle.com.cn/" "Mozilla/5.0 (Windows NT 10.0; Win64; x64) AppleWebKit/537.36 (KHTML, like Gecko) Chrome/77.0.3865.120 Safari/537.36"
27.115.124.48 - - [22/Oct/2024:18:19:32 +0800] "GET /favicon.ico HTTP/1.1" 404 1052 "-" "Mozilla/5.0 (Macintosh; Intel Mac OS X 10_7_0) AppleWebKit/535.11 (KHTML, like Gecko) Chrome/17.0.963.56 Safari/535.11"
27.115.124.4 - - [22/Oct/2024:18:19:33 +0800] "GET / HTTP/1.1" 200 794 "-" "Mozilla/5.0 (Macintosh; Intel Mac OS X 10_7_0) AppleWebKit/535.11 (KHTML, like Gecko) Chrome/17.0.963.56 Safari/535.11"
27.115.124.40 - - [22/Oct/2024:18:19:33 +0800] "GET /logs/ HTTP/1.1" 200 165766 "-" "Mozilla/5.0 (Macintosh; Intel Mac OS X 10_7_0) AppleWebKit/535.11 (KHTML, like Gecko) Chrome/17.0.963.56 Safari/535.11"
123.6.49.44 - - [22/Oct/2024:18:19:37 +0800] "GET / HTTP/1.1" 200 794 "http://baidu.com/" "Mozilla/5.0 (Linux; Android 8.0; Pixel 2 Build/OPD3.170816.012) AppleWebKit/537.36 (KHTML, like Gecko) Chrome/87.0.4280.88 Mobile Safari/537.36"
123.6.49.44 - - [22/Oct/2024:18:19:37 +0800] "GET /icons/blank.gif HTTP/1.1" 200 148 "http://ft.kidcastle.com.cn/" "Mozilla/5.0 (Linux; Android 8.0; Pixel 2 Build/OPD3.170816.012) AppleWebKit/537.36 (KHTML, like Gecko) Chrome/87.0.4280.88 Mobile Safari/537.36"
123.6.49.44 - - [22/Oct/2024:18:19:37 +0800] "GET /icons/folder.gif HTTP/1.1" 200 225 "http://ft.kidcastle.com.cn/" "Mozilla/5.0 (Linux; Android 8.0; Pixel 2 Build/OPD3.170816.012) AppleWebKit/537.36 (KHTML, like Gecko) Chrome/87.0.4280.88 Mobile Safari/537.36"
66.249.69.167 - - [22/Oct/2024:18:25:59 +0800] "GET /icons/ball.red.gif HTTP/1.1" 200 205 "-" "Googlebot-Image/1.0"
66.249.69.165 - - [22/Oct/2024:18:33:00 +0800] "GET /icons/pie3.gif HTTP/1.1" 200 191 "-" "Googlebot-Image/1.0"
123.6.49.50 - - [22/Oct/2024:18:41:51 +0800] "GET / HTTP/1.1" 200 794 "-" "Mozilla/5.0 (Linux; U; Android 8.1.0; zh-cn; MI 8 Build/OPM1.171019.011) AppleWebKit/537.36 (KHTML, like Gecko) Version/4.0 Chrome/57.0.2987.108 Mobile Safari/537.36"
123.6.49.12 - - [22/Oct/2024:18:41:51 +0800] "GET / HTTP/1.1" 200 794 "-" "Mozilla/5.0 (Linux; U; Android 8.1.0; zh-cn; MI 8 Build/OPM1.171019.011) AppleWebKit/537.36 (KHTML, like Gecko) Version/4.0 Chrome/57.0.2987.108 Mobile Safari/537.36"
123.6.49.12 - - [22/Oct/2024:18:41:51 +0800] "GET /icons/blank.gif HTTP/1.1" 200 148 "http://ft.kidcastle.com.cn/" "Mozilla/5.0 (Linux; U; Android 8.1.0; zh-cn; MI 8 Build/OPM1.171019.011) AppleWebKit/537.36 (KHTML, like Gecko) Version/4.0 Chrome/57.0.2987.108 Mobile Safari/537.36"
123.6.49.15 - - [22/Oct/2024:18:41:52 +0800] "GET /icons/folder.gif HTTP/1.1" 200 225 "http://ft.kidcastle.com.cn/" "Mozilla/5.0 (Linux; U; Android 8.1.0; zh-cn; MI 8 Build/OPM1.171019.011) AppleWebKit/537.36 (KHTML, like Gecko) Version/4.0 Chrome/57.0.2987.108 Mobile Safari/537.36"
220.181.108.90 - - [22/Oct/2024:18:54:25 +0800] "GET /logs/access_20231121.log HTTP/1.1" 200 12934 "-" "Mozilla/5.0 (compatible; Baiduspider/2.0; +http://www.baidu.com/search/spider.html)"
66.249.69.166 - - [22/Oct/2024:18:55:00 +0800] "GET /icons/pie2.png HTTP/1.1" 200 272 "-" "Googlebot-Image/1.0"
66.249.69.166 - - [22/Oct/2024:19:08:18 +0800] "GET /icons/small/sound2.gif HTTP/1.1" 200 119 "-" "Googlebot-Image/1.0"
45.88.97.181 - - [22/Oct/2024:19:21:53 +0800] "GET /logs/access_20230214.log HTTP/1.1" 200 16806 "-" "Mozilla/5.0 (Windows NT 11.0; Win64; x64) AppleWebKit/537.36 (KHTML, like Gecko) Chrome/126.0.6478.183 Safari/537.36"
66.249.69.165 - - [22/Oct/2024:19:24:58 +0800] "GET /icons/screw1.png HTTP/1.1" 200 328 "-" "Googlebot-Image/1.0"
66.249.69.167 - - [22/Oct/2024:19:30:15 +0800] "GET /icons/forward.gif HTTP/1.1" 200 219 "-" "Googlebot-Image/1.0"
40.77.167.7 - - [22/Oct/2024:19:42:06 +0800] "GET /logs/access_20240322.log HTTP/1.1" 200 19703 "-" "Mozilla/5.0 AppleWebKit/537.36 (KHTML, like Gecko; compatible; bingbot/2.0; +http://www.bing.com/bingbot.htm) Chrome/116.0.1938.76 Safari/537.36"
66.249.69.167 - - [22/Oct/2024:19:57:59 +0800] "GET /icons/uu.png HTTP/1.1" 200 296 "-" "Googlebot-Image/1.0"
66.249.69.167 - - [22/Oct/2024:20:07:16 +0800] "GET /icons/back.png HTTP/1.1" 200 308 "-" "Googlebot-Image/1.0"
40.77.167.123 - - [22/Oct/2024:20:14:05 +0800] "GET /logs/access_20240320.log HTTP/1.1" 200 5710 "-" "Mozilla/5.0 AppleWebKit/537.36 (KHTML, like Gecko; compatible; bingbot/2.0; +http://www.bing.com/bingbot.htm) Chrome/116.0.1938.76 Safari/537.36"
66.249.69.165 - - [22/Oct/2024:20:15:36 +0800] "GET /icons/pie4.gif HTTP/1.1" 200 193 "-" "Googlebot-Image/1.0"
66.249.69.165 - - [22/Oct/2024:20:20:52 +0800] "GET /icons/small/image.png HTTP/1.1" 200 197 "-" "Googlebot-Image/1.0"
66.249.69.165 - - [22/Oct/2024:20:26:10 +0800] "GET /icons/pie0.gif HTTP/1.1" 200 188 "-" "Googlebot-Image/1.0"
66.249.69.167 - - [22/Oct/2024:20:32:27 +0800] "GET /icons/down.png HTTP/1.1" 200 256 "-" "Googlebot-Image/1.0"
220.181.108.174 - - [22/Oct/2024:20:44:25 +0800] "GET /logs/access_20230918.log HTTP/1.1" 200 12173 "-" "Mozilla/5.0 (compatible; Baiduspider/2.0; +http://www.baidu.com/search/spider.html)"
66.249.69.166 - - [22/Oct/2024:20:55:59 +0800] "GET /icons/compressed.png HTTP/1.1" 200 1108 "-" "Googlebot-Image/1.0"
66.249.69.167 - - [22/Oct/2024:21:03:17 +0800] "GET /icons/odf6ott.png HTTP/1.1" 200 1022 "-" "Googlebot-Image/1.0"
220.181.108.80 - - [22/Oct/2024:21:18:42 +0800] "GET /logs/access_20230904.log HTTP/1.1" 200 17577 "-" "Mozilla/5.0 (compatible; Baiduspider/2.0; +http://www.baidu.com/search/spider.html)"
66.249.69.167 - - [22/Oct/2024:21:30:17 +0800] "GET /icons/apache_pb.gif HTTP/1.1" 200 4463 "-" "Googlebot-Image/1.0"
220.181.108.146 - - [22/Oct/2024:21:52:59 +0800] "GET /logs/access_20230927.log HTTP/1.1" 200 4334 "-" "Mozilla/5.0 (compatible; Baiduspider/2.0; +http://www.baidu.com/search/spider.html)"
66.249.69.166 - - [22/Oct/2024:22:02:16 +0800] "GET /icons/box2.gif HTTP/1.1" 200 268 "-" "Googlebot-Image/1.0"
66.249.69.166 - - [22/Oct/2024:22:07:33 +0800] "GET /icons/small/tar.png HTTP/1.1" 200 173 "-" "Googlebot-Image/1.0"
66.249.69.166 - - [22/Oct/2024:22:26:01 +0800] "GET /icons/burst.gif HTTP/1.1" 200 235 "-" "Googlebot-Image/1.0"
116.179.32.91 - - [22/Oct/2024:22:27:16 +0800] "GET /logs/access_20230905.log HTTP/1.1" 200 14559 "-" "Mozilla/5.0 (compatible; Baiduspider/2.0; +http://www.baidu.com/search/spider.html)"
66.249.69.165 - - [22/Oct/2024:22:32:17 +0800] "GET /icons/hand.right.png HTTP/1.1" 200 311 "-" "Googlebot-Image/1.0"
66.249.69.166 - - [22/Oct/2024:22:39:35 +0800] "GET /icons/layout.png HTTP/1.1" 200 323 "-" "Googlebot-Image/1.0"
220.181.108.144 - - [22/Oct/2024:22:45:44 +0800] "GET /logs/access_20230830.log HTTP/1.1" 200 17704 "-" "Mozilla/5.0 (compatible; Baiduspider/2.0; +http://www.baidu.com/search/spider.html)"
66.249.69.166 - - [22/Oct/2024:22:55:00 +0800] "GET /robots.txt HTTP/1.1" 404 1052 "-" "Mozilla/5.0 (compatible; Googlebot/2.1; +http://www.google.com/bot.html)"
66.249.69.167 - - [22/Oct/2024:22:55:00 +0800] "GET /icons/alert.black.png HTTP/1.1" 200 293 "-" "Googlebot-Image/1.0"
66.249.69.165 - - [22/Oct/2024:23:00:17 +0800] "GET /robots.txt HTTP/1.1" 404 1052 "-" "Mozilla/5.0 (compatible; Googlebot/2.1; +http://www.google.com/bot.html)"
66.249.69.165 - - [22/Oct/2024:23:00:17 +0800] "GET /icons/movie.png HTTP/1.1" 200 272 "-" "Googlebot-Image/1.0"
116.179.32.39 - - [22/Oct/2024:23:04:11 +0800] "GET /logs/access_20230730.log HTTP/1.1" 200 11631 "-" "Mozilla/5.0 (compatible; Baiduspider/2.0; +http://www.baidu.com/search/spider.html)"
52.47.209.74 - - [22/Oct/2024:23:08:20 +0800] "POST /ss.php HTTP/1.1" 404 1168 "www.google.com" "Mozlila/5.0 (Linux; Android 7.0; SM-G892A Bulid/NRD90M; wv) AppleWebKit/537.36 (KHTML, like Gecko) Version/4.0 Chrome/60.0.3112.107 Moblie Safari/537.36"
66.249.69.134 - - [22/Oct/2024:23:25:00 +0800] "GET /icons/quill.gif HTTP/1.1" 200 267 "-" "Googlebot-Image/1.0"
66.249.69.134 - - [22/Oct/2024:23:37:18 +0800] "GET /icons/small/patch.png HTTP/1.1" 200 211 "-" "Googlebot-Image/1.0"
116.179.32.158 - - [22/Oct/2024:23:44:28 +0800] "GET /logs/access_20230815.log HTTP/1.1" 200 11644 "-" "Mozilla/5.0 (compatible; Baiduspider/2.0; +http://www.baidu.com/search/spider.html)"
66.249.69.133 - - [22/Oct/2024:23:55:00 +0800] "GET /icons/small/blank.png HTTP/1.1" 200 100 "-" "Googlebot-Image/1.0"