66.249.79.166 - - [19/Oct/2024:00:13:40 +0800] "GET /icons/small/back.png HTTP/1.1" 200 181 "-" "Googlebot-Image/1.0"
66.249.79.166 - - [19/Oct/2024:00:24:07 +0800] "GET /icons/folder.gif HTTP/1.1" 200 225 "-" "Googlebot-Image/1.0"
66.249.79.167 - - [19/Oct/2024:00:31:24 +0800] "GET /icons/small/text.gif HTTP/1.1" 200 128 "-" "Googlebot-Image/1.0"
66.249.79.166 - - [19/Oct/2024:00:42:26 +0800] "GET /icons/pie4.png HTTP/1.1" 200 258 "-" "Googlebot-Image/1.0"
66.249.79.167 - - [19/Oct/2024:00:49:01 +0800] "GET /icons/broken.gif HTTP/1.1" 200 247 "-" "Googlebot-Image/1.0"
220.181.108.155 - - [19/Oct/2024:00:49:27 +0800] "GET /logs/access_20240324.log HTTP/1.1" 200 10471 "-" "Mozilla/5.0 (compatible; Baiduspider/2.0; +http://www.baidu.com/search/spider.html)"
66.249.79.165 - - [19/Oct/2024:01:01:37 +0800] "GET /icons/back.gif HTTP/1.1" 200 216 "-" "Googlebot-Image/1.0"
66.249.79.165 - - [19/Oct/2024:01:10:12 +0800] "GET /icons/tar.png HTTP/1.1" 200 261 "-" "Googlebot-Image/1.0"
66.249.79.167 - - [19/Oct/2024:01:20:47 +0800] "GET /icons/index.png HTTP/1.1" 200 332 "-" "Googlebot-Image/1.0"
66.249.79.166 - - [19/Oct/2024:01:33:23 +0800] "GET /icons/small/sound.png HTTP/1.1" 200 197 "-" "Googlebot-Image/1.0"
66.249.79.165 - - [19/Oct/2024:01:42:04 +0800] "GET /icons/small/movie.gif HTTP/1.1" 200 134 "-" "Googlebot-Image/1.0"
116.179.32.151 - - [19/Oct/2024:01:42:52 +0800] "GET /logs/?C=N;O=D HTTP/1.1" 200 165106 "-" "Mozilla/5.0 (Linux;u;Android 4.2.2;zh-cn;) AppleWebKit/534.46 (KHTML,like Gecko) Version/5.1 Mobile Safari/10600.6.3 (compatible; Baiduspider/2.0; +http://www.baidu.com/search/spider.html)"
220.181.108.165 - - [19/Oct/2024:01:42:53 +0800] "GET /logs/?C=N;O=D HTTP/1.1" 200 165106 "-" "Mozilla/5.0 (compatible; Baiduspider/2.0; +http://www.baidu.com/search/spider.html)"
40.77.167.68 - - [19/Oct/2024:01:45:33 +0800] "GET /logs/access_20240718.log HTTP/1.1" 200 28761 "-" "Mozilla/5.0 AppleWebKit/537.36 (KHTML, like Gecko; compatible; bingbot/2.0; +http://www.bing.com/bingbot.htm) Chrome/116.0.1938.76 Safari/537.36"
66.249.79.167 - - [19/Oct/2024:01:54:33 +0800] "GET /icons/folder.open.gif HTTP/1.1" 200 242 "-" "Googlebot-Image/1.0"
66.249.79.167 - - [19/Oct/2024:02:03:09 +0800] "GET /logs/access_20240813.log HTTP/1.1" 304 - "-" "Mozilla/5.0 (Linux; Android 6.0.1; Nexus 5X Build/MMB29P) AppleWebKit/537.36 (KHTML, like Gecko) Chrome/129.0.6668.89 Mobile Safari/537.36 (compatible; Googlebot/2.1; +http://www.google.com/bot.html)"
66.249.79.166 - - [19/Oct/2024:02:07:08 +0800] "GET /icons/small/forward.gif HTTP/1.1" 200 125 "-" "Googlebot-Image/1.0"
66.249.79.165 - - [19/Oct/2024:02:11:52 +0800] "GET /icons/small/generic.gif HTTP/1.1" 200 116 "-" "Googlebot-Image/1.0"
40.77.167.73 - - [19/Oct/2024:02:13:46 +0800] "GET /logs/access_20240618.log HTTP/1.1" 200 22127 "-" "Mozilla/5.0 AppleWebKit/537.36 (KHTML, like Gecko; compatible; bingbot/2.0; +http://www.bing.com/bingbot.htm) Chrome/116.0.1938.76 Safari/537.36"
66.249.79.166 - - [19/Oct/2024:02:31:08 +0800] "GET /robots.txt HTTP/1.1" 404 1052 "-" "Mozilla/5.0 (compatible; Googlebot/2.1; +http://www.google.com/bot.html)"
66.249.79.167 - - [19/Oct/2024:02:31:08 +0800] "GET /icons/small/uu.gif HTTP/1.1" 200 125 "-" "Googlebot-Image/1.0"
66.249.79.165 - - [19/Oct/2024:02:36:59 +0800] "GET /icons/odf6otp.png HTTP/1.1" 200 1017 "-" "Googlebot-Image/1.0"
66.249.79.165 - - [19/Oct/2024:02:42:44 +0800] "GET /icons/small/back.gif HTTP/1.1" 200 129 "-" "Googlebot-Image/1.0"
66.249.79.167 - - [19/Oct/2024:02:49:23 +0800] "GET /icons/small/comp1.gif HTTP/1.1" 200 130 "-" "Googlebot-Image/1.0"
66.249.79.166 - - [19/Oct/2024:03:00:52 +0800] "GET /icons/quill.png HTTP/1.1" 200 329 "-" "Googlebot-Image/1.0"
66.249.79.165 - - [19/Oct/2024:03:10:20 +0800] "GET /icons/binary.gif HTTP/1.1" 200 246 "-" "Googlebot-Image/1.0"
93.113.150.24 - - [19/Oct/2024:03:19:25 +0800] "GET /logs/access_20210425.log HTTP/1.1" 404 1052 "-" "Mozilla/5.0 (Windows NT 10.0; Win64; x64; rv:114.0) Gecko/20100101 Firefox/114.0"
93.113.150.24 - - [19/Oct/2024:03:19:26 +0800] "GET / HTTP/1.1" 200 794 "-" "Mozilla/5.0 (Windows NT 10.0; Win64; x64; rv:114.0) Gecko/20100101 Firefox/114.0"
93.113.150.24 - - [19/Oct/2024:03:19:26 +0800] "GET /wp-login.php?action=register HTTP/1.1" 404 1192 "http://ft.kidcastle.com.cn" "Mozilla/5.0 (Windows NT 10.0; Win64; x64; rv:114.0) Gecko/20100101 Firefox/114.0"
66.249.79.165 - - [19/Oct/2024:03:19:49 +0800] "GET /icons/small/doc.gif HTTP/1.1" 200 191 "-" "Googlebot-Image/1.0"
66.249.79.167 - - [19/Oct/2024:03:27:17 +0800] "GET /icons/icon.sheet.png HTTP/1.1" 200 9018 "-" "Googlebot-Image/1.0"
66.249.79.167 - - [19/Oct/2024:03:42:46 +0800] "GET /icons/portal.png HTTP/1.1" 200 319 "-" "Googlebot-Image/1.0"
66.249.79.165 - - [19/Oct/2024:03:52:08 +0800] "GET /icons/odf6oth.png HTTP/1.1" 200 1062 "-" "Googlebot-Image/1.0"
66.249.79.165 - - [19/Oct/2024:04:03:57 +0800] "GET /icons/pie7.gif HTTP/1.1" 200 185 "-" "Googlebot-Image/1.0"
66.249.79.167 - - [19/Oct/2024:04:14:42 +0800] "GET /icons/comp.blue.png HTTP/1.1" 200 330 "-" "Googlebot-Image/1.0"
66.249.79.166 - - [19/Oct/2024:04:19:36 +0800] "GET /icons/small/doc.png HTTP/1.1" 200 222 "-" "Googlebot-Image/1.0"
66.249.79.165 - - [19/Oct/2024:04:36:32 +0800] "GET /icons/pdf.gif HTTP/1.1" 200 249 "-" "Googlebot-Image/1.0"
66.249.79.165 - - [19/Oct/2024:04:41:26 +0800] "GET /icons/small/binary.png HTTP/1.1" 200 172 "-" "Googlebot-Image/1.0"
66.249.79.167 - - [19/Oct/2024:04:45:21 +0800] "GET /icons/diskimg.gif HTTP/1.1" 200 167 "-" "Googlebot-Image/1.0"
66.249.79.165 - - [19/Oct/2024:04:49:16 +0800] "GET /icons/comp.blue.gif HTTP/1.1" 200 251 "-" "Googlebot-Image/1.0"
66.249.79.166 - - [19/Oct/2024:04:53:11 +0800] "GET /icons/odf6ods.png HTTP/1.1" 200 971 "-" "Googlebot-Image/1.0"
66.249.79.167 - - [19/Oct/2024:04:59:19 +0800] "GET /icons/script.png HTTP/1.1" 200 290 "-" "Googlebot-Image/1.0"
66.249.79.167 - - [19/Oct/2024:05:10:09 +0800] "GET /icons/small/comp2.gif HTTP/1.1" 200 131 "-" "Googlebot-Image/1.0"
66.249.79.167 - - [19/Oct/2024:05:18:03 +0800] "GET /icons/hand.up.png HTTP/1.1" 200 304 "-" "Googlebot-Image/1.0"
66.249.79.166 - - [19/Oct/2024:05:22:12 +0800] "GET /app/app/ueditor/dialogs/video/images/icons.gif HTTP/1.1" 404 1052 "-" "Googlebot-Image/1.0"
66.249.79.166 - - [19/Oct/2024:05:38:37 +0800] "GET /icons/small/generic3.gif HTTP/1.1" 200 113 "-" "Googlebot-Image/1.0"
66.249.79.167 - - [19/Oct/2024:05:51:43 +0800] "GET /icons/screw2.png HTTP/1.1" 200 333 "-" "Googlebot-Image/1.0"
66.249.79.166 - - [19/Oct/2024:06:10:06 +0800] "GET /icons/odf6odc.png HTTP/1.1" 200 1000 "-" "Googlebot-Image/1.0"
116.179.32.25 - - [19/Oct/2024:06:16:12 +0800] "GET /logs/access_20241019.log HTTP/1.1" 200 6658 "-" "Mozilla/5.0 (compatible; Baiduspider/2.0; +http://www.baidu.com/search/spider.html)"
220.181.108.176 - - [19/Oct/2024:06:16:12 +0800] "GET /logs/access_20241014.log HTTP/1.1" 200 36685 "-" "Mozilla/5.0 (compatible; Baiduspider/2.0; +http://www.baidu.com/search/spider.html)"
116.179.32.206 - - [19/Oct/2024:06:16:12 +0800] "GET /logs/access_20241017.log HTTP/1.1" 200 14848 "-" "Mozilla/5.0 (compatible; Baiduspider/2.0; +http://www.baidu.com/search/spider.html)"
116.179.32.196 - - [19/Oct/2024:06:16:12 +0800] "GET /logs/access_20241013.log HTTP/1.1" 200 21142 "-" "Mozilla/5.0 (compatible; Baiduspider/2.0; +http://www.baidu.com/search/spider.html)"
220.181.108.144 - - [19/Oct/2024:06:16:13 +0800] "GET /logs/access_20241012.log HTTP/1.1" 200 183432 "-" "Mozilla/5.0 (compatible; Baiduspider/2.0; +http://www.baidu.com/search/spider.html)"
66.249.79.165 - - [19/Oct/2024:06:22:15 +0800] "GET /icons/unknown.png HTTP/1.1" 200 307 "-" "Googlebot-Image/1.0"
40.77.167.16 - - [19/Oct/2024:06:22:57 +0800] "GET /logs/access_20221130.log HTTP/1.1" 200 27877 "-" "Mozilla/5.0 AppleWebKit/537.36 (KHTML, like Gecko; compatible; bingbot/2.0; +http://www.bing.com/bingbot.htm) Chrome/116.0.1938.76 Safari/537.36"
66.249.79.167 - - [19/Oct/2024:06:34:35 +0800] "GET /icons/compressed.gif HTTP/1.1" 200 1038 "-" "Googlebot-Image/1.0"
66.249.79.166 - - [19/Oct/2024:06:37:55 +0800] "GET /icons/pie3.png HTTP/1.1" 200 276 "-" "Googlebot-Image/1.0"
220.181.108.166 - - [19/Oct/2024:06:39:49 +0800] "GET /logs/access_20241015.log HTTP/1.1" 200 16315 "-" "Mozilla/5.0 (compatible; Baiduspider/2.0; +http://www.baidu.com/search/spider.html)"
66.249.79.167 - - [19/Oct/2024:06:42:15 +0800] "GET /icons/f.png HTTP/1.1" 200 296 "-" "Googlebot-Image/1.0"
66.249.79.165 - - [19/Oct/2024:06:48:35 +0800] "GET /icons/box1.gif HTTP/1.1" 200 251 "-" "Googlebot-Image/1.0"
66.249.79.165 - - [19/Oct/2024:06:51:55 +0800] "GET /icons/transfer.png HTTP/1.1" 200 334 "-" "Googlebot-Image/1.0"
66.249.79.167 - - [19/Oct/2024:06:59:15 +0800] "GET /icons/uuencoded.png HTTP/1.1" 200 296 "-" "Googlebot-Image/1.0"
116.179.32.149 - - [19/Oct/2024:07:03:25 +0800] "GET /logs/access_20241018.log HTTP/1.1" 200 17708 "-" "Mozilla/5.0 (compatible; Baiduspider/2.0; +http://www.baidu.com/search/spider.html)"
66.249.79.167 - - [19/Oct/2024:07:03:35 +0800] "GET /app/system/web/user/templates/met/img/loading.gif HTTP/1.1" 404 1052 "-" "Googlebot-Image/1.0"
66.249.79.166 - - [19/Oct/2024:07:07:55 +0800] "GET /icons/alert.red.gif HTTP/1.1" 200 247 "-" "Googlebot-Image/1.0"
66.249.79.167 - - [19/Oct/2024:07:12:16 +0800] "GET /icons/dvi.gif HTTP/1.1" 200 238 "-" "Googlebot-Image/1.0"
66.249.79.167 - - [19/Oct/2024:07:16:35 +0800] "GET /icons/small/image2.png HTTP/1.1" 200 203 "-" "Googlebot-Image/1.0"
66.249.79.165 - - [19/Oct/2024:07:20:26 +0800] "GET /logs/access_20240531.log HTTP/1.1" 200 21534 "-" "Mozilla/5.0 (Linux; Android 6.0.1; Nexus 5X Build/MMB29P) AppleWebKit/537.36 (KHTML, like Gecko) Chrome/129.0.6668.89 Mobile Safari/537.36 (compatible; Googlebot/2.1; +http://www.google.com/bot.html)"
66.249.79.167 - - [19/Oct/2024:07:26:15 +0800] "GET /icons/folder.open.png HTTP/1.1" 200 332 "-" "Googlebot-Image/1.0"
116.179.32.19 - - [19/Oct/2024:07:27:02 +0800] "GET /logs/access_20240224.log HTTP/1.1" 200 5428 "-" "Mozilla/5.0 (compatible; Baiduspider/2.0; +http://www.baidu.com/search/spider.html)"
66.249.79.166 - - [19/Oct/2024:07:29:35 +0800] "GET /icons/small/folder.png HTTP/1.1" 200 196 "-" "Googlebot-Image/1.0"
66.249.79.166 - - [19/Oct/2024:07:35:35 +0800] "GET /icons/ps.gif HTTP/1.1" 200 244 "-" "Googlebot-Image/1.0"
66.249.79.165 - - [19/Oct/2024:07:43:16 +0800] "GET /icons/small/continued.gif HTTP/1.1" 200 114 "-" "Googlebot-Image/1.0"
66.249.79.167 - - [19/Oct/2024:07:48:55 +0800] "GET /icons/generic.gif HTTP/1.1" 200 221 "-" "Googlebot-Image/1.0"
116.179.32.101 - - [19/Oct/2024:07:50:39 +0800] "GET /logs/access_20241016.log HTTP/1.1" 200 28009 "-" "Mozilla/5.0 (compatible; Baiduspider/2.0; +http://www.baidu.com/search/spider.html)"
66.249.79.166 - - [19/Oct/2024:07:59:35 +0800] "GET /icons/small/movie.png HTTP/1.1" 200 159 "-" "Googlebot-Image/1.0"
66.249.79.167 - - [19/Oct/2024:08:02:55 +0800] "GET /icons/xml.png HTTP/1.1" 200 1053 "-" "Googlebot-Image/1.0"
66.249.79.166 - - [19/Oct/2024:08:08:55 +0800] "GET /icons/small/binhex.gif HTTP/1.1" 200 131 "-" "Googlebot-Image/1.0"
66.249.79.165 - - [19/Oct/2024:08:20:36 +0800] "GET /icons/blank.png HTTP/1.1" 200 215 "-" "Googlebot-Image/1.0"
66.249.79.167 - - [19/Oct/2024:08:24:15 +0800] "GET /icons/tex.gif HTTP/1.1" 200 251 "-" "Googlebot-Image/1.0"
66.249.79.166 - - [19/Oct/2024:08:27:53 +0800] "GET /icons/pie8.png HTTP/1.1" 200 259 "-" "Googlebot-Image/1.0"
66.249.79.165 - - [19/Oct/2024:08:39:32 +0800] "GET /icons/image1.png HTTP/1.1" 200 325 "-" "Googlebot-Image/1.0"
66.249.79.167 - - [19/Oct/2024:08:42:15 +0800] "GET /icons/small/image2.gif HTTP/1.1" 200 138 "-" "Googlebot-Image/1.0"
66.249.79.167 - - [19/Oct/2024:08:44:54 +0800] "GET /icons/image1.gif HTTP/1.1" 200 274 "-" "Googlebot-Image/1.0"
66.249.79.167 - - [19/Oct/2024:08:50:33 +0800] "GET /icons/sound1.png HTTP/1.1" 200 331 "-" "Googlebot-Image/1.0"
121.229.156.123 - - [19/Oct/2024:08:51:02 +0800] "GET / HTTP/1.1" 200 794 "-" "Sogou web spider/4.0(+http://www.sogou.com/docs/help/webmasters.htm#07)"
66.249.79.165 - - [19/Oct/2024:08:57:11 +0800] "GET /icons/ball.gray.png HTTP/1.1" 200 298 "-" "Googlebot-Image/1.0"
66.249.79.166 - - [19/Oct/2024:09:03:28 +0800] "GET /icons/pie1.gif HTTP/1.1" 200 198 "-" "Googlebot-Image/1.0"
66.249.79.166 - - [19/Oct/2024:09:07:07 +0800] "GET /icons/script.gif HTTP/1.1" 200 242 "-" "Googlebot-Image/1.0"
66.249.79.165 - - [19/Oct/2024:09:15:47 +0800] "GET /icons/image3.png HTTP/1.1" 200 338 "-" "Googlebot-Image/1.0"
66.249.79.165 - - [19/Oct/2024:09:18:26 +0800] "GET /icons/odf6ots.png HTTP/1.1" 200 1010 "-" "Googlebot-Image/1.0"
66.249.79.165 - - [19/Oct/2024:09:25:18 +0800] "GET /icons/tex.png HTTP/1.1" 200 310 "-" "Googlebot-Image/1.0"
66.249.79.165 - - [19/Oct/2024:09:27:57 +0800] "GET /icons/hand.right.gif HTTP/1.1" 200 217 "-" "Googlebot-Image/1.0"
59.82.21.244 - - [19/Oct/2024:09:34:38 +0800] "GET / HTTP/1.1" 200 794 "-" "Mozilla/5.0 (Windows NT 10.0; Win64; x64) AppleWebKit/537.36 (KHTML, like Gecko) Chrome/104.0.1830.112 Safari/537.36"
59.82.21.244 - - [19/Oct/2024:09:34:38 +0800] "GET / HTTP/1.1" 200 794 "-" "Mozilla/5.0 (Windows NT 10.0; Win64; x64) AppleWebKit/537.36 (KHTML, like Gecko) Chrome/88.0.8338.164 Safari/537.36"
59.82.21.244 - - [19/Oct/2024:09:34:38 +0800] "GET /favicon.ico HTTP/1.1" 404 1052 "-" "Mozilla/5.0 (Windows NT 10.0; Win64; x64) AppleWebKit/537.36 (KHTML, like Gecko) Chrome/88.0.8338.164 Safari/537.36"
59.82.21.244 - - [19/Oct/2024:09:34:40 +0800] "GET /?C=N;O=D HTTP/1.1" 200 794 "-" "Mozilla/5.0 (Windows NT 10.0; Win64; x64) AppleWebKit/537.36 (KHTML, like Gecko) Chrome/110.0.2087.23 Safari/537.36"
59.82.21.232 - - [19/Oct/2024:09:34:40 +0800] "GET /?C=M;O=A HTTP/1.1" 200 794 "-" "Mozilla/5.0 (Windows NT 10.0; Win64; x64) AppleWebKit/537.36 (KHTML, like Gecko) Chrome/80.0.8589.117 Safari/537.36"
59.82.21.244 - - [19/Oct/2024:09:34:40 +0800] "GET / HTTP/1.1" 200 794 "-" "Mozilla/5.0 (Windows NT 10.0; Win64; x64) AppleWebKit/537.36 (KHTML, like Gecko) Chrome/96.0.8488.194 Safari/537.36"
59.82.21.232 - - [19/Oct/2024:09:34:40 +0800] "GET / HTTP/1.1" 200 794 "-" "Mozilla/5.0 (Windows NT 10.0; Win64; x64) AppleWebKit/537.36 (KHTML, like Gecko) Chrome/92.0.8372.138 Safari/537.36"
59.82.21.244 - - [19/Oct/2024:09:34:40 +0800] "GET /favicon.ico HTTP/1.1" 404 1052 "-" "Mozilla/5.0 (Windows NT 10.0; Win64; x64) AppleWebKit/537.36 (KHTML, like Gecko) Chrome/96.0.8488.194 Safari/537.36"
59.82.21.232 - - [19/Oct/2024:09:34:40 +0800] "GET /favicon.ico HTTP/1.1" 404 1052 "-" "Mozilla/5.0 (Windows NT 10.0; Win64; x64) AppleWebKit/537.36 (KHTML, like Gecko) Chrome/92.0.8372.138 Safari/537.36"
59.82.21.244 - - [19/Oct/2024:09:34:40 +0800] "GET /?C=S;O=A HTTP/1.1" 200 794 "-" "Mozilla/5.0 (Windows NT 10.0; Win64; x64) AppleWebKit/537.36 (KHTML, like Gecko) Chrome/81.0.7063.110 Safari/537.36"
59.82.21.232 - - [19/Oct/2024:09:34:40 +0800] "GET /icons/blank.gif HTTP/1.1" 200 148 "-" "Mozilla/5.0 (Windows NT 10.0; Win64; x64) AppleWebKit/537.36 (KHTML, like Gecko) Chrome/109.0.2152.40 Safari/537.36"
59.82.21.244 - - [19/Oct/2024:09:34:40 +0800] "GET / HTTP/1.1" 200 794 "-" "Mozilla/5.0 (Windows NT 10.0; Win64; x64) AppleWebKit/537.36 (KHTML, like Gecko) Chrome/113.0.9558.98 Safari/537.36"
59.82.21.232 - - [19/Oct/2024:09:34:40 +0800] "GET / HTTP/1.1" 200 794 "-" "Mozilla/5.0 (Windows NT 10.0; Win64; x64) AppleWebKit/537.36 (KHTML, like Gecko) Chrome/108.0.4541.136 Safari/537.36"
59.82.21.244 - - [19/Oct/2024:09:34:40 +0800] "GET /favicon.ico HTTP/1.1" 404 1052 "-" "Mozilla/5.0 (Windows NT 10.0; Win64; x64) AppleWebKit/537.36 (KHTML, like Gecko) Chrome/113.0.9558.98 Safari/537.36"
59.82.21.232 - - [19/Oct/2024:09:34:40 +0800] "GET /favicon.ico HTTP/1.1" 404 1052 "-" "Mozilla/5.0 (Windows NT 10.0; Win64; x64) AppleWebKit/537.36 (KHTML, like Gecko) Chrome/108.0.4541.136 Safari/537.36"
59.82.21.244 - - [19/Oct/2024:09:34:40 +0800] "GET /icons/folder.gif HTTP/1.1" 200 225 "-" "Mozilla/5.0 (Windows NT 10.0; Win64; x64) AppleWebKit/537.36 (KHTML, like Gecko) Chrome/82.0.7478.43 Safari/537.36"
59.82.21.244 - - [19/Oct/2024:09:34:40 +0800] "GET / HTTP/1.1" 200 794 "-" "Mozilla/5.0 (Windows NT 10.0; Win64; x64) AppleWebKit/537.36 (KHTML, like Gecko) Chrome/93.0.7136.175 Safari/537.36"
59.82.21.244 - - [19/Oct/2024:09:34:40 +0800] "GET /favicon.ico HTTP/1.1" 404 1052 "-" "Mozilla/5.0 (Windows NT 10.0; Win64; x64) AppleWebKit/537.36 (KHTML, like Gecko) Chrome/93.0.7136.175 Safari/537.36"
66.249.79.165 - - [19/Oct/2024:09:35:35 +0800] "GET /icons/folder.png HTTP/1.1" 200 295 "-" "Googlebot-Image/1.0"
66.249.79.166 - - [19/Oct/2024:09:38:15 +0800] "GET /icons/small/folder.gif HTTP/1.1" 200 132 "-" "Googlebot-Image/1.0"
66.249.79.165 - - [19/Oct/2024:09:40:53 +0800] "GET /icons/text.png HTTP/1.1" 200 288 "-" "Googlebot-Image/1.0"
66.249.79.166 - - [19/Oct/2024:09:46:32 +0800] "GET /icons/world1.png HTTP/1.1" 200 332 "-" "Googlebot-Image/1.0"
66.249.79.167 - - [19/Oct/2024:09:50:11 +0800] "GET /icons/apache_pb.svg HTTP/1.1" 200 272334 "-" "Googlebot-Image/1.0"
66.249.79.166 - - [19/Oct/2024:09:53:49 +0800] "GET /icons/small/unknown.gif HTTP/1.1" 200 131 "-" "Googlebot-Image/1.0"
66.249.79.165 - - [19/Oct/2024:09:59:06 +0800] "GET /icons/right.png HTTP/1.1" 200 254 "-" "Googlebot-Image/1.0"
191.96.117.159 - - [19/Oct/2024:10:07:03 +0800] "GET /logs/access_20210425.log HTTP/1.1" 404 1052 "-" "Mozilla/5.0 (X11; Ubuntu; Linux x86_64; rv:114.0) Gecko/20100101 Firefox/114.0"
191.96.117.159 - - [19/Oct/2024:10:07:04 +0800] "GET / HTTP/1.1" 200 794 "-" "Mozilla/5.0 (X11; Ubuntu; Linux x86_64; rv:114.0) Gecko/20100101 Firefox/114.0"
191.96.117.159 - - [19/Oct/2024:10:07:05 +0800] "GET /wp-login.php?action=register HTTP/1.1" 404 1192 "http://ft.kidcastle.com.cn" "Mozilla/5.0 (X11; Ubuntu; Linux x86_64; rv:114.0) Gecko/20100101 Firefox/114.0"
66.249.79.165 - - [19/Oct/2024:10:08:24 +0800] "GET /icons/pie2.gif HTTP/1.1" 200 198 "-" "Googlebot-Image/1.0"
52.167.144.189 - - [19/Oct/2024:10:10:24 +0800] "GET /logs/access_20240704.log HTTP/1.1" 200 8111 "-" "Mozilla/5.0 AppleWebKit/537.36 (KHTML, like Gecko; compatible; bingbot/2.0; +http://www.bing.com/bingbot.htm) Chrome/116.0.1938.76 Safari/537.36"
66.249.79.165 - - [19/Oct/2024:10:11:02 +0800] "GET /icons/small/image.gif HTTP/1.1" 200 126 "-" "Googlebot-Image/1.0"
66.249.79.167 - - [19/Oct/2024:10:17:10 +0800] "GET /icons/apache_pb2.gif HTTP/1.1" 200 4234 "-" "Googlebot-Image/1.0"
66.249.79.165 - - [19/Oct/2024:10:17:26 +0800] "GET /logs/access_20240709.log HTTP/1.1" 200 63990 "-" "Mozilla/5.0 (Linux; Android 6.0.1; Nexus 5X Build/MMB29P) AppleWebKit/537.36 (KHTML, like Gecko) Chrome/129.0.6668.89 Mobile Safari/537.36 (compatible; Googlebot/2.1; +http://www.google.com/bot.html)"
66.249.79.167 - - [19/Oct/2024:10:21:17 +0800] "GET /icons/small/continued.png HTTP/1.1" 200 163 "-" "Googlebot-Image/1.0"
66.249.79.165 - - [19/Oct/2024:10:33:35 +0800] "GET /icons/small/unknown.png HTTP/1.1" 200 172 "-" "Googlebot-Image/1.0"
113.215.188.83 - - [19/Oct/2024:10:34:28 +0800] "GET / HTTP/1.1" 200 794 "-" "Mozilla/5.0 (Windows NT 10.0; Win64; x64) AppleWebKit/537.36 (KHTML, like Gecko) Chrome/90.0.3802.192 Safari/537.36"
113.215.188.83 - - [19/Oct/2024:10:34:28 +0800] "GET / HTTP/1.1" 200 794 "-" "Mozilla/5.0 (Windows NT 10.0; Win64; x64) AppleWebKit/537.36 (KHTML, like Gecko) Chrome/83.0.2787.133 Safari/537.36"
113.215.188.83 - - [19/Oct/2024:10:34:28 +0800] "GET /favicon.ico HTTP/1.1" 404 1052 "-" "Mozilla/5.0 (Windows NT 10.0; Win64; x64) AppleWebKit/537.36 (KHTML, like Gecko) Chrome/83.0.2787.133 Safari/537.36"
113.215.188.83 - - [19/Oct/2024:10:34:29 +0800] "GET /?C=M;O=A HTTP/1.1" 200 794 "-" "Mozilla/5.0 (Windows NT 10.0; Win64; x64) AppleWebKit/537.36 (KHTML, like Gecko) Chrome/104.0.6216.111 Safari/537.36"
113.215.188.83 - - [19/Oct/2024:10:34:29 +0800] "GET / HTTP/1.1" 200 794 "-" "Mozilla/5.0 (Windows NT 10.0; Win64; x64) AppleWebKit/537.36 (KHTML, like Gecko) Chrome/91.0.8166.45 Safari/537.36"
113.215.188.83 - - [19/Oct/2024:10:34:29 +0800] "GET /favicon.ico HTTP/1.1" 404 1052 "-" "Mozilla/5.0 (Windows NT 10.0; Win64; x64) AppleWebKit/537.36 (KHTML, like Gecko) Chrome/91.0.8166.45 Safari/537.36"
113.215.188.83 - - [19/Oct/2024:10:34:29 +0800] "GET /?C=N;O=D HTTP/1.1" 200 794 "-" "Mozilla/5.0 (Windows NT 10.0; Win64; x64) AppleWebKit/537.36 (KHTML, like Gecko) Chrome/100.0.5761.181 Safari/537.36"
113.215.188.83 - - [19/Oct/2024:10:34:29 +0800] "GET / HTTP/1.1" 200 794 "-" "Mozilla/5.0 (Windows NT 10.0; Win64; x64) AppleWebKit/537.36 (KHTML, like Gecko) Chrome/85.0.1542.45 Safari/537.36"
113.215.188.83 - - [19/Oct/2024:10:34:29 +0800] "GET /favicon.ico HTTP/1.1" 404 1052 "-" "Mozilla/5.0 (Windows NT 10.0; Win64; x64) AppleWebKit/537.36 (KHTML, like Gecko) Chrome/85.0.1542.45 Safari/537.36"
113.215.188.83 - - [19/Oct/2024:10:34:29 +0800] "GET /?C=S;O=A HTTP/1.1" 200 794 "-" "Mozilla/5.0 (Windows NT 10.0; Win64; x64) AppleWebKit/537.36 (KHTML, like Gecko) Chrome/90.0.2385.13 Safari/537.36"
113.215.188.83 - - [19/Oct/2024:10:34:29 +0800] "GET / HTTP/1.1" 200 794 "-" "Mozilla/5.0 (Windows NT 10.0; Win64; x64) AppleWebKit/537.36 (KHTML, like Gecko) Chrome/93.0.8583.27 Safari/537.36"
113.215.188.83 - - [19/Oct/2024:10:34:29 +0800] "GET /favicon.ico HTTP/1.1" 404 1052 "-" "Mozilla/5.0 (Windows NT 10.0; Win64; x64) AppleWebKit/537.36 (KHTML, like Gecko) Chrome/93.0.8583.27 Safari/537.36"
113.215.188.83 - - [19/Oct/2024:10:34:30 +0800] "GET /icons/blank.gif HTTP/1.1" 200 148 "-" "Mozilla/5.0 (Windows NT 10.0; Win64; x64) AppleWebKit/537.36 (KHTML, like Gecko) Chrome/110.0.4152.18 Safari/537.36"
113.215.188.83 - - [19/Oct/2024:10:34:30 +0800] "GET / HTTP/1.1" 200 794 "-" "Mozilla/5.0 (Windows NT 10.0; Win64; x64) AppleWebKit/537.36 (KHTML, like Gecko) Chrome/106.0.7339.101 Safari/537.36"
113.215.189.164 - - [19/Oct/2024:10:34:30 +0800] "GET /icons/folder.gif HTTP/1.1" 200 225 "-" "Mozilla/5.0 (Windows NT 10.0; Win64; x64) AppleWebKit/537.36 (KHTML, like Gecko) Chrome/96.0.3456.21 Safari/537.36"
113.215.188.83 - - [19/Oct/2024:10:34:30 +0800] "GET /favicon.ico HTTP/1.1" 404 1052 "-" "Mozilla/5.0 (Windows NT 10.0; Win64; x64) AppleWebKit/537.36 (KHTML, like Gecko) Chrome/106.0.7339.101 Safari/537.36"
113.215.189.164 - - [19/Oct/2024:10:34:30 +0800] "GET / HTTP/1.1" 200 794 "-" "Mozilla/5.0 (Windows NT 10.0; Win64; x64) AppleWebKit/537.36 (KHTML, like Gecko) Chrome/98.0.6097.20 Safari/537.36"
113.215.189.164 - - [19/Oct/2024:10:34:30 +0800] "GET /favicon.ico HTTP/1.1" 404 1052 "-" "Mozilla/5.0 (Windows NT 10.0; Win64; x64) AppleWebKit/537.36 (KHTML, like Gecko) Chrome/98.0.6097.20 Safari/537.36"
66.249.79.167 - - [19/Oct/2024:10:37:11 +0800] "GET /icons/odf6odf.png HTTP/1.1" 200 1047 "-" "Googlebot-Image/1.0"
66.249.79.165 - - [19/Oct/2024:10:44:55 +0800] "GET /icons/generic.sec.png HTTP/1.1" 200 295 "-" "Googlebot-Image/1.0"
66.249.79.165 - - [19/Oct/2024:10:51:05 +0800] "GET /icons/small/generic2.gif HTTP/1.1" 200 127 "-" "Googlebot-Image/1.0"
66.249.79.166 - - [19/Oct/2024:10:56:17 +0800] "GET /icons/patch.png HTTP/1.1" 200 310 "-" "Googlebot-Image/1.0"
66.249.79.167 - - [19/Oct/2024:11:23:20 +0800] "GET /icons/pie5.png HTTP/1.1" 200 277 "-" "Googlebot-Image/1.0"
66.249.79.166 - - [19/Oct/2024:11:37:28 +0800] "GET /logs/access_20230116.log HTTP/1.1" 200 10984 "-" "Mozilla/5.0 (Linux; Android 6.0.1; Nexus 5X Build/MMB29P) AppleWebKit/537.36 (KHTML, like Gecko) Chrome/129.0.6668.89 Mobile Safari/537.36 (compatible; Googlebot/2.1; +http://www.google.com/bot.html)"
52.167.144.168 - - [19/Oct/2024:13:02:23 +0800] "GET /logs/access_20231106.log HTTP/1.1" 304 - "-" "Mozilla/5.0 AppleWebKit/537.36 (KHTML, like Gecko; compatible; bingbot/2.0; +http://www.bing.com/bingbot.htm) Chrome/116.0.1938.76 Safari/537.36"
66.249.79.167 - - [19/Oct/2024:14:22:22 +0800] "GET /logs/access_20221128.log HTTP/1.1" 304 - "-" "Mozilla/5.0 (Linux; Android 6.0.1; Nexus 5X Build/MMB29P) AppleWebKit/537.36 (KHTML, like Gecko) Chrome/129.0.6668.89 Mobile Safari/537.36 (compatible; Googlebot/2.1; +http://www.google.com/bot.html)"
40.77.167.28 - - [19/Oct/2024:14:48:03 +0800] "GET /logs/access_20240910.log HTTP/1.1" 200 39342 "-" "Mozilla/5.0 AppleWebKit/537.36 (KHTML, like Gecko; compatible; bingbot/2.0; +http://www.bing.com/bingbot.htm) Chrome/116.0.1938.76 Safari/537.36"
114.119.144.51 - - [19/Oct/2024:17:05:09 +0800] "GET /robots.txt HTTP/1.1" 404 1052 "-" "Mozilla/5.0 (compatible;PetalBot;+https://webmaster.petalsearch.com/site/petalbot)"
156.253.170.219 - - [19/Oct/2024:17:49:00 +0800] "GET /logs/access_20210425.log HTTP/1.1" 404 1052 "-" "Mozilla/5.0 (Macintosh; Intel Mac OS X 12_5) AppleWebKit/605.1.15 (KHTML, like Gecko) Version/15.4 Safari/605.1.15"
156.253.170.219 - - [19/Oct/2024:17:49:01 +0800] "GET / HTTP/1.1" 200 794 "-" "Mozilla/5.0 (Macintosh; Intel Mac OS X 12_5) AppleWebKit/605.1.15 (KHTML, like Gecko) Version/15.4 Safari/605.1.15"
156.253.170.219 - - [19/Oct/2024:17:49:02 +0800] "GET /?C=M;O=A HTTP/1.1" 200 794 "http://ft.kidcastle.com.cn" "Mozilla/5.0 (Macintosh; Intel Mac OS X 12_5) AppleWebKit/605.1.15 (KHTML, like Gecko) Version/15.4 Safari/605.1.15"
220.181.108.83 - - [19/Oct/2024:19:22:32 +0800] "GET /logs/access_20231130.log HTTP/1.1" 200 8967 "-" "Mozilla/5.0 (compatible; Baiduspider/2.0; +http://www.baidu.com/search/spider.html)"
220.181.51.120 - - [19/Oct/2024:19:22:32 +0800] "GET /robots.txt HTTP/1.1" 404 1052 "-" "Mozilla/5.0 (Windows NT 10.0; WOW64) AppleWebKit/537.36 (KHTML, like Gecko) Chrome/48.0.2564.116 Safari/537.36"
220.181.51.116 - - [19/Oct/2024:19:22:32 +0800] "GET /robots.txt HTTP/1.1" 404 1052 "-" "Mozilla/5.0 (Windows NT 10.0; WOW64) AppleWebKit/537.36 (KHTML, like Gecko) Chrome/48.0.2564.116 Safari/537.36"
222.186.171.224 - - [19/Oct/2024:19:51:55 +0800] "GET / HTTP/1.1" 200 794 "-" "Mozilla/4.0 (compatible; MSIE 7.0; Windows NT 5.1; TencentTraveler ; EmbeddedWB 14.52 from: http://www.bsalsa.com/ EmbeddedWB 14.52; .NET CLR 2.0.50727; InfoPath.2; .NET CLR 3.0.04506.30; .NET CLR 3.0.04506.590; .NET CLR 3.0.04506.648; .NET CLR 3.5.21022)"
222.186.171.224 - - [19/Oct/2024:19:51:55 +0800] "GET / HTTP/1.1" 200 794 "-" "Mozilla/5.0 (Windows NT 6.1; WOW64) AppleWebKit/537.36 (KHTML, like Gecko) Chrome/50.0.2661.102 Safari/537.36"
222.186.171.224 - - [19/Oct/2024:19:51:55 +0800] "GET / HTTP/1.1" 200 794 "-" "Mozilla/5.0 (Windows NT 6.1; WOW64) AppleWebKit/537.36 (KHTML, like Gecko) Chrome/50.0.2661.102 Safari/537.36"
66.249.66.32 - - [19/Oct/2024:20:59:24 +0800] "GET /robots.txt HTTP/1.1" 404 1052 "-" "Mozilla/5.0 (compatible; Googlebot/2.1; +http://www.google.com/bot.html)"
66.249.66.34 - - [19/Oct/2024:20:59:24 +0800] "GET /logs/access_20230219.log HTTP/1.1" 304 - "-" "Mozilla/5.0 (Linux; Android 6.0.1; Nexus 5X Build/MMB29P) AppleWebKit/537.36 (KHTML, like Gecko) Chrome/129.0.6668.89 Mobile Safari/537.36 (compatible; Googlebot/2.1; +http://www.google.com/bot.html)"
203.86.239.24 - - [19/Oct/2024:22:16:26 +0800] "GET //asd2asd HTTP/1.1" 404 1052 "-" "Mozilla/5.0 (Macintosh; Intel Mac OS X 10_12_3) AppleWebKit/537.36 (KHTML, like Gecko) Chrome/56.0.2924.87 Safari/537.36"