66.249.66.32 - - [14/Oct/2024:00:19:41 +0800] "GET /icons/broken.png HTTP/1.1" 200 320 "-" "Googlebot-Image/1.0"
66.249.66.34 - - [14/Oct/2024:00:47:17 +0800] "GET /logs/access_20230921.log HTTP/1.1" 200 16943 "-" "Mozilla/5.0 (Linux; Android 6.0.1; Nexus 5X Build/MMB29P) AppleWebKit/537.36 (KHTML, like Gecko) Chrome/129.0.6668.89 Mobile Safari/537.36 (compatible; Googlebot/2.1; +http://www.google.com/bot.html)"
66.249.66.33 - - [14/Oct/2024:00:48:41 +0800] "GET /icons/apache_pb.png HTTP/1.1" 200 9691 "-" "Googlebot-Image/1.0"
40.77.167.101 - - [14/Oct/2024:01:19:59 +0800] "GET /robots.txt HTTP/1.1" 404 1052 "-" "Mozilla/5.0 AppleWebKit/537.36 (KHTML, like Gecko; compatible; bingbot/2.0; +http://www.bing.com/bingbot.htm) Chrome/116.0.1938.76 Safari/537.36"
40.77.167.46 - - [14/Oct/2024:01:20:06 +0800] "GET /logs/access_20231116.log HTTP/1.1" 304 - "-" "Mozilla/5.0 AppleWebKit/537.36 (KHTML, like Gecko; compatible; bingbot/2.0; +http://www.bing.com/bingbot.htm) Chrome/116.0.1938.76 Safari/537.36"
66.249.66.33 - - [14/Oct/2024:01:23:41 +0800] "GET /icons/small/rainbow.gif HTTP/1.1" 200 3811 "-" "Googlebot-Image/1.0"
66.249.66.33 - - [14/Oct/2024:01:47:11 +0800] "GET /icons/ball.red.gif HTTP/1.1" 200 205 "-" "Googlebot-Image/1.0"
66.249.66.33 - - [14/Oct/2024:02:08:41 +0800] "GET /icons/small/tar.gif HTTP/1.1" 200 132 "-" "Googlebot-Image/1.0"
87.120.84.238 - - [14/Oct/2024:02:11:01 +0800] "GET /logs/access_20210425.log HTTP/1.0" 404 1242 "http://ft.kidcastle.com.cn/logs/access_20210425.log" "Mozilla/5.0 (Windows NT 6.1; Win64; x64) AppleWebKit/537.36 (KHTML, like Gecko) Chrome/103.0.5060.66 Safari/537.36"
87.120.84.238 - - [14/Oct/2024:02:11:01 +0800] "GET / HTTP/1.0" 200 794 "http://ft.kidcastle.com.cn/" "Mozilla/5.0 (Windows NT 6.1; Win64; x64) AppleWebKit/537.36 (KHTML, like Gecko) Chrome/103.0.5060.66 Safari/537.36"
66.249.66.34 - - [14/Oct/2024:02:31:11 +0800] "GET /icons/small/image.png HTTP/1.1" 200 197 "-" "Googlebot-Image/1.0"
209.58.151.248 - - [14/Oct/2024:02:35:03 +0800] "GET /logs/access_20210425.log HTTP/1.0" 404 1052 "-" "Mozilla/5.0 (X11; Linux x86_64) AppleWebKit/537.36 (KHTML, like Gecko) Chrome/114.0.0.0 Safari/537.36 OPR/89.0.4447.51"
209.58.151.248 - - [14/Oct/2024:02:35:04 +0800] "GET / HTTP/1.1" 200 794 "-" "Mozilla/5.0 (X11; Linux x86_64) AppleWebKit/537.36 (KHTML, like Gecko) Chrome/114.0.0.0 Safari/537.36 OPR/89.0.4447.51"
209.58.151.248 - - [14/Oct/2024:02:35:09 +0800] "GET /?C=M;O=A HTTP/1.1" 200 794 "http://ft.kidcastle.com.cn" "Mozilla/5.0 (X11; Linux x86_64) AppleWebKit/537.36 (KHTML, like Gecko) Chrome/114.0.0.0 Safari/537.36 OPR/89.0.4447.51"
66.249.66.33 - - [14/Oct/2024:02:54:41 +0800] "GET /icons/small/sound2.gif HTTP/1.1" 200 119 "-" "Googlebot-Image/1.0"
66.249.66.32 - - [14/Oct/2024:03:15:42 +0800] "GET /icons/pie0.gif HTTP/1.1" 200 188 "-" "Googlebot-Image/1.0"
66.249.66.32 - - [14/Oct/2024:03:22:07 +0800] "GET /icons/left.gif HTTP/1.1" 200 172 "-" "Googlebot-Image/1.0"
66.249.66.33 - - [14/Oct/2024:03:33:15 +0800] "GET /icons/screw1.png HTTP/1.1" 200 328 "-" "Googlebot-Image/1.0"
220.181.108.165 - - [14/Oct/2024:03:35:39 +0800] "GET /logs/access_20240811.log HTTP/1.1" 304 - "-" "Mozilla/5.0 (compatible; Baiduspider/2.0; +http://www.baidu.com/search/spider.html)"
66.249.66.33 - - [14/Oct/2024:03:45:07 +0800] "GET /icons/down.gif HTTP/1.1" 200 163 "-" "Googlebot-Image/1.0"
66.249.66.33 - - [14/Oct/2024:03:58:58 +0800] "GET /icons/pie3.gif HTTP/1.1" 200 191 "-" "Googlebot-Image/1.0"
146.196.110.13 - - [14/Oct/2024:04:03:00 +0800] "GET /logs/access_20210425.log HTTP/1.1" 404 1052 "-" "Mozilla/5.0 (X11; Linux x86_64) AppleWebKit/537.36 (KHTML, like Gecko) Chrome/114.0.0.0 Safari/537.36 OPR/89.0.4447.51"
146.196.110.13 - - [14/Oct/2024:04:03:01 +0800] "GET / HTTP/1.1" 200 794 "-" "Mozilla/5.0 (X11; Linux x86_64) AppleWebKit/537.36 (KHTML, like Gecko) Chrome/114.0.0.0 Safari/537.36 OPR/89.0.4447.51"
146.196.110.13 - - [14/Oct/2024:04:03:01 +0800] "GET /?C=M;O=A HTTP/1.1" 200 794 "http://ft.kidcastle.com.cn" "Mozilla/5.0 (X11; Linux x86_64) AppleWebKit/537.36 (KHTML, like Gecko) Chrome/114.0.0.0 Safari/537.36 OPR/89.0.4447.51"
66.249.66.33 - - [14/Oct/2024:04:10:50 +0800] "GET /icons/ball.red.png HTTP/1.1" 200 289 "-" "Googlebot-Image/1.0"
66.249.66.32 - - [14/Oct/2024:04:23:41 +0800] "GET /icons/apache_pb2.png HTTP/1.1" 200 10401 "-" "Googlebot-Image/1.0"
220.181.108.145 - - [14/Oct/2024:04:29:49 +0800] "GET /logs/access_20230822.log HTTP/1.1" 200 21177 "-" "Mozilla/5.0 (compatible; Baiduspider/2.0; +http://www.baidu.com/search/spider.html)"
66.249.66.33 - - [14/Oct/2024:04:38:33 +0800] "GET /icons/back.png HTTP/1.1" 200 308 "-" "Googlebot-Image/1.0"
66.249.66.34 - - [14/Oct/2024:04:49:24 +0800] "GET /icons/pie4.gif HTTP/1.1" 200 193 "-" "Googlebot-Image/1.0"
66.249.66.32 - - [14/Oct/2024:05:02:19 +0800] "GET /icons/sphere1.gif HTTP/1.1" 200 285 "-" "Googlebot-Image/1.0"
220.181.108.157 - - [14/Oct/2024:05:03:09 +0800] "GET /logs/access_20231228.log HTTP/1.1" 304 - "-" "Mozilla/5.0 (compatible; Baiduspider/2.0; +http://www.baidu.com/search/spider.html)"
66.249.66.32 - - [14/Oct/2024:05:15:07 +0800] "GET /icons/small/forward.png HTTP/1.1" 200 174 "-" "Googlebot-Image/1.0"
116.179.32.113 - - [14/Oct/2024:05:36:29 +0800] "GET /logs/access_20240916.log HTTP/1.1" 304 - "-" "Mozilla/5.0 (compatible; Baiduspider/2.0; +http://www.baidu.com/search/spider.html)"
66.249.66.32 - - [14/Oct/2024:05:37:37 +0800] "GET /icons/forward.gif HTTP/1.1" 200 219 "-" "Googlebot-Image/1.0"
87.120.84.238 - - [14/Oct/2024:05:59:51 +0800] "GET /logs/access_20210425.log HTTP/1.1" 404 1052 "-" "Mozilla/5.0 (Windows NT 10.0; WOW64; x64) AppleWebKit/537.36 (KHTML, like Gecko) Chrome/114.0.0.0 Safari/537.36 OPR/89.0.4447.51"
87.120.84.238 - - [14/Oct/2024:05:59:52 +0800] "GET / HTTP/1.1" 200 794 "-" "Mozilla/5.0 (Windows NT 10.0; WOW64; x64) AppleWebKit/537.36 (KHTML, like Gecko) Chrome/114.0.0.0 Safari/537.36 OPR/89.0.4447.51"
104.238.50.200 - - [14/Oct/2024:05:59:56 +0800] "GET /wp-login.php?action=register HTTP/1.1" 404 1192 "http://ft.kidcastle.com.cn" "Mozilla/5.0 (Windows NT 10.0; WOW64; x64) AppleWebKit/537.36 (KHTML, like Gecko) Chrome/114.0.0.0 Safari/537.36 OPR/89.0.4447.51"
66.249.66.33 - - [14/Oct/2024:06:00:07 +0800] "GET /icons/down.png HTTP/1.1" 200 256 "-" "Googlebot-Image/1.0"
66.249.66.33 - - [14/Oct/2024:06:22:37 +0800] "GET /icons/movie.gif HTTP/1.1" 200 243 "-" "Googlebot-Image/1.0"
66.249.66.32 - - [14/Oct/2024:06:46:07 +0800] "GET /icons/odf6oti.png HTTP/1.1" 200 1107 "-" "Googlebot-Image/1.0"
66.249.66.34 - - [14/Oct/2024:07:08:37 +0800] "GET /icons/sound2.png HTTP/1.1" 200 315 "-" "Googlebot-Image/1.0"
87.120.84.238 - - [14/Oct/2024:07:16:55 +0800] "GET /logs/access_20210425.log HTTP/1.0" 404 1242 "http://ft.kidcastle.com.cn/logs/access_20210425.log" "Mozilla/5.0 (Windows NT 6.1; Win64; x64) AppleWebKit/537.36 (KHTML, like Gecko) Chrome/103.0.5060.66 Safari/537.36"
87.120.84.238 - - [14/Oct/2024:07:16:55 +0800] "GET / HTTP/1.0" 200 794 "http://ft.kidcastle.com.cn/" "Mozilla/5.0 (Windows NT 6.1; Win64; x64) AppleWebKit/537.36 (KHTML, like Gecko) Chrome/103.0.5060.66 Safari/537.36"
66.249.66.34 - - [14/Oct/2024:07:23:37 +0800] "GET /icons/box2.gif HTTP/1.1" 200 268 "-" "Googlebot-Image/1.0"
66.249.66.34 - - [14/Oct/2024:07:38:37 +0800] "GET /icons/burst.gif HTTP/1.1" 200 235 "-" "Googlebot-Image/1.0"
66.249.66.34 - - [14/Oct/2024:07:38:37 +0800] "GET /robots.txt HTTP/1.1" 404 1052 "-" "Mozilla/5.0 (compatible; Googlebot/2.1; +http://www.google.com/bot.html)"
66.249.66.32 - - [14/Oct/2024:07:52:37 +0800] "GET /icons/apache_pb.gif HTTP/1.1" 200 4463 "-" "Googlebot-Image/1.0"
66.249.66.34 - - [14/Oct/2024:08:08:37 +0800] "GET /icons/small/comp2.png HTTP/1.1" 200 215 "-" "Googlebot-Image/1.0"
66.249.66.32 - - [14/Oct/2024:08:22:37 +0800] "GET /icons/comp.gray.gif HTTP/1.1" 200 246 "-" "Googlebot-Image/1.0"
114.250.44.241 - - [14/Oct/2024:08:36:21 +0800] "GET / HTTP/1.1" 200 794 "-" "Mozilla/5.0 (Macintosh; Intel Mac OS X 10_15_1) AppleWebKit/537.36 (KHTML, like Gecko) Chrome/95.0.4638.54 Safari/537.36"
114.250.44.241 - - [14/Oct/2024:08:36:21 +0800] "GET /icons/blank.gif HTTP/1.1" 200 148 "http://ft.kidcastle.com.cn/" "Mozilla/5.0 (Macintosh; Intel Mac OS X 10_15_1) AppleWebKit/537.36 (KHTML, like Gecko) Chrome/95.0.4638.54 Safari/537.36"
114.250.44.241 - - [14/Oct/2024:08:36:21 +0800] "GET /icons/folder.gif HTTP/1.1" 200 225 "http://ft.kidcastle.com.cn/" "Mozilla/5.0 (Macintosh; Intel Mac OS X 10_15_1) AppleWebKit/537.36 (KHTML, like Gecko) Chrome/95.0.4638.54 Safari/537.36"
66.249.66.34 - - [14/Oct/2024:08:37:37 +0800] "GET /icons/small/continued.png HTTP/1.1" 200 163 "-" "Googlebot-Image/1.0"
220.181.108.159 - - [14/Oct/2024:08:48:29 +0800] "GET /logs/access_20230102.log HTTP/1.1" 200 26616 "-" "Mozilla/5.0 (compatible; Baiduspider/2.0; +http://www.baidu.com/search/spider.html)"
66.249.66.33 - - [14/Oct/2024:08:52:37 +0800] "GET /icons/small/tar.png HTTP/1.1" 200 173 "-" "Googlebot-Image/1.0"
66.249.66.32 - - [14/Oct/2024:09:07:37 +0800] "GET /icons/small/uu.gif HTTP/1.1" 200 125 "-" "Googlebot-Image/1.0"
113.248.28.51 - - [14/Oct/2024:09:14:58 +0800] "GET / HTTP/1.1" 200 794 "https://www.so.com/link?m=wWDmsdw3weTx%2FPdxdW72gwV3k%2BHUhyWWnGgfJ81WKvCJ7YGEv9Qyw6CPBHID41j%2F7BKmIBLwYD39BTzfmGe5wveWyp%2FkWtam7Z2xh4qPGzO5IW%2Fg8%2FpZbR4cgsoXQuZ2OQOY%2BfOfF9jQDR%2BzpDYikQQ%3D%3D" "Mozilla/5.0 (Windows NT 6.1; WOW64) AppleWebKit/537.36 (KHTML, like Gecko) Chrome/122.0.6261.95 Safari/537.36"
113.248.28.51 - - [14/Oct/2024:09:14:58 +0800] "GET /icons/blank.gif HTTP/1.1" 200 148 "http://ft.kidcastle.com.cn/" "Mozilla/5.0 (Windows NT 6.1; WOW64) AppleWebKit/537.36 (KHTML, like Gecko) Chrome/122.0.6261.95 Safari/537.36"
113.248.28.51 - - [14/Oct/2024:09:14:58 +0800] "GET /icons/folder.gif HTTP/1.1" 200 225 "http://ft.kidcastle.com.cn/" "Mozilla/5.0 (Windows NT 6.1; WOW64) AppleWebKit/537.36 (KHTML, like Gecko) Chrome/122.0.6261.95 Safari/537.36"
113.248.28.51 - - [14/Oct/2024:09:15:01 +0800] "GET /favicon.ico HTTP/1.1" 404 1194 "http://ft.kidcastle.com.cn/" "Mozilla/5.0 (Windows NT 6.1; WOW64) AppleWebKit/537.36 (KHTML, like Gecko) Chrome/122.0.6261.95 Safari/537.36"
66.249.66.34 - - [14/Oct/2024:09:33:20 +0800] "GET /icons/image2.png HTTP/1.1" 200 371 "-" "Googlebot-Image/1.0"
66.249.66.32 - - [14/Oct/2024:09:59:03 +0800] "GET /icons/layout.png HTTP/1.1" 200 323 "-" "Googlebot-Image/1.0"
66.249.66.32 - - [14/Oct/2024:10:24:45 +0800] "GET /icons/hand.right.png HTTP/1.1" 200 311 "-" "Googlebot-Image/1.0"
66.249.66.32 - - [14/Oct/2024:10:50:28 +0800] "GET /icons/small/folder2.png HTTP/1.1" 200 180 "-" "Googlebot-Image/1.0"
191.102.167.131 - - [14/Oct/2024:11:14:09 +0800] "GET /logs/access_20210425.log HTTP/1.0" 404 1052 "-" "Mozilla/5.0 (Macintosh; Intel Mac OS X 12.5; rv:114.0) Gecko/20100101 Firefox/114.0"
191.102.167.131 - - [14/Oct/2024:11:14:10 +0800] "GET / HTTP/1.1" 200 794 "-" "Mozilla/5.0 (Macintosh; Intel Mac OS X 12.5; rv:114.0) Gecko/20100101 Firefox/114.0"
191.102.167.131 - - [14/Oct/2024:11:14:15 +0800] "GET /?C=M;O=A HTTP/1.1" 200 794 "http://ft.kidcastle.com.cn" "Mozilla/5.0 (Macintosh; Intel Mac OS X 12.5; rv:114.0) Gecko/20100101 Firefox/114.0"
66.249.66.33 - - [14/Oct/2024:11:16:11 +0800] "GET /icons/small/generic3.png HTTP/1.1" 200 171 "-" "Googlebot-Image/1.0"
116.179.32.109 - - [14/Oct/2024:11:27:50 +0800] "GET /logs/access_20221126.log HTTP/1.1" 200 19153 "-" "Mozilla/5.0 (compatible; Baiduspider/2.0; +http://www.baidu.com/search/spider.html)"
66.249.66.32 - - [14/Oct/2024:11:37:11 +0800] "GET /icons/pie2.png HTTP/1.1" 200 272 "-" "Googlebot-Image/1.0"
66.249.66.34 - - [14/Oct/2024:11:47:11 +0800] "GET /icons/quill.gif HTTP/1.1" 200 267 "-" "Googlebot-Image/1.0"
66.249.66.32 - - [14/Oct/2024:12:01:11 +0800] "GET /icons/compressed.png HTTP/1.1" 200 1108 "-" "Googlebot-Image/1.0"
66.249.66.33 - - [14/Oct/2024:12:16:11 +0800] "GET /icons/diskimg.png HTTP/1.1" 200 215 "-" "Googlebot-Image/1.0"
66.249.66.33 - - [14/Oct/2024:12:21:58 +0800] "GET /logs/access_20240106.log HTTP/1.1" 200 19219 "-" "Mozilla/5.0 (Linux; Android 6.0.1; Nexus 5X Build/MMB29P) AppleWebKit/537.36 (KHTML, like Gecko) Chrome/129.0.6668.89 Mobile Safari/537.36 (compatible; Googlebot/2.1; +http://www.google.com/bot.html)"
66.249.66.34 - - [14/Oct/2024:12:31:11 +0800] "GET /icons/small/generic.gif HTTP/1.1" 200 116 "-" "Googlebot-Image/1.0"
66.249.66.32 - - [14/Oct/2024:12:46:11 +0800] "GET /icons/odf6ott.png HTTP/1.1" 200 1022 "-" "Googlebot-Image/1.0"
66.249.66.33 - - [14/Oct/2024:13:01:11 +0800] "GET /icons/uu.png HTTP/1.1" 200 296 "-" "Googlebot-Image/1.0"
66.249.66.33 - - [14/Oct/2024:13:16:11 +0800] "GET /icons/movie.png HTTP/1.1" 200 272 "-" "Googlebot-Image/1.0"
66.249.66.32 - - [14/Oct/2024:13:31:30 +0800] "GET /icons/comp.gray.png HTTP/1.1" 200 318 "-" "Googlebot-Image/1.0"
66.249.66.32 - - [14/Oct/2024:13:43:11 +0800] "GET /icons/small/blank.png HTTP/1.1" 200 100 "-" "Googlebot-Image/1.0"
66.249.66.33 - - [14/Oct/2024:13:55:11 +0800] "GET /icons/image2.gif HTTP/1.1" 200 309 "-" "Googlebot-Image/1.0"
220.181.108.112 - - [14/Oct/2024:14:01:59 +0800] "GET /logs/access_20221203.log HTTP/1.1" 200 24645 "-" "Mozilla/5.0 (compatible; Baiduspider/2.0; +http://www.baidu.com/search/spider.html)"
116.179.32.209 - - [14/Oct/2024:14:01:59 +0800] "GET /logs/access_20230415.log HTTP/1.1" 200 9353 "-" "Mozilla/5.0 (compatible; Baiduspider/2.0; +http://www.baidu.com/search/spider.html)"
66.249.66.34 - - [14/Oct/2024:14:07:14 +0800] "GET /icons/pie5.gif HTTP/1.1" 200 189 "-" "Googlebot-Image/1.0"
40.77.167.101 - - [14/Oct/2024:14:13:12 +0800] "GET /robots.txt HTTP/1.1" 404 1052 "-" "Mozilla/5.0 AppleWebKit/537.36 (KHTML, like Gecko; compatible; bingbot/2.0; +http://www.bing.com/bingbot.htm) Chrome/116.0.1938.76 Safari/537.36"
52.167.144.225 - - [14/Oct/2024:14:13:25 +0800] "GET /logs/access_20240626.log HTTP/1.1" 200 54307 "-" "Mozilla/5.0 AppleWebKit/537.36 (KHTML, like Gecko; compatible; bingbot/2.0; +http://www.bing.com/bingbot.htm) Chrome/116.0.1938.76 Safari/537.36"
66.249.66.34 - - [14/Oct/2024:14:20:23 +0800] "GET /icons/sphere2.png HTTP/1.1" 200 339 "-" "Googlebot-Image/1.0"
66.249.66.33 - - [14/Oct/2024:14:31:11 +0800] "GET /icons/small/patch.png HTTP/1.1" 200 211 "-" "Googlebot-Image/1.0"
220.181.108.101 - - [14/Oct/2024:14:35:19 +0800] "GET /logs/access_20221220.log HTTP/1.1" 200 21050 "-" "Mozilla/5.0 (compatible; Baiduspider/2.0; +http://www.baidu.com/search/spider.html)"
66.249.66.32 - - [14/Oct/2024:14:48:52 +0800] "GET /icons/small/binhex.png HTTP/1.1" 200 178 "-" "Googlebot-Image/1.0"
66.249.66.33 - - [14/Oct/2024:14:55:11 +0800] "GET /icons/small/broken.gif HTTP/1.1" 200 139 "-" "Googlebot-Image/1.0"
66.249.66.33 - - [14/Oct/2024:15:07:11 +0800] "GET /icons/hand.up.gif HTTP/1.1" 200 223 "-" "Googlebot-Image/1.0"
66.249.66.33 - - [14/Oct/2024:15:21:11 +0800] "GET /icons/odf6odm.png HTTP/1.1" 200 1060 "-" "Googlebot-Image/1.0"
66.249.66.33 - - [14/Oct/2024:15:24:30 +0800] "GET /logs/access_20221107.log HTTP/1.1" 200 23805 "-" "Mozilla/5.0 (Linux; Android 6.0.1; Nexus 5X Build/MMB29P) AppleWebKit/537.36 (KHTML, like Gecko) Chrome/129.0.6668.89 Mobile Safari/537.36 (compatible; Googlebot/2.1; +http://www.google.com/bot.html)"
66.249.66.34 - - [14/Oct/2024:15:29:46 +0800] "GET /icons/small/index.png HTTP/1.1" 200 225 "-" "Googlebot-Image/1.0"
116.179.32.219 - - [14/Oct/2024:15:30:37 +0800] "GET /logs/access_20221204.log HTTP/1.1" 200 23174 "-" "Mozilla/5.0 (compatible; Baiduspider/2.0; +http://www.baidu.com/search/spider.html)"
66.249.66.34 - - [14/Oct/2024:15:42:22 +0800] "GET /icons/svg.png HTTP/1.1" 200 1010 "-" "Googlebot-Image/1.0"
66.249.66.33 - - [14/Oct/2024:15:50:57 +0800] "GET /icons/world2.png HTTP/1.1" 200 363 "-" "Googlebot-Image/1.0"
66.249.66.33 - - [14/Oct/2024:16:01:32 +0800] "GET /icons/continued.gif HTTP/1.1" 200 214 "-" "Googlebot-Image/1.0"
66.249.66.34 - - [14/Oct/2024:16:12:08 +0800] "GET /icons/generic.sec.png HTTP/1.1" 200 295 "-" "Googlebot-Image/1.0"
66.249.66.32 - - [14/Oct/2024:16:25:43 +0800] "GET /icons/small/back.png HTTP/1.1" 200 181 "-" "Googlebot-Image/1.0"
66.249.66.34 - - [14/Oct/2024:16:33:18 +0800] "GET /icons/broken.gif HTTP/1.1" 200 247 "-" "Googlebot-Image/1.0"
66.249.66.32 - - [14/Oct/2024:16:43:53 +0800] "GET /icons/back.gif HTTP/1.1" 200 216 "-" "Googlebot-Image/1.0"
66.249.66.33 - - [14/Oct/2024:16:54:30 +0800] "GET /logs/access_20240501.log HTTP/1.1" 304 - "-" "Mozilla/5.0 (Linux; Android 6.0.1; Nexus 5X Build/MMB29P) AppleWebKit/537.36 (KHTML, like Gecko) Chrome/129.0.6668.89 Mobile Safari/537.36 (compatible; Googlebot/2.1; +http://www.google.com/bot.html)"
66.249.66.33 - - [14/Oct/2024:16:58:57 +0800] "GET /icons/odf6odf.png HTTP/1.1" 200 1047 "-" "Googlebot-Image/1.0"
66.249.66.32 - - [14/Oct/2024:17:05:04 +0800] "GET /icons/pie4.png HTTP/1.1" 200 258 "-" "Googlebot-Image/1.0"
20.169.253.245 - - [14/Oct/2024:17:14:24 +0800] "GET / HTTP/1.1" 200 794 "-" "Mozilla/5.0 (Windows NT 10.0; Win64; x64) AppleWebKit/537.36 (KHTML, like Gecko) Chrome/125.0.6422.114 Safari/537.36"
20.169.253.245 - - [14/Oct/2024:17:14:25 +0800] "GET /icons/folder.gif HTTP/1.1" 200 225 "http://ft.kidcastle.com.cn/" "Mozilla/5.0 (Windows NT 10.0; Win64; x64) AppleWebKit/537.36 (KHTML, like Gecko) Chrome/125.0.6422.114 Safari/537.36"
20.169.253.245 - - [14/Oct/2024:17:14:25 +0800] "GET /icons/blank.gif HTTP/1.1" 200 148 "http://ft.kidcastle.com.cn/" "Mozilla/5.0 (Windows NT 10.0; Win64; x64) AppleWebKit/537.36 (KHTML, like Gecko) Chrome/125.0.6422.114 Safari/537.36"
20.169.253.245 - - [14/Oct/2024:17:14:55 +0800] "GET /favicon.ico HTTP/1.1" 404 1194 "http://ft.kidcastle.com.cn/" "Mozilla/5.0 (Windows NT 10.0; Win64; x64) AppleWebKit/537.36 (KHTML, like Gecko) Chrome/125.0.6422.114 Safari/537.36"
66.249.66.33 - - [14/Oct/2024:17:17:39 +0800] "GET /icons/small/ps.gif HTTP/1.1" 200 184 "-" "Googlebot-Image/1.0"
66.249.66.34 - - [14/Oct/2024:17:25:39 +0800] "GET /icons/folder.gif HTTP/1.1" 200 225 "-" "Googlebot-Image/1.0"
66.249.66.32 - - [14/Oct/2024:17:36:39 +0800] "GET /icons/index.png HTTP/1.1" 200 332 "-" "Googlebot-Image/1.0"
66.249.66.33 - - [14/Oct/2024:17:47:25 +0800] "GET /icons/small/sound.png HTTP/1.1" 200 197 "-" "Googlebot-Image/1.0"
66.249.66.32 - - [14/Oct/2024:17:57:39 +0800] "GET /icons/uuencoded.png HTTP/1.1" 200 296 "-" "Googlebot-Image/1.0"
66.249.66.32 - - [14/Oct/2024:18:07:39 +0800] "GET /icons/folder.open.gif HTTP/1.1" 200 242 "-" "Googlebot-Image/1.0"
66.249.66.32 - - [14/Oct/2024:18:18:40 +0800] "GET /icons/small/generic3.gif HTTP/1.1" 200 113 "-" "Googlebot-Image/1.0"
217.113.194.192 - - [14/Oct/2024:18:22:57 +0800] "GET /robots.txt HTTP/1.1" 404 1052 "-" "Mozilla/5.0 (compatible; Barkrowler/0.9; +https://babbar.tech/crawler)"
217.113.194.192 - - [14/Oct/2024:18:23:10 +0800] "GET /logs/?C=S;O=A HTTP/1.1" 200 164006 "-" "Mozilla/5.0 (compatible; Barkrowler/0.9; +https://babbar.tech/crawler)"
217.113.194.196 - - [14/Oct/2024:18:23:23 +0800] "GET /logs/error.log HTTP/1.1" 200 511499 "-" "Mozilla/5.0 (compatible; Barkrowler/0.9; +https://babbar.tech/crawler)"
217.113.194.194 - - [14/Oct/2024:18:23:47 +0800] "GET /logs/?C=M;O=D HTTP/1.1" 200 164006 "-" "Mozilla/5.0 (compatible; Barkrowler/0.9; +https://babbar.tech/crawler)"
217.113.194.193 - - [14/Oct/2024:18:23:58 +0800] "GET /logs/?C=N;O=A HTTP/1.1" 200 164006 "-" "Mozilla/5.0 (compatible; Barkrowler/0.9; +https://babbar.tech/crawler)"
217.113.194.197 - - [14/Oct/2024:18:24:08 +0800] "GET /logs/access_20230728.log HTTP/1.1" 200 15701 "-" "Mozilla/5.0 (compatible; Barkrowler/0.9; +https://babbar.tech/crawler)"
217.113.194.199 - - [14/Oct/2024:18:24:19 +0800] "GET /logs/access_20230731.log HTTP/1.1" 200 22337 "-" "Mozilla/5.0 (compatible; Barkrowler/0.9; +https://babbar.tech/crawler)"
217.113.194.196 - - [14/Oct/2024:18:24:29 +0800] "GET /logs/access_20240112.log HTTP/1.1" 200 40592 "-" "Mozilla/5.0 (compatible; Barkrowler/0.9; +https://babbar.tech/crawler)"
217.113.194.201 - - [14/Oct/2024:18:24:41 +0800] "GET /logs/access_20230108.log HTTP/1.1" 304 - "-" "Mozilla/5.0 (compatible; Barkrowler/0.9; +https://babbar.tech/crawler)"
217.113.194.201 - - [14/Oct/2024:18:24:51 +0800] "GET /logs/access_20230706.log HTTP/1.1" 304 - "-" "Mozilla/5.0 (compatible; Barkrowler/0.9; +https://babbar.tech/crawler)"
217.113.194.200 - - [14/Oct/2024:18:25:01 +0800] "GET /logs/access_20230701.log HTTP/1.1" 200 15616 "-" "Mozilla/5.0 (compatible; Barkrowler/0.9; +https://babbar.tech/crawler)"
154.54.249.214 - - [14/Oct/2024:18:25:11 +0800] "GET /logs/access_20230405.log HTTP/1.1" 304 - "-" "Mozilla/5.0 (compatible; Barkrowler/0.9; +https://babbar.tech/crawler)"
217.113.194.199 - - [14/Oct/2024:18:25:20 +0800] "GET /logs/access_20221101.log HTTP/1.1" 304 - "-" "Mozilla/5.0 (compatible; Barkrowler/0.9; +https://babbar.tech/crawler)"
217.113.194.193 - - [14/Oct/2024:18:25:30 +0800] "GET /logs/access_20230210.log HTTP/1.1" 304 - "-" "Mozilla/5.0 (compatible; Barkrowler/0.9; +https://babbar.tech/crawler)"
66.249.66.34 - - [14/Oct/2024:18:25:39 +0800] "GET /icons/tar.png HTTP/1.1" 200 261 "-" "Googlebot-Image/1.0"
217.113.194.198 - - [14/Oct/2024:18:25:45 +0800] "GET /logs/access_20230129.log HTTP/1.1" 304 - "-" "Mozilla/5.0 (compatible; Barkrowler/0.9; +https://babbar.tech/crawler)"
217.113.194.193 - - [14/Oct/2024:18:25:55 +0800] "GET /logs/access_20230909.log HTTP/1.1" 304 - "-" "Mozilla/5.0 (compatible; Barkrowler/0.9; +https://babbar.tech/crawler)"
217.113.194.199 - - [14/Oct/2024:18:26:05 +0800] "GET /logs/access_20230111.log HTTP/1.1" 304 - "-" "Mozilla/5.0 (compatible; Barkrowler/0.9; +https://babbar.tech/crawler)"
217.113.194.200 - - [14/Oct/2024:18:26:14 +0800] "GET /logs/access_20230118.log HTTP/1.1" 304 - "-" "Mozilla/5.0 (compatible; Barkrowler/0.9; +https://babbar.tech/crawler)"
217.113.194.201 - - [14/Oct/2024:18:26:24 +0800] "GET /logs/access_20221028.log HTTP/1.1" 304 - "-" "Mozilla/5.0 (compatible; Barkrowler/0.9; +https://babbar.tech/crawler)"
217.113.194.193 - - [14/Oct/2024:18:26:34 +0800] "GET /logs/access_20230630.log HTTP/1.1" 304 - "-" "Mozilla/5.0 (compatible; Barkrowler/0.9; +https://babbar.tech/crawler)"
217.113.194.194 - - [14/Oct/2024:18:26:44 +0800] "GET /logs/access_20230602.log HTTP/1.1" 304 - "-" "Mozilla/5.0 (compatible; Barkrowler/0.9; +https://babbar.tech/crawler)"
217.113.194.196 - - [14/Oct/2024:18:26:54 +0800] "GET /logs/access_20230609.log HTTP/1.1" 200 7943 "-" "Mozilla/5.0 (compatible; Barkrowler/0.9; +https://babbar.tech/crawler)"
217.113.194.197 - - [14/Oct/2024:18:27:04 +0800] "GET /logs/access_20230608.log HTTP/1.1" 304 - "-" "Mozilla/5.0 (compatible; Barkrowler/0.9; +https://babbar.tech/crawler)"
217.113.194.196 - - [14/Oct/2024:18:27:16 +0800] "GET /logs/access_20230209.log HTTP/1.1" 304 - "-" "Mozilla/5.0 (compatible; Barkrowler/0.9; +https://babbar.tech/crawler)"
217.113.194.199 - - [14/Oct/2024:18:27:29 +0800] "GET /logs/access_20230205.log HTTP/1.1" 304 - "-" "Mozilla/5.0 (compatible; Barkrowler/0.9; +https://babbar.tech/crawler)"
217.113.194.194 - - [14/Oct/2024:18:27:41 +0800] "GET /logs/access_20221112.log HTTP/1.1" 304 - "-" "Mozilla/5.0 (compatible; Barkrowler/0.9; +https://babbar.tech/crawler)"
217.113.194.193 - - [14/Oct/2024:18:28:10 +0800] "GET /logs/access_20230920.log HTTP/1.1" 304 - "-" "Mozilla/5.0 (compatible; Barkrowler/0.9; +https://babbar.tech/crawler)"
217.113.194.197 - - [14/Oct/2024:18:28:19 +0800] "GET /logs/access_20230922.log HTTP/1.1" 304 - "-" "Mozilla/5.0 (compatible; Barkrowler/0.9; +https://babbar.tech/crawler)"
217.113.194.196 - - [14/Oct/2024:18:28:29 +0800] "GET /logs/access_20221125.log HTTP/1.1" 200 26365 "-" "Mozilla/5.0 (compatible; Barkrowler/0.9; +https://babbar.tech/crawler)"
217.113.194.201 - - [14/Oct/2024:18:28:39 +0800] "GET /logs/access_20221019.log HTTP/1.1" 304 - "-" "Mozilla/5.0 (compatible; Barkrowler/0.9; +https://babbar.tech/crawler)"
217.113.194.198 - - [14/Oct/2024:18:28:52 +0800] "GET /logs/access_20221011.log HTTP/1.1" 200 23542 "-" "Mozilla/5.0 (compatible; Barkrowler/0.9; +https://babbar.tech/crawler)"
217.113.194.201 - - [14/Oct/2024:18:29:03 +0800] "GET /logs/access_20221201.log HTTP/1.1" 304 - "-" "Mozilla/5.0 (compatible; Barkrowler/0.9; +https://babbar.tech/crawler)"
217.113.194.199 - - [14/Oct/2024:18:29:13 +0800] "GET /logs/access_20221202.log HTTP/1.1" 304 - "-" "Mozilla/5.0 (compatible; Barkrowler/0.9; +https://babbar.tech/crawler)"
217.113.194.200 - - [14/Oct/2024:18:29:23 +0800] "GET /logs/access_20221206.log HTTP/1.1" 304 - "-" "Mozilla/5.0 (compatible; Barkrowler/0.9; +https://babbar.tech/crawler)"
217.113.194.200 - - [14/Oct/2024:18:29:33 +0800] "GET /logs/access_20221208.log HTTP/1.1" 304 - "-" "Mozilla/5.0 (compatible; Barkrowler/0.9; +https://babbar.tech/crawler)"
217.113.194.193 - - [14/Oct/2024:18:29:43 +0800] "GET /logs/access_20221205.log HTTP/1.1" 304 - "-" "Mozilla/5.0 (compatible; Barkrowler/0.9; +https://babbar.tech/crawler)"
217.113.194.199 - - [14/Oct/2024:18:29:53 +0800] "GET /logs/access_20221226.log HTTP/1.1" 304 - "-" "Mozilla/5.0 (compatible; Barkrowler/0.9; +https://babbar.tech/crawler)"
154.54.249.214 - - [14/Oct/2024:18:30:03 +0800] "GET /logs/access_20221225.log HTTP/1.1" 304 - "-" "Mozilla/5.0 (compatible; Barkrowler/0.9; +https://babbar.tech/crawler)"
217.113.194.192 - - [14/Oct/2024:18:30:14 +0800] "GET /logs/access_20230516.log HTTP/1.1" 304 - "-" "Mozilla/5.0 (compatible; Barkrowler/0.9; +https://babbar.tech/crawler)"
217.113.194.198 - - [14/Oct/2024:18:30:27 +0800] "GET /logs/access_20230326.log HTTP/1.1" 304 - "-" "Mozilla/5.0 (compatible; Barkrowler/0.9; +https://babbar.tech/crawler)"
217.113.194.201 - - [14/Oct/2024:18:30:50 +0800] "GET /logs/access_20230315.log HTTP/1.1" 304 - "-" "Mozilla/5.0 (compatible; Barkrowler/0.9; +https://babbar.tech/crawler)"
217.113.194.193 - - [14/Oct/2024:18:30:59 +0800] "GET /logs/access_20231025.log HTTP/1.1" 304 - "-" "Mozilla/5.0 (compatible; Barkrowler/0.9; +https://babbar.tech/crawler)"
217.113.194.200 - - [14/Oct/2024:18:31:10 +0800] "GET /logs/access_20231022.log HTTP/1.1" 304 - "-" "Mozilla/5.0 (compatible; Barkrowler/0.9; +https://babbar.tech/crawler)"
217.113.194.198 - - [14/Oct/2024:18:31:19 +0800] "GET /logs/access_20231116.log HTTP/1.1" 304 - "-" "Mozilla/5.0 (compatible; Barkrowler/0.9; +https://babbar.tech/crawler)"
217.113.194.198 - - [14/Oct/2024:18:31:29 +0800] "GET /logs/access_20231110.log HTTP/1.1" 304 - "-" "Mozilla/5.0 (compatible; Barkrowler/0.9; +https://babbar.tech/crawler)"
217.113.194.197 - - [14/Oct/2024:18:31:39 +0800] "GET /logs/access_20230416.log HTTP/1.1" 304 - "-" "Mozilla/5.0 (compatible; Barkrowler/0.9; +https://babbar.tech/crawler)"
217.113.194.196 - - [14/Oct/2024:18:31:48 +0800] "GET /logs/access_20230410.log HTTP/1.1" 200 6747 "-" "Mozilla/5.0 (compatible; Barkrowler/0.9; +https://babbar.tech/crawler)"
217.113.194.201 - - [14/Oct/2024:18:31:59 +0800] "GET /logs/access_20221230.log HTTP/1.1" 304 - "-" "Mozilla/5.0 (compatible; Barkrowler/0.9; +https://babbar.tech/crawler)"
154.54.249.214 - - [14/Oct/2024:18:32:08 +0800] "GET /logs/access_20230918.log HTTP/1.1" 304 - "-" "Mozilla/5.0 (compatible; Barkrowler/0.9; +https://babbar.tech/crawler)"
217.113.194.198 - - [14/Oct/2024:18:32:18 +0800] "GET /logs/access_20231030.log HTTP/1.1" 200 8359 "-" "Mozilla/5.0 (compatible; Barkrowler/0.9; +https://babbar.tech/crawler)"
217.113.194.193 - - [14/Oct/2024:18:32:28 +0800] "GET /logs/access_20231003.log HTTP/1.1" 304 - "-" "Mozilla/5.0 (compatible; Barkrowler/0.9; +https://babbar.tech/crawler)"
217.113.194.195 - - [14/Oct/2024:18:32:37 +0800] "GET /logs/access_20230824.log HTTP/1.1" 304 - "-" "Mozilla/5.0 (compatible; Barkrowler/0.9; +https://babbar.tech/crawler)"
217.113.194.199 - - [14/Oct/2024:18:32:50 +0800] "GET /logs/access_20230404.log HTTP/1.1" 304 - "-" "Mozilla/5.0 (compatible; Barkrowler/0.9; +https://babbar.tech/crawler)"
217.113.194.199 - - [14/Oct/2024:18:33:00 +0800] "GET /logs/access_20230407.log HTTP/1.1" 304 - "-" "Mozilla/5.0 (compatible; Barkrowler/0.9; +https://babbar.tech/crawler)"
217.113.194.193 - - [14/Oct/2024:18:33:10 +0800] "GET /logs/access_20230504.log HTTP/1.1" 304 - "-" "Mozilla/5.0 (compatible; Barkrowler/0.9; +https://babbar.tech/crawler)"
217.113.194.194 - - [14/Oct/2024:18:33:20 +0800] "GET /logs/access_20230307.log HTTP/1.1" 304 - "-" "Mozilla/5.0 (compatible; Barkrowler/0.9; +https://babbar.tech/crawler)"
154.54.249.214 - - [14/Oct/2024:18:33:31 +0800] "GET /logs/access_20230217.log HTTP/1.1" 304 - "-" "Mozilla/5.0 (compatible; Barkrowler/0.9; +https://babbar.tech/crawler)"
217.113.194.196 - - [14/Oct/2024:18:33:41 +0800] "GET /logs/access_20230423.log HTTP/1.1" 304 - "-" "Mozilla/5.0 (compatible; Barkrowler/0.9; +https://babbar.tech/crawler)"
217.113.194.197 - - [14/Oct/2024:18:33:51 +0800] "GET /logs/access_20231107.log HTTP/1.1" 304 - "-" "Mozilla/5.0 (compatible; Barkrowler/0.9; +https://babbar.tech/crawler)"
217.113.194.200 - - [14/Oct/2024:18:34:00 +0800] "GET /logs/access_20230127.log HTTP/1.1" 304 - "-" "Mozilla/5.0 (compatible; Barkrowler/0.9; +https://babbar.tech/crawler)"
217.113.194.192 - - [14/Oct/2024:18:34:11 +0800] "GET /logs/access_20230903.log HTTP/1.1" 304 - "-" "Mozilla/5.0 (compatible; Barkrowler/0.9; +https://babbar.tech/crawler)"
217.113.194.200 - - [14/Oct/2024:18:34:21 +0800] "GET /logs/access_20230907.log HTTP/1.1" 304 - "-" "Mozilla/5.0 (compatible; Barkrowler/0.9; +https://babbar.tech/crawler)"
217.113.194.195 - - [14/Oct/2024:18:34:30 +0800] "GET /logs/access_20230807.log HTTP/1.1" 304 - "-" "Mozilla/5.0 (compatible; Barkrowler/0.9; +https://babbar.tech/crawler)"
217.113.194.200 - - [14/Oct/2024:18:34:40 +0800] "GET /logs/access_20221124.log HTTP/1.1" 304 - "-" "Mozilla/5.0 (compatible; Barkrowler/0.9; +https://babbar.tech/crawler)"
217.113.194.199 - - [14/Oct/2024:18:34:50 +0800] "GET /logs/access_20221127.log HTTP/1.1" 304 - "-" "Mozilla/5.0 (compatible; Barkrowler/0.9; +https://babbar.tech/crawler)"
217.113.194.198 - - [14/Oct/2024:18:35:00 +0800] "GET /logs/access_20221014.log HTTP/1.1" 304 - "-" "Mozilla/5.0 (compatible; Barkrowler/0.9; +https://babbar.tech/crawler)"
217.113.194.200 - - [14/Oct/2024:18:35:10 +0800] "GET /logs/access_20230314.log HTTP/1.1" 304 - "-" "Mozilla/5.0 (compatible; Barkrowler/0.9; +https://babbar.tech/crawler)"
217.113.194.200 - - [14/Oct/2024:18:35:19 +0800] "GET /logs/access_20231117.log HTTP/1.1" 200 10339 "-" "Mozilla/5.0 (compatible; Barkrowler/0.9; +https://babbar.tech/crawler)"
217.113.194.201 - - [14/Oct/2024:18:35:30 +0800] "GET /logs/access_20230524.log HTTP/1.1" 304 - "-" "Mozilla/5.0 (compatible; Barkrowler/0.9; +https://babbar.tech/crawler)"
66.249.66.32 - - [14/Oct/2024:18:35:39 +0800] "GET /app/app/ueditor/dialogs/video/images/icons.gif HTTP/1.1" 404 1052 "-" "Googlebot-Image/1.0"
217.113.194.197 - - [14/Oct/2024:18:35:43 +0800] "GET /logs/access_20230913.log HTTP/1.1" 200 21923 "-" "Mozilla/5.0 (compatible; Barkrowler/0.9; +https://babbar.tech/crawler)"
217.113.194.193 - - [14/Oct/2024:18:35:53 +0800] "GET /logs/access_20230914.log HTTP/1.1" 304 - "-" "Mozilla/5.0 (compatible; Barkrowler/0.9; +https://babbar.tech/crawler)"
217.113.194.195 - - [14/Oct/2024:18:36:04 +0800] "GET /logs/access_20230224.log HTTP/1.1" 304 - "-" "Mozilla/5.0 (compatible; Barkrowler/0.9; +https://babbar.tech/crawler)"
66.249.66.34 - - [14/Oct/2024:18:45:39 +0800] "GET /icons/small/forward.gif HTTP/1.1" 200 125 "-" "Googlebot-Image/1.0"
66.249.69.167 - - [14/Oct/2024:18:59:39 +0800] "GET /icons/small/movie.gif HTTP/1.1" 200 134 "-" "Googlebot-Image/1.0"
116.179.32.38 - - [14/Oct/2024:19:12:20 +0800] "GET /logs/access_20230205.log HTTP/1.1" 200 6805 "-" "Mozilla/5.0 (compatible; Baiduspider/2.0; +http://www.baidu.com/search/spider.html)"
116.179.33.138 - - [14/Oct/2024:19:12:20 +0800] "GET /robots.txt HTTP/1.1" 404 1052 "-" "Mozilla/5.0 (Windows NT 10.0; WOW64) AppleWebKit/537.36 (KHTML, like Gecko) Chrome/48.0.2564.116 Safari/537.36"
220.181.51.90 - - [14/Oct/2024:19:12:20 +0800] "GET /robots.txt HTTP/1.1" 404 1052 "-" "Mozilla/5.0 (Windows NT 10.0; WOW64) AppleWebKit/537.36 (KHTML, like Gecko) Chrome/48.0.2564.116 Safari/537.36"
66.249.69.165 - - [14/Oct/2024:19:15:40 +0800] "GET /icons/small/back.gif HTTP/1.1" 200 129 "-" "Googlebot-Image/1.0"
66.249.69.166 - - [14/Oct/2024:19:25:39 +0800] "GET /icons/small/comp1.gif HTTP/1.1" 200 130 "-" "Googlebot-Image/1.0"
46.246.8.174 - - [14/Oct/2024:19:34:13 +0800] "GET /logs/access_20230116.log HTTP/1.1" 200 10984 "-" "Mozilla/5.0 (Windows NT 11.0; Win64; x64) AppleWebKit/537.36 (KHTML, like Gecko) Chrome/126.0.6478.183 Safari/537.36"
66.249.69.166 - - [14/Oct/2024:19:45:39 +0800] "GET /robots.txt HTTP/1.1" 404 1052 "-" "Mozilla/5.0 (compatible; Googlebot/2.1; +http://www.google.com/bot.html)"
66.249.69.167 - - [14/Oct/2024:19:45:39 +0800] "GET /icons/binary.gif HTTP/1.1" 200 246 "-" "Googlebot-Image/1.0"
66.249.69.167 - - [14/Oct/2024:19:56:40 +0800] "GET /icons/small/doc.gif HTTP/1.1" 200 191 "-" "Googlebot-Image/1.0"
66.249.69.166 - - [14/Oct/2024:20:06:39 +0800] "GET /icons/odf6oth.png HTTP/1.1" 200 1062 "-" "Googlebot-Image/1.0"
66.249.69.167 - - [14/Oct/2024:20:18:39 +0800] "GET /icons/small/doc.png HTTP/1.1" 200 222 "-" "Googlebot-Image/1.0"
66.249.69.166 - - [14/Oct/2024:20:38:39 +0800] "GET /icons/pdf.gif HTTP/1.1" 200 249 "-" "Googlebot-Image/1.0"
66.249.69.165 - - [14/Oct/2024:20:49:39 +0800] "GET /icons/comp.blue.png HTTP/1.1" 200 330 "-" "Googlebot-Image/1.0"
66.249.69.165 - - [14/Oct/2024:20:55:39 +0800] "GET /icons/portal.png HTTP/1.1" 200 319 "-" "Googlebot-Image/1.0"
220.181.108.110 - - [14/Oct/2024:21:12:20 +0800] "GET /logs/access_20230527.log HTTP/1.1" 200 11621 "-" "Mozilla/5.0 (compatible; Baiduspider/2.0; +http://www.baidu.com/search/spider.html)"
66.249.69.166 - - [14/Oct/2024:21:12:56 +0800] "GET /icons/pie7.gif HTTP/1.1" 200 185 "-" "Googlebot-Image/1.0"
102.165.48.67 - - [14/Oct/2024:21:17:23 +0800] "GET /logs/access_20230309.log HTTP/1.1" 200 13962 "-" "Mozilla/5.0 (Windows NT 11.0; Win64; x64) AppleWebKit/537.36 (KHTML, like Gecko) Chrome/126.0.6478.183 Safari/537.36"
66.249.69.166 - - [14/Oct/2024:21:30:46 +0800] "GET /icons/small/text.gif HTTP/1.1" 200 128 "-" "Googlebot-Image/1.0"
66.249.69.166 - - [14/Oct/2024:21:38:35 +0800] "GET /icons/small/binary.png HTTP/1.1" 200 172 "-" "Googlebot-Image/1.0"
66.249.69.166 - - [14/Oct/2024:21:47:25 +0800] "GET /icons/alert.black.png HTTP/1.1" 200 293 "-" "Googlebot-Image/1.0"
66.249.69.167 - - [14/Oct/2024:21:54:14 +0800] "GET /icons/quill.png HTTP/1.1" 200 329 "-" "Googlebot-Image/1.0"
66.249.69.165 - - [14/Oct/2024:22:09:54 +0800] "GET /icons/patch.png HTTP/1.1" 200 310 "-" "Googlebot-Image/1.0"
52.167.144.232 - - [14/Oct/2024:22:18:23 +0800] "GET /logs/access_20210206.log HTTP/1.1" 404 1052 "-" "Mozilla/5.0 AppleWebKit/537.36 (KHTML, like Gecko; compatible; bingbot/2.0; +http://www.bing.com/bingbot.htm) Chrome/116.0.1938.76 Safari/537.36"
66.249.69.165 - - [14/Oct/2024:22:20:43 +0800] "GET /icons/script.png HTTP/1.1" 200 290 "-" "Googlebot-Image/1.0"
66.249.72.34 - - [14/Oct/2024:22:27:32 +0800] "GET /icons/small/comp2.gif HTTP/1.1" 200 131 "-" "Googlebot-Image/1.0"
66.249.72.34 - - [14/Oct/2024:22:33:22 +0800] "GET /icons/odf6odc.png HTTP/1.1" 200 1000 "-" "Googlebot-Image/1.0"
66.249.72.33 - - [14/Oct/2024:22:42:11 +0800] "GET /icons/unknown.png HTTP/1.1" 200 307 "-" "Googlebot-Image/1.0"
66.249.72.33 - - [14/Oct/2024:22:49:01 +0800] "GET /icons/small/generic2.gif HTTP/1.1" 200 127 "-" "Googlebot-Image/1.0"
66.249.72.35 - - [14/Oct/2024:23:05:41 +0800] "GET /icons/pie5.png HTTP/1.1" 200 277 "-" "Googlebot-Image/1.0"
66.249.72.33 - - [14/Oct/2024:23:12:30 +0800] "GET /icons/pie3.png HTTP/1.1" 200 276 "-" "Googlebot-Image/1.0"
66.249.72.33 - - [14/Oct/2024:23:20:20 +0800] "GET /icons/f.png HTTP/1.1" 200 296 "-" "Googlebot-Image/1.0"
66.249.72.34 - - [14/Oct/2024:23:34:45 +0800] "GET /icons/box1.gif HTTP/1.1" 200 251 "-" "Googlebot-Image/1.0"
116.179.32.83 - - [14/Oct/2024:23:36:39 +0800] "GET /logs/access_20230220.log HTTP/1.1" 200 11280 "-" "Mozilla/5.0 (compatible; Baiduspider/2.0; +http://www.baidu.com/search/spider.html)"
66.249.72.33 - - [14/Oct/2024:23:42:06 +0800] "GET /icons/small/image2.png HTTP/1.1" 200 203 "-" "Googlebot-Image/1.0"
66.249.72.34 - - [14/Oct/2024:23:49:08 +0800] "GET /icons/folder.open.png HTTP/1.1" 200 332 "-" "Googlebot-Image/1.0"
66.249.72.33 - - [14/Oct/2024:23:56:20 +0800] "GET /icons/small/unknown.png HTTP/1.1" 200 172 "-" "Googlebot-Image/1.0"