66.249.79.166 - - [03/Oct/2024:00:09:36 +0800] "GET / HTTP/1.1" 200 794 "-" "Mozilla/5.0 (Linux; Android 6.0.1; Nexus 5X Build/MMB29P) AppleWebKit/537.36 (KHTML, like Gecko) Chrome/99.0.4844.84 Mobile Safari/537.36 (compatible; Googlebot/2.1; +http://www.google.com/bot.html)"
66.249.79.165 - - [03/Oct/2024:00:09:37 +0800] "GET / HTTP/1.1" 200 794 "-" "Mozilla/5.0 (Linux; Android 6.0.1; Nexus 5X Build/MMB29P) AppleWebKit/537.36 (KHTML, like Gecko) Chrome/99.0.4844.84 Mobile Safari/537.36 (compatible; Googlebot/2.1; +http://www.google.com/bot.html)"
66.249.79.165 - - [03/Oct/2024:00:09:38 +0800] "GET / HTTP/1.1" 200 794 "-" "Mozilla/5.0 (compatible; Googlebot/2.1; +http://www.google.com/bot.html)"
220.181.108.178 - - [03/Oct/2024:00:23:17 +0800] "GET /logs/access_20230227.log HTTP/1.1" 200 30600 "-" "Mozilla/5.0 (compatible; Baiduspider/2.0; +http://www.baidu.com/search/spider.html)"
66.249.79.167 - - [03/Oct/2024:01:30:39 +0800] "GET /logs/access_20240706.log HTTP/1.1" 200 11256 "-" "Mozilla/5.0 (Linux; Android 6.0.1; Nexus 5X Build/MMB29P) AppleWebKit/537.36 (KHTML, like Gecko) Chrome/129.0.6668.70 Mobile Safari/537.36 (compatible; Googlebot/2.1; +http://www.google.com/bot.html)"
220.181.108.104 - - [03/Oct/2024:02:42:34 +0800] "GET /logs/access_20230912.log HTTP/1.1" 200 7081 "-" "Mozilla/5.0 (compatible; Baiduspider/2.0; +http://www.baidu.com/search/spider.html)"
220.181.108.93 - - [03/Oct/2024:03:54:34 +0800] "GET /logs/access_20231230.log HTTP/1.1" 200 16321 "-" "Mozilla/5.0 (compatible; Baiduspider/2.0; +http://www.baidu.com/search/spider.html)"
66.249.79.165 - - [03/Oct/2024:04:30:40 +0800] "GET /logs/access_20240131.log HTTP/1.1" 200 20497 "-" "Mozilla/5.0 (Linux; Android 6.0.1; Nexus 5X Build/MMB29P) AppleWebKit/537.36 (KHTML, like Gecko) Chrome/129.0.6668.70 Mobile Safari/537.36 (compatible; Googlebot/2.1; +http://www.google.com/bot.html)"
66.249.79.170 - - [03/Oct/2024:04:50:41 +0800] "GET /logs/access_20240719.log HTTP/1.1" 304 - "-" "Mozilla/5.0 (Linux; Android 6.0.1; Nexus 5X Build/MMB29P) AppleWebKit/537.36 (KHTML, like Gecko) Chrome/129.0.6668.70 Mobile Safari/537.36 (compatible; Googlebot/2.1; +http://www.google.com/bot.html)"
66.249.79.165 - - [03/Oct/2024:04:57:41 +0800] "GET /logs/access_20240813.log HTTP/1.1" 304 - "-" "Mozilla/5.0 (Linux; Android 6.0.1; Nexus 5X Build/MMB29P) AppleWebKit/537.36 (KHTML, like Gecko) Chrome/129.0.6668.70 Mobile Safari/537.36 (compatible; Googlebot/2.1; +http://www.google.com/bot.html)"
220.181.108.168 - - [03/Oct/2024:05:06:34 +0800] "GET /logs/access_20221221.log HTTP/1.1" 200 19046 "-" "Mozilla/5.0 (compatible; Baiduspider/2.0; +http://www.baidu.com/search/spider.html)"
116.179.32.137 - - [03/Oct/2024:06:18:34 +0800] "GET /logs/access_20221231.log HTTP/1.1" 200 16271 "-" "Mozilla/5.0 (compatible; Baiduspider/2.0; +http://www.baidu.com/search/spider.html)"
66.249.79.167 - - [03/Oct/2024:07:30:33 +0800] "GET /robots.txt HTTP/1.1" 404 1052 "-" "Mozilla/5.0 (compatible; Googlebot/2.1; +http://www.google.com/bot.html)"
66.249.79.166 - - [03/Oct/2024:07:30:33 +0800] "GET /logs/access_20230524.log HTTP/1.1" 200 12477 "-" "Mozilla/5.0 (Linux; Android 6.0.1; Nexus 5X Build/MMB29P) AppleWebKit/537.36 (KHTML, like Gecko) Chrome/129.0.6668.70 Mobile Safari/537.36 (compatible; Googlebot/2.1; +http://www.google.com/bot.html)"
220.181.108.147 - - [03/Oct/2024:07:30:34 +0800] "GET /logs/access_20230917.log HTTP/1.1" 200 17499 "-" "Mozilla/5.0 (compatible; Baiduspider/2.0; +http://www.baidu.com/search/spider.html)"
66.249.79.165 - - [03/Oct/2024:07:47:39 +0800] "GET /logs/access_20230829.log HTTP/1.1" 304 - "-" "Mozilla/5.0 (Linux; Android 6.0.1; Nexus 5X Build/MMB29P) AppleWebKit/537.36 (KHTML, like Gecko) Chrome/129.0.6668.70 Mobile Safari/537.36 (compatible; Googlebot/2.1; +http://www.google.com/bot.html)"
66.249.79.166 - - [03/Oct/2024:08:21:42 +0800] "GET /icons/down.gif HTTP/1.1" 200 163 "-" "Googlebot-Image/1.0"
66.249.79.166 - - [03/Oct/2024:08:31:43 +0800] "GET /icons/pdf.png HTTP/1.1" 200 304 "-" "Googlebot-Image/1.0"
220.181.51.118 - - [03/Oct/2024:08:42:33 +0800] "GET /robots.txt HTTP/1.1" 404 1052 "-" "Mozilla/5.0 (Windows NT 10.0; WOW64) AppleWebKit/537.36 (KHTML, like Gecko) Chrome/48.0.2564.116 Safari/537.36"
220.181.108.177 - - [03/Oct/2024:08:42:34 +0800] "GET /logs/access_20221027.log HTTP/1.1" 200 31439 "-" "Mozilla/5.0 (compatible; Baiduspider/2.0; +http://www.baidu.com/search/spider.html)"
66.249.79.166 - - [03/Oct/2024:08:47:44 +0800] "GET /icons/small/generic.png HTTP/1.1" 200 149 "-" "Googlebot-Image/1.0"
66.249.79.167 - - [03/Oct/2024:08:54:43 +0800] "GET /icons/odf6otf.png HTTP/1.1" 200 1082 "-" "Googlebot-Image/1.0"
112.86.225.35 - - [03/Oct/2024:09:01:39 +0800] "GET / HTTP/1.1" 200 794 "-" "Sogou web spider/4.0(+http://www.sogou.com/docs/help/webmasters.htm#07)"
66.249.79.166 - - [03/Oct/2024:09:08:44 +0800] "GET /icons/small/uu.png HTTP/1.1" 200 166 "-" "Googlebot-Image/1.0"
66.249.79.166 - - [03/Oct/2024:09:20:44 +0800] "GET /icons/ball.red.png HTTP/1.1" 200 289 "-" "Googlebot-Image/1.0"
66.249.79.165 - - [03/Oct/2024:09:33:44 +0800] "GET /icons/uu.png HTTP/1.1" 200 296 "-" "Googlebot-Image/1.0"
66.249.79.166 - - [03/Oct/2024:09:45:44 +0800] "GET /icons/folder.sec.gif HTTP/1.1" 200 243 "-" "Googlebot-Image/1.0"
220.181.108.82 - - [03/Oct/2024:09:54:34 +0800] "GET /logs/access_20221014.log HTTP/1.1" 200 32894 "-" "Mozilla/5.0 (compatible; Baiduspider/2.0; +http://www.baidu.com/search/spider.html)"
66.249.79.166 - - [03/Oct/2024:10:01:42 +0800] "GET /icons/small/comp2.png HTTP/1.1" 200 215 "-" "Googlebot-Image/1.0"
66.249.79.165 - - [03/Oct/2024:10:04:27 +0800] "GET /logs/access_20230219.log HTTP/1.1" 304 - "-" "Mozilla/5.0 (Linux; Android 6.0.1; Nexus 5X Build/MMB29P) AppleWebKit/537.36 (KHTML, like Gecko) Chrome/129.0.6668.70 Mobile Safari/537.36 (compatible; Googlebot/2.1; +http://www.google.com/bot.html)"
66.249.79.166 - - [03/Oct/2024:10:24:44 +0800] "GET /icons/icon.sheet.gif HTTP/1.1" 200 11977 "-" "Googlebot-Image/1.0"
66.249.79.166 - - [03/Oct/2024:10:55:46 +0800] "GET /logs/access_20221107.log HTTP/1.1" 304 - "-" "Mozilla/5.0 (Linux; Android 6.0.1; Nexus 5X Build/MMB29P) AppleWebKit/537.36 (KHTML, like Gecko) Chrome/129.0.6668.70 Mobile Safari/537.36 (compatible; Googlebot/2.1; +http://www.google.com/bot.html)"
220.181.108.146 - - [03/Oct/2024:11:06:34 +0800] "GET /logs/access_20230202.log HTTP/1.1" 200 12381 "-" "Mozilla/5.0 (compatible; Baiduspider/2.0; +http://www.baidu.com/search/spider.html)"
66.249.79.165 - - [03/Oct/2024:11:53:44 +0800] "GET /icons/pie7.png HTTP/1.1" 200 275 "-" "Googlebot-Image/1.0"
116.179.32.155 - - [03/Oct/2024:12:18:34 +0800] "GET /logs/access_20231123.log HTTP/1.1" 200 14700 "-" "Mozilla/5.0 (compatible; Baiduspider/2.0; +http://www.baidu.com/search/spider.html)"
66.249.79.167 - - [03/Oct/2024:13:13:18 +0800] "GET /logs/access_20221124.log HTTP/1.1" 200 35887 "-" "Mozilla/5.0 (Linux; Android 6.0.1; Nexus 5X Build/MMB29P) AppleWebKit/537.36 (KHTML, like Gecko) Chrome/129.0.6668.70 Mobile Safari/537.36 (compatible; Googlebot/2.1; +http://www.google.com/bot.html)"
220.181.108.110 - - [03/Oct/2024:13:30:34 +0800] "GET /logs/access_20221201.log HTTP/1.1" 200 26157 "-" "Mozilla/5.0 (compatible; Baiduspider/2.0; +http://www.baidu.com/search/spider.html)"
66.249.79.167 - - [03/Oct/2024:13:38:47 +0800] "GET /logs/access_20221129.log HTTP/1.1" 200 30173 "-" "Mozilla/5.0 (Linux; Android 6.0.1; Nexus 5X Build/MMB29P) AppleWebKit/537.36 (KHTML, like Gecko) Chrome/129.0.6668.70 Mobile Safari/537.36 (compatible; Googlebot/2.1; +http://www.google.com/bot.html)"
220.181.108.104 - - [03/Oct/2024:14:42:34 +0800] "GET /logs/access_20230212.log HTTP/1.1" 200 14717 "-" "Mozilla/5.0 (compatible; Baiduspider/2.0; +http://www.baidu.com/search/spider.html)"
59.82.135.210 - - [03/Oct/2024:15:34:52 +0800] "GET / HTTP/1.1" 200 794 "-" "Mozilla/5.0 (Windows NT 10.0; Win64; x64) AppleWebKit/537.36 (KHTML, like Gecko) Chrome/80.0.4523.75 Safari/537.36"
59.82.135.210 - - [03/Oct/2024:15:34:52 +0800] "GET / HTTP/1.1" 200 794 "-" "Mozilla/5.0 (Windows NT 10.0; Win64; x64) AppleWebKit/537.36 (KHTML, like Gecko) Chrome/91.0.6375.48 Safari/537.36"
59.82.135.210 - - [03/Oct/2024:15:34:52 +0800] "GET /favicon.ico HTTP/1.1" 404 1052 "-" "Mozilla/5.0 (Windows NT 10.0; Win64; x64) AppleWebKit/537.36 (KHTML, like Gecko) Chrome/91.0.6375.48 Safari/537.36"
59.82.135.210 - - [03/Oct/2024:15:34:53 +0800] "GET /?C=M;O=A HTTP/1.1" 200 794 "-" "Mozilla/5.0 (Windows NT 10.0; Win64; x64) AppleWebKit/537.36 (KHTML, like Gecko) Chrome/91.0.7778.25 Safari/537.36"
59.82.135.210 - - [03/Oct/2024:15:34:53 +0800] "GET / HTTP/1.1" 200 794 "-" "Mozilla/5.0 (Windows NT 10.0; Win64; x64) AppleWebKit/537.36 (KHTML, like Gecko) Chrome/95.0.6058.75 Safari/537.36"
59.82.135.210 - - [03/Oct/2024:15:34:53 +0800] "GET /favicon.ico HTTP/1.1" 404 1052 "-" "Mozilla/5.0 (Windows NT 10.0; Win64; x64) AppleWebKit/537.36 (KHTML, like Gecko) Chrome/95.0.6058.75 Safari/537.36"
59.82.135.210 - - [03/Oct/2024:15:34:53 +0800] "GET /?C=N;O=D HTTP/1.1" 200 794 "-" "Mozilla/5.0 (Windows NT 10.0; Win64; x64) AppleWebKit/537.36 (KHTML, like Gecko) Chrome/97.0.4173.111 Safari/537.36"
59.82.135.210 - - [03/Oct/2024:15:34:53 +0800] "GET / HTTP/1.1" 200 794 "-" "Mozilla/5.0 (Windows NT 10.0; Win64; x64) AppleWebKit/537.36 (KHTML, like Gecko) Chrome/111.0.8410.52 Safari/537.36"
59.82.135.210 - - [03/Oct/2024:15:34:53 +0800] "GET /favicon.ico HTTP/1.1" 404 1052 "-" "Mozilla/5.0 (Windows NT 10.0; Win64; x64) AppleWebKit/537.36 (KHTML, like Gecko) Chrome/111.0.8410.52 Safari/537.36"
59.82.135.210 - - [03/Oct/2024:15:34:53 +0800] "GET /?C=S;O=A HTTP/1.1" 200 794 "-" "Mozilla/5.0 (Windows NT 10.0; Win64; x64) AppleWebKit/537.36 (KHTML, like Gecko) Chrome/95.0.1668.50 Safari/537.36"
59.82.135.210 - - [03/Oct/2024:15:34:53 +0800] "GET / HTTP/1.1" 200 794 "-" "Mozilla/5.0 (Windows NT 10.0; Win64; x64) AppleWebKit/537.36 (KHTML, like Gecko) Chrome/97.0.6971.19 Safari/537.36"
59.82.135.210 - - [03/Oct/2024:15:34:53 +0800] "GET /favicon.ico HTTP/1.1" 404 1052 "-" "Mozilla/5.0 (Windows NT 10.0; Win64; x64) AppleWebKit/537.36 (KHTML, like Gecko) Chrome/97.0.6971.19 Safari/537.36"
59.82.135.210 - - [03/Oct/2024:15:34:53 +0800] "GET /icons/blank.gif HTTP/1.1" 200 148 "-" "Mozilla/5.0 (Windows NT 10.0; Win64; x64) AppleWebKit/537.36 (KHTML, like Gecko) Chrome/93.0.9079.119 Safari/537.36"
59.82.135.249 - - [03/Oct/2024:15:34:54 +0800] "GET /icons/folder.gif HTTP/1.1" 200 225 "-" "Mozilla/5.0 (Windows NT 10.0; Win64; x64) AppleWebKit/537.36 (KHTML, like Gecko) Chrome/109.0.9808.151 Safari/537.36"
59.82.135.210 - - [03/Oct/2024:15:34:53 +0800] "GET / HTTP/1.1" 200 794 "-" "Mozilla/5.0 (Windows NT 10.0; Win64; x64) AppleWebKit/537.36 (KHTML, like Gecko) Chrome/85.0.8893.179 Safari/537.36"
59.82.135.210 - - [03/Oct/2024:15:34:54 +0800] "GET /favicon.ico HTTP/1.1" 404 1052 "-" "Mozilla/5.0 (Windows NT 10.0; Win64; x64) AppleWebKit/537.36 (KHTML, like Gecko) Chrome/85.0.8893.179 Safari/537.36"
59.82.135.249 - - [03/Oct/2024:15:34:54 +0800] "GET / HTTP/1.1" 200 794 "-" "Mozilla/5.0 (Windows NT 10.0; Win64; x64) AppleWebKit/537.36 (KHTML, like Gecko) Chrome/85.0.1009.52 Safari/537.36"
59.82.135.249 - - [03/Oct/2024:15:34:54 +0800] "GET /favicon.ico HTTP/1.1" 404 1052 "-" "Mozilla/5.0 (Windows NT 10.0; Win64; x64) AppleWebKit/537.36 (KHTML, like Gecko) Chrome/85.0.1009.52 Safari/537.36"
220.181.108.178 - - [03/Oct/2024:15:54:34 +0800] "GET /logs/access_20240218.log HTTP/1.1" 200 4390 "-" "Mozilla/5.0 (compatible; Baiduspider/2.0; +http://www.baidu.com/search/spider.html)"
66.249.79.166 - - [03/Oct/2024:16:14:58 +0800] "GET /logs/access_20221128.log HTTP/1.1" 304 - "-" "Mozilla/5.0 (Linux; Android 6.0.1; Nexus 5X Build/MMB29P) AppleWebKit/537.36 (KHTML, like Gecko) Chrome/129.0.6668.70 Mobile Safari/537.36 (compatible; Googlebot/2.1; +http://www.google.com/bot.html)"
59.82.83.213 - - [03/Oct/2024:16:28:39 +0800] "GET / HTTP/1.1" 200 794 "-" "Mozilla/5.0 (Windows NT 10.0; Win64; x64) AppleWebKit/537.36 (KHTML, like Gecko) Chrome/108.0.9344.162 Safari/537.36"
59.82.83.213 - - [03/Oct/2024:16:28:39 +0800] "GET / HTTP/1.1" 200 794 "-" "Mozilla/5.0 (Windows NT 10.0; Win64; x64) AppleWebKit/537.36 (KHTML, like Gecko) Chrome/98.0.5470.48 Safari/537.36"
59.82.83.213 - - [03/Oct/2024:16:28:39 +0800] "GET /favicon.ico HTTP/1.1" 404 1052 "-" "Mozilla/5.0 (Windows NT 10.0; Win64; x64) AppleWebKit/537.36 (KHTML, like Gecko) Chrome/98.0.5470.48 Safari/537.36"
59.82.83.213 - - [03/Oct/2024:16:28:40 +0800] "GET /?C=M;O=A HTTP/1.1" 200 794 "-" "Mozilla/5.0 (Windows NT 10.0; Win64; x64) AppleWebKit/537.36 (KHTML, like Gecko) Chrome/108.0.4994.143 Safari/537.36"
59.82.83.213 - - [03/Oct/2024:16:28:40 +0800] "GET / HTTP/1.1" 200 794 "-" "Mozilla/5.0 (Windows NT 10.0; Win64; x64) AppleWebKit/537.36 (KHTML, like Gecko) Chrome/85.0.8706.151 Safari/537.36"
59.82.83.213 - - [03/Oct/2024:16:28:40 +0800] "GET /favicon.ico HTTP/1.1" 404 1052 "-" "Mozilla/5.0 (Windows NT 10.0; Win64; x64) AppleWebKit/537.36 (KHTML, like Gecko) Chrome/85.0.8706.151 Safari/537.36"
59.82.83.213 - - [03/Oct/2024:16:28:40 +0800] "GET /?C=N;O=D HTTP/1.1" 200 794 "-" "Mozilla/5.0 (Windows NT 10.0; Win64; x64) AppleWebKit/537.36 (KHTML, like Gecko) Chrome/108.0.1448.71 Safari/537.36"
59.82.83.213 - - [03/Oct/2024:16:28:40 +0800] "GET / HTTP/1.1" 200 794 "-" "Mozilla/5.0 (Windows NT 10.0; Win64; x64) AppleWebKit/537.36 (KHTML, like Gecko) Chrome/98.0.5924.146 Safari/537.36"
59.82.83.213 - - [03/Oct/2024:16:28:40 +0800] "GET /favicon.ico HTTP/1.1" 404 1052 "-" "Mozilla/5.0 (Windows NT 10.0; Win64; x64) AppleWebKit/537.36 (KHTML, like Gecko) Chrome/98.0.5924.146 Safari/537.36"
59.82.83.213 - - [03/Oct/2024:16:28:40 +0800] "GET /?C=S;O=A HTTP/1.1" 200 794 "-" "Mozilla/5.0 (Windows NT 10.0; Win64; x64) AppleWebKit/537.36 (KHTML, like Gecko) Chrome/112.0.4866.45 Safari/537.36"
59.82.83.213 - - [03/Oct/2024:16:28:40 +0800] "GET / HTTP/1.1" 200 794 "-" "Mozilla/5.0 (Windows NT 10.0; Win64; x64) AppleWebKit/537.36 (KHTML, like Gecko) Chrome/101.0.9706.71 Safari/537.36"
59.82.83.213 - - [03/Oct/2024:16:28:40 +0800] "GET /favicon.ico HTTP/1.1" 404 1052 "-" "Mozilla/5.0 (Windows NT 10.0; Win64; x64) AppleWebKit/537.36 (KHTML, like Gecko) Chrome/101.0.9706.71 Safari/537.36"
59.82.83.213 - - [03/Oct/2024:16:28:40 +0800] "GET /icons/blank.gif HTTP/1.1" 200 148 "-" "Mozilla/5.0 (Windows NT 10.0; Win64; x64) AppleWebKit/537.36 (KHTML, like Gecko) Chrome/96.0.4639.154 Safari/537.36"
59.82.83.239 - - [03/Oct/2024:16:28:40 +0800] "GET /icons/folder.gif HTTP/1.1" 200 225 "-" "Mozilla/5.0 (Windows NT 10.0; Win64; x64) AppleWebKit/537.36 (KHTML, like Gecko) Chrome/94.0.1691.182 Safari/537.36"
59.82.83.213 - - [03/Oct/2024:16:28:40 +0800] "GET / HTTP/1.1" 200 794 "-" "Mozilla/5.0 (Windows NT 10.0; Win64; x64) AppleWebKit/537.36 (KHTML, like Gecko) Chrome/99.0.7754.27 Safari/537.36"
59.82.83.239 - - [03/Oct/2024:16:28:40 +0800] "GET / HTTP/1.1" 200 794 "-" "Mozilla/5.0 (Windows NT 10.0; Win64; x64) AppleWebKit/537.36 (KHTML, like Gecko) Chrome/94.0.8951.159 Safari/537.36"
59.82.83.213 - - [03/Oct/2024:16:28:40 +0800] "GET /favicon.ico HTTP/1.1" 404 1052 "-" "Mozilla/5.0 (Windows NT 10.0; Win64; x64) AppleWebKit/537.36 (KHTML, like Gecko) Chrome/99.0.7754.27 Safari/537.36"
59.82.83.239 - - [03/Oct/2024:16:28:40 +0800] "GET /favicon.ico HTTP/1.1" 404 1052 "-" "Mozilla/5.0 (Windows NT 10.0; Win64; x64) AppleWebKit/537.36 (KHTML, like Gecko) Chrome/94.0.8951.159 Safari/537.36"
124.223.181.134 - - [03/Oct/2024:16:40:26 +0800] "GET / HTTP/1.1" 200 794 "-" "Mozilla/5.0 (Windows NT 10.0; Win64; x64) AppleWebKit/537.36 (KHTML, like Gecko) Chrome/76.0.3809.100 Safari/537.36"
220.181.108.82 - - [03/Oct/2024:17:06:34 +0800] "GET /logs/access_20230529.log HTTP/1.1" 200 27227 "-" "Mozilla/5.0 (compatible; Baiduspider/2.0; +http://www.baidu.com/search/spider.html)"
220.181.108.111 - - [03/Oct/2024:18:18:34 +0800] "GET /logs/access_20230226.log HTTP/1.1" 200 14660 "-" "Mozilla/5.0 (compatible; Baiduspider/2.0; +http://www.baidu.com/search/spider.html)"
220.181.108.146 - - [03/Oct/2024:19:56:13 +0800] "GET /logs/access_20240820.log HTTP/1.1" 304 - "-" "Mozilla/5.0 (compatible; Baiduspider/2.0; +http://www.baidu.com/search/spider.html)"
66.249.69.134 - - [03/Oct/2024:20:27:25 +0800] "GET /robots.txt HTTP/1.1" 404 1052 "-" "Mozilla/5.0 (compatible; Googlebot/2.1; +http://www.google.com/bot.html)"
66.249.69.134 - - [03/Oct/2024:20:27:25 +0800] "GET /icons/sound2.png HTTP/1.1" 200 315 "-" "Googlebot-Image/1.0"
66.249.69.132 - - [03/Oct/2024:21:12:25 +0800] "GET /icons/left.gif HTTP/1.1" 200 172 "-" "Googlebot-Image/1.0"
220.181.108.82 - - [03/Oct/2024:23:08:14 +0800] "GET /logs/access_20231231.log HTTP/1.1" 200 15424 "-" "Mozilla/5.0 (compatible; Baiduspider/2.0; +http://www.baidu.com/search/spider.html)"