66.249.79.167 - - [30/Sep/2024:00:42:48 +0800] "GET /icons/p.gif HTTP/1.1" 200 237 "-" "Googlebot-Image/1.0"
66.249.79.167 - - [30/Sep/2024:01:02:48 +0800] "GET /icons/small/generic.gif HTTP/1.1" 200 116 "-" "Googlebot-Image/1.0"
220.181.108.149 - - [30/Sep/2024:01:15:46 +0800] "GET /logs/access_20230925.log HTTP/1.1" 200 9159 "-" "Mozilla/5.0 (compatible; Baiduspider/2.0; +http://www.baidu.com/search/spider.html)"
220.181.51.118 - - [30/Sep/2024:01:15:46 +0800] "GET /robots.txt HTTP/1.1" 404 1052 "-" "Mozilla/5.0 (Windows NT 10.0; WOW64) AppleWebKit/537.36 (KHTML, like Gecko) Chrome/48.0.2564.116 Safari/537.36"
116.179.33.77 - - [30/Sep/2024:01:15:46 +0800] "GET /robots.txt HTTP/1.1" 404 1052 "-" "Mozilla/5.0 (Windows NT 10.0; WOW64) AppleWebKit/537.36 (KHTML, like Gecko) Chrome/48.0.2564.116 Safari/537.36"
66.249.79.166 - - [30/Sep/2024:01:21:48 +0800] "GET /icons/comp.gray.png HTTP/1.1" 200 318 "-" "Googlebot-Image/1.0"
66.249.79.166 - - [30/Sep/2024:01:39:48 +0800] "GET /icons/small/generic3.png HTTP/1.1" 200 171 "-" "Googlebot-Image/1.0"
66.249.79.165 - - [30/Sep/2024:01:57:48 +0800] "GET /robots.txt HTTP/1.1" 404 1052 "-" "Mozilla/5.0 (compatible; Googlebot/2.1; +http://www.google.com/bot.html)"
66.249.79.166 - - [30/Sep/2024:01:57:49 +0800] "GET /icons/small/folder2.png HTTP/1.1" 200 180 "-" "Googlebot-Image/1.0"
220.181.51.90 - - [30/Sep/2024:02:09:26 +0800] "GET / HTTP/1.1" 200 794 "-" "Mozilla/5.0 (Windows NT 10.0; WOW64) AppleWebKit/537.36 (KHTML, like Gecko) Chrome/48.0.2564.116 Safari/537.36"
66.249.79.166 - - [30/Sep/2024:02:15:48 +0800] "GET /icons/alert.black.png HTTP/1.1" 200 293 "-" "Googlebot-Image/1.0"
66.249.79.165 - - [30/Sep/2024:03:07:48 +0800] "GET /icons/image2.png HTTP/1.1" 200 371 "-" "Googlebot-Image/1.0"
220.181.108.174 - - [30/Sep/2024:04:27:12 +0800] "GET / HTTP/1.1" 200 794 "-" "Mozilla/5.0 (compatible; Baiduspider/2.0; +http://www.baidu.com/search/spider.html)"
220.181.108.178 - - [30/Sep/2024:04:27:12 +0800] "GET / HTTP/1.1" 200 794 "-" "Mozilla/5.0 (Linux;u;Android 4.2.2;zh-cn;) AppleWebKit/534.46 (KHTML,like Gecko) Version/5.1 Mobile Safari/10600.6.3 (compatible; Baiduspider/2.0; +http://www.baidu.com/search/spider.html)"
220.181.108.102 - - [30/Sep/2024:04:27:12 +0800] "GET /logs/access_20221227.log HTTP/1.1" 200 19171 "-" "Mozilla/5.0 (compatible; Baiduspider/2.0; +http://www.baidu.com/search/spider.html)"
66.249.79.165 - - [30/Sep/2024:04:48:50 +0800] "GET /icons/small/index.png HTTP/1.1" 200 225 "-" "Googlebot-Image/1.0"
66.249.79.167 - - [30/Sep/2024:05:50:28 +0800] "GET /logs/access_20221128.log HTTP/1.1" 200 30260 "-" "Mozilla/5.0 (Linux; Android 6.0.1; Nexus 5X Build/MMB29P) AppleWebKit/537.36 (KHTML, like Gecko) Chrome/128.0.6613.137 Mobile Safari/537.36 (compatible; Googlebot/2.1; +http://www.google.com/bot.html)"
66.249.79.165 - - [30/Sep/2024:05:50:55 +0800] "GET /logs/access_20230929.log HTTP/1.1" 304 - "-" "Mozilla/5.0 (Linux; Android 6.0.1; Nexus 5X Build/MMB29P) AppleWebKit/537.36 (KHTML, like Gecko) Chrome/128.0.6613.137 Mobile Safari/537.36 (compatible; Googlebot/2.1; +http://www.google.com/bot.html)"
66.249.79.167 - - [30/Sep/2024:06:26:55 +0800] "GET /logs/error.log HTTP/1.1" 200 498821 "-" "Mozilla/5.0 (Linux; Android 6.0.1; Nexus 5X Build/MMB29P) AppleWebKit/537.36 (KHTML, like Gecko) Chrome/128.0.6613.137 Mobile Safari/537.36 (compatible; Googlebot/2.1; +http://www.google.com/bot.html)"
66.249.79.167 - - [30/Sep/2024:06:44:55 +0800] "GET /index.php?s=/Yongsylogin/Login/index.html HTTP/1.1" 404 1052 "-" "Mozilla/5.0 (Linux; Android 6.0.1; Nexus 5X Build/MMB29P) AppleWebKit/537.36 (KHTML, like Gecko) Chrome/128.0.6613.137 Mobile Safari/537.36 (compatible; Googlebot/2.1; +http://www.google.com/bot.html)"
220.181.108.94 - - [30/Sep/2024:07:32:01 +0800] "GET /logs/access_20240415.log HTTP/1.1" 200 20482 "-" "Mozilla/5.0 (compatible; Baiduspider/2.0; +http://www.baidu.com/search/spider.html)"
66.249.79.167 - - [30/Sep/2024:07:42:52 +0800] "GET /icons/diskimg.png HTTP/1.1" 200 215 "-" "Googlebot-Image/1.0"
66.249.79.167 - - [30/Sep/2024:07:44:52 +0800] "GET /admin.php?r=admin/Login/index HTTP/1.1" 404 1052 "-" "Mozilla/5.0 (Linux; Android 6.0.1; Nexus 5X Build/MMB29P) AppleWebKit/537.36 (KHTML, like Gecko) Chrome/128.0.6613.137 Mobile Safari/537.36 (compatible; Googlebot/2.1; +http://www.google.com/bot.html)"
66.249.79.166 - - [30/Sep/2024:08:44:53 +0800] "GET /api.php?c=api&f=phpok&id=_total¶m HTTP/1.1" 404 1052 "-" "Mozilla/5.0 (Linux; Android 6.0.1; Nexus 5X Build/MMB29P) AppleWebKit/537.36 (KHTML, like Gecko) Chrome/128.0.6613.137 Mobile Safari/537.36 (compatible; Googlebot/2.1; +http://www.google.com/bot.html)"
112.86.225.107 - - [30/Sep/2024:09:05:33 +0800] "GET / HTTP/1.1" 200 794 "-" "Sogou web spider/4.0(+http://www.sogou.com/docs/help/webmasters.htm#07)"
121.229.156.48 - - [30/Sep/2024:09:05:33 +0800] "GET /robots.txt HTTP/1.1" 404 1052 "-" "Sogou web spider/4.0(+http://www.sogou.com/docs/help/webmasters.htm#07)"
66.249.79.166 - - [30/Sep/2024:09:42:53 +0800] "GET /upload.php HTTP/1.1" 404 1052 "-" "Mozilla/5.0 (Linux; Android 6.0.1; Nexus 5X Build/MMB29P) AppleWebKit/537.36 (KHTML, like Gecko) Chrome/128.0.6613.137 Mobile Safari/537.36 (compatible; Googlebot/2.1; +http://www.google.com/bot.html)"
66.249.79.165 - - [30/Sep/2024:09:42:54 +0800] "GET /webmaster.php HTTP/1.1" 404 1052 "-" "Mozilla/5.0 (Linux; Android 6.0.1; Nexus 5X Build/MMB29P) AppleWebKit/537.36 (KHTML, like Gecko) Chrome/128.0.6613.137 Mobile Safari/537.36 (compatible; Googlebot/2.1; +http://www.google.com/bot.html)"
66.249.79.165 - - [30/Sep/2024:09:59:54 +0800] "GET /admin.php HTTP/1.1" 404 1052 "-" "Mozilla/5.0 (Linux; Android 6.0.1; Nexus 5X Build/MMB29P) AppleWebKit/537.36 (KHTML, like Gecko) Chrome/128.0.6613.137 Mobile Safari/537.36 (compatible; Googlebot/2.1; +http://www.google.com/bot.html)"
66.249.79.165 - - [30/Sep/2024:10:24:55 +0800] "GET /index.php/admin//upFiles/upload.html HTTP/1.1" 404 1052 "-" "Mozilla/5.0 (Linux; Android 6.0.1; Nexus 5X Build/MMB29P) AppleWebKit/537.36 (KHTML, like Gecko) Chrome/128.0.6613.137 Mobile Safari/537.36 (compatible; Googlebot/2.1; +http://www.google.com/bot.html)"
66.249.79.165 - - [30/Sep/2024:10:42:53 +0800] "GET /logs/access_20230827.log HTTP/1.1" 200 27491 "-" "Mozilla/5.0 (Linux; Android 6.0.1; Nexus 5X Build/MMB29P) AppleWebKit/537.36 (KHTML, like Gecko) Chrome/128.0.6613.137 Mobile Safari/537.36 (compatible; Googlebot/2.1; +http://www.google.com/bot.html)"
66.249.79.166 - - [30/Sep/2024:10:42:54 +0800] "GET /icons/layout.png HTTP/1.1" 200 323 "-" "Googlebot-Image/1.0"
66.249.79.165 - - [30/Sep/2024:10:49:00 +0800] "GET /logs/access_20240813.log HTTP/1.1" 304 - "-" "Mozilla/5.0 (Linux; Android 6.0.1; Nexus 5X Build/MMB29P) AppleWebKit/537.36 (KHTML, like Gecko) Chrome/128.0.6613.137 Mobile Safari/537.36 (compatible; Googlebot/2.1; +http://www.google.com/bot.html)"
91.243.90.133 - - [30/Sep/2024:11:05:31 +0800] "GET /logs/access_20210425.log HTTP/1.1" 404 1052 "-" "Mozilla/5.0 (Windows NT 10.0; Win64; x64; rv:114.0) Gecko/20100101 Firefox/114.0"
141.98.85.86 - - [30/Sep/2024:11:05:32 +0800] "GET / HTTP/1.1" 200 794 "-" "Mozilla/5.0 (Windows NT 10.0; Win64; x64; rv:114.0) Gecko/20100101 Firefox/114.0"
66.249.79.165 - - [30/Sep/2024:11:39:21 +0800] "GET /index.php?s=/Manage/Login/login HTTP/1.1" 404 1052 "-" "Mozilla/5.0 (Linux; Android 6.0.1; Nexus 5X Build/MMB29P) AppleWebKit/537.36 (KHTML, like Gecko) Chrome/128.0.6613.137 Mobile Safari/537.36 (compatible; Googlebot/2.1; +http://www.google.com/bot.html)"
66.249.79.166 - - [30/Sep/2024:12:12:52 +0800] "GET /logs/access_20231106.log HTTP/1.1" 304 - "-" "Mozilla/5.0 (Linux; Android 6.0.1; Nexus 5X Build/MMB29P) AppleWebKit/537.36 (KHTML, like Gecko) Chrome/128.0.6613.137 Mobile Safari/537.36 (compatible; Googlebot/2.1; +http://www.google.com/bot.html)"
66.249.79.165 - - [30/Sep/2024:12:48:50 +0800] "GET /icons/hand.right.png HTTP/1.1" 200 311 "-" "Googlebot-Image/1.0"
66.249.79.167 - - [30/Sep/2024:12:57:52 +0800] "GET /index.php?g=Admin&m=Login&a=index HTTP/1.1" 404 1052 "-" "Mozilla/5.0 (Linux; Android 6.0.1; Nexus 5X Build/MMB29P) AppleWebKit/537.36 (KHTML, like Gecko) Chrome/128.0.6613.137 Mobile Safari/537.36 (compatible; Googlebot/2.1; +http://www.google.com/bot.html)"
116.179.32.153 - - [30/Sep/2024:14:19:53 +0800] "GET /logs/access_20230715.log HTTP/1.1" 200 18852 "-" "Mozilla/5.0 (compatible; Baiduspider/2.0; +http://www.baidu.com/search/spider.html)"
66.249.79.167 - - [30/Sep/2024:15:49:48 +0800] "GET /robots.txt HTTP/1.1" 404 1052 "-" "Mozilla/5.0 (compatible; Googlebot/2.1; +http://www.google.com/bot.html)"
66.249.79.166 - - [30/Sep/2024:15:49:48 +0800] "GET /icons/pie3.gif HTTP/1.1" 200 191 "-" "Googlebot-Image/1.0"
113.215.189.29 - - [30/Sep/2024:15:54:58 +0800] "GET / HTTP/1.1" 200 794 "-" "Mozilla/5.0 (Windows NT 10.0; Win64; x64) AppleWebKit/537.36 (KHTML, like Gecko) Chrome/103.0.5691.68 Safari/537.36"
113.215.189.29 - - [30/Sep/2024:15:54:59 +0800] "GET / HTTP/1.1" 200 794 "-" "Mozilla/5.0 (Windows NT 10.0; Win64; x64) AppleWebKit/537.36 (KHTML, like Gecko) Chrome/105.0.7210.56 Safari/537.36"
113.215.189.29 - - [30/Sep/2024:15:54:59 +0800] "GET /favicon.ico HTTP/1.1" 404 1052 "-" "Mozilla/5.0 (Windows NT 10.0; Win64; x64) AppleWebKit/537.36 (KHTML, like Gecko) Chrome/105.0.7210.56 Safari/537.36"
113.215.189.29 - - [30/Sep/2024:15:55:00 +0800] "GET /?C=N;O=D HTTP/1.1" 200 794 "-" "Mozilla/5.0 (Windows NT 10.0; Win64; x64) AppleWebKit/537.36 (KHTML, like Gecko) Chrome/92.0.2457.103 Safari/537.36"
113.215.189.30 - - [30/Sep/2024:15:55:00 +0800] "GET /?C=M;O=A HTTP/1.1" 200 794 "-" "Mozilla/5.0 (Windows NT 10.0; Win64; x64) AppleWebKit/537.36 (KHTML, like Gecko) Chrome/100.0.7292.120 Safari/537.36"
113.215.189.29 - - [30/Sep/2024:15:55:00 +0800] "GET / HTTP/1.1" 200 794 "-" "Mozilla/5.0 (Windows NT 10.0; Win64; x64) AppleWebKit/537.36 (KHTML, like Gecko) Chrome/102.0.9158.126 Safari/537.36"
113.215.189.30 - - [30/Sep/2024:15:55:00 +0800] "GET / HTTP/1.1" 200 794 "-" "Mozilla/5.0 (Windows NT 10.0; Win64; x64) AppleWebKit/537.36 (KHTML, like Gecko) Chrome/105.0.6519.86 Safari/537.36"
113.215.189.29 - - [30/Sep/2024:15:55:00 +0800] "GET /favicon.ico HTTP/1.1" 404 1052 "-" "Mozilla/5.0 (Windows NT 10.0; Win64; x64) AppleWebKit/537.36 (KHTML, like Gecko) Chrome/102.0.9158.126 Safari/537.36"
113.215.189.30 - - [30/Sep/2024:15:55:00 +0800] "GET /favicon.ico HTTP/1.1" 404 1052 "-" "Mozilla/5.0 (Windows NT 10.0; Win64; x64) AppleWebKit/537.36 (KHTML, like Gecko) Chrome/105.0.6519.86 Safari/537.36"
113.215.189.29 - - [30/Sep/2024:15:55:01 +0800] "GET /icons/blank.gif HTTP/1.1" 200 148 "-" "Mozilla/5.0 (Windows NT 10.0; Win64; x64) AppleWebKit/537.36 (KHTML, like Gecko) Chrome/110.0.1457.74 Safari/537.36"
113.215.189.30 - - [30/Sep/2024:15:55:01 +0800] "GET /?C=S;O=A HTTP/1.1" 200 794 "-" "Mozilla/5.0 (Windows NT 10.0; Win64; x64) AppleWebKit/537.36 (KHTML, like Gecko) Chrome/104.0.1372.85 Safari/537.36"
113.215.189.29 - - [30/Sep/2024:15:55:01 +0800] "GET / HTTP/1.1" 200 794 "-" "Mozilla/5.0 (Windows NT 10.0; Win64; x64) AppleWebKit/537.36 (KHTML, like Gecko) Chrome/113.0.1723.194 Safari/537.36"
113.215.189.29 - - [30/Sep/2024:15:55:01 +0800] "GET /favicon.ico HTTP/1.1" 404 1052 "-" "Mozilla/5.0 (Windows NT 10.0; Win64; x64) AppleWebKit/537.36 (KHTML, like Gecko) Chrome/113.0.1723.194 Safari/537.36"
113.215.189.30 - - [30/Sep/2024:15:55:01 +0800] "GET / HTTP/1.1" 200 794 "-" "Mozilla/5.0 (Windows NT 10.0; Win64; x64) AppleWebKit/537.36 (KHTML, like Gecko) Chrome/103.0.5018.200 Safari/537.36"
113.215.189.30 - - [30/Sep/2024:15:55:01 +0800] "GET /favicon.ico HTTP/1.1" 404 1052 "-" "Mozilla/5.0 (Windows NT 10.0; Win64; x64) AppleWebKit/537.36 (KHTML, like Gecko) Chrome/103.0.5018.200 Safari/537.36"
113.215.189.30 - - [30/Sep/2024:15:55:01 +0800] "GET /icons/folder.gif HTTP/1.1" 200 225 "-" "Mozilla/5.0 (Windows NT 10.0; Win64; x64) AppleWebKit/537.36 (KHTML, like Gecko) Chrome/111.0.5047.106 Safari/537.36"
113.215.189.30 - - [30/Sep/2024:15:55:01 +0800] "GET / HTTP/1.1" 200 794 "-" "Mozilla/5.0 (Windows NT 10.0; Win64; x64) AppleWebKit/537.36 (KHTML, like Gecko) Chrome/86.0.1834.129 Safari/537.36"
113.215.189.30 - - [30/Sep/2024:15:55:01 +0800] "GET /favicon.ico HTTP/1.1" 404 1052 "-" "Mozilla/5.0 (Windows NT 10.0; Win64; x64) AppleWebKit/537.36 (KHTML, like Gecko) Chrome/86.0.1834.129 Safari/537.36"
66.249.79.165 - - [30/Sep/2024:15:57:54 +0800] "GET /index.php/admin/image/upimg.html HTTP/1.1" 404 1052 "-" "Mozilla/5.0 (Linux; Android 6.0.1; Nexus 5X Build/MMB29P) AppleWebKit/537.36 (KHTML, like Gecko) Chrome/128.0.6613.137 Mobile Safari/537.36 (compatible; Googlebot/2.1; +http://www.google.com/bot.html)"
66.249.79.166 - - [30/Sep/2024:17:27:54 +0800] "GET /logs/access_20231113.log HTTP/1.1" 304 - "-" "Mozilla/5.0 (Linux; Android 6.0.1; Nexus 5X Build/MMB29P) AppleWebKit/537.36 (KHTML, like Gecko) Chrome/128.0.6613.137 Mobile Safari/537.36 (compatible; Googlebot/2.1; +http://www.google.com/bot.html)"
66.249.79.167 - - [30/Sep/2024:17:34:59 +0800] "GET /logs/access_20231220.log HTTP/1.1" 304 - "-" "Mozilla/5.0 (Linux; Android 6.0.1; Nexus 5X Build/MMB29P) AppleWebKit/537.36 (KHTML, like Gecko) Chrome/128.0.6613.137 Mobile Safari/537.36 (compatible; Googlebot/2.1; +http://www.google.com/bot.html)"
66.249.79.165 - - [30/Sep/2024:18:48:48 +0800] "GET /icons/quill.gif HTTP/1.1" 200 267 "-" "Googlebot-Image/1.0"
66.249.79.166 - - [30/Sep/2024:18:57:53 +0800] "GET /logs/access_20230630.log HTTP/1.1" 304 - "-" "Mozilla/5.0 (Linux; Android 6.0.1; Nexus 5X Build/MMB29P) AppleWebKit/537.36 (KHTML, like Gecko) Chrome/128.0.6613.137 Mobile Safari/537.36 (compatible; Googlebot/2.1; +http://www.google.com/bot.html)"
66.249.79.165 - - [30/Sep/2024:19:00:21 +0800] "GET /logs/access_20231228.log HTTP/1.1" 200 27016 "-" "Mozilla/5.0 (Linux; Android 6.0.1; Nexus 5X Build/MMB29P) AppleWebKit/537.36 (KHTML, like Gecko) Chrome/128.0.6613.137 Mobile Safari/537.36 (compatible; Googlebot/2.1; +http://www.google.com/bot.html)"
60.188.9.199 - - [30/Sep/2024:20:13:35 +0800] "GET /logs/access_20230909.log HTTP/1.1" 200 6774 "-" "YisouSpider"
183.150.80.253 - - [30/Sep/2024:20:13:36 +0800] "GET /robots.txt HTTP/1.1" 404 1052 "-" "Mozilla/5.0 (Macintosh; Intel Mac OS X 10_13_5) AppleWebKit/537.36 (KHTML, like Gecko) Chrome/69.0.3497.100 Safari/537.36"
66.249.66.34 - - [30/Sep/2024:20:27:52 +0800] "GET /logs/access_20221026.log HTTP/1.1" 304 - "-" "Mozilla/5.0 (Linux; Android 6.0.1; Nexus 5X Build/MMB29P) AppleWebKit/537.36 (KHTML, like Gecko) Chrome/128.0.6613.137 Mobile Safari/537.36 (compatible; Googlebot/2.1; +http://www.google.com/bot.html)"
66.249.66.33 - - [30/Sep/2024:21:17:01 +0800] "GET /logs/access_20221128.log HTTP/1.1" 304 - "-" "Mozilla/5.0 (Linux; Android 6.0.1; Nexus 5X Build/MMB29P) AppleWebKit/537.36 (KHTML, like Gecko) Chrome/128.0.6613.137 Mobile Safari/537.36 (compatible; Googlebot/2.1; +http://www.google.com/bot.html)"
66.249.66.33 - - [30/Sep/2024:21:48:50 +0800] "GET /icons/small/tar.gif HTTP/1.1" 200 132 "-" "Googlebot-Image/1.0"
66.249.66.34 - - [30/Sep/2024:21:57:52 +0800] "GET /logs/access_20240721.log HTTP/1.1" 200 12943 "-" "Mozilla/5.0 (Linux; Android 6.0.1; Nexus 5X Build/MMB29P) AppleWebKit/537.36 (KHTML, like Gecko) Chrome/128.0.6613.137 Mobile Safari/537.36 (compatible; Googlebot/2.1; +http://www.google.com/bot.html)"
66.249.66.32 - - [30/Sep/2024:23:38:43 +0800] "GET /logs/access_20230219.log HTTP/1.1" 304 - "-" "Mozilla/5.0 (Linux; Android 6.0.1; Nexus 5X Build/MMB29P) AppleWebKit/537.36 (KHTML, like Gecko) Chrome/128.0.6613.137 Mobile Safari/537.36 (compatible; Googlebot/2.1; +http://www.google.com/bot.html)"