66.249.66.37 - - [27/Sep/2024:00:25:39 +0800] "GET /icons/ball.red.png HTTP/1.1" 200 289 "-" "Googlebot-Image/1.0"
66.249.66.39 - - [27/Sep/2024:00:54:39 +0800] "GET /icons/back.png HTTP/1.1" 200 308 "-" "Googlebot-Image/1.0"
66.249.66.38 - - [27/Sep/2024:01:24:39 +0800] "GET /icons/down.gif HTTP/1.1" 200 163 "-" "Googlebot-Image/1.0"
66.249.66.37 - - [27/Sep/2024:01:55:36 +0800] "GET /icons/pie0.gif HTTP/1.1" 200 188 "-" "Googlebot-Image/1.0"
66.249.66.39 - - [27/Sep/2024:02:16:05 +0800] "GET /icons/screw1.png HTTP/1.1" 200 328 "-" "Googlebot-Image/1.0"
66.249.66.38 - - [27/Sep/2024:02:42:21 +0800] "GET /icons/broken.png HTTP/1.1" 200 320 "-" "Googlebot-Image/1.0"
66.249.66.38 - - [27/Sep/2024:03:19:42 +0800] "GET /icons/uu.png HTTP/1.1" 200 296 "-" "Googlebot-Image/1.0"
42.236.17.234 - - [27/Sep/2024:04:02:16 +0800] "GET / HTTP/1.1" 200 794 "http://ft.kidcastle.com.cn/" "Mozilla/5.0 (Windows NT 6.1; WOW64) AppleWebKit/537.36 (KHTML, like Gecko) Chrome/50.0.2661.102 Safari/537.36; 360Spider"
66.249.66.37 - - [27/Sep/2024:04:23:34 +0800] "GET /icons/small/sound2.gif HTTP/1.1" 200 119 "-" "Googlebot-Image/1.0"
66.249.66.38 - - [27/Sep/2024:07:21:25 +0800] "GET /icons/pie4.gif HTTP/1.1" 200 193 "-" "Googlebot-Image/1.0"
66.249.66.37 - - [27/Sep/2024:09:42:22 +0800] "GET /logs/access_20230929.log HTTP/1.1" 304 - "-" "Mozilla/5.0 (Linux; Android 6.0.1; Nexus 5X Build/MMB29P) AppleWebKit/537.36 (KHTML, like Gecko) Chrome/128.0.6613.137 Mobile Safari/537.36 (compatible; Googlebot/2.1; +http://www.google.com/bot.html)"
66.249.66.38 - - [27/Sep/2024:10:44:23 +0800] "GET /icons/forward.gif HTTP/1.1" 200 219 "-" "Googlebot-Image/1.0"
42.236.12.254 - - [27/Sep/2024:11:10:30 +0800] "GET / HTTP/1.1" 200 794 "-" "Mozilla/5.0 (Windows NT 6.1; WOW64) AppleWebKit/537.36 (KHTML, like Gecko) Chrome/50.0.2661.102 Safari/537.36; 360Spider"
66.249.66.38 - - [27/Sep/2024:11:12:22 +0800] "GET /robots.txt HTTP/1.1" 404 1052 "-" "Mozilla/5.0 (compatible; Googlebot/2.1; +http://www.google.com/bot.html)"
66.249.66.39 - - [27/Sep/2024:11:12:23 +0800] "GET /logs/access_20221201.log HTTP/1.1" 200 26157 "-" "Mozilla/5.0 (Linux; Android 6.0.1; Nexus 5X Build/MMB29P) AppleWebKit/537.36 (KHTML, like Gecko) Chrome/128.0.6613.137 Mobile Safari/537.36 (compatible; Googlebot/2.1; +http://www.google.com/bot.html)"
66.249.66.37 - - [27/Sep/2024:11:27:42 +0800] "GET /icons/odf6ott.png HTTP/1.1" 200 1022 "-" "Googlebot-Image/1.0"
113.215.189.111 - - [27/Sep/2024:11:45:10 +0800] "GET / HTTP/1.1" 200 794 "-" "Mozilla/5.0 (Windows NT 10.0; Win64; x64) AppleWebKit/537.36 (KHTML, like Gecko) Chrome/89.0.8037.45 Safari/537.36"
113.215.189.111 - - [27/Sep/2024:11:45:10 +0800] "GET / HTTP/1.1" 200 794 "-" "Mozilla/5.0 (Windows NT 10.0; Win64; x64) AppleWebKit/537.36 (KHTML, like Gecko) Chrome/93.0.5326.88 Safari/537.36"
113.215.189.111 - - [27/Sep/2024:11:45:10 +0800] "GET /favicon.ico HTTP/1.1" 404 1052 "-" "Mozilla/5.0 (Windows NT 10.0; Win64; x64) AppleWebKit/537.36 (KHTML, like Gecko) Chrome/93.0.5326.88 Safari/537.36"
113.215.189.111 - - [27/Sep/2024:11:45:11 +0800] "GET /?C=M;O=A HTTP/1.1" 200 794 "-" "Mozilla/5.0 (Windows NT 10.0; Win64; x64) AppleWebKit/537.36 (KHTML, like Gecko) Chrome/110.0.6357.188 Safari/537.36"
113.215.189.111 - - [27/Sep/2024:11:45:11 +0800] "GET / HTTP/1.1" 200 794 "-" "Mozilla/5.0 (Windows NT 10.0; Win64; x64) AppleWebKit/537.36 (KHTML, like Gecko) Chrome/95.0.7375.56 Safari/537.36"
113.215.189.111 - - [27/Sep/2024:11:45:11 +0800] "GET /favicon.ico HTTP/1.1" 404 1052 "-" "Mozilla/5.0 (Windows NT 10.0; Win64; x64) AppleWebKit/537.36 (KHTML, like Gecko) Chrome/95.0.7375.56 Safari/537.36"
113.215.189.111 - - [27/Sep/2024:11:45:11 +0800] "GET /?C=N;O=D HTTP/1.1" 200 794 "-" "Mozilla/5.0 (Windows NT 10.0; Win64; x64) AppleWebKit/537.36 (KHTML, like Gecko) Chrome/91.0.7309.67 Safari/537.36"
113.215.189.111 - - [27/Sep/2024:11:45:11 +0800] "GET / HTTP/1.1" 200 794 "-" "Mozilla/5.0 (Windows NT 10.0; Win64; x64) AppleWebKit/537.36 (KHTML, like Gecko) Chrome/105.0.2321.46 Safari/537.36"
113.215.189.111 - - [27/Sep/2024:11:45:11 +0800] "GET /favicon.ico HTTP/1.1" 404 1052 "-" "Mozilla/5.0 (Windows NT 10.0; Win64; x64) AppleWebKit/537.36 (KHTML, like Gecko) Chrome/105.0.2321.46 Safari/537.36"
113.215.189.111 - - [27/Sep/2024:11:45:11 +0800] "GET /?C=S;O=A HTTP/1.1" 200 794 "-" "Mozilla/5.0 (Windows NT 10.0; Win64; x64) AppleWebKit/537.36 (KHTML, like Gecko) Chrome/101.0.9249.156 Safari/537.36"
113.215.189.111 - - [27/Sep/2024:11:45:11 +0800] "GET / HTTP/1.1" 200 794 "-" "Mozilla/5.0 (Windows NT 10.0; Win64; x64) AppleWebKit/537.36 (KHTML, like Gecko) Chrome/106.0.5279.33 Safari/537.36"
113.215.189.111 - - [27/Sep/2024:11:45:11 +0800] "GET /favicon.ico HTTP/1.1" 404 1052 "-" "Mozilla/5.0 (Windows NT 10.0; Win64; x64) AppleWebKit/537.36 (KHTML, like Gecko) Chrome/106.0.5279.33 Safari/537.36"
113.215.189.111 - - [27/Sep/2024:11:45:11 +0800] "GET /icons/blank.gif HTTP/1.1" 200 148 "-" "Mozilla/5.0 (Windows NT 10.0; Win64; x64) AppleWebKit/537.36 (KHTML, like Gecko) Chrome/101.0.8332.38 Safari/537.36"
113.215.189.111 - - [27/Sep/2024:11:45:11 +0800] "GET / HTTP/1.1" 200 794 "-" "Mozilla/5.0 (Windows NT 10.0; Win64; x64) AppleWebKit/537.36 (KHTML, like Gecko) Chrome/105.0.3898.99 Safari/537.36"
113.215.189.106 - - [27/Sep/2024:11:45:11 +0800] "GET /icons/folder.gif HTTP/1.1" 200 225 "-" "Mozilla/5.0 (Windows NT 10.0; Win64; x64) AppleWebKit/537.36 (KHTML, like Gecko) Chrome/94.0.9178.130 Safari/537.36"
113.215.189.106 - - [27/Sep/2024:11:45:11 +0800] "GET /favicon.ico HTTP/1.1" 404 1052 "-" "Mozilla/5.0 (Windows NT 10.0; Win64; x64) AppleWebKit/537.36 (KHTML, like Gecko) Chrome/105.0.3898.99 Safari/537.36"
113.215.189.111 - - [27/Sep/2024:11:45:11 +0800] "GET / HTTP/1.1" 200 794 "-" "Mozilla/5.0 (Windows NT 10.0; Win64; x64) AppleWebKit/537.36 (KHTML, like Gecko) Chrome/88.0.5400.164 Safari/537.36"
113.215.189.111 - - [27/Sep/2024:11:45:11 +0800] "GET /favicon.ico HTTP/1.1" 404 1052 "-" "Mozilla/5.0 (Windows NT 10.0; Win64; x64) AppleWebKit/537.36 (KHTML, like Gecko) Chrome/88.0.5400.164 Safari/537.36"
66.249.66.37 - - [27/Sep/2024:11:49:12 +0800] "GET /icons/odf6oti.png HTTP/1.1" 200 1107 "-" "Googlebot-Image/1.0"
66.249.66.37 - - [27/Sep/2024:12:14:23 +0800] "GET /icons/movie.gif HTTP/1.1" 200 243 "-" "Googlebot-Image/1.0"
66.249.66.38 - - [27/Sep/2024:12:27:03 +0800] "GET /icons/small/tar.png HTTP/1.1" 200 173 "-" "Googlebot-Image/1.0"
66.249.66.38 - - [27/Sep/2024:12:43:25 +0800] "GET /icons/burst.gif HTTP/1.1" 200 235 "-" "Googlebot-Image/1.0"
59.82.83.92 - - [27/Sep/2024:12:53:51 +0800] "GET / HTTP/1.1" 200 794 "-" "Mozilla/5.0 (Windows NT 10.0; Win64; x64) AppleWebKit/537.36 (KHTML, like Gecko) Chrome/115.0.1992.184 Safari/537.36"
59.82.83.92 - - [27/Sep/2024:12:53:51 +0800] "GET / HTTP/1.1" 200 794 "-" "Mozilla/5.0 (Windows NT 10.0; Win64; x64) AppleWebKit/537.36 (KHTML, like Gecko) Chrome/102.0.2736.172 Safari/537.36"
59.82.83.92 - - [27/Sep/2024:12:53:51 +0800] "GET /favicon.ico HTTP/1.1" 404 1052 "-" "Mozilla/5.0 (Windows NT 10.0; Win64; x64) AppleWebKit/537.36 (KHTML, like Gecko) Chrome/102.0.2736.172 Safari/537.36"
59.82.83.92 - - [27/Sep/2024:12:53:52 +0800] "GET /?C=M;O=A HTTP/1.1" 200 794 "-" "Mozilla/5.0 (Windows NT 10.0; Win64; x64) AppleWebKit/537.36 (KHTML, like Gecko) Chrome/82.0.2836.40 Safari/537.36"
59.82.83.92 - - [27/Sep/2024:12:53:52 +0800] "GET / HTTP/1.1" 200 794 "-" "Mozilla/5.0 (Windows NT 10.0; Win64; x64) AppleWebKit/537.36 (KHTML, like Gecko) Chrome/80.0.5845.81 Safari/537.36"
59.82.83.92 - - [27/Sep/2024:12:53:53 +0800] "GET /favicon.ico HTTP/1.1" 404 1052 "-" "Mozilla/5.0 (Windows NT 10.0; Win64; x64) AppleWebKit/537.36 (KHTML, like Gecko) Chrome/80.0.5845.81 Safari/537.36"
59.82.83.92 - - [27/Sep/2024:12:53:53 +0800] "GET /?C=N;O=D HTTP/1.1" 200 794 "-" "Mozilla/5.0 (Windows NT 10.0; Win64; x64) AppleWebKit/537.36 (KHTML, like Gecko) Chrome/109.0.7366.15 Safari/537.36"
59.82.83.92 - - [27/Sep/2024:12:53:53 +0800] "GET / HTTP/1.1" 200 794 "-" "Mozilla/5.0 (Windows NT 10.0; Win64; x64) AppleWebKit/537.36 (KHTML, like Gecko) Chrome/98.0.1746.20 Safari/537.36"
59.82.83.92 - - [27/Sep/2024:12:53:53 +0800] "GET /favicon.ico HTTP/1.1" 404 1052 "-" "Mozilla/5.0 (Windows NT 10.0; Win64; x64) AppleWebKit/537.36 (KHTML, like Gecko) Chrome/98.0.1746.20 Safari/537.36"
59.82.83.92 - - [27/Sep/2024:12:53:53 +0800] "GET /?C=S;O=A HTTP/1.1" 200 794 "-" "Mozilla/5.0 (Windows NT 10.0; Win64; x64) AppleWebKit/537.36 (KHTML, like Gecko) Chrome/89.0.6026.172 Safari/537.36"
59.82.83.92 - - [27/Sep/2024:12:53:53 +0800] "GET / HTTP/1.1" 200 794 "-" "Mozilla/5.0 (Windows NT 10.0; Win64; x64) AppleWebKit/537.36 (KHTML, like Gecko) Chrome/102.0.4533.152 Safari/537.36"
59.82.83.78 - - [27/Sep/2024:12:53:53 +0800] "GET /icons/blank.gif HTTP/1.1" 200 148 "-" "Mozilla/5.0 (Windows NT 10.0; Win64; x64) AppleWebKit/537.36 (KHTML, like Gecko) Chrome/104.0.1556.98 Safari/537.36"
59.82.83.92 - - [27/Sep/2024:12:53:53 +0800] "GET /favicon.ico HTTP/1.1" 404 1052 "-" "Mozilla/5.0 (Windows NT 10.0; Win64; x64) AppleWebKit/537.36 (KHTML, like Gecko) Chrome/102.0.4533.152 Safari/537.36"
59.82.83.92 - - [27/Sep/2024:12:53:53 +0800] "GET /icons/folder.gif HTTP/1.1" 200 225 "-" "Mozilla/5.0 (Windows NT 10.0; Win64; x64) AppleWebKit/537.36 (KHTML, like Gecko) Chrome/104.0.7832.44 Safari/537.36"
59.82.83.78 - - [27/Sep/2024:12:53:53 +0800] "GET / HTTP/1.1" 200 794 "-" "Mozilla/5.0 (Windows NT 10.0; Win64; x64) AppleWebKit/537.36 (KHTML, like Gecko) Chrome/115.0.2078.158 Safari/537.36"
59.82.83.92 - - [27/Sep/2024:12:53:53 +0800] "GET / HTTP/1.1" 200 794 "-" "Mozilla/5.0 (Windows NT 10.0; Win64; x64) AppleWebKit/537.36 (KHTML, like Gecko) Chrome/93.0.3136.112 Safari/537.36"
59.82.83.78 - - [27/Sep/2024:12:53:53 +0800] "GET /favicon.ico HTTP/1.1" 404 1052 "-" "Mozilla/5.0 (Windows NT 10.0; Win64; x64) AppleWebKit/537.36 (KHTML, like Gecko) Chrome/115.0.2078.158 Safari/537.36"
59.82.83.92 - - [27/Sep/2024:12:53:53 +0800] "GET /favicon.ico HTTP/1.1" 404 1052 "-" "Mozilla/5.0 (Windows NT 10.0; Win64; x64) AppleWebKit/537.36 (KHTML, like Gecko) Chrome/93.0.3136.112 Safari/537.36"
66.249.66.38 - - [27/Sep/2024:12:59:51 +0800] "GET /icons/down.png HTTP/1.1" 200 256 "-" "Googlebot-Image/1.0"
66.249.66.37 - - [27/Sep/2024:13:17:54 +0800] "GET /icons/patch.gif HTTP/1.1" 200 251 "-" "Googlebot-Image/1.0"
66.249.66.37 - - [27/Sep/2024:13:32:31 +0800] "GET /icons/sphere1.gif HTTP/1.1" 200 285 "-" "Googlebot-Image/1.0"
66.249.66.37 - - [27/Sep/2024:13:34:29 +0800] "GET /logs/access_20240813.log HTTP/1.1" 304 - "-" "Mozilla/5.0 (Linux; Android 6.0.1; Nexus 5X Build/MMB29P) AppleWebKit/537.36 (KHTML, like Gecko) Chrome/128.0.6613.137 Mobile Safari/537.36 (compatible; Googlebot/2.1; +http://www.google.com/bot.html)"
220.181.51.90 - - [27/Sep/2024:13:39:41 +0800] "GET / HTTP/1.1" 200 794 "-" "Mozilla/5.0 (Windows NT 10.0; WOW64) AppleWebKit/537.36 (KHTML, like Gecko) Chrome/48.0.2564.116 Safari/537.36"
220.181.51.92 - - [27/Sep/2024:13:39:41 +0800] "GET /robots.txt HTTP/1.1" 404 1052 "-" "Mozilla/5.0 (Windows NT 10.0; WOW64) AppleWebKit/537.36 (KHTML, like Gecko) Chrome/48.0.2564.116 Safari/537.36"
66.249.66.37 - - [27/Sep/2024:13:54:08 +0800] "GET /icons/left.gif HTTP/1.1" 200 172 "-" "Googlebot-Image/1.0"
66.249.66.37 - - [27/Sep/2024:14:14:25 +0800] "GET /icons/sound2.png HTTP/1.1" 200 315 "-" "Googlebot-Image/1.0"
66.249.66.37 - - [27/Sep/2024:14:22:36 +0800] "GET /icons/compressed.png HTTP/1.1" 200 1108 "-" "Googlebot-Image/1.0"
66.249.66.39 - - [27/Sep/2024:14:44:06 +0800] "GET /icons/small/forward.png HTTP/1.1" 200 174 "-" "Googlebot-Image/1.0"
66.249.66.39 - - [27/Sep/2024:15:42:24 +0800] "GET /icons/box2.gif HTTP/1.1" 200 268 "-" "Googlebot-Image/1.0"
66.249.66.38 - - [27/Sep/2024:18:09:36 +0800] "GET /icons/apache_pb.gif HTTP/1.1" 200 4463 "-" "Googlebot-Image/1.0"
66.249.66.39 - - [27/Sep/2024:18:53:29 +0800] "GET /logs/access_20221128.log HTTP/1.1" 304 - "-" "Mozilla/5.0 (Linux; Android 6.0.1; Nexus 5X Build/MMB29P) AppleWebKit/537.36 (KHTML, like Gecko) Chrome/128.0.6613.137 Mobile Safari/537.36 (compatible; Googlebot/2.1; +http://www.google.com/bot.html)"
66.249.66.37 - - [27/Sep/2024:19:42:27 +0800] "GET /icons/small/continued.png HTTP/1.1" 200 163 "-" "Googlebot-Image/1.0"
66.249.66.38 - - [27/Sep/2024:20:21:36 +0800] "GET /icons/ball.red.gif HTTP/1.1" 200 205 "-" "Googlebot-Image/1.0"
66.249.73.12 - - [27/Sep/2024:21:11:36 +0800] "GET /icons/small/uu.gif HTTP/1.1" 200 125 "-" "Googlebot-Image/1.0"
216.244.66.195 - - [27/Sep/2024:21:48:45 +0800] "GET /robots.txt HTTP/1.1" 404 1052 "-" "Mozilla/5.0 (compatible; DotBot/1.2; +https://opensiteexplorer.org/dotbot; help@moz.com)"
66.249.73.12 - - [27/Sep/2024:21:53:38 +0800] "GET /icons/pie2.png HTTP/1.1" 200 272 "-" "Googlebot-Image/1.0"
66.249.73.10 - - [27/Sep/2024:22:14:28 +0800] "GET /logs/access_20221005.log HTTP/1.1" 200 54824 "-" "Mozilla/5.0 (Linux; Android 6.0.1; Nexus 5X Build/MMB29P) AppleWebKit/537.36 (KHTML, like Gecko) Chrome/128.0.6613.137 Mobile Safari/537.36 (compatible; Googlebot/2.1; +http://www.google.com/bot.html)"
216.244.66.195 - - [27/Sep/2024:22:20:55 +0800] "GET /?C=S;O=A HTTP/1.1" 200 794 "-" "Mozilla/5.0 (compatible; DotBot/1.2; +https://opensiteexplorer.org/dotbot; help@moz.com)"
66.249.73.12 - - [27/Sep/2024:23:21:36 +0800] "GET /robots.txt HTTP/1.1" 404 1052 "-" "Mozilla/5.0 (compatible; Googlebot/2.1; +http://www.google.com/bot.html)"
66.249.73.10 - - [27/Sep/2024:23:21:37 +0800] "GET /icons/odf6odt.png HTTP/1.1" 200 983 "-" "Googlebot-Image/1.0"
38.170.5.255 - - [27/Sep/2024:23:22:27 +0800] "GET /logs/access_20210425.log HTTP/1.1" 404 1194 "http://ft.kidcastle.com.cn/" "Mozilla/5.0 (X11; Linux x86_64) AppleWebKit/537.36 (KHTML, like Gecko) Chrome/114.0.0.0 Safari/537.36 Vivaldi/5.3.2679.68"
38.170.5.255 - - [27/Sep/2024:23:22:29 +0800] "GET / HTTP/1.1" 200 794 "http://ft.kidcastle.com.cn" "Mozilla/5.0 (X11; Linux x86_64) AppleWebKit/537.36 (KHTML, like Gecko) Chrome/114.0.0.0 Safari/537.36 Vivaldi/5.3.2679.68"
66.249.73.10 - - [27/Sep/2024:23:29:00 +0800] "GET /logs/access_20231220.log HTTP/1.1" 304 - "-" "Mozilla/5.0 (Linux; Android 6.0.1; Nexus 5X Build/MMB29P) AppleWebKit/537.36 (KHTML, like Gecko) Chrome/128.0.6613.137 Mobile Safari/537.36 (compatible; Googlebot/2.1; +http://www.google.com/bot.html)"
118.99.115.75 - - [27/Sep/2024:23:55:19 +0800] "GET /logs/access_20210425.log HTTP/1.1" 404 1194 "http://ft.kidcastle.com.cn/" "Mozilla/5.0 (Macintosh; Intel Mac OS X 12_5) AppleWebKit/537.36 (KHTML, like Gecko) Chrome/114.0.0.0 Safari/537.36 Edg/114.0.1264.71"
118.99.115.75 - - [27/Sep/2024:23:55:20 +0800] "GET / HTTP/1.1" 200 794 "http://ft.kidcastle.com.cn" "Mozilla/5.0 (Macintosh; Intel Mac OS X 12_5) AppleWebKit/537.36 (KHTML, like Gecko) Chrome/114.0.0.0 Safari/537.36 Edg/114.0.1264.71"
118.99.115.75 - - [27/Sep/2024:23:55:22 +0800] "GET /?C=M;O=A HTTP/1.1" 200 794 "http://ft.kidcastle.com.cn" "Mozilla/5.0 (Macintosh; Intel Mac OS X 12_5) AppleWebKit/537.36 (KHTML, like Gecko) Chrome/114.0.0.0 Safari/537.36 Edg/114.0.1264.71"