116.179.32.200 - - [21/Sep/2024:00:12:27 +0800] "GET /logs/access_20230426.log HTTP/1.1" 200 17873 "-" "Mozilla/5.0 (compatible; Baiduspider/2.0; +http://www.baidu.com/search/spider.html)"
116.179.32.19 - - [21/Sep/2024:00:34:57 +0800] "GET /logs/access_20221104.log HTTP/1.1" 200 28707 "-" "Mozilla/5.0 (compatible; Baiduspider/2.0; +http://www.baidu.com/search/spider.html)"
66.249.79.34 - - [21/Sep/2024:00:41:20 +0800] "GET /icons/movie.gif HTTP/1.1" 200 243 "-" "Googlebot-Image/1.0"
220.181.108.114 - - [21/Sep/2024:00:57:27 +0800] "GET /logs/access_20230413.log HTTP/1.1" 200 14402 "-" "Mozilla/5.0 (compatible; Baiduspider/2.0; +http://www.baidu.com/search/spider.html)"
45.148.232.142 - - [21/Sep/2024:01:25:01 +0800] "GET /logs/access_20210425.log HTTP/1.1" 404 1194 "http://ft.kidcastle.com.cn/" "Mozilla/5.0 (Windows NT 10.0) AppleWebKit/537.36 (KHTML, like Gecko) Chrome/114.0.0.0 Safari/537.36"
45.148.232.142 - - [21/Sep/2024:01:25:03 +0800] "GET / HTTP/1.1" 200 794 "http://ft.kidcastle.com.cn" "Mozilla/5.0 (Windows NT 10.0) AppleWebKit/537.36 (KHTML, like Gecko) Chrome/114.0.0.0 Safari/537.36"
45.148.232.142 - - [21/Sep/2024:01:25:05 +0800] "GET /?C=M;O=A HTTP/1.1" 200 794 "http://ft.kidcastle.com.cn" "Mozilla/5.0 (Windows NT 10.0) AppleWebKit/537.36 (KHTML, like Gecko) Chrome/114.0.0.0 Safari/537.36"
66.249.79.34 - - [21/Sep/2024:01:35:47 +0800] "GET /icons/odf6ott.png HTTP/1.1" 200 1022 "-" "Googlebot-Image/1.0"
220.181.108.144 - - [21/Sep/2024:01:54:14 +0800] "GET /logs/access_20230209.log HTTP/1.1" 200 10868 "-" "Mozilla/5.0 (compatible; Baiduspider/2.0; +http://www.baidu.com/search/spider.html)"
220.181.108.84 - - [21/Sep/2024:02:28:31 +0800] "GET /logs/access_20230206.log HTTP/1.1" 200 13148 "-" "Mozilla/5.0 (compatible; Baiduspider/2.0; +http://www.baidu.com/search/spider.html)"
5.183.255.110 - - [21/Sep/2024:02:34:51 +0800] "GET /logs/access_20210425.log HTTP/1.1" 404 1194 "http://ft.kidcastle.com.cn/" "Mozilla/5.0 (Macintosh; Intel Mac OS X 12.5; rv:114.0) Gecko/20100101 Firefox/114.0"
5.183.255.110 - - [21/Sep/2024:02:34:51 +0800] "GET / HTTP/1.1" 200 794 "http://ft.kidcastle.com.cn" "Mozilla/5.0 (Macintosh; Intel Mac OS X 12.5; rv:114.0) Gecko/20100101 Firefox/114.0"
5.183.255.110 - - [21/Sep/2024:02:34:54 +0800] "GET /?C=M;O=A HTTP/1.1" 200 794 "http://ft.kidcastle.com.cn" "Mozilla/5.0 (Macintosh; Intel Mac OS X 12.5; rv:114.0) Gecko/20100101 Firefox/114.0"
66.249.79.35 - - [21/Sep/2024:02:35:45 +0800] "GET /icons/box2.gif HTTP/1.1" 200 268 "-" "Googlebot-Image/1.0"
220.181.108.114 - - [21/Sep/2024:03:02:49 +0800] "GET /logs/access_20221022.log HTTP/1.1" 200 29980 "-" "Mozilla/5.0 (compatible; Baiduspider/2.0; +http://www.baidu.com/search/spider.html)"
66.249.79.33 - - [21/Sep/2024:03:35:45 +0800] "GET /icons/forward.gif HTTP/1.1" 200 219 "-" "Googlebot-Image/1.0"
220.181.108.155 - - [21/Sep/2024:03:37:06 +0800] "GET /logs/access_20221224.log HTTP/1.1" 200 19517 "-" "Mozilla/5.0 (compatible; Baiduspider/2.0; +http://www.baidu.com/search/spider.html)"
220.181.108.101 - - [21/Sep/2024:04:11:23 +0800] "GET /logs/access_20221215.log HTTP/1.1" 200 23445 "-" "Mozilla/5.0 (compatible; Baiduspider/2.0; +http://www.baidu.com/search/spider.html)"
66.249.79.35 - - [21/Sep/2024:04:26:02 +0800] "GET /robots.txt HTTP/1.1" 404 1052 "-" "Mozilla/5.0 (compatible; Googlebot/2.1; +http://www.google.com/bot.html)"
66.249.79.35 - - [21/Sep/2024:04:26:03 +0800] "GET /logs/access_20230219.log HTTP/1.1" 304 - "-" "Mozilla/5.0 (Linux; Android 6.0.1; Nexus 5X Build/MMB29P) AppleWebKit/537.36 (KHTML, like Gecko) Chrome/128.0.6613.137 Mobile Safari/537.36 (compatible; Googlebot/2.1; +http://www.google.com/bot.html)"
66.249.79.35 - - [21/Sep/2024:04:36:45 +0800] "GET /icons/patch.gif HTTP/1.1" 200 251 "-" "Googlebot-Image/1.0"
220.181.108.146 - - [21/Sep/2024:04:45:40 +0800] "GET /logs/access_20230213.log HTTP/1.1" 200 13179 "-" "Mozilla/5.0 (compatible; Baiduspider/2.0; +http://www.baidu.com/search/spider.html)"
66.249.79.35 - - [21/Sep/2024:05:37:45 +0800] "GET /icons/down.png HTTP/1.1" 200 256 "-" "Googlebot-Image/1.0"
113.141.85.73 - - [21/Sep/2024:06:11:58 +0800] "GET / HTTP/1.1" 200 794 "-" "Mozilla/5.0 (Macintosh; Intel Mac OS X 10_15_7) AppleWebKit/537.36 (KHTML, like Gecko) Chrome/96.0.4664.110 Safari/537.36"
113.141.85.73 - - [21/Sep/2024:06:11:58 +0800] "GET /favicon.ico HTTP/1.1" 404 1052 "-" "Mozilla/5.0 (Macintosh; Intel Mac OS X 10_15_7) AppleWebKit/537.36 (KHTML, like Gecko) Chrome/96.0.4664.110 Safari/537.36"
207.46.13.229 - - [21/Sep/2024:06:21:23 +0800] "GET /robots.txt HTTP/1.1" 404 1052 "-" "Mozilla/5.0 AppleWebKit/537.36 (KHTML, like Gecko; compatible; bingbot/2.0; +http://www.bing.com/bingbot.htm) Chrome/116.0.1938.76 Safari/537.36"
52.167.144.168 - - [21/Sep/2024:06:21:33 +0800] "GET /logs/access_20220101.log HTTP/1.1" 404 1052 "-" "Mozilla/5.0 AppleWebKit/537.36 (KHTML, like Gecko; compatible; bingbot/2.0; +http://www.bing.com/bingbot.htm) Chrome/116.0.1938.76 Safari/537.36"
66.249.79.33 - - [21/Sep/2024:06:36:45 +0800] "GET /icons/left.gif HTTP/1.1" 200 172 "-" "Googlebot-Image/1.0"
220.181.108.101 - - [21/Sep/2024:06:39:57 +0800] "GET /logs/access_20221110.log HTTP/1.1" 200 28208 "-" "Mozilla/5.0 (compatible; Baiduspider/2.0; +http://www.baidu.com/search/spider.html)"
45.148.232.251 - - [21/Sep/2024:06:40:36 +0800] "GET /logs/access_20210425.log HTTP/1.1" 404 1194 "http://ft.kidcastle.com.cn/" "Mozilla/5.0 (X11; Linux x86_64) AppleWebKit/537.36 (KHTML, like Gecko) Chrome/114.0.0.0 Safari/537.36 OPR/89.0.4447.51"
45.148.232.251 - - [21/Sep/2024:06:40:37 +0800] "GET / HTTP/1.1" 200 794 "http://ft.kidcastle.com.cn" "Mozilla/5.0 (X11; Linux x86_64) AppleWebKit/537.36 (KHTML, like Gecko) Chrome/114.0.0.0 Safari/537.36 OPR/89.0.4447.51"
45.148.232.251 - - [21/Sep/2024:06:40:39 +0800] "GET /?C=M;O=A HTTP/1.1" 200 794 "http://ft.kidcastle.com.cn" "Mozilla/5.0 (X11; Linux x86_64) AppleWebKit/537.36 (KHTML, like Gecko) Chrome/114.0.0.0 Safari/537.36 OPR/89.0.4447.51"
66.249.79.34 - - [21/Sep/2024:07:28:22 +0800] "GET /icons/small/continued.png HTTP/1.1" 200 163 "-" "Googlebot-Image/1.0"
66.249.79.33 - - [21/Sep/2024:07:39:22 +0800] "GET /icons/apache_pb.gif HTTP/1.1" 200 4463 "-" "Googlebot-Image/1.0"
66.249.79.33 - - [21/Sep/2024:07:40:28 +0800] "GET /logs/access_20221128.log HTTP/1.1" 304 - "-" "Mozilla/5.0 (Linux; Android 6.0.1; Nexus 5X Build/MMB29P) AppleWebKit/537.36 (KHTML, like Gecko) Chrome/128.0.6613.137 Mobile Safari/537.36 (compatible; Googlebot/2.1; +http://www.google.com/bot.html)"
66.249.79.33 - - [21/Sep/2024:07:49:22 +0800] "GET /icons/small/uu.gif HTTP/1.1" 200 125 "-" "Googlebot-Image/1.0"
66.249.79.35 - - [21/Sep/2024:07:59:22 +0800] "GET /icons/layout.png HTTP/1.1" 200 323 "-" "Googlebot-Image/1.0"
116.179.32.200 - - [21/Sep/2024:07:59:58 +0800] "GET /logs/access_20221216.log HTTP/1.1" 200 18911 "-" "Mozilla/5.0 (compatible; Baiduspider/2.0; +http://www.baidu.com/search/spider.html)"
66.249.79.33 - - [21/Sep/2024:08:15:45 +0800] "GET /icons/small/generic.gif HTTP/1.1" 200 116 "-" "Googlebot-Image/1.0"
66.249.79.34 - - [21/Sep/2024:08:35:45 +0800] "GET /icons/hand.right.png HTTP/1.1" 200 311 "-" "Googlebot-Image/1.0"
66.249.79.34 - - [21/Sep/2024:08:39:36 +0800] "GET /zb_users/plugin/LinksManage/zbignore.txt HTTP/1.1" 404 1052 "-" "Mozilla/5.0 (Linux; Android 6.0.1; Nexus 5X Build/MMB29P) AppleWebKit/537.36 (KHTML, like Gecko) Chrome/128.0.6613.137 Mobile Safari/537.36 (compatible; Googlebot/2.1; +http://www.google.com/bot.html)"
59.82.21.148 - - [21/Sep/2024:08:41:10 +0800] "GET / HTTP/1.1" 200 794 "-" "Mozilla/5.0 (Windows NT 10.0; Win64; x64) AppleWebKit/537.36 (KHTML, like Gecko) Chrome/111.0.6783.33 Safari/537.36"
59.82.21.148 - - [21/Sep/2024:08:41:10 +0800] "GET / HTTP/1.1" 200 794 "-" "Mozilla/5.0 (Windows NT 10.0; Win64; x64) AppleWebKit/537.36 (KHTML, like Gecko) Chrome/109.0.6809.183 Safari/537.36"
59.82.21.148 - - [21/Sep/2024:08:41:10 +0800] "GET /favicon.ico HTTP/1.1" 404 1052 "-" "Mozilla/5.0 (Windows NT 10.0; Win64; x64) AppleWebKit/537.36 (KHTML, like Gecko) Chrome/109.0.6809.183 Safari/537.36"
59.82.21.148 - - [21/Sep/2024:08:41:11 +0800] "GET /?C=M;O=A HTTP/1.1" 200 794 "-" "Mozilla/5.0 (Windows NT 10.0; Win64; x64) AppleWebKit/537.36 (KHTML, like Gecko) Chrome/87.0.8010.154 Safari/537.36"
59.82.21.220 - - [21/Sep/2024:08:41:11 +0800] "GET /?C=N;O=D HTTP/1.1" 200 794 "-" "Mozilla/5.0 (Windows NT 10.0; Win64; x64) AppleWebKit/537.36 (KHTML, like Gecko) Chrome/89.0.4692.71 Safari/537.36"
59.82.21.148 - - [21/Sep/2024:08:41:11 +0800] "GET / HTTP/1.1" 200 794 "-" "Mozilla/5.0 (Windows NT 10.0; Win64; x64) AppleWebKit/537.36 (KHTML, like Gecko) Chrome/80.0.9570.78 Safari/537.36"
59.82.21.220 - - [21/Sep/2024:08:41:11 +0800] "GET / HTTP/1.1" 200 794 "-" "Mozilla/5.0 (Windows NT 10.0; Win64; x64) AppleWebKit/537.36 (KHTML, like Gecko) Chrome/87.0.5680.80 Safari/537.36"
59.82.21.148 - - [21/Sep/2024:08:41:11 +0800] "GET /favicon.ico HTTP/1.1" 404 1052 "-" "Mozilla/5.0 (Windows NT 10.0; Win64; x64) AppleWebKit/537.36 (KHTML, like Gecko) Chrome/80.0.9570.78 Safari/537.36"
59.82.21.220 - - [21/Sep/2024:08:41:11 +0800] "GET /favicon.ico HTTP/1.1" 404 1052 "-" "Mozilla/5.0 (Windows NT 10.0; Win64; x64) AppleWebKit/537.36 (KHTML, like Gecko) Chrome/87.0.5680.80 Safari/537.36"
59.82.21.220 - - [21/Sep/2024:08:41:11 +0800] "GET /icons/blank.gif HTTP/1.1" 200 148 "-" "Mozilla/5.0 (Windows NT 10.0; Win64; x64) AppleWebKit/537.36 (KHTML, like Gecko) Chrome/106.0.6170.59 Safari/537.36"
59.82.21.148 - - [21/Sep/2024:08:41:11 +0800] "GET /?C=S;O=A HTTP/1.1" 200 794 "-" "Mozilla/5.0 (Windows NT 10.0; Win64; x64) AppleWebKit/537.36 (KHTML, like Gecko) Chrome/87.0.1513.64 Safari/537.36"
59.82.21.220 - - [21/Sep/2024:08:41:11 +0800] "GET / HTTP/1.1" 200 794 "-" "Mozilla/5.0 (Windows NT 10.0; Win64; x64) AppleWebKit/537.36 (KHTML, like Gecko) Chrome/91.0.4018.189 Safari/537.36"
59.82.21.148 - - [21/Sep/2024:08:41:11 +0800] "GET / HTTP/1.1" 200 794 "-" "Mozilla/5.0 (Windows NT 10.0; Win64; x64) AppleWebKit/537.36 (KHTML, like Gecko) Chrome/105.0.9714.198 Safari/537.36"
59.82.21.220 - - [21/Sep/2024:08:41:11 +0800] "GET /favicon.ico HTTP/1.1" 404 1052 "-" "Mozilla/5.0 (Windows NT 10.0; Win64; x64) AppleWebKit/537.36 (KHTML, like Gecko) Chrome/91.0.4018.189 Safari/537.36"
59.82.21.148 - - [21/Sep/2024:08:41:11 +0800] "GET /icons/folder.gif HTTP/1.1" 200 225 "-" "Mozilla/5.0 (Windows NT 10.0; Win64; x64) AppleWebKit/537.36 (KHTML, like Gecko) Chrome/89.0.9112.31 Safari/537.36"
59.82.21.220 - - [21/Sep/2024:08:41:11 +0800] "GET /favicon.ico HTTP/1.1" 404 1052 "-" "Mozilla/5.0 (Windows NT 10.0; Win64; x64) AppleWebKit/537.36 (KHTML, like Gecko) Chrome/105.0.9714.198 Safari/537.36"
59.82.21.148 - - [21/Sep/2024:08:41:11 +0800] "GET / HTTP/1.1" 200 794 "-" "Mozilla/5.0 (Windows NT 10.0; Win64; x64) AppleWebKit/537.36 (KHTML, like Gecko) Chrome/103.0.1448.161 Safari/537.36"
59.82.21.148 - - [21/Sep/2024:08:41:11 +0800] "GET /favicon.ico HTTP/1.1" 404 1052 "-" "Mozilla/5.0 (Windows NT 10.0; Win64; x64) AppleWebKit/537.36 (KHTML, like Gecko) Chrome/103.0.1448.161 Safari/537.36"
112.86.225.68 - - [21/Sep/2024:08:45:25 +0800] "GET / HTTP/1.1" 200 794 "-" "Sogou web spider/4.0(+http://www.sogou.com/docs/help/webmasters.htm#07)"
66.249.79.33 - - [21/Sep/2024:08:55:45 +0800] "GET /icons/sphere1.gif HTTP/1.1" 200 285 "-" "Googlebot-Image/1.0"
66.249.79.35 - - [21/Sep/2024:09:19:15 +0800] "GET /icons/comp.gray.png HTTP/1.1" 200 318 "-" "Googlebot-Image/1.0"
59.82.21.145 - - [21/Sep/2024:09:38:02 +0800] "GET / HTTP/1.1" 200 794 "-" "Mozilla/5.0 (Windows NT 10.0; Win64; x64) AppleWebKit/537.36 (KHTML, like Gecko) Chrome/100.0.9936.83 Safari/537.36"
59.82.21.145 - - [21/Sep/2024:09:38:02 +0800] "GET / HTTP/1.1" 200 794 "-" "Mozilla/5.0 (Windows NT 10.0; Win64; x64) AppleWebKit/537.36 (KHTML, like Gecko) Chrome/114.0.3322.152 Safari/537.36"
59.82.21.145 - - [21/Sep/2024:09:38:02 +0800] "GET /favicon.ico HTTP/1.1" 404 1052 "-" "Mozilla/5.0 (Windows NT 10.0; Win64; x64) AppleWebKit/537.36 (KHTML, like Gecko) Chrome/114.0.3322.152 Safari/537.36"
59.82.21.145 - - [21/Sep/2024:09:38:03 +0800] "GET /?C=M;O=A HTTP/1.1" 200 794 "-" "Mozilla/5.0 (Windows NT 10.0; Win64; x64) AppleWebKit/537.36 (KHTML, like Gecko) Chrome/114.0.6142.89 Safari/537.36"
59.82.21.66 - - [21/Sep/2024:09:38:03 +0800] "GET /?C=N;O=D HTTP/1.1" 200 794 "-" "Mozilla/5.0 (Windows NT 10.0; Win64; x64) AppleWebKit/537.36 (KHTML, like Gecko) Chrome/91.0.1428.164 Safari/537.36"
59.82.21.145 - - [21/Sep/2024:09:38:03 +0800] "GET / HTTP/1.1" 200 794 "-" "Mozilla/5.0 (Windows NT 10.0; Win64; x64) AppleWebKit/537.36 (KHTML, like Gecko) Chrome/112.0.2773.17 Safari/537.36"
59.82.21.66 - - [21/Sep/2024:09:38:03 +0800] "GET / HTTP/1.1" 200 794 "-" "Mozilla/5.0 (Windows NT 10.0; Win64; x64) AppleWebKit/537.36 (KHTML, like Gecko) Chrome/97.0.1881.144 Safari/537.36"
59.82.21.145 - - [21/Sep/2024:09:38:03 +0800] "GET /favicon.ico HTTP/1.1" 404 1052 "-" "Mozilla/5.0 (Windows NT 10.0; Win64; x64) AppleWebKit/537.36 (KHTML, like Gecko) Chrome/112.0.2773.17 Safari/537.36"
59.82.21.66 - - [21/Sep/2024:09:38:03 +0800] "GET /favicon.ico HTTP/1.1" 404 1052 "-" "Mozilla/5.0 (Windows NT 10.0; Win64; x64) AppleWebKit/537.36 (KHTML, like Gecko) Chrome/97.0.1881.144 Safari/537.36"
59.82.21.66 - - [21/Sep/2024:09:38:03 +0800] "GET /icons/blank.gif HTTP/1.1" 200 148 "-" "Mozilla/5.0 (Windows NT 10.0; Win64; x64) AppleWebKit/537.36 (KHTML, like Gecko) Chrome/111.0.3577.63 Safari/537.36"
59.82.21.145 - - [21/Sep/2024:09:38:03 +0800] "GET /?C=S;O=A HTTP/1.1" 200 794 "-" "Mozilla/5.0 (Windows NT 10.0; Win64; x64) AppleWebKit/537.36 (KHTML, like Gecko) Chrome/103.0.6177.199 Safari/537.36"
59.82.21.66 - - [21/Sep/2024:09:38:03 +0800] "GET / HTTP/1.1" 200 794 "-" "Mozilla/5.0 (Windows NT 10.0; Win64; x64) AppleWebKit/537.36 (KHTML, like Gecko) Chrome/109.0.4717.146 Safari/537.36"
59.82.21.145 - - [21/Sep/2024:09:38:03 +0800] "GET / HTTP/1.1" 200 794 "-" "Mozilla/5.0 (Windows NT 10.0; Win64; x64) AppleWebKit/537.36 (KHTML, like Gecko) Chrome/101.0.9046.69 Safari/537.36"
59.82.21.66 - - [21/Sep/2024:09:38:03 +0800] "GET /favicon.ico HTTP/1.1" 404 1052 "-" "Mozilla/5.0 (Windows NT 10.0; Win64; x64) AppleWebKit/537.36 (KHTML, like Gecko) Chrome/109.0.4717.146 Safari/537.36"
59.82.21.145 - - [21/Sep/2024:09:38:03 +0800] "GET /favicon.ico HTTP/1.1" 404 1052 "-" "Mozilla/5.0 (Windows NT 10.0; Win64; x64) AppleWebKit/537.36 (KHTML, like Gecko) Chrome/101.0.9046.69 Safari/537.36"
59.82.21.66 - - [21/Sep/2024:09:38:03 +0800] "GET /icons/folder.gif HTTP/1.1" 200 225 "-" "Mozilla/5.0 (Windows NT 10.0; Win64; x64) AppleWebKit/537.36 (KHTML, like Gecko) Chrome/88.0.4090.194 Safari/537.36"
59.82.21.66 - - [21/Sep/2024:09:38:03 +0800] "GET / HTTP/1.1" 200 794 "-" "Mozilla/5.0 (Windows NT 10.0; Win64; x64) AppleWebKit/537.36 (KHTML, like Gecko) Chrome/96.0.3328.174 Safari/537.36"
59.82.21.66 - - [21/Sep/2024:09:38:03 +0800] "GET /favicon.ico HTTP/1.1" 404 1052 "-" "Mozilla/5.0 (Windows NT 10.0; Win64; x64) AppleWebKit/537.36 (KHTML, like Gecko) Chrome/96.0.3328.174 Safari/537.36"
66.249.79.35 - - [21/Sep/2024:09:41:23 +0800] "GET /icons/burst.gif HTTP/1.1" 200 235 "-" "Googlebot-Image/1.0"
66.249.79.33 - - [21/Sep/2024:10:03:17 +0800] "GET /icons/odf6oti.png HTTP/1.1" 200 1107 "-" "Googlebot-Image/1.0"
66.249.79.33 - - [21/Sep/2024:10:26:45 +0800] "GET /icons/pie2.png HTTP/1.1" 200 272 "-" "Googlebot-Image/1.0"
66.249.79.34 - - [21/Sep/2024:10:48:15 +0800] "GET /icons/small/tar.png HTTP/1.1" 200 173 "-" "Googlebot-Image/1.0"
66.249.79.33 - - [21/Sep/2024:11:10:45 +0800] "GET /icons/p.gif HTTP/1.1" 200 237 "-" "Googlebot-Image/1.0"
66.249.79.35 - - [21/Sep/2024:13:03:15 +0800] "GET /icons/sound2.png HTTP/1.1" 200 315 "-" "Googlebot-Image/1.0"
66.249.79.34 - - [21/Sep/2024:13:09:51 +0800] "GET /logs/access_20230602.log HTTP/1.1" 200 14734 "-" "Mozilla/5.0 (Linux; Android 6.0.1; Nexus 5X Build/MMB29P) AppleWebKit/537.36 (KHTML, like Gecko) Chrome/128.0.6613.137 Mobile Safari/537.36 (compatible; Googlebot/2.1; +http://www.google.com/bot.html)"
220.181.108.149 - - [21/Sep/2024:13:19:57 +0800] "GET /logs/access_20221119.log HTTP/1.1" 200 19285 "-" "Mozilla/5.0 (compatible; Baiduspider/2.0; +http://www.baidu.com/search/spider.html)"
207.46.13.7 - - [21/Sep/2024:13:51:45 +0800] "GET /logs/access_20240411.log HTTP/1.1" 200 261388 "-" "Mozilla/5.0 AppleWebKit/537.36 (KHTML, like Gecko; compatible; bingbot/2.0; +http://www.bing.com/bingbot.htm) Chrome/116.0.1938.76 Safari/537.36"
66.249.79.33 - - [21/Sep/2024:14:33:15 +0800] "GET /icons/alert.black.png HTTP/1.1" 200 293 "-" "Googlebot-Image/1.0"
220.181.108.149 - - [21/Sep/2024:15:49:57 +0800] "GET /logs/access_20230103.log HTTP/1.1" 200 20869 "-" "Mozilla/5.0 (compatible; Baiduspider/2.0; +http://www.baidu.com/search/spider.html)"
220.181.108.110 - - [21/Sep/2024:16:19:57 +0800] "GET /logs/access_20221212.log HTTP/1.1" 200 22202 "-" "Mozilla/5.0 (compatible; Baiduspider/2.0; +http://www.baidu.com/search/spider.html)"
220.181.108.174 - - [21/Sep/2024:16:49:57 +0800] "GET /logs/access_20221127.log HTTP/1.1" 200 30243 "-" "Mozilla/5.0 (compatible; Baiduspider/2.0; +http://www.baidu.com/search/spider.html)"
220.181.108.83 - - [21/Sep/2024:17:19:57 +0800] "GET /logs/access_20221130.log HTTP/1.1" 200 27877 "-" "Mozilla/5.0 (compatible; Baiduspider/2.0; +http://www.baidu.com/search/spider.html)"
66.249.79.34 - - [21/Sep/2024:17:34:15 +0800] "GET /robots.txt HTTP/1.1" 404 1052 "-" "Mozilla/5.0 (compatible; Googlebot/2.1; +http://www.google.com/bot.html)"
66.249.79.34 - - [21/Sep/2024:17:34:15 +0800] "GET /icons/odf6odt.png HTTP/1.1" 200 983 "-" "Googlebot-Image/1.0"
116.179.32.36 - - [21/Sep/2024:17:49:57 +0800] "GET /logs/access_20230405.log HTTP/1.1" 200 14910 "-" "Mozilla/5.0 (compatible; Baiduspider/2.0; +http://www.baidu.com/search/spider.html)"
66.249.79.35 - - [21/Sep/2024:19:13:06 +0800] "GET /icons/ball.red.gif HTTP/1.1" 200 205 "-" "Googlebot-Image/1.0"
40.77.167.121 - - [21/Sep/2024:19:45:20 +0800] "GET /logs/access_20221125.log HTTP/1.1" 200 26365 "-" "Mozilla/5.0 AppleWebKit/537.36 (KHTML, like Gecko; compatible; bingbot/2.0; +http://www.bing.com/bingbot.htm) Chrome/116.0.1938.76 Safari/537.36"
83.142.52.225 - - [21/Sep/2024:19:57:15 +0800] "GET /logs/access_20210425.log HTTP/1.1" 404 1194 "http://ft.kidcastle.com.cn/" "Mozilla/5.0 (X11; Fedora; Linux x86_64; rv:114.0) Gecko/20100101 Firefox/114.0"
83.142.52.225 - - [21/Sep/2024:19:57:16 +0800] "GET / HTTP/1.1" 200 794 "http://ft.kidcastle.com.cn" "Mozilla/5.0 (X11; Fedora; Linux x86_64; rv:114.0) Gecko/20100101 Firefox/114.0"
83.142.52.225 - - [21/Sep/2024:19:57:17 +0800] "GET /?C=M;O=A HTTP/1.1" 200 794 "http://ft.kidcastle.com.cn" "Mozilla/5.0 (X11; Fedora; Linux x86_64; rv:114.0) Gecko/20100101 Firefox/114.0"
147.78.181.217 - - [21/Sep/2024:20:10:54 +0800] "GET /logs/access_20210425.log HTTP/1.1" 404 1194 "http://ft.kidcastle.com.cn/" "Mozilla/5.0 (Macintosh; Intel Mac OS X 12_5) AppleWebKit/537.36 (KHTML, like Gecko) Chrome/114.0.0.0 Safari/537.36 Edg/114.0.1264.71"
147.78.181.217 - - [21/Sep/2024:20:10:55 +0800] "GET / HTTP/1.1" 200 794 "http://ft.kidcastle.com.cn" "Mozilla/5.0 (Macintosh; Intel Mac OS X 12_5) AppleWebKit/537.36 (KHTML, like Gecko) Chrome/114.0.0.0 Safari/537.36 Edg/114.0.1264.71"
147.78.181.217 - - [21/Sep/2024:20:10:56 +0800] "GET /?C=M;O=A HTTP/1.1" 200 794 "http://ft.kidcastle.com.cn" "Mozilla/5.0 (Macintosh; Intel Mac OS X 12_5) AppleWebKit/537.36 (KHTML, like Gecko) Chrome/114.0.0.0 Safari/537.36 Edg/114.0.1264.71"
66.249.79.35 - - [21/Sep/2024:20:33:15 +0800] "GET /icons/small/generic3.png HTTP/1.1" 200 171 "-" "Googlebot-Image/1.0"
37.67.53.177 - - [21/Sep/2024:20:39:45 +0800] "GET /logs/access_20210425.log HTTP/1.1" 404 1194 "http://ft.kidcastle.com.cn/" "Mozilla/5.0 (X11; Fedora; Linux x86_64; rv:114.0) Gecko/20100101 Firefox/114.0"
37.67.53.177 - - [21/Sep/2024:20:39:47 +0800] "GET / HTTP/1.1" 200 794 "http://ft.kidcastle.com.cn" "Mozilla/5.0 (X11; Fedora; Linux x86_64; rv:114.0) Gecko/20100101 Firefox/114.0"
185.200.64.254 - - [21/Sep/2024:20:48:04 +0800] "GET /viewthread.php?tid=1 HTTP/1.1" 404 1052 "-" "Mozilla/5.0 (X11; Linux x86_64) AppleWebKit/537.36 (KHTML, like Gecko) Chrome/41.0.2227.0 Safari/537.36"
185.200.64.254 - - [21/Sep/2024:20:48:08 +0800] "GET /ueditor/net/controller.ashx?action=catchimage HTTP/1.1" 404 1052 "-" "python-requests/2.25.1"
103.216.49.151 - - [21/Sep/2024:21:19:17 +0800] "GET //logs/access_20210425.log HTTP/1.0" 404 1194 "http://ft.kidcastle.com.cn/" "Mozilla/5.0 (Macintosh; Intel Mac OS X 12_5) AppleWebKit/605.1.15 (KHTML, like Gecko) Version/15.4 Safari/605.1.15"
103.216.49.151 - - [21/Sep/2024:21:19:18 +0800] "GET // HTTP/1.0" 200 794 "http://ft.kidcastle.com.cn" "Mozilla/5.0 (Macintosh; Intel Mac OS X 12_5) AppleWebKit/605.1.15 (KHTML, like Gecko) Version/15.4 Safari/605.1.15"
103.216.49.151 - - [21/Sep/2024:21:19:23 +0800] "GET //?C=M;O=A HTTP/1.0" 200 794 "http://ft.kidcastle.com.cn" "Mozilla/5.0 (Macintosh; Intel Mac OS X 12_5) AppleWebKit/605.1.15 (KHTML, like Gecko) Version/15.4 Safari/605.1.15"
66.249.79.33 - - [21/Sep/2024:21:33:48 +0800] "GET /icons/small/index.png HTTP/1.1" 200 225 "-" "Googlebot-Image/1.0"
116.179.32.199 - - [21/Sep/2024:21:44:40 +0800] "GET /logs/access_20221124.log HTTP/1.1" 200 35887 "-" "Mozilla/5.0 (compatible; Baiduspider/2.0; +http://www.baidu.com/search/spider.html)"
220.181.51.85 - - [21/Sep/2024:21:44:40 +0800] "GET /robots.txt HTTP/1.1" 404 1052 "-" "Mozilla/5.0 (Windows NT 10.0; WOW64) AppleWebKit/537.36 (KHTML, like Gecko) Chrome/48.0.2564.116 Safari/537.36"
185.200.64.254 - - [21/Sep/2024:21:55:56 +0800] "GET /data/conf/version.txt HTTP/1.1" 404 1052 "-" "python-requests/2.25.1"
66.249.79.35 - - [21/Sep/2024:22:33:15 +0800] "GET /icons/small/folder2.png HTTP/1.1" 200 180 "-" "Googlebot-Image/1.0"
66.249.79.34 - - [21/Sep/2024:22:49:27 +0800] "GET /logs/access_20240228.log HTTP/1.1" 304 - "-" "Mozilla/5.0 (Linux; Android 6.0.1; Nexus 5X Build/MMB29P) AppleWebKit/537.36 (KHTML, like Gecko) Chrome/128.0.6613.137 Mobile Safari/537.36 (compatible; Googlebot/2.1; +http://www.google.com/bot.html)"
116.179.32.215 - - [21/Sep/2024:23:09:22 +0800] "GET /logs/access_20221019.log HTTP/1.1" 200 28601 "-" "Mozilla/5.0 (compatible; Baiduspider/2.0; +http://www.baidu.com/search/spider.html)"
185.200.64.254 - - [21/Sep/2024:23:59:51 +0800] "GET /data/%235Dp8Gh.asp HTTP/1.1" 404 1052 "-" "Mozilla/5.0 (Windows NT 10.0; Win64; x64; rv:92.0) Gecko/20100101 Firefox/92.0"
185.200.64.254 - - [21/Sep/2024:23:59:52 +0800] "GET /data/%236Td8Uo.asp HTTP/1.1" 404 1052 "-" "Mozilla/5.0 (Windows NT 10.0; Win64; x64; rv:92.0) Gecko/20100101 Firefox/92.0"