66.249.66.36 - - [18/Sep/2024:00:16:10 +0800] "GET /robots.txt HTTP/1.1" 404 1052 "-" "Mozilla/5.0 (compatible; Googlebot/2.1; +http://www.google.com/bot.html)"
66.249.66.38 - - [18/Sep/2024:00:16:10 +0800] "GET /icons/pie7.png HTTP/1.1" 200 275 "-" "Googlebot-Image/1.0"
66.249.66.36 - - [18/Sep/2024:00:35:55 +0800] "GET /icons/pie5.gif HTTP/1.1" 200 189 "-" "Googlebot-Image/1.0"
220.181.108.176 - - [18/Sep/2024:00:42:15 +0800] "GET /logs/access_20230810.log HTTP/1.1" 200 26072 "-" "Mozilla/5.0 (compatible; Baiduspider/2.0; +http://www.baidu.com/search/spider.html)"
66.249.66.36 - - [18/Sep/2024:00:55:55 +0800] "GET /icons/image2.png HTTP/1.1" 200 371 "-" "Googlebot-Image/1.0"
220.181.108.167 - - [18/Sep/2024:01:12:15 +0800] "GET /logs/access_20230809.log HTTP/1.1" 200 14276 "-" "Mozilla/5.0 (compatible; Baiduspider/2.0; +http://www.baidu.com/search/spider.html)"
66.249.66.38 - - [18/Sep/2024:01:15:55 +0800] "GET /icons/apache_pb.png HTTP/1.1" 200 9691 "-" "Googlebot-Image/1.0"
66.249.66.38 - - [18/Sep/2024:01:35:56 +0800] "GET /icons/small/patch.png HTTP/1.1" 200 211 "-" "Googlebot-Image/1.0"
66.249.66.36 - - [18/Sep/2024:01:55:55 +0800] "GET /icons/screw1.png HTTP/1.1" 200 328 "-" "Googlebot-Image/1.0"
66.249.66.36 - - [18/Sep/2024:02:15:55 +0800] "GET /icons/small/binhex.png HTTP/1.1" 200 178 "-" "Googlebot-Image/1.0"
49.67.110.46 - - [18/Sep/2024:02:27:08 +0800] "GET /logs/access_20240411.log HTTP/1.1" 200 261388 "https://www.baidu.com" "Mozilla/5.0 (Windows NT 10.0; Win64; x64) AppleWebKit/537.36 (KHTML, like Gecko) Chrome/120.0.0.0 Safari/537.36 Edg/120.0.0.0"
121.237.36.27 - - [18/Sep/2024:02:35:29 +0800] "GET / HTTP/1.1" 200 794 "-" "Mozilla/5.0 (Windows; U; WinNT4.0; en-US; rv:1.1a) Gecko/20020611"
121.237.36.29 - - [18/Sep/2024:02:36:31 +0800] "GET / HTTP/1.1" 200 794 "-" "Dalvik/2.1.0 (Linux; U; Android 9.0; ZTE BA520 Build/MRA58K)"
121.237.36.27 - - [18/Sep/2024:02:36:31 +0800] "GET / HTTP/1.1" 200 794 "-" "Dalvik/2.1.0 (Linux; U; Android 9.0; ZTE BA520 Build/MRA58K)"
121.237.36.28 - - [18/Sep/2024:02:42:17 +0800] "GET / HTTP/1.1" 200 794 "-" "Mozilla/5.0 (Macintosh; Intel Mac OS X 10_11) AppleWebKit/601.1.27 (KHTML, like Gecko) Chrome/47.0.2526.106 Safari/601.1.27"
121.237.36.28 - - [18/Sep/2024:02:49:03 +0800] "GET /favicon.ico HTTP/1.1" 404 1052 "-" "Dalvik/2.1.0 (Linux; U; Android 9.0; ZTE BA520 Build/MRA58K)"
66.249.66.37 - - [18/Sep/2024:02:52:17 +0800] "GET /icons/odf6odm.png HTTP/1.1" 200 1060 "-" "Googlebot-Image/1.0"
66.249.66.37 - - [18/Sep/2024:03:09:39 +0800] "GET /icons/continued.gif HTTP/1.1" 200 214 "-" "Googlebot-Image/1.0"
66.249.66.38 - - [18/Sep/2024:03:16:10 +0800] "GET /icons/small/generic.png HTTP/1.1" 200 149 "-" "Googlebot-Image/1.0"
66.249.66.36 - - [18/Sep/2024:03:25:01 +0800] "GET /icons/pie4.gif HTTP/1.1" 200 193 "-" "Googlebot-Image/1.0"
66.249.66.37 - - [18/Sep/2024:03:41:23 +0800] "GET /icons/small/image.png HTTP/1.1" 200 197 "-" "Googlebot-Image/1.0"
220.181.108.145 - - [18/Sep/2024:03:54:36 +0800] "GET /logs/access_20230429.log HTTP/1.1" 200 13574 "-" "Mozilla/5.0 (compatible; Baiduspider/2.0; +http://www.baidu.com/search/spider.html)"
66.249.66.37 - - [18/Sep/2024:04:14:07 +0800] "GET /icons/diskimg.png HTTP/1.1" 200 215 "-" "Googlebot-Image/1.0"
66.249.66.38 - - [18/Sep/2024:04:30:28 +0800] "GET /icons/hand.up.gif HTTP/1.1" 200 223 "-" "Googlebot-Image/1.0"
66.249.66.36 - - [18/Sep/2024:04:46:50 +0800] "GET /icons/comp.gray.gif HTTP/1.1" 200 246 "-" "Googlebot-Image/1.0"
66.249.66.37 - - [18/Sep/2024:04:55:01 +0800] "GET /icons/world2.png HTTP/1.1" 200 363 "-" "Googlebot-Image/1.0"
66.249.66.37 - - [18/Sep/2024:05:11:23 +0800] "GET /icons/small/sound2.gif HTTP/1.1" 200 119 "-" "Googlebot-Image/1.0"
66.249.66.38 - - [18/Sep/2024:05:19:33 +0800] "GET /icons/small/forward.gif HTTP/1.1" 200 125 "-" "Googlebot-Image/1.0"
66.249.66.38 - - [18/Sep/2024:05:27:45 +0800] "GET /icons/small/movie.gif HTTP/1.1" 200 134 "-" "Googlebot-Image/1.0"
66.249.66.37 - - [18/Sep/2024:05:35:55 +0800] "GET /icons/folder.open.gif HTTP/1.1" 200 242 "-" "Googlebot-Image/1.0"
66.249.66.37 - - [18/Sep/2024:05:44:06 +0800] "GET /icons/small/generic3.gif HTTP/1.1" 200 113 "-" "Googlebot-Image/1.0"
66.249.66.36 - - [18/Sep/2024:05:52:17 +0800] "GET /icons/small/back.gif HTTP/1.1" 200 129 "-" "Googlebot-Image/1.0"
66.249.66.38 - - [18/Sep/2024:06:00:28 +0800] "GET /icons/small/comp1.gif HTTP/1.1" 200 130 "-" "Googlebot-Image/1.0"
66.249.66.36 - - [18/Sep/2024:06:08:39 +0800] "GET /icons/quill.png HTTP/1.1" 200 329 "-" "Googlebot-Image/1.0"
66.249.66.37 - - [18/Sep/2024:06:16:50 +0800] "GET /icons/tar.png HTTP/1.1" 200 261 "-" "Googlebot-Image/1.0"
66.249.66.36 - - [18/Sep/2024:06:25:01 +0800] "GET /icons/pdf.gif HTTP/1.1" 200 249 "-" "Googlebot-Image/1.0"
66.249.66.37 - - [18/Sep/2024:06:26:08 +0800] "GET /logs/access_20240630.log HTTP/1.1" 200 9296 "-" "Mozilla/5.0 (Linux; Android 6.0.1; Nexus 5X Build/MMB29P) AppleWebKit/537.36 (KHTML, like Gecko) Chrome/128.0.6613.137 Mobile Safari/537.36 (compatible; Googlebot/2.1; +http://www.google.com/bot.html)"
66.249.66.38 - - [18/Sep/2024:06:27:12 +0800] "GET /logs/access_20230827.log HTTP/1.1" 304 - "-" "Mozilla/5.0 (Linux; Android 6.0.1; Nexus 5X Build/MMB29P) AppleWebKit/537.36 (KHTML, like Gecko) Chrome/128.0.6613.137 Mobile Safari/537.36 (compatible; Googlebot/2.1; +http://www.google.com/bot.html)"
66.249.66.36 - - [18/Sep/2024:06:29:15 +0800] "GET /icons/binary.gif HTTP/1.1" 200 246 "-" "Googlebot-Image/1.0"
66.249.66.36 - - [18/Sep/2024:06:41:40 +0800] "GET /icons/small/doc.gif HTTP/1.1" 200 191 "-" "Googlebot-Image/1.0"
66.249.66.37 - - [18/Sep/2024:06:48:54 +0800] "GET /icons/comp.blue.png HTTP/1.1" 200 330 "-" "Googlebot-Image/1.0"
66.249.66.37 - - [18/Sep/2024:06:54:05 +0800] "GET /icons/portal.png HTTP/1.1" 200 319 "-" "Googlebot-Image/1.0"
66.249.66.37 - - [18/Sep/2024:07:01:36 +0800] "GET /icons/odf6oth.png HTTP/1.1" 200 1062 "-" "Googlebot-Image/1.0"
152.32.107.66 - - [18/Sep/2024:07:05:49 +0800] "GET /index.php/Admin HTTP/1.1" 404 1052 "-" "Mozilla/5.0 (Windows NT 10.0; Win64; x64) AppleWebKit/537.36 (KHTML, like Gecko) Chrome/98.0.4758.102 Safari/537.36"
66.249.66.37 - - [18/Sep/2024:07:06:29 +0800] "GET /icons/small/doc.png HTTP/1.1" 200 222 "-" "Googlebot-Image/1.0"
52.167.144.23 - - [18/Sep/2024:07:09:56 +0800] "GET /logs/access_20220812.log HTTP/1.1" 404 1052 "-" "Mozilla/5.0 AppleWebKit/537.36 (KHTML, like Gecko; compatible; bingbot/2.0; +http://www.bing.com/bingbot.htm) Chrome/116.0.1938.76 Safari/537.36"
66.249.66.36 - - [18/Sep/2024:07:12:41 +0800] "GET /icons/odf6otp.png HTTP/1.1" 200 1017 "-" "Googlebot-Image/1.0"
66.249.66.37 - - [18/Sep/2024:07:18:54 +0800] "GET /icons/apache_pb2.png HTTP/1.1" 200 10401 "-" "Googlebot-Image/1.0"
66.249.66.37 - - [18/Sep/2024:07:25:06 +0800] "GET /icons/index.png HTTP/1.1" 200 332 "-" "Googlebot-Image/1.0"
66.249.66.38 - - [18/Sep/2024:07:31:19 +0800] "GET /icons/small/sound.png HTTP/1.1" 200 197 "-" "Googlebot-Image/1.0"
66.249.66.36 - - [18/Sep/2024:07:37:31 +0800] "GET /icons/folder.gif HTTP/1.1" 200 225 "-" "Googlebot-Image/1.0"
59.82.21.144 - - [18/Sep/2024:07:40:08 +0800] "GET / HTTP/1.1" 200 794 "-" "Mozilla/5.0 (Windows NT 10.0; Win64; x64) AppleWebKit/537.36 (KHTML, like Gecko) Chrome/103.0.6551.197 Safari/537.36"
59.82.21.144 - - [18/Sep/2024:07:40:08 +0800] "GET / HTTP/1.1" 200 794 "-" "Mozilla/5.0 (Windows NT 10.0; Win64; x64) AppleWebKit/537.36 (KHTML, like Gecko) Chrome/89.0.4308.126 Safari/537.36"
59.82.21.144 - - [18/Sep/2024:07:40:08 +0800] "GET /favicon.ico HTTP/1.1" 404 1052 "-" "Mozilla/5.0 (Windows NT 10.0; Win64; x64) AppleWebKit/537.36 (KHTML, like Gecko) Chrome/89.0.4308.126 Safari/537.36"
59.82.21.144 - - [18/Sep/2024:07:40:09 +0800] "GET /?C=M;O=A HTTP/1.1" 200 794 "-" "Mozilla/5.0 (Windows NT 10.0; Win64; x64) AppleWebKit/537.36 (KHTML, like Gecko) Chrome/97.0.7644.25 Safari/537.36"
59.82.21.138 - - [18/Sep/2024:07:40:09 +0800] "GET /?C=N;O=D HTTP/1.1" 200 794 "-" "Mozilla/5.0 (Windows NT 10.0; Win64; x64) AppleWebKit/537.36 (KHTML, like Gecko) Chrome/89.0.4254.72 Safari/537.36"
59.82.21.144 - - [18/Sep/2024:07:40:09 +0800] "GET / HTTP/1.1" 200 794 "-" "Mozilla/5.0 (Windows NT 10.0; Win64; x64) AppleWebKit/537.36 (KHTML, like Gecko) Chrome/113.0.8637.176 Safari/537.36"
59.82.21.138 - - [18/Sep/2024:07:40:09 +0800] "GET / HTTP/1.1" 200 794 "-" "Mozilla/5.0 (Windows NT 10.0; Win64; x64) AppleWebKit/537.36 (KHTML, like Gecko) Chrome/102.0.4575.38 Safari/537.36"
59.82.21.144 - - [18/Sep/2024:07:40:09 +0800] "GET /favicon.ico HTTP/1.1" 404 1052 "-" "Mozilla/5.0 (Windows NT 10.0; Win64; x64) AppleWebKit/537.36 (KHTML, like Gecko) Chrome/113.0.8637.176 Safari/537.36"
59.82.21.138 - - [18/Sep/2024:07:40:09 +0800] "GET /favicon.ico HTTP/1.1" 404 1052 "-" "Mozilla/5.0 (Windows NT 10.0; Win64; x64) AppleWebKit/537.36 (KHTML, like Gecko) Chrome/102.0.4575.38 Safari/537.36"
59.82.21.138 - - [18/Sep/2024:07:40:09 +0800] "GET /icons/blank.gif HTTP/1.1" 200 148 "-" "Mozilla/5.0 (Windows NT 10.0; Win64; x64) AppleWebKit/537.36 (KHTML, like Gecko) Chrome/82.0.6417.19 Safari/537.36"
59.82.21.144 - - [18/Sep/2024:07:40:09 +0800] "GET /?C=S;O=A HTTP/1.1" 200 794 "-" "Mozilla/5.0 (Windows NT 10.0; Win64; x64) AppleWebKit/537.36 (KHTML, like Gecko) Chrome/85.0.3098.159 Safari/537.36"
59.82.21.138 - - [18/Sep/2024:07:40:09 +0800] "GET / HTTP/1.1" 200 794 "-" "Mozilla/5.0 (Windows NT 10.0; Win64; x64) AppleWebKit/537.36 (KHTML, like Gecko) Chrome/115.0.6657.87 Safari/537.36"
59.82.21.144 - - [18/Sep/2024:07:40:09 +0800] "GET / HTTP/1.1" 200 794 "-" "Mozilla/5.0 (Windows NT 10.0; Win64; x64) AppleWebKit/537.36 (KHTML, like Gecko) Chrome/112.0.9010.116 Safari/537.36"
59.82.21.138 - - [18/Sep/2024:07:40:09 +0800] "GET /favicon.ico HTTP/1.1" 404 1052 "-" "Mozilla/5.0 (Windows NT 10.0; Win64; x64) AppleWebKit/537.36 (KHTML, like Gecko) Chrome/115.0.6657.87 Safari/537.36"
59.82.21.144 - - [18/Sep/2024:07:40:09 +0800] "GET /favicon.ico HTTP/1.1" 404 1052 "-" "Mozilla/5.0 (Windows NT 10.0; Win64; x64) AppleWebKit/537.36 (KHTML, like Gecko) Chrome/112.0.9010.116 Safari/537.36"
59.82.21.138 - - [18/Sep/2024:07:40:09 +0800] "GET /icons/folder.gif HTTP/1.1" 200 225 "-" "Mozilla/5.0 (Windows NT 10.0; Win64; x64) AppleWebKit/537.36 (KHTML, like Gecko) Chrome/114.0.2925.170 Safari/537.36"
59.82.21.138 - - [18/Sep/2024:07:40:09 +0800] "GET / HTTP/1.1" 200 794 "-" "Mozilla/5.0 (Windows NT 10.0; Win64; x64) AppleWebKit/537.36 (KHTML, like Gecko) Chrome/112.0.1705.28 Safari/537.36"
59.82.21.138 - - [18/Sep/2024:07:40:09 +0800] "GET /favicon.ico HTTP/1.1" 404 1052 "-" "Mozilla/5.0 (Windows NT 10.0; Win64; x64) AppleWebKit/537.36 (KHTML, like Gecko) Chrome/112.0.1705.28 Safari/537.36"
66.249.66.38 - - [18/Sep/2024:07:43:44 +0800] "GET /icons/odf6otf.png HTTP/1.1" 200 1082 "-" "Googlebot-Image/1.0"
66.249.66.36 - - [18/Sep/2024:07:49:56 +0800] "GET /icons/pie3.gif HTTP/1.1" 200 191 "-" "Googlebot-Image/1.0"
66.249.66.37 - - [18/Sep/2024:07:56:09 +0800] "GET /icons/pdf.png HTTP/1.1" 200 304 "-" "Googlebot-Image/1.0"
66.249.66.36 - - [18/Sep/2024:08:02:21 +0800] "GET /icons/uu.png HTTP/1.1" 200 296 "-" "Googlebot-Image/1.0"
66.249.66.36 - - [18/Sep/2024:08:08:34 +0800] "GET /icons/icon.sheet.png HTTP/1.1" 200 9018 "-" "Googlebot-Image/1.0"
66.249.66.36 - - [18/Sep/2024:08:21:22 +0800] "GET /logs/access_20231106.log HTTP/1.1" 304 - "-" "Mozilla/5.0 (Linux; Android 6.0.1; Nexus 5X Build/MMB29P) AppleWebKit/537.36 (KHTML, like Gecko) Chrome/128.0.6613.137 Mobile Safari/537.36 (compatible; Googlebot/2.1; +http://www.google.com/bot.html)"
66.249.66.38 - - [18/Sep/2024:08:22:19 +0800] "GET /logs/access_20240712.log HTTP/1.1" 200 15584 "-" "Mozilla/5.0 (Linux; Android 6.0.1; Nexus 5X Build/MMB29P) AppleWebKit/537.36 (KHTML, like Gecko) Chrome/128.0.6613.137 Mobile Safari/537.36 (compatible; Googlebot/2.1; +http://www.google.com/bot.html)"
59.82.21.16 - - [18/Sep/2024:08:34:30 +0800] "GET / HTTP/1.1" 200 794 "-" "Mozilla/5.0 (Windows NT 10.0; Win64; x64) AppleWebKit/537.36 (KHTML, like Gecko) Chrome/93.0.4400.51 Safari/537.36"
59.82.21.16 - - [18/Sep/2024:08:34:30 +0800] "GET / HTTP/1.1" 200 794 "-" "Mozilla/5.0 (Windows NT 10.0; Win64; x64) AppleWebKit/537.36 (KHTML, like Gecko) Chrome/95.0.8129.106 Safari/537.36"
59.82.21.16 - - [18/Sep/2024:08:34:30 +0800] "GET /favicon.ico HTTP/1.1" 404 1052 "-" "Mozilla/5.0 (Windows NT 10.0; Win64; x64) AppleWebKit/537.36 (KHTML, like Gecko) Chrome/95.0.8129.106 Safari/537.36"
59.82.21.16 - - [18/Sep/2024:08:34:31 +0800] "GET /?C=N;O=D HTTP/1.1" 200 794 "-" "Mozilla/5.0 (Windows NT 10.0; Win64; x64) AppleWebKit/537.36 (KHTML, like Gecko) Chrome/99.0.4975.62 Safari/537.36"
59.82.21.66 - - [18/Sep/2024:08:34:31 +0800] "GET /?C=M;O=A HTTP/1.1" 200 794 "-" "Mozilla/5.0 (Windows NT 10.0; Win64; x64) AppleWebKit/537.36 (KHTML, like Gecko) Chrome/110.0.5293.164 Safari/537.36"
59.82.21.16 - - [18/Sep/2024:08:34:31 +0800] "GET / HTTP/1.1" 200 794 "-" "Mozilla/5.0 (Windows NT 10.0; Win64; x64) AppleWebKit/537.36 (KHTML, like Gecko) Chrome/106.0.6292.54 Safari/537.36"
59.82.21.16 - - [18/Sep/2024:08:34:31 +0800] "GET /favicon.ico HTTP/1.1" 404 1052 "-" "Mozilla/5.0 (Windows NT 10.0; Win64; x64) AppleWebKit/537.36 (KHTML, like Gecko) Chrome/106.0.6292.54 Safari/537.36"
59.82.21.66 - - [18/Sep/2024:08:34:31 +0800] "GET / HTTP/1.1" 200 794 "-" "Mozilla/5.0 (Windows NT 10.0; Win64; x64) AppleWebKit/537.36 (KHTML, like Gecko) Chrome/80.0.2173.24 Safari/537.36"
59.82.21.66 - - [18/Sep/2024:08:34:32 +0800] "GET /favicon.ico HTTP/1.1" 404 1052 "-" "Mozilla/5.0 (Windows NT 10.0; Win64; x64) AppleWebKit/537.36 (KHTML, like Gecko) Chrome/80.0.2173.24 Safari/537.36"
59.82.21.16 - - [18/Sep/2024:08:34:32 +0800] "GET /?C=S;O=A HTTP/1.1" 200 794 "-" "Mozilla/5.0 (Windows NT 10.0; Win64; x64) AppleWebKit/537.36 (KHTML, like Gecko) Chrome/82.0.2319.37 Safari/537.36"
59.82.21.66 - - [18/Sep/2024:08:34:32 +0800] "GET /icons/blank.gif HTTP/1.1" 200 148 "-" "Mozilla/5.0 (Windows NT 10.0; Win64; x64) AppleWebKit/537.36 (KHTML, like Gecko) Chrome/115.0.5699.121 Safari/537.36"
59.82.21.16 - - [18/Sep/2024:08:34:32 +0800] "GET / HTTP/1.1" 200 794 "-" "Mozilla/5.0 (Windows NT 10.0; Win64; x64) AppleWebKit/537.36 (KHTML, like Gecko) Chrome/115.0.5915.109 Safari/537.36"
59.82.21.66 - - [18/Sep/2024:08:34:32 +0800] "GET / HTTP/1.1" 200 794 "-" "Mozilla/5.0 (Windows NT 10.0; Win64; x64) AppleWebKit/537.36 (KHTML, like Gecko) Chrome/105.0.4466.151 Safari/537.36"
59.82.21.16 - - [18/Sep/2024:08:34:32 +0800] "GET /favicon.ico HTTP/1.1" 404 1052 "-" "Mozilla/5.0 (Windows NT 10.0; Win64; x64) AppleWebKit/537.36 (KHTML, like Gecko) Chrome/115.0.5915.109 Safari/537.36"
59.82.21.66 - - [18/Sep/2024:08:34:32 +0800] "GET /favicon.ico HTTP/1.1" 404 1052 "-" "Mozilla/5.0 (Windows NT 10.0; Win64; x64) AppleWebKit/537.36 (KHTML, like Gecko) Chrome/105.0.4466.151 Safari/537.36"
59.82.21.16 - - [18/Sep/2024:08:34:32 +0800] "GET /icons/folder.gif HTTP/1.1" 200 225 "-" "Mozilla/5.0 (Windows NT 10.0; Win64; x64) AppleWebKit/537.36 (KHTML, like Gecko) Chrome/84.0.4387.81 Safari/537.36"
59.82.21.16 - - [18/Sep/2024:08:34:32 +0800] "GET / HTTP/1.1" 200 794 "-" "Mozilla/5.0 (Windows NT 10.0; Win64; x64) AppleWebKit/537.36 (KHTML, like Gecko) Chrome/114.0.3627.63 Safari/537.36"
59.82.21.16 - - [18/Sep/2024:08:34:32 +0800] "GET /favicon.ico HTTP/1.1" 404 1052 "-" "Mozilla/5.0 (Windows NT 10.0; Win64; x64) AppleWebKit/537.36 (KHTML, like Gecko) Chrome/114.0.3627.63 Safari/537.36"
66.249.66.36 - - [18/Sep/2024:08:34:51 +0800] "GET /logs/access_20240721.log HTTP/1.1" 304 - "-" "Mozilla/5.0 (Linux; Android 6.0.1; Nexus 5X Build/MMB29P) AppleWebKit/537.36 (KHTML, like Gecko) Chrome/128.0.6613.137 Mobile Safari/537.36 (compatible; Googlebot/2.1; +http://www.google.com/bot.html)"
112.86.225.166 - - [18/Sep/2024:09:05:21 +0800] "GET / HTTP/1.1" 200 794 "-" "Sogou web spider/4.0(+http://www.sogou.com/docs/help/webmasters.htm#07)"
220.181.108.156 - - [18/Sep/2024:09:14:36 +0800] "GET /logs/access_20230927.log HTTP/1.1" 200 4334 "-" "Mozilla/5.0 (compatible; Baiduspider/2.0; +http://www.baidu.com/search/spider.html)"
220.181.108.92 - - [18/Sep/2024:09:14:37 +0800] "GET /logs/access_20230726.log HTTP/1.1" 200 10995 "-" "Mozilla/5.0 (compatible; Baiduspider/2.0; +http://www.baidu.com/search/spider.html)"
77.246.96.147 - - [18/Sep/2024:10:02:38 +0800] "GET /logs/access_20210425.log HTTP/1.1" 404 1194 "http://ft.kidcastle.com.cn/" "Mozilla/5.0 (Windows NT 10.0; Win64; x64) AppleWebKit/537.36 (KHTML, like Gecko) Chrome/114.0.0.0 YaBrowser/22.7.0 Yowser/2.5 Safari/537.36"
77.246.96.147 - - [18/Sep/2024:10:02:38 +0800] "GET / HTTP/1.1" 200 794 "http://ft.kidcastle.com.cn" "Mozilla/5.0 (Windows NT 10.0; Win64; x64) AppleWebKit/537.36 (KHTML, like Gecko) Chrome/114.0.0.0 YaBrowser/22.7.0 Yowser/2.5 Safari/537.36"
77.246.96.147 - - [18/Sep/2024:10:02:42 +0800] "GET /?C=M;O=A HTTP/1.1" 200 794 "http://ft.kidcastle.com.cn" "Mozilla/5.0 (Windows NT 10.0; Win64; x64) AppleWebKit/537.36 (KHTML, like Gecko) Chrome/114.0.0.0 YaBrowser/22.7.0 Yowser/2.5 Safari/537.36"
220.181.108.104 - - [18/Sep/2024:10:14:36 +0800] "GET /logs/access_20230730.log HTTP/1.1" 200 11631 "-" "Mozilla/5.0 (compatible; Baiduspider/2.0; +http://www.baidu.com/search/spider.html)"
66.249.66.38 - - [18/Sep/2024:10:40:38 +0800] "GET /icons/folder.sec.gif HTTP/1.1" 200 243 "-" "Googlebot-Image/1.0"
216.244.66.195 - - [18/Sep/2024:11:05:24 +0800] "GET /robots.txt HTTP/1.1" 404 1052 "-" "Mozilla/5.0 (compatible; DotBot/1.2; +https://opensiteexplorer.org/dotbot; help@moz.com)"
220.181.108.155 - - [18/Sep/2024:11:14:36 +0800] "GET /logs/access_20231116.log HTTP/1.1" 200 47463 "-" "Mozilla/5.0 (compatible; Baiduspider/2.0; +http://www.baidu.com/search/spider.html)"
220.181.108.174 - - [18/Sep/2024:11:14:36 +0800] "GET /logs/access_20231121.log HTTP/1.1" 200 12934 "-" "Mozilla/5.0 (compatible; Baiduspider/2.0; +http://www.baidu.com/search/spider.html)"
216.244.66.195 - - [18/Sep/2024:11:25:50 +0800] "GET /?C=M;O=A HTTP/1.1" 200 794 "-" "Mozilla/5.0 (compatible; DotBot/1.2; +https://opensiteexplorer.org/dotbot; help@moz.com)"
220.181.108.166 - - [18/Sep/2024:11:41:16 +0800] "GET /logs/access_20230821.log HTTP/1.1" 200 16996 "-" "Mozilla/5.0 (compatible; Baiduspider/2.0; +http://www.baidu.com/search/spider.html)"
220.181.108.102 - - [18/Sep/2024:12:07:57 +0800] "GET /logs/access_20230815.log HTTP/1.1" 200 11644 "-" "Mozilla/5.0 (compatible; Baiduspider/2.0; +http://www.baidu.com/search/spider.html)"
66.249.66.36 - - [18/Sep/2024:12:10:38 +0800] "GET /icons/icon.sheet.gif HTTP/1.1" 200 11977 "-" "Googlebot-Image/1.0"
114.250.44.241 - - [18/Sep/2024:12:14:11 +0800] "GET / HTTP/1.1" 200 794 "-" "Mozilla/5.0 (Macintosh; Intel Mac OS X 10_15_1) AppleWebKit/537.36 (KHTML, like Gecko) Chrome/95.0.4638.54 Safari/537.36"
114.250.44.241 - - [18/Sep/2024:12:14:11 +0800] "GET /icons/blank.gif HTTP/1.1" 200 148 "http://ft.kidcastle.com.cn/" "Mozilla/5.0 (Macintosh; Intel Mac OS X 10_15_1) AppleWebKit/537.36 (KHTML, like Gecko) Chrome/95.0.4638.54 Safari/537.36"
114.250.44.241 - - [18/Sep/2024:12:14:11 +0800] "GET /icons/folder.gif HTTP/1.1" 200 225 "http://ft.kidcastle.com.cn/" "Mozilla/5.0 (Macintosh; Intel Mac OS X 10_15_1) AppleWebKit/537.36 (KHTML, like Gecko) Chrome/95.0.4638.54 Safari/537.36"
220.181.108.91 - - [18/Sep/2024:12:34:37 +0800] "GET /logs/access_20231207.log HTTP/1.1" 200 10262 "-" "Mozilla/5.0 (compatible; Baiduspider/2.0; +http://www.baidu.com/search/spider.html)"
66.249.66.36 - - [18/Sep/2024:13:00:21 +0800] "GET /robots.txt HTTP/1.1" 404 1052 "-" "Mozilla/5.0 (compatible; Googlebot/2.1; +http://www.google.com/bot.html)"
66.249.66.37 - - [18/Sep/2024:13:00:22 +0800] "GET /logs/access_20240702.log HTTP/1.1" 200 19829 "-" "Mozilla/5.0 (Linux; Android 6.0.1; Nexus 5X Build/MMB29P) AppleWebKit/537.36 (KHTML, like Gecko) Chrome/128.0.6613.137 Mobile Safari/537.36 (compatible; Googlebot/2.1; +http://www.google.com/bot.html)"
66.249.66.37 - - [18/Sep/2024:13:00:29 +0800] "GET /logs/access_20240111.log HTTP/1.1" 304 - "-" "Mozilla/5.0 (Linux; Android 6.0.1; Nexus 5X Build/MMB29P) AppleWebKit/537.36 (KHTML, like Gecko) Chrome/128.0.6613.137 Mobile Safari/537.36 (compatible; Googlebot/2.1; +http://www.google.com/bot.html)"
116.179.32.156 - - [18/Sep/2024:13:01:17 +0800] "GET /logs/access_20231105.log HTTP/1.1" 200 5525 "-" "Mozilla/5.0 (compatible; Baiduspider/2.0; +http://www.baidu.com/search/spider.html)"
220.181.108.81 - - [18/Sep/2024:13:27:57 +0800] "GET /logs/access_20230514.log HTTP/1.1" 200 9191 "-" "Mozilla/5.0 (compatible; Baiduspider/2.0; +http://www.baidu.com/search/spider.html)"
66.249.66.36 - - [18/Sep/2024:13:40:38 +0800] "GET /icons/movie.gif HTTP/1.1" 200 243 "-" "Googlebot-Image/1.0"
220.181.108.90 - - [18/Sep/2024:13:54:37 +0800] "GET /logs/access_20230614.log HTTP/1.1" 200 29162 "-" "Mozilla/5.0 (compatible; Baiduspider/2.0; +http://www.baidu.com/search/spider.html)"
45.159.21.171 - - [18/Sep/2024:14:18:44 +0800] "GET /logs/access_20210425.log HTTP/1.1" 404 1194 "http://ft.kidcastle.com.cn/" "Mozilla/5.0 (X11; Linux i686; rv:114.0) Gecko/20100101 Firefox/114.0"
45.159.21.171 - - [18/Sep/2024:14:18:45 +0800] "GET / HTTP/1.1" 200 794 "http://ft.kidcastle.com.cn" "Mozilla/5.0 (X11; Linux i686; rv:114.0) Gecko/20100101 Firefox/114.0"
45.159.21.171 - - [18/Sep/2024:14:18:46 +0800] "GET /?C=M;O=A HTTP/1.1" 200 794 "http://ft.kidcastle.com.cn" "Mozilla/5.0 (X11; Linux i686; rv:114.0) Gecko/20100101 Firefox/114.0"
66.249.66.37 - - [18/Sep/2024:15:04:52 +0800] "GET /plus/ad_js.php HTTP/1.1" 404 1052 "-" "Mozilla/5.0 (Linux; Android 6.0.1; Nexus 5X Build/MMB29P) AppleWebKit/537.36 (KHTML, like Gecko) Chrome/128.0.6613.137 Mobile Safari/537.36 (compatible; Googlebot/2.1; +http://www.google.com/bot.html)"
66.249.66.38 - - [18/Sep/2024:15:10:38 +0800] "GET /icons/back.png HTTP/1.1" 200 308 "-" "Googlebot-Image/1.0"
205.210.31.85 - - [18/Sep/2024:15:39:21 +0800] "GET / HTTP/1.1" 200 794 "-" "Expanse, a Palo Alto Networks company, searches across the global IPv4 space multiple times per day to identify customers' presences on the Internet. If you would like to be excluded from our scans, please send IP addresses/domains to: scaninfo@paloaltonetworks.com"
66.249.66.33 - - [18/Sep/2024:15:56:11 +0800] "GET /logs/access_20231220.log HTTP/1.1" 304 - "-" "Mozilla/5.0 (Linux; Android 6.0.1; Nexus 5X Build/MMB29P) AppleWebKit/537.36 (KHTML, like Gecko) Chrome/128.0.6613.137 Mobile Safari/537.36 (compatible; Googlebot/2.1; +http://www.google.com/bot.html)"
66.249.66.40 - - [18/Sep/2024:16:15:39 +0800] "GET /icons/odf6oti.png HTTP/1.1" 200 1107 "-" "Googlebot-Image/1.0"
66.249.66.39 - - [18/Sep/2024:17:10:40 +0800] "GET /icons/down.png HTTP/1.1" 200 256 "-" "Googlebot-Image/1.0"
66.249.66.39 - - [18/Sep/2024:17:40:38 +0800] "GET /icons/small/comp2.png HTTP/1.1" 200 215 "-" "Googlebot-Image/1.0"
66.249.66.39 - - [18/Sep/2024:18:10:38 +0800] "GET /icons/forward.gif HTTP/1.1" 200 219 "-" "Googlebot-Image/1.0"
66.249.66.40 - - [18/Sep/2024:18:40:38 +0800] "GET /icons/small/forward.png HTTP/1.1" 200 174 "-" "Googlebot-Image/1.0"
66.249.66.38 - - [18/Sep/2024:18:40:40 +0800] "GET /logs/access_20230829.log HTTP/1.1" 304 - "-" "Mozilla/5.0 (Linux; Android 6.0.1; Nexus 5X Build/MMB29P) AppleWebKit/537.36 (KHTML, like Gecko) Chrome/128.0.6613.137 Mobile Safari/537.36 (compatible; Googlebot/2.1; +http://www.google.com/bot.html)"
103.230.15.89 - - [18/Sep/2024:18:54:46 +0800] "GET /index.php?m=Common&a=down HTTP/1.1" 404 1052 "-" "Mozilla/5.0 (Windows NT 10.0; WOW64; rv:48.0) Gecko/20100101 Firefox/48.0"
220.181.51.113 - - [18/Sep/2024:19:12:17 +0800] "GET /robots.txt HTTP/1.1" 404 1052 "-" "Mozilla/5.0 (Windows NT 10.0; WOW64) AppleWebKit/537.36 (KHTML, like Gecko) Chrome/48.0.2564.116 Safari/537.36"
220.181.108.103 - - [18/Sep/2024:19:12:17 +0800] "GET /logs/access_20230531.log HTTP/1.1" 200 8636 "-" "Mozilla/5.0 (compatible; Baiduspider/2.0; +http://www.baidu.com/search/spider.html)"
66.249.66.38 - - [18/Sep/2024:19:12:38 +0800] "GET /icons/small/uu.png HTTP/1.1" 200 166 "-" "Googlebot-Image/1.0"
66.249.66.40 - - [18/Sep/2024:19:43:41 +0800] "GET /icons/down.gif HTTP/1.1" 200 163 "-" "Googlebot-Image/1.0"
66.249.66.39 - - [18/Sep/2024:20:06:21 +0800] "GET /icons/compressed.png HTTP/1.1" 200 1108 "-" "Googlebot-Image/1.0"
66.249.79.33 - - [18/Sep/2024:20:32:05 +0800] "GET /icons/ball.red.png HTTP/1.1" 200 289 "-" "Googlebot-Image/1.0"
220.181.108.91 - - [18/Sep/2024:21:12:17 +0800] "GET /logs/access_20230530.log HTTP/1.1" 200 18543 "-" "Mozilla/5.0 (compatible; Baiduspider/2.0; +http://www.baidu.com/search/spider.html)"
66.249.79.35 - - [18/Sep/2024:21:46:38 +0800] "GET /icons/patch.gif HTTP/1.1" 200 251 "-" "Googlebot-Image/1.0"
146.19.140.172 - - [18/Sep/2024:21:55:25 +0800] "GET /logs/access_20210425.log HTTP/1.1" 404 1194 "http://ft.kidcastle.com.cn/" "Mozilla/5.0 (Windows NT 10.0) AppleWebKit/537.36 (KHTML, like Gecko) Chrome/114.0.0.0 Safari/537.36"
146.19.140.172 - - [18/Sep/2024:21:55:26 +0800] "GET / HTTP/1.1" 200 794 "http://ft.kidcastle.com.cn" "Mozilla/5.0 (Windows NT 10.0) AppleWebKit/537.36 (KHTML, like Gecko) Chrome/114.0.0.0 Safari/537.36"
146.19.140.172 - - [18/Sep/2024:21:55:28 +0800] "GET /?C=M;O=A HTTP/1.1" 200 794 "http://ft.kidcastle.com.cn" "Mozilla/5.0 (Windows NT 10.0) AppleWebKit/537.36 (KHTML, like Gecko) Chrome/114.0.0.0 Safari/537.36"
66.249.79.34 - - [18/Sep/2024:23:42:21 +0800] "GET /icons/left.gif HTTP/1.1" 200 172 "-" "Googlebot-Image/1.0"
121.43.54.224 - - [18/Sep/2024:23:49:26 +0800] "GET / HTTP/1.1" 200 794 "-" "Mozilla/5.0 (Linux; Android 6.0; Nexus 5 Build/MRA58N) AppleWebKit/537.36 (KHTML, like Gecko) Chrome/86.0.4240.75 Mobile Safari/537.36"