66.249.69.166 - - [04/Sep/2024:00:40:09 +0800] "GET /logs/access_20240609.log HTTP/1.1" 200 16170 "-" "Mozilla/5.0 (Linux; Android 6.0.1; Nexus 5X Build/MMB29P) AppleWebKit/537.36 (KHTML, like Gecko) Chrome/128.0.6613.113 Mobile Safari/537.36 (compatible; Googlebot/2.1; +http://www.google.com/bot.html)"
66.249.69.166 - - [04/Sep/2024:00:54:59 +0800] "GET /logs/access_20240602.log HTTP/1.1" 304 - "-" "Mozilla/5.0 (Linux; Android 6.0.1; Nexus 5X Build/MMB29P) AppleWebKit/537.36 (KHTML, like Gecko) Chrome/128.0.6613.113 Mobile Safari/537.36 (compatible; Googlebot/2.1; +http://www.google.com/bot.html)"
176.44.163.14 - - [04/Sep/2024:01:24:15 +0800] "GET / HTTP/1.1" 200 794 "-" "Mozilla/5.0 (Windows NT 10.0; Win64; x64) AppleWebKit/537.36 (KHTML, like Gecko) Chrome/126.0.0.0 Safari/537.36"
66.249.69.167 - - [04/Sep/2024:01:26:14 +0800] "GET /logs/access_20230117.log HTTP/1.1" 200 13355 "-" "Mozilla/5.0 (Linux; Android 6.0.1; Nexus 5X Build/MMB29P) AppleWebKit/537.36 (KHTML, like Gecko) Chrome/128.0.6613.113 Mobile Safari/537.36 (compatible; Googlebot/2.1; +http://www.google.com/bot.html)"
66.249.69.167 - - [04/Sep/2024:01:26:15 +0800] "GET /logs/access_20230902.log HTTP/1.1" 200 11868 "-" "Mozilla/5.0 (Linux; Android 6.0.1; Nexus 5X Build/MMB29P) AppleWebKit/537.36 (KHTML, like Gecko) Chrome/128.0.6613.113 Mobile Safari/537.36 (compatible; Googlebot/2.1; +http://www.google.com/bot.html)"
116.179.32.234 - - [04/Sep/2024:01:27:20 +0800] "GET /logs/access_20231224.log HTTP/1.1" 200 23855 "-" "Mozilla/5.0 (compatible; Baiduspider/2.0; +http://www.baidu.com/search/spider.html)"
220.181.108.101 - - [04/Sep/2024:01:27:20 +0800] "GET /logs/access_20231227.log HTTP/1.1" 200 17327 "-" "Mozilla/5.0 (compatible; Baiduspider/2.0; +http://www.baidu.com/search/spider.html)"
116.179.32.99 - - [04/Sep/2024:01:27:20 +0800] "GET /logs/access_20221227.log HTTP/1.1" 200 19171 "-" "Mozilla/5.0 (compatible; Baiduspider/2.0; +http://www.baidu.com/search/spider.html)"
220.181.108.144 - - [04/Sep/2024:01:27:20 +0800] "GET /logs/access_20240822.log HTTP/1.1" 200 9519 "-" "Mozilla/5.0 (compatible; Baiduspider/2.0; +http://www.baidu.com/search/spider.html)"
116.179.32.95 - - [04/Sep/2024:01:27:20 +0800] "GET /logs/access_20221214.log HTTP/1.1" 200 22352 "-" "Mozilla/5.0 (compatible; Baiduspider/2.0; +http://www.baidu.com/search/spider.html)"
116.179.32.87 - - [04/Sep/2024:02:00:47 +0800] "GET /logs/access_20240120.log HTTP/1.1" 200 7789 "-" "Mozilla/5.0 (compatible; Baiduspider/2.0; +http://www.baidu.com/search/spider.html)"
66.249.72.35 - - [04/Sep/2024:02:27:55 +0800] "GET /logs/access_20240121.log HTTP/1.1" 200 17871 "-" "Mozilla/5.0 (Linux; Android 6.0.1; Nexus 5X Build/MMB29P) AppleWebKit/537.36 (KHTML, like Gecko) Chrome/128.0.6613.113 Mobile Safari/537.36 (compatible; Googlebot/2.1; +http://www.google.com/bot.html)"
66.249.72.33 - - [04/Sep/2024:02:32:02 +0800] "GET /icons/icon.sheet.gif HTTP/1.1" 200 11977 "-" "Googlebot-Image/1.0"
66.249.72.35 - - [04/Sep/2024:04:02:03 +0800] "GET /icons/folder.sec.gif HTTP/1.1" 200 243 "-" "Googlebot-Image/1.0"
103.231.172.74 - - [04/Sep/2024:04:18:17 +0800] "GET /effect/js/transform.js HTTP/1.1" 404 1052 "-" "Mozilla/5.0 (Windows NT 10.0; WOW64; rv:48.0) Gecko/20100101 Firefox/48.0"
103.212.99.146 - - [04/Sep/2024:04:30:14 +0800] "GET /install/index.asp HTTP/1.1" 404 1052 "-" "Mozilla/5.0 (Windows NT 10.0; WOW64; rv:48.0) Gecko/20100101 Firefox/48.0"
220.181.108.174 - - [04/Sep/2024:04:34:00 +0800] "GET /logs/access_20230831.log HTTP/1.1" 200 9124 "-" "Mozilla/5.0 (compatible; Baiduspider/2.0; +http://www.baidu.com/search/spider.html)"
52.167.144.58 - - [04/Sep/2024:04:56:03 +0800] "GET /robots.txt HTTP/1.1" 404 1052 "-" "Mozilla/5.0 AppleWebKit/537.36 (KHTML, like Gecko; compatible; bingbot/2.0; +http://www.bing.com/bingbot.htm) Chrome/116.0.1938.76 Safari/537.36"
52.167.144.230 - - [04/Sep/2024:04:56:15 +0800] "GET /logs/access_20210618.log HTTP/1.1" 404 1052 "-" "Mozilla/5.0 AppleWebKit/537.36 (KHTML, like Gecko; compatible; bingbot/2.0; +http://www.bing.com/bingbot.htm) Chrome/116.0.1938.76 Safari/537.36"
188.53.170.22 - - [04/Sep/2024:04:59:33 +0800] "GET //?C=N;O=D%27 HTTP/1.1" 200 794 "-" "Mozilla/5.0 (Windows NT 10.0; Win64; x64) AppleWebKit/537.36 (KHTML, like Gecko) Chrome/126.0.0.0 Safari/537.36"
188.53.170.22 - - [04/Sep/2024:05:00:16 +0800] "GET //?C=N;O=D HTTP/1.1" 200 794 "-" "Mozilla/5.0 (X11; Linux x86_64) WebKit/548.12.4 (KHTML, like Gecko) Safari/5.1.5"
188.53.170.22 - - [04/Sep/2024:05:00:18 +0800] "GET //?C=N;O=D%27nvOpzp;%20AND%201=1%20OR%20(%3C%27%22%3EiKO)), HTTP/1.1" 200 794 "-" "Mozilla/5.0 (X11; Linux x86_64; rv:89.0) Gecko/20100101 Firefox/89.0"
66.249.72.34 - - [04/Sep/2024:05:32:03 +0800] "GET /icons/small/uu.png HTTP/1.1" 200 166 "-" "Googlebot-Image/1.0"
111.68.8.58 - - [04/Sep/2024:05:50:39 +0800] "GET /index.php?m=admin&c=index&a=login&pc_hash HTTP/1.1" 404 1052 "-" "Mozilla/5.0 (Windows NT 10.0; WOW64; rv:48.0) Gecko/20100101 Firefox/48.0"
66.249.72.34 - - [04/Sep/2024:07:32:03 +0800] "GET /icons/left.gif HTTP/1.1" 200 172 "-" "Googlebot-Image/1.0"
66.249.72.34 - - [04/Sep/2024:07:36:15 +0800] "GET /cswl/index.php?c=login HTTP/1.1" 404 1052 "-" "Mozilla/5.0 (Linux; Android 6.0.1; Nexus 5X Build/MMB29P) AppleWebKit/537.36 (KHTML, like Gecko) Chrome/128.0.6613.113 Mobile Safari/537.36 (compatible; Googlebot/2.1; +http://www.google.com/bot.html)"
66.249.72.34 - - [04/Sep/2024:08:01:43 +0800] "GET /logs/access_20231220.log HTTP/1.1" 304 - "-" "Mozilla/5.0 (Linux; Android 6.0.1; Nexus 5X Build/MMB29P) AppleWebKit/537.36 (KHTML, like Gecko) Chrome/128.0.6613.113 Mobile Safari/537.36 (compatible; Googlebot/2.1; +http://www.google.com/bot.html)"
66.249.72.35 - - [04/Sep/2024:08:01:43 +0800] "GET /robots.txt HTTP/1.1" 404 1052 "-" "Mozilla/5.0 (compatible; Googlebot/2.1; +http://www.google.com/bot.html)"
116.179.33.76 - - [04/Sep/2024:08:20:20 +0800] "GET /robots.txt HTTP/1.1" 404 1052 "-" "Mozilla/5.0 (Windows NT 10.0; WOW64) AppleWebKit/537.36 (KHTML, like Gecko) Chrome/48.0.2564.116 Safari/537.36"
116.179.32.222 - - [04/Sep/2024:08:20:20 +0800] "GET /logs/access_20221008.log HTTP/1.1" 200 50230 "-" "Mozilla/5.0 (compatible; Baiduspider/2.0; +http://www.baidu.com/search/spider.html)"
220.181.51.90 - - [04/Sep/2024:08:20:20 +0800] "GET /robots.txt HTTP/1.1" 404 1052 "-" "Mozilla/5.0 (Windows NT 10.0; WOW64) AppleWebKit/537.36 (KHTML, like Gecko) Chrome/48.0.2564.116 Safari/537.36"
18.224.67.192 - - [04/Sep/2024:08:58:41 +0800] "GET /.env.dev HTTP/1.1" 404 1052 "-" "Mozilla/5.0 (Windows NT 10.0; Win64; x64) AppleWebKit/537.36 (KHTML, like Gecko) Chrome/126.0.0.0 Safari/537.36"
18.224.67.192 - - [04/Sep/2024:08:58:41 +0800] "GET /.env.local HTTP/1.1" 404 1052 "-" "Mozilla/5.0 (Windows NT 10.0; Win64; x64) AppleWebKit/537.36 (KHTML, like Gecko) Chrome/126.0.0.0 Safari/537.36"
18.224.67.192 - - [04/Sep/2024:08:58:41 +0800] "GET /l.php?act=phpinfo HTTP/1.1" 404 1052 "-" "Mozilla/5.0 (Windows NT 10.0; Win64; x64) AppleWebKit/537.36 (KHTML, like Gecko) Chrome/126.0.0.0 Safari/537.36"
18.224.67.192 - - [04/Sep/2024:08:58:41 +0800] "GET /.env.bak HTTP/1.1" 404 1052 "-" "Mozilla/5.0 (Windows NT 10.0; Win64; x64) AppleWebKit/537.36 (KHTML, like Gecko) Chrome/126.0.0.0 Safari/537.36"
18.224.67.192 - - [04/Sep/2024:08:58:41 +0800] "GET /.env.example HTTP/1.1" 404 1052 "-" "Mozilla/5.0 (Windows NT 10.0; Win64; x64) AppleWebKit/537.36 (KHTML, like Gecko) Chrome/126.0.0.0 Safari/537.36"
18.224.67.192 - - [04/Sep/2024:08:58:41 +0800] "GET /.env.production HTTP/1.1" 404 1052 "-" "Mozilla/5.0 (Windows NT 10.0; Win64; x64) AppleWebKit/537.36 (KHTML, like Gecko) Chrome/126.0.0.0 Safari/537.36"
18.224.67.192 - - [04/Sep/2024:08:58:41 +0800] "GET /.env.stage HTTP/1.1" 404 1052 "-" "Mozilla/5.0 (Windows NT 10.0; Win64; x64) AppleWebKit/537.36 (KHTML, like Gecko) Chrome/126.0.0.0 Safari/537.36"
18.224.67.192 - - [04/Sep/2024:08:58:41 +0800] "GET /.env.dev.local HTTP/1.1" 404 1052 "-" "Mozilla/5.0 (Windows NT 10.0; Win64; x64) AppleWebKit/537.36 (KHTML, like Gecko) Chrome/126.0.0.0 Safari/537.36"
18.224.67.192 - - [04/Sep/2024:08:58:41 +0800] "GET /.env.development.local HTTP/1.1" 404 1052 "-" "Mozilla/5.0 (Windows NT 10.0; Win64; x64) AppleWebKit/537.36 (KHTML, like Gecko) Chrome/126.0.0.0 Safari/537.36"
18.224.67.192 - - [04/Sep/2024:08:58:41 +0800] "GET /.env.production.local HTTP/1.1" 404 1052 "-" "Mozilla/5.0 (Windows NT 10.0; Win64; x64) AppleWebKit/537.36 (KHTML, like Gecko) Chrome/126.0.0.0 Safari/537.36"
18.224.67.192 - - [04/Sep/2024:08:58:41 +0800] "GET /.env_sample HTTP/1.1" 404 1052 "-" "Mozilla/5.0 (Windows NT 10.0; Win64; x64) AppleWebKit/537.36 (KHTML, like Gecko) Chrome/126.0.0.0 Safari/537.36"
18.224.67.192 - - [04/Sep/2024:08:58:41 +0800] "GET /.env.live HTTP/1.1" 404 1052 "-" "Mozilla/5.0 (Windows NT 10.0; Win64; x64) AppleWebKit/537.36 (KHTML, like Gecko) Chrome/126.0.0.0 Safari/537.36"
18.224.67.192 - - [04/Sep/2024:08:58:41 +0800] "GET /.env.prod.local HTTP/1.1" 404 1052 "-" "Mozilla/5.0 (Windows NT 10.0; Win64; x64) AppleWebKit/537.36 (KHTML, like Gecko) Chrome/126.0.0.0 Safari/537.36"
18.224.67.192 - - [04/Sep/2024:08:58:41 +0800] "GET /.env_1 HTTP/1.1" 404 1052 "-" "Mozilla/5.0 (Windows NT 10.0; Win64; x64) AppleWebKit/537.36 (KHTML, like Gecko) Chrome/126.0.0.0 Safari/537.36"
18.224.67.192 - - [04/Sep/2024:08:58:41 +0800] "GET /asdf.php HTTP/1.1" 404 1052 "-" "Mozilla/5.0 (Windows NT 10.0; Win64; x64) AppleWebKit/537.36 (KHTML, like Gecko) Chrome/126.0.0.0 Safari/537.36"
18.224.67.192 - - [04/Sep/2024:08:58:41 +0800] "GET /config.json HTTP/1.1" 404 1052 "-" "Mozilla/5.0 (Windows NT 10.0; Win64; x64) AppleWebKit/537.36 (KHTML, like Gecko) Chrome/126.0.0.0 Safari/537.36"
18.224.67.192 - - [04/Sep/2024:08:58:41 +0800] "GET /.env.prod HTTP/1.1" 404 1052 "-" "Mozilla/5.0 (Windows NT 10.0; Win64; x64) AppleWebKit/537.36 (KHTML, like Gecko) Chrome/126.0.0.0 Safari/537.36"
18.224.67.192 - - [04/Sep/2024:08:58:41 +0800] "GET /.env.old HTTP/1.1" 404 1052 "-" "Mozilla/5.0 (Windows NT 10.0; Win64; x64) AppleWebKit/537.36 (KHTML, like Gecko) Chrome/126.0.0.0 Safari/537.36"
18.224.67.192 - - [04/Sep/2024:08:58:41 +0800] "GET /.env HTTP/1.1" 404 1052 "-" "Mozilla/5.0 (Windows NT 10.0; Win64; x64) AppleWebKit/537.36 (KHTML, like Gecko) Chrome/126.0.0.0 Safari/537.36"
18.224.67.192 - - [04/Sep/2024:08:58:41 +0800] "GET /p.php HTTP/1.1" 404 1052 "-" "Mozilla/5.0 (Windows NT 10.0; Win64; x64) AppleWebKit/537.36 (KHTML, like Gecko) Chrome/126.0.0.0 Safari/537.36"
18.224.67.192 - - [04/Sep/2024:08:58:41 +0800] "GET /i.php HTTP/1.1" 404 1052 "-" "Mozilla/5.0 (Windows NT 10.0; Win64; x64) AppleWebKit/537.36 (KHTML, like Gecko) Chrome/126.0.0.0 Safari/537.36"
18.224.67.192 - - [04/Sep/2024:08:58:41 +0800] "GET /.env.save HTTP/1.1" 404 1052 "-" "Mozilla/5.0 (Windows NT 10.0; Win64; x64) AppleWebKit/537.36 (KHTML, like Gecko) Chrome/126.0.0.0 Safari/537.36"
18.224.67.192 - - [04/Sep/2024:08:58:41 +0800] "GET /config/config.json HTTP/1.1" 404 1052 "-" "Mozilla/5.0 (Windows NT 10.0; Win64; x64) AppleWebKit/537.36 (KHTML, like Gecko) Chrome/126.0.0.0 Safari/537.36"
18.224.67.192 - - [04/Sep/2024:08:58:41 +0800] "GET /config/default.json HTTP/1.1" 404 1052 "-" "Mozilla/5.0 (Windows NT 10.0; Win64; x64) AppleWebKit/537.36 (KHTML, like Gecko) Chrome/126.0.0.0 Safari/537.36"
18.224.67.192 - - [04/Sep/2024:08:58:41 +0800] "GET /pinfo.php HTTP/1.1" 404 1052 "-" "Mozilla/5.0 (Windows NT 10.0; Win64; x64) AppleWebKit/537.36 (KHTML, like Gecko) Chrome/126.0.0.0 Safari/537.36"
18.224.67.192 - - [04/Sep/2024:08:58:41 +0800] "GET /credentials/config.json HTTP/1.1" 404 1052 "-" "Mozilla/5.0 (Windows NT 10.0; Win64; x64) AppleWebKit/537.36 (KHTML, like Gecko) Chrome/126.0.0.0 Safari/537.36"
18.224.67.192 - - [04/Sep/2024:08:58:41 +0800] "GET /api/.env HTTP/1.1" 404 1052 "-" "Mozilla/5.0 (Windows NT 10.0; Win64; x64) AppleWebKit/537.36 (KHTML, like Gecko) Chrome/126.0.0.0 Safari/537.36"
18.224.67.192 - - [04/Sep/2024:08:58:41 +0800] "GET /.env.www HTTP/1.1" 404 1052 "-" "Mozilla/5.0 (Windows NT 10.0; Win64; x64) AppleWebKit/537.36 (KHTML, like Gecko) Chrome/126.0.0.0 Safari/537.36"
18.224.67.192 - - [04/Sep/2024:08:58:41 +0800] "GET /.env.backup HTTP/1.1" 404 1052 "-" "Mozilla/5.0 (Windows NT 10.0; Win64; x64) AppleWebKit/537.36 (KHTML, like Gecko) Chrome/126.0.0.0 Safari/537.36"
18.224.67.192 - - [04/Sep/2024:08:58:41 +0800] "GET /pi.php HTTP/1.1" 404 1052 "-" "Mozilla/5.0 (Windows NT 10.0; Win64; x64) AppleWebKit/537.36 (KHTML, like Gecko) Chrome/126.0.0.0 Safari/537.36"
18.224.67.192 - - [04/Sep/2024:08:58:41 +0800] "GET /phpversion.php HTTP/1.1" 404 1052 "-" "Mozilla/5.0 (Windows NT 10.0; Win64; x64) AppleWebKit/537.36 (KHTML, like Gecko) Chrome/126.0.0.0 Safari/537.36"
18.224.67.192 - - [04/Sep/2024:08:58:41 +0800] "GET /time.php HTTP/1.1" 404 1052 "-" "Mozilla/5.0 (Windows NT 10.0; Win64; x64) AppleWebKit/537.36 (KHTML, like Gecko) Chrome/126.0.0.0 Safari/537.36"
18.224.67.192 - - [04/Sep/2024:08:58:41 +0800] "GET /index.php HTTP/1.1" 404 1052 "-" "Mozilla/5.0 (Windows NT 10.0; Win64; x64) AppleWebKit/537.36 (KHTML, like Gecko) Chrome/126.0.0.0 Safari/537.36"
18.224.67.192 - - [04/Sep/2024:08:58:41 +0800] "GET /linusadmin-phpinfo.php HTTP/1.1" 404 1052 "-" "Mozilla/5.0 (Windows NT 10.0; Win64; x64) AppleWebKit/537.36 (KHTML, like Gecko) Chrome/126.0.0.0 Safari/537.36"
18.224.67.192 - - [04/Sep/2024:08:58:41 +0800] "GET /old_phpinfo.php HTTP/1.1" 404 1052 "-" "Mozilla/5.0 (Windows NT 10.0; Win64; x64) AppleWebKit/537.36 (KHTML, like Gecko) Chrome/126.0.0.0 Safari/537.36"
18.224.67.192 - - [04/Sep/2024:08:58:41 +0800] "GET /infos.php HTTP/1.1" 404 1052 "-" "Mozilla/5.0 (Windows NT 10.0; Win64; x64) AppleWebKit/537.36 (KHTML, like Gecko) Chrome/126.0.0.0 Safari/537.36"
18.224.67.192 - - [04/Sep/2024:08:58:41 +0800] "GET /temp.php HTTP/1.1" 404 1052 "-" "Mozilla/5.0 (Windows NT 10.0; Win64; x64) AppleWebKit/537.36 (KHTML, like Gecko) Chrome/126.0.0.0 Safari/537.36"
18.224.67.192 - - [04/Sep/2024:08:58:41 +0800] "GET /_profiler/phpinfo.php HTTP/1.1" 404 1052 "-" "Mozilla/5.0 (Windows NT 10.0; Win64; x64) AppleWebKit/537.36 (KHTML, like Gecko) Chrome/126.0.0.0 Safari/537.36"
18.224.67.192 - - [04/Sep/2024:08:58:41 +0800] "GET /dashboard/phpinfo.php HTTP/1.1" 404 1052 "-" "Mozilla/5.0 (Windows NT 10.0; Win64; x64) AppleWebKit/537.36 (KHTML, like Gecko) Chrome/126.0.0.0 Safari/537.36"
18.224.67.192 - - [04/Sep/2024:08:58:41 +0800] "GET /php-info.php HTTP/1.1" 404 1052 "-" "Mozilla/5.0 (Windows NT 10.0; Win64; x64) AppleWebKit/537.36 (KHTML, like Gecko) Chrome/126.0.0.0 Safari/537.36"
18.224.67.192 - - [04/Sep/2024:08:58:41 +0800] "GET /sftp-config.json HTTP/1.1" 404 1052 "-" "Mozilla/5.0 (Windows NT 10.0; Win64; x64) AppleWebKit/537.36 (KHTML, like Gecko) Chrome/126.0.0.0 Safari/537.36"
18.224.67.192 - - [04/Sep/2024:08:58:41 +0800] "GET /_profiler/phpinfo HTTP/1.1" 404 1052 "-" "Mozilla/5.0 (Windows NT 10.0; Win64; x64) AppleWebKit/537.36 (KHTML, like Gecko) Chrome/126.0.0.0 Safari/537.36"
18.224.67.192 - - [04/Sep/2024:08:58:41 +0800] "GET /php.php HTTP/1.1" 404 1052 "-" "Mozilla/5.0 (Windows NT 10.0; Win64; x64) AppleWebKit/537.36 (KHTML, like Gecko) Chrome/126.0.0.0 Safari/537.36"
18.224.67.192 - - [04/Sep/2024:08:58:41 +0800] "GET /.aws/credentials/.aws/config HTTP/1.1" 404 1052 "-" "Mozilla/5.0 (Windows NT 10.0; Win64; x64) AppleWebKit/537.36 (KHTML, like Gecko) Chrome/126.0.0.0 Safari/537.36"
18.224.67.192 - - [04/Sep/2024:08:58:41 +0800] "GET /php2.php HTTP/1.1" 404 1052 "-" "Mozilla/5.0 (Windows NT 10.0; Win64; x64) AppleWebKit/537.36 (KHTML, like Gecko) Chrome/126.0.0.0 Safari/537.36"
18.224.67.192 - - [04/Sep/2024:08:58:41 +0800] "GET /phpinfo.php HTTP/1.1" 404 1052 "-" "Mozilla/5.0 (Windows NT 10.0; Win64; x64) AppleWebKit/537.36 (KHTML, like Gecko) Chrome/126.0.0.0 Safari/537.36"
18.224.67.192 - - [04/Sep/2024:08:58:41 +0800] "GET /ftpsync.settings HTTP/1.1" 404 1052 "-" "Mozilla/5.0 (Windows NT 10.0; Win64; x64) AppleWebKit/537.36 (KHTML, like Gecko) Chrome/126.0.0.0 Safari/537.36"
18.224.67.192 - - [04/Sep/2024:08:58:41 +0800] "GET /php_info.php HTTP/1.1" 404 1052 "-" "Mozilla/5.0 (Windows NT 10.0; Win64; x64) AppleWebKit/537.36 (KHTML, like Gecko) Chrome/126.0.0.0 Safari/537.36"
18.224.67.192 - - [04/Sep/2024:08:58:41 +0800] "GET /info.php HTTP/1.1" 404 1052 "-" "Mozilla/5.0 (Windows NT 10.0; Win64; x64) AppleWebKit/537.36 (KHTML, like Gecko) Chrome/126.0.0.0 Safari/537.36"
18.224.67.192 - - [04/Sep/2024:08:58:41 +0800] "GET /infophp.php HTTP/1.1" 404 1052 "-" "Mozilla/5.0 (Windows NT 10.0; Win64; x64) AppleWebKit/537.36 (KHTML, like Gecko) Chrome/126.0.0.0 Safari/537.36"
18.224.67.192 - - [04/Sep/2024:08:58:41 +0800] "GET /test.php HTTP/1.1" 404 1052 "-" "Mozilla/5.0 (Windows NT 10.0; Win64; x64) AppleWebKit/537.36 (KHTML, like Gecko) Chrome/126.0.0.0 Safari/537.36"
18.224.67.192 - - [04/Sep/2024:08:58:41 +0800] "GET /?phpinfo=1 HTTP/1.1" 200 794 "-" "Mozilla/5.0 (Windows NT 10.0; Win64; x64) AppleWebKit/537.36 (KHTML, like Gecko) Chrome/126.0.0.0 Safari/537.36"
66.249.72.35 - - [04/Sep/2024:09:02:02 +0800] "GET /icons/small/comp2.png HTTP/1.1" 200 215 "-" "Googlebot-Image/1.0"
121.229.156.68 - - [04/Sep/2024:09:09:30 +0800] "GET / HTTP/1.1" 200 794 "-" "Sogou web spider/4.0(+http://www.sogou.com/docs/help/webmasters.htm#07)"
223.109.252.161 - - [04/Sep/2024:09:09:31 +0800] "GET /robots.txt HTTP/1.1" 404 1052 "-" "Sogou web spider/4.0(+http://www.sogou.com/docs/help/webmasters.htm#07)"
106.75.117.86 - - [04/Sep/2024:09:19:50 +0800] "GET / HTTP/1.1" 200 794 "-" "Mozilla/5.0 (Linux; U; Android 11; zh-CN; V2121A Build/RP1A.200720.012) AppleWebKit/537.36 (KHTML, like Gecko) Version/4.0 Chrome/78.0.3904.108 Quark/5.4.9.201 Mobile Safari/537.36"
188.53.170.22 - - [04/Sep/2024:09:41:07 +0800] "GET / HTTP/1.1" 200 794 "-" "Mozilla/5.0 (Windows NT 10.0; Win64; x64) AppleWebKit/537.36 (KHTML, like Gecko) Chrome/126.0.0.0 Safari/537.36"
188.53.170.22 - - [04/Sep/2024:09:41:08 +0800] "GET //?C=N;O=D%27 HTTP/1.1" 200 794 "-" "Mozilla/5.0 (Windows NT 10.0; Win64; x64) AppleWebKit/537.36 (KHTML, like Gecko) Chrome/126.0.0.0 Safari/537.36"
66.249.72.33 - - [04/Sep/2024:11:28:53 +0800] "GET /icons/ball.red.png HTTP/1.1" 200 289 "-" "Googlebot-Image/1.0"
66.249.72.34 - - [04/Sep/2024:12:22:11 +0800] "GET /icons/pie2.png HTTP/1.1" 200 272 "-" "Googlebot-Image/1.0"
119.42.145.114 - - [04/Sep/2024:13:18:28 +0800] "GET /Public/admin/webuploader/server/preview.php HTTP/1.1" 404 1052 "-" "Mozilla/5.0 (Macintosh; Intel Mac OS X 10_12_6) AppleWebKit/537.36 (KHTML, like Gecko) Chrome/59.0.2912.77 Safari/537.36"
119.42.145.114 - - [04/Sep/2024:13:18:53 +0800] "GET /static/hui/lib/webuploader/0.1.5/server/preview.php HTTP/1.1" 404 1052 "-" "Mozilla/5.0 (X11; Linux x86_64) AppleWebKit/537.36 (KHTML, like Gecko) Chrome/60.0.1701.0 Safari/537.36"
66.249.72.34 - - [04/Sep/2024:13:43:53 +0800] "GET /icons/broken.png HTTP/1.1" 200 320 "-" "Googlebot-Image/1.0"
66.249.72.34 - - [04/Sep/2024:14:07:07 +0800] "GET /logs/access_20240107.log HTTP/1.1" 200 19062 "-" "Mozilla/5.0 (Linux; Android 6.0.1; Nexus 5X Build/MMB29P) AppleWebKit/537.36 (KHTML, like Gecko) Chrome/128.0.6613.113 Mobile Safari/537.36 (compatible; Googlebot/2.1; +http://www.google.com/bot.html)"
66.249.72.34 - - [04/Sep/2024:14:07:08 +0800] "GET /logs/access_20231129.log HTTP/1.1" 200 17155 "-" "Mozilla/5.0 (Linux; Android 6.0.1; Nexus 5X Build/MMB29P) AppleWebKit/537.36 (KHTML, like Gecko) Chrome/128.0.6613.113 Mobile Safari/537.36 (compatible; Googlebot/2.1; +http://www.google.com/bot.html)"
66.249.72.35 - - [04/Sep/2024:14:28:53 +0800] "GET /icons/small/index.png HTTP/1.1" 200 225 "-" "Googlebot-Image/1.0"
66.249.72.35 - - [04/Sep/2024:14:45:25 +0800] "GET /logs/access_20221128.log HTTP/1.1" 304 - "-" "Mozilla/5.0 (Linux; Android 6.0.1; Nexus 5X Build/MMB29P) AppleWebKit/537.36 (KHTML, like Gecko) Chrome/128.0.6613.113 Mobile Safari/537.36 (compatible; Googlebot/2.1; +http://www.google.com/bot.html)"
66.249.72.33 - - [04/Sep/2024:14:58:55 +0800] "GET /icons/patch.gif HTTP/1.1" 200 251 "-" "Googlebot-Image/1.0"
42.236.12.195 - - [04/Sep/2024:15:04:49 +0800] "GET / HTTP/1.1" 200 794 "http://ft.kidcastle.com.cn/" "Mozilla/5.0 (Windows NT 6.1; WOW64) AppleWebKit/537.36 (KHTML, like Gecko) Chrome/50.0.2661.102 Safari/537.36; 360Spider"
66.249.72.33 - - [04/Sep/2024:15:28:53 +0800] "GET /icons/p.gif HTTP/1.1" 200 237 "-" "Googlebot-Image/1.0"
66.249.72.35 - - [04/Sep/2024:15:58:53 +0800] "GET /icons/ball.red.gif HTTP/1.1" 200 205 "-" "Googlebot-Image/1.0"
220.181.108.105 - - [04/Sep/2024:16:18:02 +0800] "GET /logs/access_20221221.log HTTP/1.1" 200 19046 "-" "Mozilla/5.0 (compatible; Baiduspider/2.0; +http://www.baidu.com/search/spider.html)"
66.249.72.35 - - [04/Sep/2024:16:28:55 +0800] "GET /icons/sphere1.gif HTTP/1.1" 200 285 "-" "Googlebot-Image/1.0"
66.249.72.35 - - [04/Sep/2024:16:59:30 +0800] "GET /icons/comp.gray.png HTTP/1.1" 200 318 "-" "Googlebot-Image/1.0"
66.249.72.33 - - [04/Sep/2024:17:07:07 +0800] "GET /logs/access_20240126.log HTTP/1.1" 304 - "-" "Mozilla/5.0 (Linux; Android 6.0.1; Nexus 5X Build/MMB29P) AppleWebKit/537.36 (KHTML, like Gecko) Chrome/128.0.6613.113 Mobile Safari/537.36 (compatible; Googlebot/2.1; +http://www.google.com/bot.html)"
66.249.72.33 - - [04/Sep/2024:17:07:08 +0800] "GET /logs/access_20221101.log HTTP/1.1" 200 31192 "-" "Mozilla/5.0 (Linux; Android 6.0.1; Nexus 5X Build/MMB29P) AppleWebKit/537.36 (KHTML, like Gecko) Chrome/128.0.6613.113 Mobile Safari/537.36 (compatible; Googlebot/2.1; +http://www.google.com/bot.html)"
66.249.72.35 - - [04/Sep/2024:19:07:21 +0800] "GET /icons/sound2.png HTTP/1.1" 200 315 "-" "Googlebot-Image/1.0"
66.249.72.33 - - [04/Sep/2024:19:57:26 +0800] "GET /logs/access_20230219.log HTTP/1.1" 304 - "-" "Mozilla/5.0 (Linux; Android 6.0.1; Nexus 5X Build/MMB29P) AppleWebKit/537.36 (KHTML, like Gecko) Chrome/128.0.6613.113 Mobile Safari/537.36 (compatible; Googlebot/2.1; +http://www.google.com/bot.html)"
66.249.72.35 - - [04/Sep/2024:20:07:07 +0800] "GET /logs/access_20231108.log HTTP/1.1" 304 - "-" "Mozilla/5.0 (Linux; Android 6.0.1; Nexus 5X Build/MMB29P) AppleWebKit/537.36 (KHTML, like Gecko) Chrome/128.0.6613.113 Mobile Safari/537.36 (compatible; Googlebot/2.1; +http://www.google.com/bot.html)"
66.249.73.10 - - [04/Sep/2024:20:07:07 +0800] "GET /robots.txt HTTP/1.1" 404 1052 "-" "Mozilla/5.0 (compatible; Googlebot/2.1; +http://www.google.com/bot.html)"
66.249.72.35 - - [04/Sep/2024:20:07:09 +0800] "GET /logs/access_20221210.log HTTP/1.1" 304 - "-" "Mozilla/5.0 (Linux; Android 6.0.1; Nexus 5X Build/MMB29P) AppleWebKit/537.36 (KHTML, like Gecko) Chrome/128.0.6613.113 Mobile Safari/537.36 (compatible; Googlebot/2.1; +http://www.google.com/bot.html)"
42.236.17.199 - - [04/Sep/2024:20:19:18 +0800] "GET / HTTP/1.1" 200 794 "-" "Mozilla/5.0 (Windows NT 10.0; Win64; x64) AppleWebKit/537.36 (KHTML, like Gecko) Chrome/85.0.4183.83 Safari/537.36"
66.249.73.12 - - [04/Sep/2024:20:53:20 +0800] "GET /logs/access_20230316.log HTTP/1.1" 200 7902 "-" "Mozilla/5.0 (Linux; Android 6.0.1; Nexus 5X Build/MMB29P) AppleWebKit/537.36 (KHTML, like Gecko) Chrome/128.0.6613.113 Mobile Safari/537.36 (compatible; Googlebot/2.1; +http://www.google.com/bot.html)"
40.77.167.15 - - [04/Sep/2024:21:06:58 +0800] "GET /logs/access_20200525.log HTTP/1.1" 404 1052 "-" "Mozilla/5.0 AppleWebKit/537.36 (KHTML, like Gecko; compatible; bingbot/2.0; +http://www.bing.com/bingbot.htm) Chrome/116.0.1938.76 Safari/537.36"
66.249.73.12 - - [04/Sep/2024:21:37:19 +0800] "GET /logs/access_20240325.log HTTP/1.1" 304 - "-" "Mozilla/5.0 (Linux; Android 6.0.1; Nexus 5X Build/MMB29P) AppleWebKit/537.36 (KHTML, like Gecko) Chrome/128.0.6613.113 Mobile Safari/537.36 (compatible; Googlebot/2.1; +http://www.google.com/bot.html)"
66.249.73.11 - - [04/Sep/2024:21:37:20 +0800] "GET /logs/access_20230713.log HTTP/1.1" 200 19061 "-" "Mozilla/5.0 (Linux; Android 6.0.1; Nexus 5X Build/MMB29P) AppleWebKit/537.36 (KHTML, like Gecko) Chrome/128.0.6613.113 Mobile Safari/537.36 (compatible; Googlebot/2.1; +http://www.google.com/bot.html)"
116.179.32.80 - - [04/Sep/2024:22:31:22 +0800] "GET /logs/access_20231018.log HTTP/1.1" 200 16179 "-" "Mozilla/5.0 (compatible; Baiduspider/2.0; +http://www.baidu.com/search/spider.html)"
66.249.73.12 - - [04/Sep/2024:23:07:07 +0800] "GET /logs/access_20240107.log HTTP/1.1" 304 - "-" "Mozilla/5.0 (Linux; Android 6.0.1; Nexus 5X Build/MMB29P) AppleWebKit/537.36 (KHTML, like Gecko) Chrome/128.0.6613.113 Mobile Safari/537.36 (compatible; Googlebot/2.1; +http://www.google.com/bot.html)"
66.249.73.12 - - [04/Sep/2024:23:23:21 +0800] "GET /icons/alert.black.png HTTP/1.1" 200 293 "-" "Googlebot-Image/1.0"
66.249.73.10 - - [04/Sep/2024:23:26:20 +0800] "GET /logs/access_20240514.log HTTP/1.1" 200 8285 "-" "Mozilla/5.0 (Linux; Android 6.0.1; Nexus 5X Build/MMB29P) AppleWebKit/537.36 (KHTML, like Gecko) Chrome/128.0.6613.113 Mobile Safari/537.36 (compatible; Googlebot/2.1; +http://www.google.com/bot.html)"
66.249.73.11 - - [04/Sep/2024:23:30:22 +0800] "GET /icons/small/generic.png HTTP/1.1" 200 149 "-" "Googlebot-Image/1.0"
220.181.108.101 - - [04/Sep/2024:23:51:20 +0800] "GET /logs/access_20230713.log HTTP/1.1" 200 19061 "-" "Mozilla/5.0 (compatible; Baiduspider/2.0; +http://www.baidu.com/search/spider.html)"