66.249.73.12 - - [02/Sep/2024:00:13:37 +0800] "GET /logs/access_20231003.log HTTP/1.1" 200 12407 "-" "Mozilla/5.0 (Linux; Android 6.0.1; Nexus 5X Build/MMB29P) AppleWebKit/537.36 (KHTML, like Gecko) Chrome/127.0.6533.119 Mobile Safari/537.36 (compatible; Googlebot/2.1; +http://www.google.com/bot.html)"
66.249.73.12 - - [02/Sep/2024:00:35:21 +0800] "GET /icons/icon.sheet.gif HTTP/1.1" 200 11977 "-" "Googlebot-Image/1.0"
27.46.125.173 - - [02/Sep/2024:00:56:44 +0800] "GET /robots.txt HTTP/1.1" 404 1052 "-" "Mozilla/5.0 (Windows NT 10.0; WOW64) AppleWebKit/537.36 (KHTML, like Gecko) Chrome/66.0.4475.101 UBrowser/6.2.3964.2 Safari/537.36"
14.155.185.142 - - [02/Sep/2024:00:57:22 +0800] "GET /robots.txt HTTP/1.1" 404 1052 "-" "Mozilla/5.0 (Windows NT 10.0; WOW64) AppleWebKit/537.36 (KHTML, like Gecko) Chrome/61.0.2582.37 Safari/537.36 QIHU 360EE"
66.249.73.11 - - [02/Sep/2024:01:13:37 +0800] "GET /logs/access_20231223.log HTTP/1.1" 200 18186 "-" "Mozilla/5.0 (Linux; Android 6.0.1; Nexus 5X Build/MMB29P) AppleWebKit/537.36 (KHTML, like Gecko) Chrome/127.0.6533.119 Mobile Safari/537.36 (compatible; Googlebot/2.1; +http://www.google.com/bot.html)"
66.249.73.12 - - [02/Sep/2024:01:35:21 +0800] "GET /icons/left.gif HTTP/1.1" 200 172 "-" "Googlebot-Image/1.0"
66.249.73.12 - - [02/Sep/2024:02:13:40 +0800] "GET /logs/access_20221206.log HTTP/1.1" 200 18579 "-" "Mozilla/5.0 (Linux; Android 6.0.1; Nexus 5X Build/MMB29P) AppleWebKit/537.36 (KHTML, like Gecko) Chrome/127.0.6533.119 Mobile Safari/537.36 (compatible; Googlebot/2.1; +http://www.google.com/bot.html)"
66.249.73.11 - - [02/Sep/2024:02:18:42 +0800] "GET /logs/access_20231220.log HTTP/1.1" 304 - "-" "Mozilla/5.0 (Linux; Android 6.0.1; Nexus 5X Build/MMB29P) AppleWebKit/537.36 (KHTML, like Gecko) Chrome/127.0.6533.119 Mobile Safari/537.36 (compatible; Googlebot/2.1; +http://www.google.com/bot.html)"
66.249.73.11 - - [02/Sep/2024:02:28:41 +0800] "GET /logs/access_20240113.log HTTP/1.1" 200 12268 "-" "Mozilla/5.0 (Linux; Android 6.0.1; Nexus 5X Build/MMB29P) AppleWebKit/537.36 (KHTML, like Gecko) Chrome/127.0.6533.119 Mobile Safari/537.36 (compatible; Googlebot/2.1; +http://www.google.com/bot.html)"
66.249.73.12 - - [02/Sep/2024:02:35:21 +0800] "GET /icons/folder.sec.gif HTTP/1.1" 200 243 "-" "Googlebot-Image/1.0"
66.249.73.11 - - [02/Sep/2024:03:58:51 +0800] "GET /logs/access_20240130.log HTTP/1.1" 200 17271 "-" "Mozilla/5.0 (Linux; Android 6.0.1; Nexus 5X Build/MMB29P) AppleWebKit/537.36 (KHTML, like Gecko) Chrome/127.0.6533.119 Mobile Safari/537.36 (compatible; Googlebot/2.1; +http://www.google.com/bot.html)"
66.249.73.10 - - [02/Sep/2024:04:05:21 +0800] "GET /icons/small/uu.png HTTP/1.1" 200 166 "-" "Googlebot-Image/1.0"
66.249.73.12 - - [02/Sep/2024:04:06:58 +0800] "GET /logs/access_20230809.log HTTP/1.1" 200 14276 "-" "Mozilla/5.0 (Linux; Android 6.0.1; Nexus 5X Build/MMB29P) AppleWebKit/537.36 (KHTML, like Gecko) Chrome/127.0.6533.119 Mobile Safari/537.36 (compatible; Googlebot/2.1; +http://www.google.com/bot.html)"
66.249.73.11 - - [02/Sep/2024:04:41:59 +0800] "GET /logs/access_20230219.log HTTP/1.1" 304 - "-" "Mozilla/5.0 (Linux; Android 6.0.1; Nexus 5X Build/MMB29P) AppleWebKit/537.36 (KHTML, like Gecko) Chrome/127.0.6533.119 Mobile Safari/537.36 (compatible; Googlebot/2.1; +http://www.google.com/bot.html)"
66.249.73.12 - - [02/Sep/2024:07:18:12 +0800] "GET /robots.txt HTTP/1.1" 404 1052 "-" "Mozilla/5.0 (compatible; Googlebot/2.1; +http://www.google.com/bot.html)"
66.249.73.12 - - [02/Sep/2024:07:18:12 +0800] "GET /icons/small/comp2.png HTTP/1.1" 200 215 "-" "Googlebot-Image/1.0"
220.181.51.85 - - [02/Sep/2024:07:27:52 +0800] "GET /robots.txt HTTP/1.1" 404 1052 "-" "Mozilla/5.0 (Windows NT 10.0; WOW64) AppleWebKit/537.36 (KHTML, like Gecko) Chrome/48.0.2564.116 Safari/537.36"
116.179.32.155 - - [02/Sep/2024:07:27:52 +0800] "GET /logs/access_20230820.log HTTP/1.1" 200 13690 "-" "Mozilla/5.0 (compatible; Baiduspider/2.0; +http://www.baidu.com/search/spider.html)"
220.181.51.92 - - [02/Sep/2024:07:27:53 +0800] "GET /robots.txt HTTP/1.1" 404 1052 "-" "Mozilla/5.0 (Windows NT 10.0; WOW64) AppleWebKit/537.36 (KHTML, like Gecko) Chrome/48.0.2564.116 Safari/537.36"
66.249.73.10 - - [02/Sep/2024:08:30:12 +0800] "GET /icons/broken.png HTTP/1.1" 200 320 "-" "Googlebot-Image/1.0"
66.249.73.12 - - [02/Sep/2024:08:50:12 +0800] "GET /icons/patch.gif HTTP/1.1" 200 251 "-" "Googlebot-Image/1.0"
112.86.225.116 - - [02/Sep/2024:08:50:14 +0800] "GET / HTTP/1.1" 200 794 "-" "Sogou web spider/4.0(+http://www.sogou.com/docs/help/webmasters.htm#07)"
66.249.73.10 - - [02/Sep/2024:09:12:55 +0800] "GET /icons/p.gif HTTP/1.1" 200 237 "-" "Googlebot-Image/1.0"
3.229.65.205 - - [02/Sep/2024:09:16:24 +0800] "GET / HTTP/1.1" 200 794 "-" "Mozilla/5.0 (X11; Linux x86_64) AppleWebKit/537.36 (KHTML, like Gecko) Chrome/124.0.0.0 Safari/537.36"
44.213.208.194 - - [02/Sep/2024:09:16:24 +0800] "GET /& HTTP/1.1" 404 1052 "-" "Mozilla/5.0 (X11; Linux x86_64) AppleWebKit/537.36 (KHTML, like Gecko) Chrome/124.0.0.0 Safari/537.36"
3.229.65.205 - - [02/Sep/2024:09:16:24 +0800] "GET /icons/blank.gif HTTP/1.1" 200 148 "http://ft.kidcastle.com.cn/" "Mozilla/5.0 (X11; Linux x86_64) AppleWebKit/537.36 (KHTML, like Gecko) Chrome/124.0.0.0 Safari/537.36"
3.229.65.205 - - [02/Sep/2024:09:16:25 +0800] "GET /icons/folder.gif HTTP/1.1" 200 225 "http://ft.kidcastle.com.cn/" "Mozilla/5.0 (X11; Linux x86_64) AppleWebKit/537.36 (KHTML, like Gecko) Chrome/124.0.0.0 Safari/537.36"
35.172.127.196 - - [02/Sep/2024:09:16:26 +0800] "GET /%20%20%20%20%E5%90%89%E7%9A%84%E5%A0%A1%E5%A4%96%E6%95%99%E7%BD%91%E7%AB%99 HTTP/1.1" 404 1052 "-" "Mozilla/5.0 (X11; Linux x86_64) AppleWebKit/537.36 (KHTML, like Gecko) Chrome/124.0.0.0 Safari/537.36"
44.213.208.194 - - [02/Sep/2024:09:16:27 +0800] "GET /favicon.ico HTTP/1.1" 404 1052 "-" "Mozilla/5.0 (X11; Linux x86_64) AppleWebKit/537.36 (KHTML, like Gecko) Chrome/124.0.0.0 Safari/537.36"
3.229.65.205 - - [02/Sep/2024:09:16:27 +0800] "GET /favicon.ico HTTP/1.1" 404 1052 "-" "Mozilla/5.0 (X11; Linux x86_64) AppleWebKit/537.36 (KHTML, like Gecko) Chrome/124.0.0.0 Safari/537.36"
35.172.127.196 - - [02/Sep/2024:09:16:29 +0800] "GET /favicon.ico HTTP/1.1" 404 1052 "-" "Mozilla/5.0 (X11; Linux x86_64) AppleWebKit/537.36 (KHTML, like Gecko) Chrome/124.0.0.0 Safari/537.36"
38.200.6.247 - - [02/Sep/2024:09:16:48 +0800] "GET /& HTTP/1.1" 404 1052 "-" "Mozilla/5.0 (Windows NT 10.0; Win64; x64) AppleWebKit/537.36 (KHTML, like Gecko) Chrome/126.0.0.0 Safari/537.36"
23.104.98.113 - - [02/Sep/2024:09:16:54 +0800] "GET / HTTP/1.1" 200 794 "-" "Mozilla/5.0 (Windows NT 10.0; Win64; x64) AppleWebKit/537.36 (KHTML, like Gecko) Chrome/126.0.0.0 Safari/537.36"
23.104.98.113 - - [02/Sep/2024:09:16:55 +0800] "GET /icons/blank.gif HTTP/1.1" 200 148 "http://ft.kidcastle.com.cn/" "Mozilla/5.0 (Windows NT 10.0; Win64; x64) AppleWebKit/537.36 (KHTML, like Gecko) Chrome/126.0.0.0 Safari/537.36"
23.104.98.113 - - [02/Sep/2024:09:16:55 +0800] "GET /icons/folder.gif HTTP/1.1" 200 225 "http://ft.kidcastle.com.cn/" "Mozilla/5.0 (Windows NT 10.0; Win64; x64) AppleWebKit/537.36 (KHTML, like Gecko) Chrome/126.0.0.0 Safari/537.36"
108.62.132.100 - - [02/Sep/2024:09:16:55 +0800] "GET /%20%20%20%20%E5%90%89%E7%9A%84%E5%A0%A1%E5%A4%96%E6%95%99%E7%BD%91%E7%AB%99 HTTP/1.1" 404 1052 "-" "Mozilla/5.0 (Windows NT 10.0; Win64; x64) AppleWebKit/537.36 (KHTML, like Gecko) Chrome/126.0.0.0 Safari/537.36"
66.249.73.10 - - [02/Sep/2024:09:30:12 +0800] "GET /icons/ball.red.png HTTP/1.1" 200 289 "-" "Googlebot-Image/1.0"
66.249.73.11 - - [02/Sep/2024:10:10:31 +0800] "GET /icons/comp.gray.png HTTP/1.1" 200 318 "-" "Googlebot-Image/1.0"
66.249.73.12 - - [02/Sep/2024:10:30:12 +0800] "GET /icons/sphere1.gif HTTP/1.1" 200 285 "-" "Googlebot-Image/1.0"
66.249.73.12 - - [02/Sep/2024:10:58:01 +0800] "GET /logs/access_20221128.log HTTP/1.1" 304 - "-" "Mozilla/5.0 (Linux; Android 6.0.1; Nexus 5X Build/MMB29P) AppleWebKit/537.36 (KHTML, like Gecko) Chrome/127.0.6533.119 Mobile Safari/537.36 (compatible; Googlebot/2.1; +http://www.google.com/bot.html)"
66.249.73.11 - - [02/Sep/2024:11:30:12 +0800] "GET /icons/pie2.png HTTP/1.1" 200 272 "-" "Googlebot-Image/1.0"
66.249.73.12 - - [02/Sep/2024:14:06:41 +0800] "GET /icons/small/index.png HTTP/1.1" 200 225 "-" "Googlebot-Image/1.0"
54.187.59.77 - - [02/Sep/2024:15:09:46 +0800] "GET / HTTP/1.1" 200 794 "-" "Mozilla/5.0 (Windows NT 10.0; Win64; x64) AppleWebKit/537.36 (KHTML, like Gecko) Chrome/113.0.0.0 Safari/537.36"
111.26.219.220 - - [02/Sep/2024:15:10:12 +0800] "GET / HTTP/1.1" 200 794 "-" "Mozilla/4.0 (compatible; MSIE 8.0; Windows NT 6.1; Trident/4.0)"
66.249.73.10 - - [02/Sep/2024:15:36:41 +0800] "GET /icons/ball.red.gif HTTP/1.1" 200 205 "-" "Googlebot-Image/1.0"
203.86.239.24 - - [02/Sep/2024:15:54:03 +0800] "POST /upload HTTP/1.1" 404 1052 "-" "Mozilla/5.0 (Windows NT 10.0; Win64; x64) AppleWebKit/537.36 (KHTML, like Gecko) Chrome/58.0.3029.110 Safari/537.36"
203.86.239.24 - - [02/Sep/2024:15:54:03 +0800] "POST /upload HTTP/1.1" 404 1052 "-" "Mozilla/5.0 (Windows NT 10.0; Win64; x64) AppleWebKit/537.36 (KHTML, like Gecko) Chrome/58.0.3029.110 Safari/537.36"
203.86.239.24 - - [02/Sep/2024:15:54:03 +0800] "POST /upload HTTP/1.1" 404 1052 "-" "Mozilla/5.0 (Windows NT 10.0; Win64; x64) AppleWebKit/537.36 (KHTML, like Gecko) Chrome/58.0.3029.110 Safari/537.36"
203.86.239.24 - - [02/Sep/2024:15:54:03 +0800] "POST /attachment/Upload HTTP/1.1" 404 1052 "-" "Mozilla/5.0 (Windows NT 10.0; Win64; x64) AppleWebKit/537.36 (KHTML, like Gecko) Chrome/58.0.3029.110 Safari/537.36"
203.86.239.24 - - [02/Sep/2024:15:54:04 +0800] "POST /attachment/Upload HTTP/1.1" 404 1052 "-" "Mozilla/5.0 (Windows NT 10.0; Win64; x64) AppleWebKit/537.36 (KHTML, like Gecko) Chrome/58.0.3029.110 Safari/537.36"
203.86.239.24 - - [02/Sep/2024:15:54:04 +0800] "POST /attachment/Upload HTTP/1.1" 404 1052 "-" "Mozilla/5.0 (Windows NT 10.0; Win64; x64) AppleWebKit/537.36 (KHTML, like Gecko) Chrome/58.0.3029.110 Safari/537.36"
203.86.239.24 - - [02/Sep/2024:15:54:04 +0800] "POST /attachment HTTP/1.1" 404 1052 "-" "Mozilla/5.0 (Windows NT 10.0; Win64; x64) AppleWebKit/537.36 (KHTML, like Gecko) Chrome/58.0.3029.110 Safari/537.36"
203.86.239.24 - - [02/Sep/2024:15:54:04 +0800] "POST /attachment HTTP/1.1" 404 1052 "-" "Mozilla/5.0 (Windows NT 10.0; Win64; x64) AppleWebKit/537.36 (KHTML, like Gecko) Chrome/58.0.3029.110 Safari/537.36"
203.86.239.24 - - [02/Sep/2024:15:54:04 +0800] "POST /attachment HTTP/1.1" 404 1052 "-" "Mozilla/5.0 (Windows NT 10.0; Win64; x64) AppleWebKit/537.36 (KHTML, like Gecko) Chrome/58.0.3029.110 Safari/537.36"
203.86.239.24 - - [02/Sep/2024:15:54:04 +0800] "POST /image HTTP/1.1" 404 1052 "-" "Mozilla/5.0 (Windows NT 10.0; Win64; x64) AppleWebKit/537.36 (KHTML, like Gecko) Chrome/58.0.3029.110 Safari/537.36"
203.86.239.24 - - [02/Sep/2024:15:54:04 +0800] "POST /image HTTP/1.1" 404 1052 "-" "Mozilla/5.0 (Windows NT 10.0; Win64; x64) AppleWebKit/537.36 (KHTML, like Gecko) Chrome/58.0.3029.110 Safari/537.36"
203.86.239.24 - - [02/Sep/2024:15:54:05 +0800] "POST /image HTTP/1.1" 404 1052 "-" "Mozilla/5.0 (Windows NT 10.0; Win64; x64) AppleWebKit/537.36 (KHTML, like Gecko) Chrome/58.0.3029.110 Safari/537.36"
203.86.239.24 - - [02/Sep/2024:15:54:05 +0800] "POST /Files HTTP/1.1" 404 1052 "-" "Mozilla/5.0 (Windows NT 10.0; Win64; x64) AppleWebKit/537.36 (KHTML, like Gecko) Chrome/58.0.3029.110 Safari/537.36"
203.86.239.24 - - [02/Sep/2024:15:54:05 +0800] "POST /Files HTTP/1.1" 404 1052 "-" "Mozilla/5.0 (Windows NT 10.0; Win64; x64) AppleWebKit/537.36 (KHTML, like Gecko) Chrome/58.0.3029.110 Safari/537.36"
203.86.239.24 - - [02/Sep/2024:15:54:05 +0800] "POST /Files HTTP/1.1" 404 1052 "-" "Mozilla/5.0 (Windows NT 10.0; Win64; x64) AppleWebKit/537.36 (KHTML, like Gecko) Chrome/58.0.3029.110 Safari/537.36"
203.86.239.24 - - [02/Sep/2024:15:54:06 +0800] "POST /file HTTP/1.1" 404 1052 "-" "Mozilla/5.0 (Windows NT 10.0; Win64; x64) AppleWebKit/537.36 (KHTML, like Gecko) Chrome/58.0.3029.110 Safari/537.36"
203.86.239.24 - - [02/Sep/2024:15:54:06 +0800] "POST /file HTTP/1.1" 404 1052 "-" "Mozilla/5.0 (Windows NT 10.0; Win64; x64) AppleWebKit/537.36 (KHTML, like Gecko) Chrome/58.0.3029.110 Safari/537.36"
203.86.239.24 - - [02/Sep/2024:15:54:06 +0800] "POST /file HTTP/1.1" 404 1052 "-" "Mozilla/5.0 (Windows NT 10.0; Win64; x64) AppleWebKit/537.36 (KHTML, like Gecko) Chrome/58.0.3029.110 Safari/537.36"
157.55.39.58 - - [02/Sep/2024:18:42:49 +0800] "GET /logs/access_20230714.log HTTP/1.1" 200 19997 "-" "Mozilla/5.0 AppleWebKit/537.36 (KHTML, like Gecko; compatible; bingbot/2.0; +http://www.bing.com/bingbot.htm) Chrome/116.0.1938.76 Safari/537.36"
66.249.73.10 - - [02/Sep/2024:19:16:48 +0800] "GET /icons/small/generic.png HTTP/1.1" 200 149 "-" "Googlebot-Image/1.0"
66.249.73.12 - - [02/Sep/2024:19:30:12 +0800] "GET /robots.txt HTTP/1.1" 404 1052 "-" "Mozilla/5.0 (compatible; Googlebot/2.1; +http://www.google.com/bot.html)"
66.249.73.11 - - [02/Sep/2024:19:30:12 +0800] "GET /icons/sound2.png HTTP/1.1" 200 315 "-" "Googlebot-Image/1.0"
113.215.189.96 - - [02/Sep/2024:20:19:52 +0800] "GET http://ft.kidcastle.com.cn/ HTTP/1.1" 200 794 "-" "Mozilla/5.0 (Windows NT 10.0; Win64; x64) AppleWebKit/537.36 (KHTML, like Gecko) Chrome/90.0.4430.93 Safari/537.36"
113.215.189.96 - - [02/Sep/2024:20:19:52 +0800] "GET http://ft.kidcastle.com.cn/ HTTP/1.1" 200 794 "-" "Apache-HttpClient/5.1.3 (Java/1.8.0_342)"
113.215.189.96 - - [02/Sep/2024:20:19:52 +0800] "GET http://ft.kidcastle.com.cn/favicon.ico HTTP/1.1" 404 1052 "-" "Apache-HttpClient/5.1.3 (Java/1.8.0_342)"
113.215.189.96 - - [02/Sep/2024:20:19:54 +0800] "GET http://ft.kidcastle.com.cn/?C=M;O=A HTTP/1.1" 200 794 "-" "Mozilla/5.0 (Windows NT 10.0; Win64; x64) AppleWebKit/537.36 (KHTML, like Gecko) Chrome/90.0.4430.93 Safari/537.36"
113.215.189.96 - - [02/Sep/2024:20:19:54 +0800] "GET http://ft.kidcastle.com.cn/ HTTP/1.1" 200 794 "-" "Apache-HttpClient/5.1.3 (Java/1.8.0_342)"
113.215.189.96 - - [02/Sep/2024:20:19:54 +0800] "GET http://ft.kidcastle.com.cn/favicon.ico HTTP/1.1" 404 1052 "-" "Apache-HttpClient/5.1.3 (Java/1.8.0_342)"
113.215.189.96 - - [02/Sep/2024:20:19:54 +0800] "GET http://ft.kidcastle.com.cn/?C=N;O=D HTTP/1.1" 200 794 "-" "Mozilla/5.0 (Windows NT 10.0; Win64; x64) AppleWebKit/537.36 (KHTML, like Gecko) Chrome/90.0.4430.93 Safari/537.36"
113.215.189.96 - - [02/Sep/2024:20:19:54 +0800] "GET http://ft.kidcastle.com.cn/ HTTP/1.1" 200 794 "-" "Apache-HttpClient/5.1.3 (Java/1.8.0_342)"
113.215.189.96 - - [02/Sep/2024:20:19:54 +0800] "GET http://ft.kidcastle.com.cn/favicon.ico HTTP/1.1" 404 1052 "-" "Apache-HttpClient/5.1.3 (Java/1.8.0_342)"
113.215.189.96 - - [02/Sep/2024:20:19:54 +0800] "GET http://ft.kidcastle.com.cn/?C=S;O=A HTTP/1.1" 200 794 "-" "Mozilla/5.0 (Windows NT 10.0; Win64; x64) AppleWebKit/537.36 (KHTML, like Gecko) Chrome/90.0.4430.93 Safari/537.36"
113.215.189.96 - - [02/Sep/2024:20:19:54 +0800] "GET http://ft.kidcastle.com.cn/ HTTP/1.1" 200 794 "-" "Apache-HttpClient/5.1.3 (Java/1.8.0_342)"
113.215.189.96 - - [02/Sep/2024:20:19:55 +0800] "GET http://ft.kidcastle.com.cn/favicon.ico HTTP/1.1" 404 1052 "-" "Apache-HttpClient/5.1.3 (Java/1.8.0_342)"
113.215.189.96 - - [02/Sep/2024:20:19:55 +0800] "GET http://ft.kidcastle.com.cn/icons/blank.gif HTTP/1.1" 200 148 "-" "Mozilla/5.0 (Windows NT 10.0; Win64; x64) AppleWebKit/537.36 (KHTML, like Gecko) Chrome/90.0.4430.93 Safari/537.36"
113.215.189.96 - - [02/Sep/2024:20:19:55 +0800] "GET http://ft.kidcastle.com.cn/ HTTP/1.1" 200 794 "-" "Apache-HttpClient/5.1.3 (Java/1.8.0_342)"
113.215.189.96 - - [02/Sep/2024:20:19:55 +0800] "GET http://ft.kidcastle.com.cn/favicon.ico HTTP/1.1" 404 1052 "-" "Apache-HttpClient/5.1.3 (Java/1.8.0_342)"
113.215.189.96 - - [02/Sep/2024:20:19:55 +0800] "GET http://ft.kidcastle.com.cn/icons/folder.gif HTTP/1.1" 200 225 "-" "Mozilla/5.0 (Windows NT 10.0; Win64; x64) AppleWebKit/537.36 (KHTML, like Gecko) Chrome/90.0.4430.93 Safari/537.36"
113.215.189.96 - - [02/Sep/2024:20:19:55 +0800] "GET http://ft.kidcastle.com.cn/ HTTP/1.1" 200 794 "-" "Apache-HttpClient/5.1.3 (Java/1.8.0_342)"
113.215.189.96 - - [02/Sep/2024:20:19:55 +0800] "GET http://ft.kidcastle.com.cn/favicon.ico HTTP/1.1" 404 1052 "-" "Apache-HttpClient/5.1.3 (Java/1.8.0_342)"
220.181.108.93 - - [02/Sep/2024:20:36:29 +0800] "GET /logs/access_20231021.log HTTP/1.1" 200 15823 "-" "Mozilla/5.0 (compatible; Baiduspider/2.0; +http://www.baidu.com/search/spider.html)"
220.181.108.149 - - [02/Sep/2024:20:36:29 +0800] "GET /logs/access_20221024.log HTTP/1.1" 200 35770 "-" "Mozilla/5.0 (compatible; Baiduspider/2.0; +http://www.baidu.com/search/spider.html)"
116.179.32.18 - - [02/Sep/2024:20:36:29 +0800] "GET /logs/access_20240411.log HTTP/1.1" 200 261388 "-" "Mozilla/5.0 (compatible; Baiduspider/2.0; +http://www.baidu.com/search/spider.html)"
220.181.108.169 - - [02/Sep/2024:20:36:29 +0800] "GET /logs/access_20240411.log HTTP/1.1" 200 261388 "-" "Mozilla/5.0 (Linux;u;Android 4.2.2;zh-cn;) AppleWebKit/534.46 (KHTML,like Gecko) Version/5.1 Mobile Safari/10600.6.3 (compatible; Baiduspider/2.0; +http://www.baidu.com/search/spider.html)"
52.167.144.212 - - [02/Sep/2024:21:12:39 +0800] "GET /logs/access_20210901.log HTTP/1.1" 404 1052 "-" "Mozilla/5.0 AppleWebKit/537.36 (KHTML, like Gecko; compatible; bingbot/2.0; +http://www.bing.com/bingbot.htm) Chrome/116.0.1938.76 Safari/537.36"
59.82.21.86 - - [02/Sep/2024:21:27:39 +0800] "GET / HTTP/1.1" 200 794 "-" "Mozilla/5.0 (Windows NT 10.0; Win64; x64) AppleWebKit/537.36 (KHTML, like Gecko) Chrome/87.0.8239.195 Safari/537.36"
59.82.21.86 - - [02/Sep/2024:21:27:39 +0800] "GET / HTTP/1.1" 200 794 "-" "Mozilla/5.0 (Windows NT 10.0; Win64; x64) AppleWebKit/537.36 (KHTML, like Gecko) Chrome/115.0.2464.89 Safari/537.36"
59.82.21.86 - - [02/Sep/2024:21:27:39 +0800] "GET /favicon.ico HTTP/1.1" 404 1052 "-" "Mozilla/5.0 (Windows NT 10.0; Win64; x64) AppleWebKit/537.36 (KHTML, like Gecko) Chrome/115.0.2464.89 Safari/537.36"
59.82.21.86 - - [02/Sep/2024:21:27:40 +0800] "GET /?C=N;O=D HTTP/1.1" 200 794 "-" "Mozilla/5.0 (Windows NT 10.0; Win64; x64) AppleWebKit/537.36 (KHTML, like Gecko) Chrome/82.0.6849.21 Safari/537.36"
59.82.21.157 - - [02/Sep/2024:21:27:40 +0800] "GET /?C=M;O=A HTTP/1.1" 200 794 "-" "Mozilla/5.0 (Windows NT 10.0; Win64; x64) AppleWebKit/537.36 (KHTML, like Gecko) Chrome/111.0.4358.18 Safari/537.36"
59.82.21.86 - - [02/Sep/2024:21:27:40 +0800] "GET / HTTP/1.1" 200 794 "-" "Mozilla/5.0 (Windows NT 10.0; Win64; x64) AppleWebKit/537.36 (KHTML, like Gecko) Chrome/114.0.2543.80 Safari/537.36"
59.82.21.157 - - [02/Sep/2024:21:27:40 +0800] "GET / HTTP/1.1" 200 794 "-" "Mozilla/5.0 (Windows NT 10.0; Win64; x64) AppleWebKit/537.36 (KHTML, like Gecko) Chrome/82.0.5812.23 Safari/537.36"
59.82.21.86 - - [02/Sep/2024:21:27:40 +0800] "GET /favicon.ico HTTP/1.1" 404 1052 "-" "Mozilla/5.0 (Windows NT 10.0; Win64; x64) AppleWebKit/537.36 (KHTML, like Gecko) Chrome/114.0.2543.80 Safari/537.36"
59.82.21.157 - - [02/Sep/2024:21:27:40 +0800] "GET /favicon.ico HTTP/1.1" 404 1052 "-" "Mozilla/5.0 (Windows NT 10.0; Win64; x64) AppleWebKit/537.36 (KHTML, like Gecko) Chrome/82.0.5812.23 Safari/537.36"
59.82.21.157 - - [02/Sep/2024:21:27:41 +0800] "GET /icons/blank.gif HTTP/1.1" 200 148 "-" "Mozilla/5.0 (Windows NT 10.0; Win64; x64) AppleWebKit/537.36 (KHTML, like Gecko) Chrome/108.0.7715.185 Safari/537.36"
59.82.21.86 - - [02/Sep/2024:21:27:40 +0800] "GET /?C=S;O=A HTTP/1.1" 200 794 "-" "Mozilla/5.0 (Windows NT 10.0; Win64; x64) AppleWebKit/537.36 (KHTML, like Gecko) Chrome/104.0.3974.164 Safari/537.36"
59.82.21.157 - - [02/Sep/2024:21:27:41 +0800] "GET / HTTP/1.1" 200 794 "-" "Mozilla/5.0 (Windows NT 10.0; Win64; x64) AppleWebKit/537.36 (KHTML, like Gecko) Chrome/95.0.2266.178 Safari/537.36"
59.82.21.86 - - [02/Sep/2024:21:27:41 +0800] "GET / HTTP/1.1" 200 794 "-" "Mozilla/5.0 (Windows NT 10.0; Win64; x64) AppleWebKit/537.36 (KHTML, like Gecko) Chrome/91.0.9950.96 Safari/537.36"
59.82.21.157 - - [02/Sep/2024:21:27:41 +0800] "GET /favicon.ico HTTP/1.1" 404 1052 "-" "Mozilla/5.0 (Windows NT 10.0; Win64; x64) AppleWebKit/537.36 (KHTML, like Gecko) Chrome/95.0.2266.178 Safari/537.36"
59.82.21.86 - - [02/Sep/2024:21:27:41 +0800] "GET /favicon.ico HTTP/1.1" 404 1052 "-" "Mozilla/5.0 (Windows NT 10.0; Win64; x64) AppleWebKit/537.36 (KHTML, like Gecko) Chrome/91.0.9950.96 Safari/537.36"
59.82.21.157 - - [02/Sep/2024:21:27:41 +0800] "GET /icons/folder.gif HTTP/1.1" 200 225 "-" "Mozilla/5.0 (Windows NT 10.0; Win64; x64) AppleWebKit/537.36 (KHTML, like Gecko) Chrome/97.0.4912.40 Safari/537.36"
59.82.21.157 - - [02/Sep/2024:21:27:41 +0800] "GET / HTTP/1.1" 200 794 "-" "Mozilla/5.0 (Windows NT 10.0; Win64; x64) AppleWebKit/537.36 (KHTML, like Gecko) Chrome/102.0.1526.23 Safari/537.36"
59.82.21.157 - - [02/Sep/2024:21:27:41 +0800] "GET /favicon.ico HTTP/1.1" 404 1052 "-" "Mozilla/5.0 (Windows NT 10.0; Win64; x64) AppleWebKit/537.36 (KHTML, like Gecko) Chrome/102.0.1526.23 Safari/537.36"
66.249.79.33 - - [02/Sep/2024:22:07:06 +0800] "GET /icons/alert.black.png HTTP/1.1" 200 293 "-" "Googlebot-Image/1.0"
157.55.39.62 - - [02/Sep/2024:22:13:07 +0800] "GET /logs/access_20240701.log HTTP/1.1" 200 15752 "-" "Mozilla/5.0 AppleWebKit/537.36 (KHTML, like Gecko; compatible; bingbot/2.0; +http://www.bing.com/bingbot.htm) Chrome/116.0.1938.76 Safari/537.36"
185.208.118.106 - - [02/Sep/2024:23:21:13 +0800] "GET /logs/access_20211209.log HTTP/1.1" 404 1194 "http://ft.kidcastle.com.cn/" "Mozilla/5.0 (Macintosh; Intel Mac OS X 12_5) AppleWebKit/537.36 (KHTML, like Gecko) Chrome/114.0.0.0 Safari/537.36 Vivaldi/5.3.2679.68"
185.208.118.106 - - [02/Sep/2024:23:21:13 +0800] "GET / HTTP/1.1" 200 794 "http://ft.kidcastle.com.cn" "Mozilla/5.0 (Macintosh; Intel Mac OS X 12_5) AppleWebKit/537.36 (KHTML, like Gecko) Chrome/114.0.0.0 Safari/537.36 Vivaldi/5.3.2679.68"
185.208.118.106 - - [02/Sep/2024:23:21:15 +0800] "GET /?C=M;O=A HTTP/1.1" 200 794 "http://ft.kidcastle.com.cn" "Mozilla/5.0 (Macintosh; Intel Mac OS X 12_5) AppleWebKit/537.36 (KHTML, like Gecko) Chrome/114.0.0.0 Safari/537.36 Vivaldi/5.3.2679.68"
185.208.118.106 - - [02/Sep/2024:23:22:24 +0800] "GET /logs/access_20211209.log HTTP/1.1" 404 1194 "http://ft.kidcastle.com.cn/" "Mozilla/5.0 (Windows NT 10.0; Win64; x64) AppleWebKit/537.36 (KHTML, like Gecko) Chrome/114.0.0.0 YaBrowser/22.7.0 Yowser/2.5 Safari/537.36"
185.208.118.106 - - [02/Sep/2024:23:22:24 +0800] "GET / HTTP/1.1" 200 794 "http://ft.kidcastle.com.cn" "Mozilla/5.0 (Windows NT 10.0; Win64; x64) AppleWebKit/537.36 (KHTML, like Gecko) Chrome/114.0.0.0 YaBrowser/22.7.0 Yowser/2.5 Safari/537.36"
185.208.118.106 - - [02/Sep/2024:23:22:27 +0800] "GET /?C=M;O=A HTTP/1.1" 200 794 "http://ft.kidcastle.com.cn" "Mozilla/5.0 (Windows NT 10.0; Win64; x64) AppleWebKit/537.36 (KHTML, like Gecko) Chrome/114.0.0.0 YaBrowser/22.7.0 Yowser/2.5 Safari/537.36"
220.181.108.167 - - [02/Sep/2024:23:36:33 +0800] "GET /logs/access_20230225.log HTTP/1.1" 200 18756 "-" "Mozilla/5.0 (compatible; Baiduspider/2.0; +http://www.baidu.com/search/spider.html)"