223.72.102.76 - - [26/Aug/2024:00:25:36 +0800] "GET / HTTP/1.1" 200 794 "-" "Mozilla/5.0 (Linux; Android 7.1.1; OPPO R9sk Build/NMF26F; wv) AppleWebKit/537.36 (KHTML, like Gecko) Version/4.0 Chrome/53.0.3966.149 Mobile Safari/537.36 LieBaoFast/5.12.3"
66.249.69.134 - - [26/Aug/2024:00:47:24 +0800] "GET /icons/p.gif HTTP/1.1" 200 237 "-" "Googlebot-Image/1.0"
66.249.69.135 - - [26/Aug/2024:01:35:21 +0800] "GET /logs/access_20230427.log HTTP/1.1" 200 25169 "-" "Mozilla/5.0 (Linux; Android 6.0.1; Nexus 5X Build/MMB29P) AppleWebKit/537.36 (KHTML, like Gecko) Chrome/127.0.6533.119 Mobile Safari/537.36 (compatible; Googlebot/2.1; +http://www.google.com/bot.html)"
116.213.36.234 - - [26/Aug/2024:02:02:59 +0800] "GET /login.php?s=Admin/login HTTP/1.1" 404 1052 "-" "Mozilla/5.0 (Windows NT 10.0; WOW64; rv:48.0) Gecko/20100101 Firefox/48.0"
66.249.69.134 - - [26/Aug/2024:02:17:18 +0800] "GET /icons/patch.gif HTTP/1.1" 200 251 "-" "Googlebot-Image/1.0"
119.42.147.82 - - [26/Aug/2024:02:29:13 +0800] "GET /install/index.asp HTTP/1.1" 404 1052 "-" "Mozilla/5.0 (Windows NT 10.0; WOW64; rv:48.0) Gecko/20100101 Firefox/48.0"
103.212.99.194 - - [26/Aug/2024:02:31:34 +0800] "GET /effect/js/transform.js HTTP/1.1" 404 1052 "-" "Mozilla/5.0 (Windows NT 10.0; WOW64; rv:48.0) Gecko/20100101 Firefox/48.0"
66.249.69.133 - - [26/Aug/2024:03:41:26 +0800] "GET /logs/access_20230618.log HTTP/1.1" 200 8384 "-" "Mozilla/5.0 (Linux; Android 6.0.1; Nexus 5X Build/MMB29P) AppleWebKit/537.36 (KHTML, like Gecko) Chrome/127.0.6533.119 Mobile Safari/537.36 (compatible; Googlebot/2.1; +http://www.google.com/bot.html)"
66.249.69.135 - - [26/Aug/2024:04:17:16 +0800] "GET /icons/forward.gif HTTP/1.1" 200 219 "-" "Googlebot-Image/1.0"
66.249.69.134 - - [26/Aug/2024:04:35:21 +0800] "GET /logs/access_20231218.log HTTP/1.1" 200 25367 "-" "Mozilla/5.0 (Linux; Android 6.0.1; Nexus 5X Build/MMB29P) AppleWebKit/537.36 (KHTML, like Gecko) Chrome/127.0.6533.119 Mobile Safari/537.36 (compatible; Googlebot/2.1; +http://www.google.com/bot.html)"
66.118.234.61 - - [26/Aug/2024:05:01:37 +0800] "GET //%5C../%5C../%5C../%5C../%5C../%5C../%5C../%5C../%5C../%5C../%5C../etc/passwd HTTP/1.1" 404 1052 "-" "Mozilla/5.0 (Macintosh; Intel Mac OS X 15_5_7; es) AppleWebKit/605.1.15 (KHTML, like Gecko) Version/17.0.7 Safari/605.1.15"
66.118.234.61 - - [26/Aug/2024:05:01:37 +0800] "GET //%c0%ae%c0%ae/%c0%ae%c0%ae/%c0%ae%c0%ae/%c0%ae%c0%ae/%c0%ae%c0%ae/%c0%ae%c0%ae/%c0%ae%c0%ae/%c0%ae%c0%ae/etc/passwd HTTP/1.1" 403 1040 "-" "Mozilla/5.0 (Macintosh; Intel Mac OS X 10_15_7) AppleWebKit/605.1.15 (KHTML, like Gecko) Version/16.3 Safari/605.1.15"
66.118.234.61 - - [26/Aug/2024:05:01:37 +0800] "GET //static/..%5c..%5c..%5c..%5cetc/passwd HTTP/1.1" 404 1052 "-" "Mozilla/5.0 (Windows NT 6.3; Win64; x64; rv:82.0) Gecko/20100101 Firefox/82.0"
66.118.234.61 - - [26/Aug/2024:05:01:37 +0800] "GET //etc/passwd HTTP/1.1" 404 1052 "-" "Mozilla/5.0 (Windows NT 6.3; Win64; x64; rv:71.0) Gecko/20100101 Firefox/71.0"
66.118.234.61 - - [26/Aug/2024:05:01:37 +0800] "GET //static/..%5c..%5cetc/passwd HTTP/1.1" 404 1052 "-" "Mozilla/5.0 (SS; Linux i686) AppleWebKit/537.36 (KHTML, like Gecko) Chrome/123.0.0.0 Safari/537.36"
66.118.234.61 - - [26/Aug/2024:05:01:37 +0800] "GET //.%252e/.%252e/.%252e/.%252e/.%252e/.%252e/.%252e/etc/passwd HTTP/1.1" 404 1052 "-" "Mozilla/5.0 (Ubuntu; Linux x86_64) AppleWebKit/537.36 (KHTML, like Gecko) Chrome/121.0.0.0 Safari/537.36"
66.118.234.61 - - [26/Aug/2024:05:01:37 +0800] "GET //static/..%5c..%5c..%5c..%5c..%5cetc/passwd HTTP/1.1" 404 1052 "-" "Mozilla/5.0 (Debian; Linux x86_64; rv:124.0) Gecko/20100101 Firefox/124.0"
66.118.234.61 - - [26/Aug/2024:05:01:37 +0800] "GET //%2e%2e%2e%2e%2e%2e%2e%2e%2e%2e%2e%2e%2e%2e%2e%2eetc/passwd HTTP/1.1" 404 1052 "-" "Mozilla/5.0 (Knoppix; Linux x86_64) AppleWebKit/537.36 (KHTML, like Gecko) Chrome/125.0.0.0 Safari/537.36"
66.118.234.61 - - [26/Aug/2024:05:01:38 +0800] "GET //..%5c..%5c..%5c..%5c..%5c..%5cetc/passwd HTTP/1.1" 404 1052 "-" "Mozilla/5.0 (Fedora; Linux x86_64) AppleWebKit/537.36 (KHTML, like Gecko) Chrome/118.0.0.0 Safari/537.36"
66.118.234.61 - - [26/Aug/2024:05:01:38 +0800] "GET //..%5c..%5c..%5c..%5cetc/passwd HTTP/1.1" 404 1052 "-" "Mozilla/5.0 (Macintosh; Intel Mac OS X 10_15_7) AppleWebKit/537.36 (KHTML, like Gecko) Chrome/109.0.0.0 Safari/537.36"
66.118.234.61 - - [26/Aug/2024:05:01:38 +0800] "GET //..%5c..%5c..%5c..%5c..%5c..%5c..%5cetc/passwd HTTP/1.1" 404 1052 "-" "Mozilla/5.0 (Windows NT 6.1; WOW64) AppleWebKit/537.36 (KHTML, like Gecko) Chrome/45.0.2454.101 Safari/537.36"
66.118.234.61 - - [26/Aug/2024:05:01:38 +0800] "GET //./../../../../../../../../../../etc/passwd HTTP/1.1" 400 979 "-" "Mozilla/5.0 (X11; Linux x86_64) AppleWebKit/537.36 (KHTML, like Gecko) Chrome/128.0.0.0 Safari/537.36"
66.118.234.61 - - [26/Aug/2024:05:01:38 +0800] "GET //%2e%2e%5c%2e%2e%5c%2e%2e%5c%2e%2e%5c%2e%2e%5c%2e%2e%5c%2e%2e%5c%2e%2e%5cetc/passwd HTTP/1.1" 404 1052 "-" "Mozilla/5.0 \\(Windows NT 10.0\\; Win64\\; x64\\) AppleWebKit/537.36 \\(KHTML, like Gecko\\) Chrome/100.0.4896.60 Safari/537.36"
66.118.234.61 - - [26/Aug/2024:05:01:38 +0800] "GET //static/..%5cetc/passwd HTTP/1.1" 404 1052 "-" "Mozilla/5.0 (Macintosh; Intel Mac OS X 10_15_7) AppleWebKit/605.1.15 (KHTML, like Gecko) Version/17.4.1 Safari/605.2.26"
66.118.234.61 - - [26/Aug/2024:05:01:38 +0800] "GET //..%2f..%2f..%2f..%2f..%2f..%2f..%2f..%2f..%2f..%2f..%2f..%2f..%2f..%2f..%2f..%2fetc/passwd HTTP/1.1" 404 1052 "-" "Mozilla/5.0 (Windows NT 10.0; Win64; x64; WebView/3.0) AppleWebKit/537.36 (KHTML, like Gecko) Chrome/70.0.3538.102 Safari/537.36 Edge/18.18362"
66.118.234.61 - - [26/Aug/2024:05:01:38 +0800] "GET //..%5c..%5c..%5c..%5c..%5cetc/passwd HTTP/1.1" 404 1052 "-" "Mozilla/5.0 (ZZ; Linux i686) AppleWebKit/537.36 (KHTML, like Gecko) Chrome/129.0.0.0 Safari/537.36"
66.118.234.61 - - [26/Aug/2024:05:01:38 +0800] "GET //..0x5c..0x5c..0x5c..0x5c..0x5c..0x5c..0x5c..0x5cetc/passwd HTTP/1.1" 404 1052 "-" "Mozilla/5.0 (Macintosh Intel Mac OS X 10.15 rv:91.0) Gecko/20100101 Firefox/91.0;"
66.118.234.61 - - [26/Aug/2024:05:01:38 +0800] "GET //static/..%5c..%5c..%5cetc/passwd HTTP/1.1" 404 1052 "-" "Mozilla/5.0 (Macintosh; Intel Mac OS X 10_15_7) AppleWebKit/605.1.15 (KHTML, like Gecko) LoiLoNote/22.0.0 Version/17.3.1 Safari/605.1.15"
66.118.234.61 - - [26/Aug/2024:05:01:38 +0800] "GET //.%5C%5C./.%5C%5C./.%5C%5C./.%5C%5C./.%5C%5C./.%5C%5C./etc/passwd HTTP/1.1" 404 1052 "-" "Mozilla/5.0 (Windows NT 6.3; Win64; x64; rv:84.0) Gecko/20100101 Firefox/84.0"
66.118.234.61 - - [26/Aug/2024:05:01:38 +0800] "GET //..%5cetc/passwd HTTP/1.1" 404 1052 "-" "Mozilla/5.0 (X11; Ubuntu; Linux i686; rv:24.0) Gecko/20100101 Firefox/24.0"
66.118.234.61 - - [26/Aug/2024:05:01:38 +0800] "GET //..%5c..%5cetc/passwd HTTP/1.1" 404 1052 "-" "Mozilla/5.0 (Ubuntu; Linux x86_64) AppleWebKit/537.36 (KHTML, like Gecko) Chrome/126.0.0.0 Safari/537.36"
66.118.234.61 - - [26/Aug/2024:05:01:39 +0800] "GET //static/..%5c..%5c..%5c..%5c..%5c..%5c..%5cetc/passwd HTTP/1.1" 404 1052 "-" "Mozilla/5.0 (Macintosh; Intel Mac OS X 10_15_7) AppleWebKit/605.1.15 (KHTML, like Gecko) Version/17.4.1 Safari/605.8.24"
66.118.234.61 - - [26/Aug/2024:05:01:39 +0800] "GET //..///////..////..//////etc/passwd HTTP/1.1" 404 1052 "-" "Mozilla/5.0 (X11; Ubuntu; Linux aarch64; rv:90.0) Gecko/20100101 Firefox/90.0"
66.118.234.61 - - [26/Aug/2024:05:01:39 +0800] "GET //..%5c..%5c..%5cetc/passwd HTTP/1.1" 404 1052 "-" "Mozilla/5.0 (Macintosh; Intel Mac OS X 14.5) AppleWebKit/605.1.15 (KHTML, like Gecko) Version/17.5 Safari/605.1.15"
66.118.234.61 - - [26/Aug/2024:05:01:41 +0800] "GET //static/..%5c..%5c..%5c..%5c..%5c..%5cetc/passwd HTTP/1.1" 404 1052 "-" "Mozilla/5.0 (X11; Linux x86_64; rv:102.0) Gecko/20100101 Firefox/102.0"
66.118.234.61 - - [26/Aug/2024:05:01:52 +0800] "GET //%c0%ae%c0%ae/%c0%ae%c0%ae/%c0%ae%c0%ae/etc/passwd%00 HTTP/1.1" 404 1052 "-" "Mozilla/5.0 (Macintosh; Intel Mac OS X 10_15_7) AppleWebKit/605.1.15 (KHTML, like Gecko) Version/17.3 Safari/605.5.16"
66.118.234.61 - - [26/Aug/2024:05:01:52 +0800] "GET //index.php?page=etc/passwd HTTP/1.1" 404 1052 "-" "Mozilla/5.0 (Macintosh; Intel Mac OS X 10.16; rv:85.0) Gecko/20100101 Firefox/85.0"
66.118.234.61 - - [26/Aug/2024:05:01:52 +0800] "GET //%c0%ae%c0%ae/%c0%ae%c0%ae/%c0%ae%c0%ae/etc/passwd HTTP/1.1" 403 1040 "-" "Mozilla/5.0 (ZZ; Linux x86_64) AppleWebKit/537.36 (KHTML, like Gecko) Chrome/129.0.0.0 Safari/537.36"
66.118.234.61 - - [26/Aug/2024:05:01:52 +0800] "GET //index.php?page=etc/passwd%00 HTTP/1.1" 404 1052 "-" "Mozilla/5.0 (Windows NT 10.0; Win64; x64; rv:109.0) Gecko/20100101 Firefox/111.0"
66.118.234.61 - - [26/Aug/2024:05:01:52 +0800] "GET //index.php?page=../../etc/passwd HTTP/1.1" 404 1052 "-" "Mozilla/5.0 (Macintosh; Intel Mac OS X 10_15_7) AppleWebKit/605.1.15 (KHTML, like Gecko) Version/17.4.1 Safari/605.3.18"
66.118.234.61 - - [26/Aug/2024:05:01:52 +0800] "GET //../../../../../../../../../etc/passwd HTTP/1.1" 400 979 "-" "Mozilla/5.0 (ZZ; Linux x86_64) AppleWebKit/537.36 (KHTML, like Gecko) Chrome/126.0.0.0 Safari/537.36"
66.118.234.61 - - [26/Aug/2024:05:01:52 +0800] "GET //index.php?page=....//....//etc/passwd HTTP/1.1" 404 1052 "-" "Mozilla/5.0 (ZZ; Linux x86_64) AppleWebKit/537.36 (KHTML, like Gecko) Chrome/126.0.0.0 Safari/537.36"
66.249.69.135 - - [26/Aug/2024:05:17:11 +0800] "GET /icons/sphere1.gif HTTP/1.1" 200 285 "-" "Googlebot-Image/1.0"
66.249.69.134 - - [26/Aug/2024:05:42:54 +0800] "GET /icons/small/forward.png HTTP/1.1" 200 174 "-" "Googlebot-Image/1.0"
66.249.69.135 - - [26/Aug/2024:06:34:20 +0800] "GET /icons/small/tar.gif HTTP/1.1" 200 132 "-" "Googlebot-Image/1.0"
66.249.69.133 - - [26/Aug/2024:06:41:26 +0800] "GET /logs/access_20231118.log HTTP/1.1" 200 9622 "-" "Mozilla/5.0 (Linux; Android 6.0.1; Nexus 5X Build/MMB29P) AppleWebKit/537.36 (KHTML, like Gecko) Chrome/127.0.6533.119 Mobile Safari/537.36 (compatible; Googlebot/2.1; +http://www.google.com/bot.html)"
40.77.167.21 - - [26/Aug/2024:06:46:53 +0800] "GET /logs/access_20230714.log HTTP/1.1" 200 19997 "-" "Mozilla/5.0 AppleWebKit/537.36 (KHTML, like Gecko; compatible; bingbot/2.0; +http://www.bing.com/bingbot.htm) Chrome/116.0.1938.76 Safari/537.36"
66.249.69.134 - - [26/Aug/2024:07:00:02 +0800] "GET /icons/uu.png HTTP/1.1" 200 296 "-" "Googlebot-Image/1.0"
66.249.69.133 - - [26/Aug/2024:07:25:45 +0800] "GET /icons/pie4.gif HTTP/1.1" 200 193 "-" "Googlebot-Image/1.0"
66.249.69.135 - - [26/Aug/2024:07:35:21 +0800] "GET /logs/access_20240125.log HTTP/1.1" 200 14918 "-" "Mozilla/5.0 (Linux; Android 6.0.1; Nexus 5X Build/MMB29P) AppleWebKit/537.36 (KHTML, like Gecko) Chrome/127.0.6533.119 Mobile Safari/537.36 (compatible; Googlebot/2.1; +http://www.google.com/bot.html)"
66.249.69.133 - - [26/Aug/2024:07:39:30 +0800] "GET /logs/access_20231220.log HTTP/1.1" 304 - "-" "Mozilla/5.0 (Linux; Android 6.0.1; Nexus 5X Build/MMB29P) AppleWebKit/537.36 (KHTML, like Gecko) Chrome/127.0.6533.119 Mobile Safari/537.36 (compatible; Googlebot/2.1; +http://www.google.com/bot.html)"
66.249.69.133 - - [26/Aug/2024:07:51:28 +0800] "GET /icons/small/generic3.png HTTP/1.1" 200 171 "-" "Googlebot-Image/1.0"
66.249.69.135 - - [26/Aug/2024:08:42:54 +0800] "GET /icons/odf6otf.png HTTP/1.1" 200 1082 "-" "Googlebot-Image/1.0"
223.109.255.152 - - [26/Aug/2024:08:51:08 +0800] "GET / HTTP/1.1" 200 794 "-" "Sogou web spider/4.0(+http://www.sogou.com/docs/help/webmasters.htm#07)"
66.249.69.134 - - [26/Aug/2024:10:42:54 +0800] "GET /icons/apache_pb2.png HTTP/1.1" 200 10401 "-" "Googlebot-Image/1.0"
66.249.69.133 - - [26/Aug/2024:12:27:54 +0800] "GET /robots.txt HTTP/1.1" 404 1052 "-" "Mozilla/5.0 (compatible; Googlebot/2.1; +http://www.google.com/bot.html)"
66.249.69.135 - - [26/Aug/2024:12:27:54 +0800] "GET /icons/down.gif HTTP/1.1" 200 163 "-" "Googlebot-Image/1.0"
185.135.212.45 - - [26/Aug/2024:12:33:33 +0800] "GET /logs/access_20240114.log HTTP/1.1" 200 18491 "-" "Mozilla/5.0 AppleWebKit/537.36 (KHTML, like Gecko; compatible; PerplexityBot/1.0; +https://docs.perplexity.ai/docs/perplexity-bot)"
38.18.17.154 - - [26/Aug/2024:12:36:20 +0800] "GET /logs/access_20240229.log HTTP/1.1" 200 16082 "-" "Mozilla/5.0 AppleWebKit/537.36 (KHTML, like Gecko; compatible; PerplexityBot/1.0; +https://docs.perplexity.ai/docs/perplexity-bot)"
66.249.69.134 - - [26/Aug/2024:13:12:54 +0800] "GET /icons/layout.png HTTP/1.1" 200 323 "-" "Googlebot-Image/1.0"
66.249.69.133 - - [26/Aug/2024:14:12:54 +0800] "GET /icons/down.png HTTP/1.1" 200 256 "-" "Googlebot-Image/1.0"
66.249.69.133 - - [26/Aug/2024:14:55:01 +0800] "GET /logs/access_20221128.log HTTP/1.1" 304 - "-" "Mozilla/5.0 (Linux; Android 6.0.1; Nexus 5X Build/MMB29P) AppleWebKit/537.36 (KHTML, like Gecko) Chrome/127.0.6533.119 Mobile Safari/537.36 (compatible; Googlebot/2.1; +http://www.google.com/bot.html)"
66.249.69.133 - - [26/Aug/2024:15:12:54 +0800] "GET /icons/image2.png HTTP/1.1" 200 371 "-" "Googlebot-Image/1.0"
66.249.69.135 - - [26/Aug/2024:16:04:34 +0800] "GET /icons/small/tar.png HTTP/1.1" 200 173 "-" "Googlebot-Image/1.0"
66.249.69.133 - - [26/Aug/2024:16:19:34 +0800] "GET /icons/quill.gif HTTP/1.1" 200 267 "-" "Googlebot-Image/1.0"
125.122.15.218 - - [26/Aug/2024:16:30:20 +0800] "GET / HTTP/1.1" 200 794 "-" "Mozilla/5.0 (Macintosh; Intel Mac OS X 10_15_7) AppleWebKit/537.36 (KHTML, like Gecko) Chrome/96.0.4664.110 Safari/537.36"
125.122.15.218 - - [26/Aug/2024:16:30:20 +0800] "GET /favicon.ico HTTP/1.1" 404 1052 "-" "Mozilla/5.0 (Macintosh; Intel Mac OS X 10_15_7) AppleWebKit/537.36 (KHTML, like Gecko) Chrome/96.0.4664.110 Safari/537.36"
66.249.69.133 - - [26/Aug/2024:16:42:54 +0800] "GET /icons/pdf.png HTTP/1.1" 200 304 "-" "Googlebot-Image/1.0"
66.249.69.134 - - [26/Aug/2024:17:12:54 +0800] "GET /icons/image2.gif HTTP/1.1" 200 309 "-" "Googlebot-Image/1.0"
66.249.69.133 - - [26/Aug/2024:17:29:00 +0800] "GET /logs/access_20230219.log HTTP/1.1" 304 - "-" "Mozilla/5.0 (Linux; Android 6.0.1; Nexus 5X Build/MMB29P) AppleWebKit/537.36 (KHTML, like Gecko) Chrome/127.0.6533.119 Mobile Safari/537.36 (compatible; Googlebot/2.1; +http://www.google.com/bot.html)"
66.249.69.133 - - [26/Aug/2024:17:42:54 +0800] "GET /icons/small/patch.png HTTP/1.1" 200 211 "-" "Googlebot-Image/1.0"
142.171.67.234 - - [26/Aug/2024:18:20:45 +0800] "GET /logs/access_20240407.log HTTP/1.1" 200 5676 "https://www.google.com/" "Mozilla/5.0 (Windows NT 6.1; Win64; x64) AppleWebKit/537.36 (KHTML, like Gecko) Chrome/108.0.0.0 Safari/537.36"
142.171.67.234 - - [26/Aug/2024:18:20:46 +0800] "GET /favicon.ico HTTP/1.1" 404 1242 "http://ft.kidcastle.com.cn/logs/access_20240407.log" "Mozilla/5.0 (Windows NT 6.1; Win64; x64) AppleWebKit/537.36 (KHTML, like Gecko) Chrome/108.0.0.0 Safari/537.36"
66.249.69.133 - - [26/Aug/2024:18:34:55 +0800] "GET /icons/small/continued.png HTTP/1.1" 200 163 "-" "Googlebot-Image/1.0"
66.249.69.135 - - [26/Aug/2024:18:35:36 +0800] "GET /logs/access_20230320.log HTTP/1.1" 200 11221 "-" "Mozilla/5.0 (Linux; Android 6.0.1; Nexus 5X Build/MMB29P) AppleWebKit/537.36 (KHTML, like Gecko) Chrome/127.0.6533.119 Mobile Safari/537.36 (compatible; Googlebot/2.1; +http://www.google.com/bot.html)"
66.249.69.134 - - [26/Aug/2024:18:40:12 +0800] "GET /icons/small/generic.gif HTTP/1.1" 200 116 "-" "Googlebot-Image/1.0"
66.249.69.134 - - [26/Aug/2024:18:45:30 +0800] "GET /icons/sphere2.png HTTP/1.1" 200 339 "-" "Googlebot-Image/1.0"
216.244.66.195 - - [26/Aug/2024:18:51:31 +0800] "GET /robots.txt HTTP/1.1" 404 1052 "-" "Mozilla/5.0 (compatible; DotBot/1.2; +https://opensiteexplorer.org/dotbot; help@moz.com)"
66.249.69.133 - - [26/Aug/2024:18:55:15 +0800] "GET /icons/hand.right.png HTTP/1.1" 200 311 "-" "Googlebot-Image/1.0"
66.249.69.135 - - [26/Aug/2024:19:05:50 +0800] "GET /icons/diskimg.png HTTP/1.1" 200 215 "-" "Googlebot-Image/1.0"
66.249.69.135 - - [26/Aug/2024:19:06:38 +0800] "GET /back.sql HTTP/1.1" 404 1052 "-" "Mozilla/5.0 (Linux; Android 6.0.1; Nexus 5X Build/MMB29P) AppleWebKit/537.36 (KHTML, like Gecko) Chrome/127.0.6533.119 Mobile Safari/537.36 (compatible; Googlebot/2.1; +http://www.google.com/bot.html)"
216.244.66.195 - - [26/Aug/2024:19:11:41 +0800] "GET /logs/access_20240624.log HTTP/1.1" 200 11275 "-" "Mozilla/5.0 (compatible; DotBot/1.2; +https://opensiteexplorer.org/dotbot; help@moz.com)"
216.244.66.195 - - [26/Aug/2024:19:11:46 +0800] "GET /logs/access_20240712.log HTTP/1.1" 200 15584 "-" "Mozilla/5.0 (compatible; DotBot/1.2; +https://opensiteexplorer.org/dotbot; help@moz.com)"
66.249.69.135 - - [26/Aug/2024:19:16:25 +0800] "GET /icons/burst.gif HTTP/1.1" 200 235 "-" "Googlebot-Image/1.0"
66.249.69.133 - - [26/Aug/2024:19:27:01 +0800] "GET /icons/small/comp2.png HTTP/1.1" 200 215 "-" "Googlebot-Image/1.0"
66.249.69.133 - - [26/Aug/2024:19:37:36 +0800] "GET /icons/comp.gray.png HTTP/1.1" 200 318 "-" "Googlebot-Image/1.0"
66.249.73.11 - - [26/Aug/2024:19:48:11 +0800] "GET /icons/small/broken.gif HTTP/1.1" 200 139 "-" "Googlebot-Image/1.0"
66.249.73.10 - - [26/Aug/2024:19:58:47 +0800] "GET /icons/pie5.gif HTTP/1.1" 200 189 "-" "Googlebot-Image/1.0"
45.201.214.51 - - [26/Aug/2024:20:07:58 +0800] "HEAD / HTTP/1.1" 200 - "-" "Mozilla/5.0 (compatible; MSIE 9.0; Windows NT 6.1; Trident/5.0)"
45.201.214.51 - - [26/Aug/2024:20:07:58 +0800] "PUT /20240826200604.txt HTTP/1.1" 405 972 "http://ft.kidcastle.com.cn/20240826200604.txt" "-"
45.201.214.51 - - [26/Aug/2024:20:07:58 +0800] "GET /20240826200604.txt HTTP/1.1" 404 1052 "-" "Mozilla/5.0 (compatible; MSIE 9.0; Windows NT 6.1; Trident/5.0)"
45.201.214.51 - - [26/Aug/2024:20:07:59 +0800] "POST //lib/smarty/plugins/modifier.config.php HTTP/1.1" 404 1052 "-" "Mozilla/5.0 (compatible; MSIE 9.0; Windows NT 6.1; Trident/5.0)"
45.201.214.51 - - [26/Aug/2024:20:07:59 +0800] "POST /admin/index.php?c=uploadify&m=include&a=doupfile&lang=cn&metinfonow=qipwtxm&html_filename=test.php HTTP/1.1" 404 1052 "-" "Mozilla/5.0 (compatible; MSIE 9.0; Windows NT 6.1; Trident/5.0)"
45.201.214.51 - - [26/Aug/2024:20:07:59 +0800] "GET /gbook/?18_1.html HTTP/1.1" 404 1052 "-" "Mozilla/5.0 (Windows NT 6.1; WOW64; rv:53.0) Gecko/20100101 Firefox/53.0"
45.201.214.51 - - [26/Aug/2024:20:07:59 +0800] "GET /home.php HTTP/1.1" 404 1052 "-" "Mozilla/5.0 (compatible; MSIE 9.0; Windows NT 6.1; Trident/5.0)"
45.201.214.51 - - [26/Aug/2024:20:08:00 +0800] "GET /user/swfupload.asp HTTP/1.1" 404 1052 "-" "Mozilla/5.0 (Windows NT 6.1; WOW64; rv:53.0) Gecko/20100101 Firefox/53.0"
66.249.73.10 - - [26/Aug/2024:20:09:22 +0800] "GET /icons/small/uu.gif HTTP/1.1" 200 125 "-" "Googlebot-Image/1.0"
66.249.73.12 - - [26/Aug/2024:20:30:32 +0800] "GET /icons/small/binhex.png HTTP/1.1" 200 178 "-" "Googlebot-Image/1.0"
66.249.73.12 - - [26/Aug/2024:20:41:08 +0800] "GET /icons/small/uu.png HTTP/1.1" 200 166 "-" "Googlebot-Image/1.0"
66.249.73.12 - - [26/Aug/2024:20:51:43 +0800] "GET /icons/folder.sec.gif HTTP/1.1" 200 243 "-" "Googlebot-Image/1.0"
66.249.73.10 - - [26/Aug/2024:21:02:19 +0800] "GET /icons/small/blank.png HTTP/1.1" 200 100 "-" "Googlebot-Image/1.0"
66.249.73.12 - - [26/Aug/2024:21:11:46 +0800] "GET /icons/icon.sheet.gif HTTP/1.1" 200 11977 "-" "Googlebot-Image/1.0"
66.249.73.12 - - [26/Aug/2024:21:21:15 +0800] "GET /icons/left.gif HTTP/1.1" 200 172 "-" "Googlebot-Image/1.0"
66.249.73.11 - - [26/Aug/2024:21:30:43 +0800] "GET /icons/movie.png HTTP/1.1" 200 272 "-" "Googlebot-Image/1.0"
66.249.73.10 - - [26/Aug/2024:21:35:40 +0800] "GET /logs/access_20230622.log HTTP/1.1" 304 - "-" "Mozilla/5.0 (Linux; Android 6.0.1; Nexus 5X Build/MMB29P) AppleWebKit/537.36 (KHTML, like Gecko) Chrome/127.0.6533.119 Mobile Safari/537.36 (compatible; Googlebot/2.1; +http://www.google.com/bot.html)"
66.249.73.11 - - [26/Aug/2024:21:40:13 +0800] "GET /icons/small/image.png HTTP/1.1" 200 197 "-" "Googlebot-Image/1.0"
116.179.33.75 - - [26/Aug/2024:21:57:04 +0800] "GET /robots.txt HTTP/1.1" 404 1052 "-" "Mozilla/5.0 (Windows NT 10.0; WOW64) AppleWebKit/537.36 (KHTML, like Gecko) Chrome/48.0.2564.116 Safari/537.36"
220.181.51.92 - - [26/Aug/2024:21:57:04 +0800] "GET / HTTP/1.1" 200 794 "-" "Mozilla/5.0 (Windows NT 10.0; WOW64) AppleWebKit/537.36 (KHTML, like Gecko) Chrome/48.0.2564.116 Safari/537.36"
66.249.73.11 - - [26/Aug/2024:23:05:38 +0800] "GET /icons/continued.gif HTTP/1.1" 200 214 "-" "Googlebot-Image/1.0"
66.249.73.10 - - [26/Aug/2024:23:45:38 +0800] "GET /logs/access_20240201.log HTTP/1.1" 200 21212 "-" "Mozilla/5.0 (Linux; Android 6.0.1; Nexus 5X Build/MMB29P) AppleWebKit/537.36 (KHTML, like Gecko) Chrome/127.0.6533.119 Mobile Safari/537.36 (compatible; Googlebot/2.1; +http://www.google.com/bot.html)"