66.249.79.35 - - [23/Aug/2024:00:03:04 +0800] "GET /icons/alert.black.png HTTP/1.1" 200 293 "-" "Googlebot-Image/1.0"
66.249.79.33 - - [23/Aug/2024:00:28:43 +0800] "GET /?s=admin/api.Update/read/2r33322u2x2v1b2s2p382p2q2p372t1a342w34 HTTP/1.1" 200 794 "-" "Mozilla/5.0 (Linux; Android 6.0.1; Nexus 5X Build/MMB29P) AppleWebKit/537.36 (KHTML, like Gecko) Chrome/127.0.6533.119 Mobile Safari/537.36 (compatible; Googlebot/2.1; +http://www.google.com/bot.html)"
66.249.79.35 - - [23/Aug/2024:01:33:24 +0800] "GET /icons/ball.red.png HTTP/1.1" 200 289 "-" "Googlebot-Image/1.0"
52.167.144.54 - - [23/Aug/2024:01:46:08 +0800] "GET /robots.txt HTTP/1.1" 404 1052 "-" "Mozilla/5.0 AppleWebKit/537.36 (KHTML, like Gecko; compatible; bingbot/2.0; +http://www.bing.com/bingbot.htm) Chrome/116.0.1938.76 Safari/537.36"
40.77.167.47 - - [23/Aug/2024:01:46:12 +0800] "GET /logs/access_20230824.log HTTP/1.1" 304 - "-" "Mozilla/5.0 AppleWebKit/537.36 (KHTML, like Gecko; compatible; bingbot/2.0; +http://www.bing.com/bingbot.htm) Chrome/116.0.1938.76 Safari/537.36"
66.249.79.34 - - [23/Aug/2024:01:58:43 +0800] "GET /logs/access_20221116.log HTTP/1.1" 304 - "-" "Mozilla/5.0 (Linux; Android 6.0.1; Nexus 5X Build/MMB29P) AppleWebKit/537.36 (KHTML, like Gecko) Chrome/127.0.6533.119 Mobile Safari/537.36 (compatible; Googlebot/2.1; +http://www.google.com/bot.html)"
66.249.79.35 - - [23/Aug/2024:02:18:03 +0800] "GET /icons/apache_pb.png HTTP/1.1" 200 9691 "-" "Googlebot-Image/1.0"
66.249.79.34 - - [23/Aug/2024:03:04:37 +0800] "GET /icons/pie2.png HTTP/1.1" 200 272 "-" "Googlebot-Image/1.0"
66.249.79.33 - - [23/Aug/2024:03:31:47 +0800] "GET /logs/access_20231004.log HTTP/1.1" 304 - "-" "Mozilla/5.0 (Linux; Android 6.0.1; Nexus 5X Build/MMB29P) AppleWebKit/537.36 (KHTML, like Gecko) Chrome/127.0.6533.119 Mobile Safari/537.36 (compatible; Googlebot/2.1; +http://www.google.com/bot.html)"
66.249.79.35 - - [23/Aug/2024:03:38:41 +0800] "GET /logs/access_20230802.log HTTP/1.1" 304 - "-" "Mozilla/5.0 (Linux; Android 6.0.1; Nexus 5X Build/MMB29P) AppleWebKit/537.36 (KHTML, like Gecko) Chrome/127.0.6533.119 Mobile Safari/537.36 (compatible; Googlebot/2.1; +http://www.google.com/bot.html)"
66.249.79.34 - - [23/Aug/2024:03:38:42 +0800] "GET /logs/access_20230724.log HTTP/1.1" 304 - "-" "Mozilla/5.0 (Linux; Android 6.0.1; Nexus 5X Build/MMB29P) AppleWebKit/537.36 (KHTML, like Gecko) Chrome/127.0.6533.119 Mobile Safari/537.36 (compatible; Googlebot/2.1; +http://www.google.com/bot.html)"
66.249.79.34 - - [23/Aug/2024:03:38:42 +0800] "GET /logs/access_20231218.log HTTP/1.1" 304 - "-" "Mozilla/5.0 (Linux; Android 6.0.1; Nexus 5X Build/MMB29P) AppleWebKit/537.36 (KHTML, like Gecko) Chrome/127.0.6533.119 Mobile Safari/537.36 (compatible; Googlebot/2.1; +http://www.google.com/bot.html)"
66.249.79.34 - - [23/Aug/2024:03:45:41 +0800] "GET /icons/pie0.gif HTTP/1.1" 200 188 "-" "Googlebot-Image/1.0"
103.212.99.194 - - [23/Aug/2024:04:13:50 +0800] "GET /install/index.asp HTTP/1.1" 404 1052 "-" "Mozilla/5.0 (Windows NT 10.0; WOW64; rv:48.0) Gecko/20100101 Firefox/48.0"
66.249.79.35 - - [23/Aug/2024:04:15:03 +0800] "GET /icons/small/sound2.gif HTTP/1.1" 200 119 "-" "Googlebot-Image/1.0"
66.249.79.33 - - [23/Aug/2024:04:51:03 +0800] "GET /icons/back.png HTTP/1.1" 200 308 "-" "Googlebot-Image/1.0"
66.249.79.33 - - [23/Aug/2024:05:08:43 +0800] "GET /logs/access_20240125.log HTTP/1.1" 304 - "-" "Mozilla/5.0 (Linux; Android 6.0.1; Nexus 5X Build/MMB29P) AppleWebKit/537.36 (KHTML, like Gecko) Chrome/127.0.6533.119 Mobile Safari/537.36 (compatible; Googlebot/2.1; +http://www.google.com/bot.html)"
66.249.79.33 - - [23/Aug/2024:05:08:43 +0800] "GET /logs/access_20230321.log HTTP/1.1" 304 - "-" "Mozilla/5.0 (Linux; Android 6.0.1; Nexus 5X Build/MMB29P) AppleWebKit/537.36 (KHTML, like Gecko) Chrome/127.0.6533.119 Mobile Safari/537.36 (compatible; Googlebot/2.1; +http://www.google.com/bot.html)"
66.249.79.33 - - [23/Aug/2024:05:08:44 +0800] "GET /logs/access_20230618.log HTTP/1.1" 304 - "-" "Mozilla/5.0 (Linux; Android 6.0.1; Nexus 5X Build/MMB29P) AppleWebKit/537.36 (KHTML, like Gecko) Chrome/127.0.6533.119 Mobile Safari/537.36 (compatible; Googlebot/2.1; +http://www.google.com/bot.html)"
66.249.79.35 - - [23/Aug/2024:05:27:03 +0800] "GET /icons/broken.png HTTP/1.1" 200 320 "-" "Googlebot-Image/1.0"
66.249.79.33 - - [23/Aug/2024:06:03:54 +0800] "GET /icons/compressed.png HTTP/1.1" 200 1108 "-" "Googlebot-Image/1.0"
66.249.79.33 - - [23/Aug/2024:06:39:04 +0800] "GET /icons/sound2.png HTTP/1.1" 200 315 "-" "Googlebot-Image/1.0"
66.249.79.33 - - [23/Aug/2024:06:39:43 +0800] "GET /logs/access_20230119.log HTTP/1.1" 304 - "-" "Mozilla/5.0 (Linux; Android 6.0.1; Nexus 5X Build/MMB29P) AppleWebKit/537.36 (KHTML, like Gecko) Chrome/127.0.6533.119 Mobile Safari/537.36 (compatible; Googlebot/2.1; +http://www.google.com/bot.html)"
123.30.154.171 - - [23/Aug/2024:06:56:15 +0800] "GET /logs/access_20210425.log HTTP/1.0" 404 1194 "http://ft.kidcastle.com.cn/" "Mozilla/5.0 (Macintosh; Intel Mac OS X 12_5) AppleWebKit/537.36 (KHTML, like Gecko) Chrome/114.0.0.0 Safari/537.36 Edg/114.0.1264.71"
123.30.154.171 - - [23/Aug/2024:06:56:16 +0800] "GET / HTTP/1.0" 200 794 "http://ft.kidcastle.com.cn" "Mozilla/5.0 (Macintosh; Intel Mac OS X 12_5) AppleWebKit/537.36 (KHTML, like Gecko) Chrome/114.0.0.0 Safari/537.36 Edg/114.0.1264.71"
123.30.154.171 - - [23/Aug/2024:06:56:17 +0800] "GET /?C=M;O=A HTTP/1.0" 200 794 "http://ft.kidcastle.com.cn" "Mozilla/5.0 (Macintosh; Intel Mac OS X 12_5) AppleWebKit/537.36 (KHTML, like Gecko) Chrome/114.0.0.0 Safari/537.36 Edg/114.0.1264.71"
66.249.79.34 - - [23/Aug/2024:07:15:04 +0800] "GET /icons/apache_pb.gif HTTP/1.1" 200 4463 "-" "Googlebot-Image/1.0"
114.115.166.68 - - [23/Aug/2024:07:51:49 +0800] "GET / HTTP/1.1" 200 794 "-" "Mozilla/4.0 (compatible; MSIE 7.0; Windows NT 5.1; TencentTraveler ; EmbeddedWB 14.52 from: http://www.bsalsa.com/ EmbeddedWB 14.52; .NET CLR 2.0.50727; InfoPath.2; .NET CLR 3.0.04506.30; .NET CLR 3.0.04506.590; .NET CLR 3.0.04506.648; .NET CLR 3.5.21022)"
114.115.166.68 - - [23/Aug/2024:07:51:49 +0800] "GET / HTTP/1.1" 200 794 "-" "Mozilla/5.0 (Windows NT 6.1; WOW64) AppleWebKit/537.36 (KHTML, like Gecko) Chrome/50.0.2661.102 Safari/537.36"
114.115.166.68 - - [23/Aug/2024:07:51:49 +0800] "GET / HTTP/1.1" 200 794 "-" "Mozilla/5.0 (Windows NT 6.1; WOW64) AppleWebKit/537.36 (KHTML, like Gecko) Chrome/50.0.2661.102 Safari/537.36"
66.249.79.34 - - [23/Aug/2024:08:00:04 +0800] "GET /icons/box2.gif HTTP/1.1" 200 268 "-" "Googlebot-Image/1.0"
66.249.79.33 - - [23/Aug/2024:08:04:42 +0800] "GET /logs/access_20230929.log HTTP/1.1" 304 - "-" "Mozilla/5.0 (Linux; Android 6.0.1; Nexus 5X Build/MMB29P) AppleWebKit/537.36 (KHTML, like Gecko) Chrome/127.0.6533.119 Mobile Safari/537.36 (compatible; Googlebot/2.1; +http://www.google.com/bot.html)"
66.249.79.34 - - [23/Aug/2024:08:27:13 +0800] "GET /host-manager/html HTTP/1.1" 404 1052 "-" "Mozilla/5.0 (Linux; Android 6.0.1; Nexus 5X Build/MMB29P) AppleWebKit/537.36 (KHTML, like Gecko) Chrome/127.0.6533.119 Mobile Safari/537.36 (compatible; Googlebot/2.1; +http://www.google.com/bot.html)"
66.249.79.33 - - [23/Aug/2024:08:45:04 +0800] "GET /robots.txt HTTP/1.1" 404 1052 "-" "Mozilla/5.0 (compatible; Googlebot/2.1; +http://www.google.com/bot.html)"
66.249.79.34 - - [23/Aug/2024:08:45:04 +0800] "GET /icons/pie3.gif HTTP/1.1" 200 191 "-" "Googlebot-Image/1.0"
66.249.79.33 - - [23/Aug/2024:09:30:04 +0800] "GET /icons/small/index.png HTTP/1.1" 200 225 "-" "Googlebot-Image/1.0"
45.11.125.5 - - [23/Aug/2024:09:45:05 +0800] "GET /logs/access_20231122.log HTTP/1.1" 200 11572 "http://ft.kidcastle.com.cn/" "Mozilla/5.0 (Windows NT 10.0; WOW64; x64) AppleWebKit/537.36 (KHTML, like Gecko) Chrome/114.0.0.0 Safari/537.36 OPR/89.0.4447.51"
66.249.73.12 - - [23/Aug/2024:11:45:04 +0800] "GET /icons/movie.gif HTTP/1.1" 200 243 "-" "Googlebot-Image/1.0"
66.249.73.11 - - [23/Aug/2024:12:04:44 +0800] "GET /api/swagger-ui/swagger.yaml HTTP/1.1" 404 1052 "-" "Mozilla/5.0 (Linux; Android 6.0.1; Nexus 5X Build/MMB29P) AppleWebKit/537.36 (KHTML, like Gecko) Chrome/127.0.6533.119 Mobile Safari/537.36 (compatible; Googlebot/2.1; +http://www.google.com/bot.html)"
66.249.73.12 - - [23/Aug/2024:13:15:03 +0800] "GET /icons/odf6oti.png HTTP/1.1" 200 1107 "-" "Googlebot-Image/1.0"
66.249.73.10 - - [23/Aug/2024:14:45:04 +0800] "GET /icons/ball.red.gif HTTP/1.1" 200 205 "-" "Googlebot-Image/1.0"
66.249.73.10 - - [23/Aug/2024:15:45:03 +0800] "GET /icons/odf6ott.png HTTP/1.1" 200 1022 "-" "Googlebot-Image/1.0"
223.109.255.142 - - [23/Aug/2024:17:56:26 +0800] "GET / HTTP/1.1" 200 794 "-" "Sogou web spider/4.0(+http://www.sogou.com/docs/help/webmasters.htm#07)"
185.87.123.170 - - [23/Aug/2024:18:51:35 +0800] "GET /logs/access_20240506.log HTTP/1.1" 200 8122 "http://ft.kidcastle.com.cn/" "Mozilla/5.0 (Windows NT 10.0; WOW64) AppleWebKit/537.36 (KHTML, like Gecko) Chrome/114.0.0.0 Safari/537.36 Vivaldi/5.3.2679.68"
66.249.73.11 - - [23/Aug/2024:18:56:40 +0800] "GET /icons/odf6odt.png HTTP/1.1" 200 983 "-" "Googlebot-Image/1.0"
216.244.66.195 - - [23/Aug/2024:20:52:02 +0800] "GET /robots.txt HTTP/1.1" 404 1052 "-" "Mozilla/5.0 (compatible; DotBot/1.2; +https://opensiteexplorer.org/dotbot; help@moz.com)"
52.167.144.20 - - [23/Aug/2024:21:07:08 +0800] "GET /logs/ HTTP/1.1" 200 152566 "-" "Mozilla/5.0 AppleWebKit/537.36 (KHTML, like Gecko; compatible; bingbot/2.0; +http://www.bing.com/bingbot.htm) Chrome/116.0.1938.76 Safari/537.36"
216.244.66.195 - - [23/Aug/2024:21:12:48 +0800] "GET /logs/access_20240625.log HTTP/1.1" 200 42024 "-" "Mozilla/5.0 (compatible; DotBot/1.2; +https://opensiteexplorer.org/dotbot; help@moz.com)"
216.244.66.195 - - [23/Aug/2024:21:12:54 +0800] "GET /logs/access_20240720.log HTTP/1.1" 200 28225 "-" "Mozilla/5.0 (compatible; DotBot/1.2; +https://opensiteexplorer.org/dotbot; help@moz.com)"
66.249.73.11 - - [23/Aug/2024:21:56:40 +0800] "GET /robots.txt HTTP/1.1" 404 1052 "-" "Mozilla/5.0 (compatible; Googlebot/2.1; +http://www.google.com/bot.html)"
66.249.73.12 - - [23/Aug/2024:21:56:41 +0800] "GET /icons/comp.gray.gif HTTP/1.1" 200 246 "-" "Googlebot-Image/1.0"
66.249.73.19 - - [23/Aug/2024:22:05:58 +0800] "GET /logs/access_20231118.log HTTP/1.1" 304 - "-" "Mozilla/5.0 (Linux; Android 6.0.1; Nexus 5X Build/MMB29P) AppleWebKit/537.36 (KHTML, like Gecko) Chrome/127.0.6533.119 Mobile Safari/537.36 (compatible; Googlebot/2.1; +http://www.google.com/bot.html)"
66.249.73.16 - - [23/Aug/2024:22:06:00 +0800] "GET /logs/access_20230427.log HTTP/1.1" 304 - "-" "Mozilla/5.0 (Linux; Android 6.0.1; Nexus 5X Build/MMB29P) AppleWebKit/537.36 (KHTML, like Gecko) Chrome/127.0.6533.119 Mobile Safari/537.36 (compatible; Googlebot/2.1; +http://www.google.com/bot.html)"
66.249.73.10 - - [23/Aug/2024:22:56:41 +0800] "GET /icons/screw1.png HTTP/1.1" 200 328 "-" "Googlebot-Image/1.0"
66.249.73.10 - - [23/Aug/2024:23:36:51 +0800] "GET /logs/access_20230622.log HTTP/1.1" 304 - "-" "Mozilla/5.0 (Linux; Android 6.0.1; Nexus 5X Build/MMB29P) AppleWebKit/537.36 (KHTML, like Gecko) Chrome/127.0.6533.119 Mobile Safari/537.36 (compatible; Googlebot/2.1; +http://www.google.com/bot.html)"
66.249.73.12 - - [23/Aug/2024:23:56:40 +0800] "GET /icons/small/folder2.png HTTP/1.1" 200 180 "-" "Googlebot-Image/1.0"