66.249.73.10 - - [22/Aug/2024:00:03:04 +0800] "GET /icons/p.gif HTTP/1.1" 200 237 "-" "Googlebot-Image/1.0"
66.249.73.10 - - [22/Aug/2024:00:15:06 +0800] "GET /typo3/phpmyadmin/ HTTP/1.1" 404 1052 "-" "Mozilla/5.0 (Linux; Android 6.0.1; Nexus 5X Build/MMB29P) AppleWebKit/537.36 (KHTML, like Gecko) Chrome/127.0.6533.119 Mobile Safari/537.36 (compatible; Googlebot/2.1; +http://www.google.com/bot.html)"
66.249.73.12 - - [22/Aug/2024:01:03:04 +0800] "GET /icons/patch.gif HTTP/1.1" 200 251 "-" "Googlebot-Image/1.0"
66.249.73.10 - - [22/Aug/2024:02:03:04 +0800] "GET /icons/forward.gif HTTP/1.1" 200 219 "-" "Googlebot-Image/1.0"
66.249.73.12 - - [22/Aug/2024:03:03:04 +0800] "GET /icons/uu.png HTTP/1.1" 200 296 "-" "Googlebot-Image/1.0"
66.249.73.10 - - [22/Aug/2024:04:03:04 +0800] "GET /icons/sphere1.gif HTTP/1.1" 200 285 "-" "Googlebot-Image/1.0"
66.249.73.11 - - [22/Aug/2024:05:04:04 +0800] "GET /icons/small/forward.png HTTP/1.1" 200 174 "-" "Googlebot-Image/1.0"
66.249.73.11 - - [22/Aug/2024:05:48:04 +0800] "GET /icons/small/tar.gif HTTP/1.1" 200 132 "-" "Googlebot-Image/1.0"
66.249.73.10 - - [22/Aug/2024:06:15:28 +0800] "GET /logs/access_20230219.log HTTP/1.1" 304 - "-" "Mozilla/5.0 (Linux; Android 6.0.1; Nexus 5X Build/MMB29P) AppleWebKit/537.36 (KHTML, like Gecko) Chrome/127.0.6533.119 Mobile Safari/537.36 (compatible; Googlebot/2.1; +http://www.google.com/bot.html)"
66.249.73.11 - - [22/Aug/2024:06:33:04 +0800] "GET /icons/odf6otf.png HTTP/1.1" 200 1082 "-" "Googlebot-Image/1.0"
114.115.150.37 - - [22/Aug/2024:06:51:53 +0800] "GET / HTTP/1.1" 200 794 "-" "Mozilla/4.0 (compatible; MSIE 7.0; Windows NT 5.1; TencentTraveler ; EmbeddedWB 14.52 from: http://www.bsalsa.com/ EmbeddedWB 14.52; .NET CLR 2.0.50727; InfoPath.2; .NET CLR 3.0.04506.30; .NET CLR 3.0.04506.590; .NET CLR 3.0.04506.648; .NET CLR 3.5.21022)"
114.115.150.37 - - [22/Aug/2024:06:51:53 +0800] "GET / HTTP/1.1" 200 794 "-" "Mozilla/5.0 (Windows NT 6.1; WOW64) AppleWebKit/537.36 (KHTML, like Gecko) Chrome/50.0.2661.102 Safari/537.36"
114.115.150.37 - - [22/Aug/2024:06:51:54 +0800] "GET / HTTP/1.1" 200 794 "-" "Mozilla/5.0 (Windows NT 6.1; WOW64) AppleWebKit/537.36 (KHTML, like Gecko) Chrome/50.0.2661.102 Safari/537.36"
66.249.73.12 - - [22/Aug/2024:07:18:04 +0800] "GET /robots.txt HTTP/1.1" 404 1052 "-" "Mozilla/5.0 (compatible; Googlebot/2.1; +http://www.google.com/bot.html)"
66.249.73.11 - - [22/Aug/2024:07:18:04 +0800] "GET /icons/left.gif HTTP/1.1" 200 172 "-" "Googlebot-Image/1.0"
211.236.206.14 - - [22/Aug/2024:08:00:08 +0800] "GET /logs/access_20210425.log HTTP/1.1" 404 1194 "http://ft.kidcastle.com.cn/" "Mozilla/5.0 (X11; Linux x86_64) AppleWebKit/537.36 (KHTML, like Gecko) Chrome/114.0.0.0 Safari/537.36"
211.236.206.14 - - [22/Aug/2024:08:00:10 +0800] "GET / HTTP/1.1" 200 794 "http://ft.kidcastle.com.cn" "Mozilla/5.0 (X11; Linux x86_64) AppleWebKit/537.36 (KHTML, like Gecko) Chrome/114.0.0.0 Safari/537.36"
70.50.40.69 - - [22/Aug/2024:08:00:13 +0800] "GET /logs/access_20210425.log HTTP/1.1" 404 1194 "http://ft.kidcastle.com.cn/" "Mozilla/5.0 (X11; Linux x86_64) AppleWebKit/537.36 (KHTML, like Gecko) Chrome/114.0.0.0 Safari/537.36"
211.236.206.14 - - [22/Aug/2024:08:00:15 +0800] "GET /?C=M;O=A HTTP/1.1" 200 794 "http://ft.kidcastle.com.cn" "Mozilla/5.0 (X11; Linux x86_64) AppleWebKit/537.36 (KHTML, like Gecko) Chrome/114.0.0.0 Safari/537.36"
66.249.73.12 - - [22/Aug/2024:08:18:04 +0800] "GET /icons/small/comp2.png HTTP/1.1" 200 215 "-" "Googlebot-Image/1.0"
66.249.73.10 - - [22/Aug/2024:08:29:44 +0800] "GET /logs/access_20221128.log HTTP/1.1" 304 - "-" "Mozilla/5.0 (Linux; Android 6.0.1; Nexus 5X Build/MMB29P) AppleWebKit/537.36 (KHTML, like Gecko) Chrome/127.0.6533.119 Mobile Safari/537.36 (compatible; Googlebot/2.1; +http://www.google.com/bot.html)"
66.249.73.11 - - [22/Aug/2024:08:33:56 +0800] "GET /icons/apache_pb2.png HTTP/1.1" 200 10401 "-" "Googlebot-Image/1.0"
66.249.73.10 - - [22/Aug/2024:09:18:04 +0800] "GET /icons/diskimg.png HTTP/1.1" 200 215 "-" "Googlebot-Image/1.0"
66.249.73.10 - - [22/Aug/2024:10:18:04 +0800] "GET /icons/down.gif HTTP/1.1" 200 163 "-" "Googlebot-Image/1.0"
66.249.73.10 - - [22/Aug/2024:11:18:04 +0800] "GET /icons/image2.png HTTP/1.1" 200 371 "-" "Googlebot-Image/1.0"
66.249.73.11 - - [22/Aug/2024:12:03:04 +0800] "GET /icons/pdf.png HTTP/1.1" 200 304 "-" "Googlebot-Image/1.0"
66.249.73.12 - - [22/Aug/2024:12:48:04 +0800] "GET /icons/down.png HTTP/1.1" 200 256 "-" "Googlebot-Image/1.0"
66.249.73.11 - - [22/Aug/2024:13:33:04 +0800] "GET /icons/comp.gray.png HTTP/1.1" 200 318 "-" "Googlebot-Image/1.0"
66.249.73.10 - - [22/Aug/2024:14:33:04 +0800] "GET /icons/icon.sheet.gif HTTP/1.1" 200 11977 "-" "Googlebot-Image/1.0"
66.249.73.11 - - [22/Aug/2024:15:08:47 +0800] "GET /logs/access_20240201.log HTTP/1.1" 304 - "-" "Mozilla/5.0 (Linux; Android 6.0.1; Nexus 5X Build/MMB29P) AppleWebKit/537.36 (KHTML, like Gecko) Chrome/127.0.6533.119 Mobile Safari/537.36 (compatible; Googlebot/2.1; +http://www.google.com/bot.html)"
66.249.73.12 - - [22/Aug/2024:16:40:33 +0800] "GET / HTTP/1.1" 200 794 "-" "Mozilla/5.0 (Linux; Android 6.0.1; Nexus 5X Build/MMB29P) AppleWebKit/537.36 (KHTML, like Gecko) Chrome/127.0.6533.119 Mobile Safari/537.36 (compatible; Googlebot/2.1; +http://www.google.com/bot.html)"
66.249.73.10 - - [22/Aug/2024:16:41:03 +0800] "GET / HTTP/1.1" 200 794 "-" "Mozilla/5.0 (compatible; Googlebot/2.1; +http://www.google.com/bot.html)"
66.249.73.10 - - [22/Aug/2024:16:41:04 +0800] "GET / HTTP/1.1" 200 794 "-" "Mozilla/5.0 (Linux; Android 6.0.1; Nexus 5X Build/MMB29P) AppleWebKit/537.36 (KHTML, like Gecko) Chrome/99.0.4844.84 Mobile Safari/537.36 (compatible; Googlebot/2.1; +http://www.google.com/bot.html)"
66.249.73.11 - - [22/Aug/2024:16:41:06 +0800] "GET /favicon.ico HTTP/1.1" 404 1052 "-" "Googlebot-Image/1.0"
66.249.73.11 - - [22/Aug/2024:17:33:36 +0800] "GET /icons/folder.sec.gif HTTP/1.1" 200 243 "-" "Googlebot-Image/1.0"
66.249.79.35 - - [22/Aug/2024:18:02:37 +0800] "GET /icons/pie7.png HTTP/1.1" 200 275 "-" "Googlebot-Image/1.0"
62.192.173.152 - - [22/Aug/2024:18:49:00 +0800] "GET /xmlrpc.php HTTP/1.1" 404 1052 "-" "Mozilla/5.0 (Macintosh; Intel Mac OS X 10.15; rv:77.0) Gecko/20100101 Firefox/77.0"
216.244.66.195 - - [22/Aug/2024:19:20:19 +0800] "GET /robots.txt HTTP/1.1" 404 1052 "-" "Mozilla/5.0 (compatible; DotBot/1.2; +https://opensiteexplorer.org/dotbot; help@moz.com)"
216.244.66.195 - - [22/Aug/2024:19:38:38 +0800] "GET /logs/access_20240511.log HTTP/1.1" 200 8130 "-" "Mozilla/5.0 (compatible; DotBot/1.2; +https://opensiteexplorer.org/dotbot; help@moz.com)"
216.244.66.195 - - [22/Aug/2024:20:09:55 +0800] "GET /robots.txt HTTP/1.1" 404 1052 "-" "Mozilla/5.0 (compatible; DotBot/1.2; +https://opensiteexplorer.org/dotbot; help@moz.com)"
66.249.79.35 - - [22/Aug/2024:20:33:04 +0800] "GET /robots.txt HTTP/1.1" 404 1052 "-" "Mozilla/5.0 (compatible; Googlebot/2.1; +http://www.google.com/bot.html)"
66.249.79.34 - - [22/Aug/2024:20:33:05 +0800] "GET /icons/small/uu.png HTTP/1.1" 200 166 "-" "Googlebot-Image/1.0"
216.244.66.195 - - [22/Aug/2024:20:37:16 +0800] "GET /logs/access_20240428.log HTTP/1.1" 200 6662 "-" "Mozilla/5.0 (compatible; DotBot/1.2; +https://opensiteexplorer.org/dotbot; help@moz.com)"
116.179.33.18 - - [22/Aug/2024:20:43:11 +0800] "GET /robots.txt HTTP/1.1" 404 1052 "-" "Mozilla/5.0 (Windows NT 10.0; WOW64) AppleWebKit/537.36 (KHTML, like Gecko) Chrome/48.0.2564.116 Safari/537.36"
220.181.51.88 - - [22/Aug/2024:20:43:11 +0800] "GET / HTTP/1.1" 200 794 "-" "Mozilla/5.0 (Windows NT 10.0; WOW64) AppleWebKit/537.36 (KHTML, like Gecko) Chrome/48.0.2564.116 Safari/537.36"
66.249.79.35 - - [22/Aug/2024:20:49:39 +0800] "GET /logs/access_20240408.log HTTP/1.1" 304 - "-" "Mozilla/5.0 (Linux; Android 6.0.1; Nexus 5X Build/MMB29P) AppleWebKit/537.36 (KHTML, like Gecko) Chrome/127.0.6533.119 Mobile Safari/537.36 (compatible; Googlebot/2.1; +http://www.google.com/bot.html)"
216.244.66.195 - - [22/Aug/2024:20:58:54 +0800] "GET /robots.txt HTTP/1.1" 404 1052 "-" "Mozilla/5.0 (compatible; DotBot/1.2; +https://opensiteexplorer.org/dotbot; help@moz.com)"
66.249.79.34 - - [22/Aug/2024:21:04:37 +0800] "GET /icons/small/generic.png HTTP/1.1" 200 149 "-" "Googlebot-Image/1.0"
216.244.66.195 - - [22/Aug/2024:21:18:02 +0800] "GET /logs/access_20240622.log HTTP/1.1" 200 26288 "-" "Mozilla/5.0 (compatible; DotBot/1.2; +https://opensiteexplorer.org/dotbot; help@moz.com)"
223.72.29.119 - - [22/Aug/2024:21:19:03 +0800] "GET /robots.txt HTTP/1.1" 404 1052 "-" "Mozilla/5.0 (Windows NT 10.0; WOW64) AppleWebKit/537.36 (KHTML, like Gecko) Chrome/58.0.2829.150 Safari/537.36 QIHU 360EE"
66.249.79.34 - - [22/Aug/2024:21:33:04 +0800] "GET /icons/small/image.png HTTP/1.1" 200 197 "-" "Googlebot-Image/1.0"
216.244.66.195 - - [22/Aug/2024:21:48:39 +0800] "GET /robots.txt HTTP/1.1" 404 1052 "-" "Mozilla/5.0 (compatible; DotBot/1.2; +https://opensiteexplorer.org/dotbot; help@moz.com)"
216.244.66.195 - - [22/Aug/2024:22:16:24 +0800] "GET /logs/access_20240526.log HTTP/1.1" 200 10407 "-" "Mozilla/5.0 (compatible; DotBot/1.2; +https://opensiteexplorer.org/dotbot; help@moz.com)"
216.244.66.195 - - [22/Aug/2024:22:16:30 +0800] "GET /logs/access_20240606.log HTTP/1.1" 200 10273 "-" "Mozilla/5.0 (compatible; DotBot/1.2; +https://opensiteexplorer.org/dotbot; help@moz.com)"
112.86.225.249 - - [22/Aug/2024:22:51:05 +0800] "GET / HTTP/1.1" 200 794 "-" "Sogou web spider/4.0(+http://www.sogou.com/docs/help/webmasters.htm#07)"