66.249.73.11 - - [21/Aug/2024:00:13:11 +0800] "GET /icons/back.png HTTP/1.1" 200 308 "-" "Googlebot-Image/1.0"
66.249.73.12 - - [21/Aug/2024:00:31:10 +0800] "GET /icons/pie0.gif HTTP/1.1" 200 188 "-" "Googlebot-Image/1.0"
66.249.73.11 - - [21/Aug/2024:00:36:35 +0800] "GET /logs/access_20221219.log HTTP/1.1" 200 24686 "-" "Mozilla/5.0 (Linux; Android 6.0.1; Nexus 5X Build/MMB29P) AppleWebKit/537.36 (KHTML, like Gecko) Chrome/127.0.6533.119 Mobile Safari/537.36 (compatible; Googlebot/2.1; +http://www.google.com/bot.html)"
66.249.73.11 - - [21/Aug/2024:00:38:36 +0800] "GET /logs/access_20230802.log HTTP/1.1" 304 - "-" "Mozilla/5.0 (Linux; Android 6.0.1; Nexus 5X Build/MMB29P) AppleWebKit/537.36 (KHTML, like Gecko) Chrome/127.0.6533.119 Mobile Safari/537.36 (compatible; Googlebot/2.1; +http://www.google.com/bot.html)"
66.249.73.11 - - [21/Aug/2024:00:59:40 +0800] "GET /icons/pie2.png HTTP/1.1" 200 272 "-" "Googlebot-Image/1.0"
66.249.73.11 - - [21/Aug/2024:01:16:10 +0800] "GET /icons/apache_pb.png HTTP/1.1" 200 9691 "-" "Googlebot-Image/1.0"
116.179.33.146 - - [21/Aug/2024:01:44:22 +0800] "GET /robots.txt HTTP/1.1" 404 1052 "-" "Mozilla/5.0 (Windows NT 10.0; WOW64) AppleWebKit/537.36 (KHTML, like Gecko) Chrome/48.0.2564.116 Safari/537.36"
116.179.33.208 - - [21/Aug/2024:01:44:22 +0800] "GET /robots.txt HTTP/1.1" 404 1052 "-" "Mozilla/5.0 (Windows NT 10.0; WOW64) AppleWebKit/537.36 (KHTML, like Gecko) Chrome/48.0.2564.116 Safari/537.36"
220.181.108.90 - - [21/Aug/2024:01:44:22 +0800] "GET / HTTP/1.1" 200 794 "-" "Mozilla/5.0 (compatible; Baiduspider/2.0; +http://www.baidu.com/search/spider.html)"
116.179.32.96 - - [21/Aug/2024:01:44:22 +0800] "GET / HTTP/1.1" 200 794 "-" "Mozilla/5.0 (Linux;u;Android 4.2.2;zh-cn;) AppleWebKit/534.46 (KHTML,like Gecko) Version/5.1 Mobile Safari/10600.6.3 (compatible; Baiduspider/2.0; +http://www.baidu.com/search/spider.html)"
66.249.73.10 - - [21/Aug/2024:02:24:40 +0800] "GET /icons/continued.gif HTTP/1.1" 200 214 "-" "Googlebot-Image/1.0"
66.249.73.12 - - [21/Aug/2024:03:09:41 +0800] "GET /icons/small/sound2.gif HTTP/1.1" 200 119 "-" "Googlebot-Image/1.0"
66.249.73.10 - - [21/Aug/2024:03:17:48 +0800] "GET /logs/access_20240529.log HTTP/1.1" 200 14713 "-" "Mozilla/5.0 (Linux; Android 6.0.1; Nexus 5X Build/MMB29P) AppleWebKit/537.36 (KHTML, like Gecko) Chrome/127.0.6533.119 Mobile Safari/537.36 (compatible; Googlebot/2.1; +http://www.google.com/bot.html)"
66.249.73.10 - - [21/Aug/2024:03:38:39 +0800] "GET /logs/access_20230623.log HTTP/1.1" 200 15023 "-" "Mozilla/5.0 (Linux; Android 6.0.1; Nexus 5X Build/MMB29P) AppleWebKit/537.36 (KHTML, like Gecko) Chrome/127.0.6533.119 Mobile Safari/537.36 (compatible; Googlebot/2.1; +http://www.google.com/bot.html)"
112.86.225.173 - - [21/Aug/2024:03:47:21 +0800] "GET / HTTP/1.1" 200 794 "-" "MQQBrowser/26 Mozilla/5.0 (Linux; U; Android 4.4.2; zh-cn; MB200 Build/GRJ22; CyanogenMod-7) AppleWebKit/533.1 (KHTML, like Gecko) Version/4.0 Mobile Safari/533.1 (compatible; Sogou web spider/4.0; +http://www.sogou.com/docs/help/webmasters.htm#07)"
66.249.73.12 - - [21/Aug/2024:03:53:41 +0800] "GET /icons/small/index.png HTTP/1.1" 200 225 "-" "Googlebot-Image/1.0"
66.249.73.12 - - [21/Aug/2024:04:04:16 +0800] "GET /logs/access_20230618.log HTTP/1.1" 304 - "-" "Mozilla/5.0 (Linux; Android 6.0.1; Nexus 5X Build/MMB29P) AppleWebKit/537.36 (KHTML, like Gecko) Chrome/127.0.6533.119 Mobile Safari/537.36 (compatible; Googlebot/2.1; +http://www.google.com/bot.html)"
66.249.73.12 - - [21/Aug/2024:04:55:41 +0800] "GET /icons/sound2.png HTTP/1.1" 200 315 "-" "Googlebot-Image/1.0"
66.249.73.11 - - [21/Aug/2024:06:33:04 +0800] "GET /icons/quill.gif HTTP/1.1" 200 267 "-" "Googlebot-Image/1.0"
66.249.73.10 - - [21/Aug/2024:06:33:04 +0800] "GET /robots.txt HTTP/1.1" 404 1052 "-" "Mozilla/5.0 (compatible; Googlebot/2.1; +http://www.google.com/bot.html)"
23.94.74.68 - - [21/Aug/2024:06:33:44 +0800] "GET / HTTP/1.1" 200 794 "-" "Mozilla/5.0 (Windows NT 6.1; Trident/7.0; rv:11.0) like Gecko"
66.249.73.10 - - [21/Aug/2024:08:19:08 +0800] "GET /logs/access_20230929.log HTTP/1.1" 304 - "-" "Mozilla/5.0 (Linux; Android 6.0.1; Nexus 5X Build/MMB29P) AppleWebKit/537.36 (KHTML, like Gecko) Chrome/127.0.6533.119 Mobile Safari/537.36 (compatible; Googlebot/2.1; +http://www.google.com/bot.html)"
66.249.73.12 - - [21/Aug/2024:08:33:04 +0800] "GET /icons/sphere2.png HTTP/1.1" 200 339 "-" "Googlebot-Image/1.0"
66.249.73.11 - - [21/Aug/2024:08:45:30 +0800] "GET /api/swagger HTTP/1.1" 404 1052 "-" "Mozilla/5.0 (Linux; Android 6.0.1; Nexus 5X Build/MMB29P) AppleWebKit/537.36 (KHTML, like Gecko) Chrome/127.0.6533.119 Mobile Safari/537.36 (compatible; Googlebot/2.1; +http://www.google.com/bot.html)"
66.249.73.10 - - [21/Aug/2024:09:11:17 +0800] "GET /backend/elfinder/elfinder-cke.html HTTP/1.1" 404 1052 "-" "Mozilla/5.0 (Linux; Android 6.0.1; Nexus 5X Build/MMB29P) AppleWebKit/537.36 (KHTML, like Gecko) Chrome/127.0.6533.119 Mobile Safari/537.36 (compatible; Googlebot/2.1; +http://www.google.com/bot.html)"
66.249.73.11 - - [21/Aug/2024:10:21:17 +0800] "GET /logs/access_20231118.log HTTP/1.1" 304 - "-" "Mozilla/5.0 (Linux; Android 6.0.1; Nexus 5X Build/MMB29P) AppleWebKit/537.36 (KHTML, like Gecko) Chrome/127.0.6533.119 Mobile Safari/537.36 (compatible; Googlebot/2.1; +http://www.google.com/bot.html)"
114.119.128.129 - - [21/Aug/2024:10:51:14 +0800] "GET /robots.txt HTTP/1.1" 404 1052 "-" "Mozilla/5.0 (compatible;PetalBot;+https://webmaster.petalsearch.com/site/petalbot)"
43.240.159.39 - - [21/Aug/2024:10:56:31 +0800] "GET /css/album.css HTTP/1.1" 404 1052 "-" "Mozilla/5.0 (Windows NT 10.0; WOW64; rv:48.0) Gecko/20100101 Firefox/48.0"
66.249.73.12 - - [21/Aug/2024:10:56:33 +0800] "GET /api/apidocs/swagger.json HTTP/1.1" 404 1052 "-" "Mozilla/5.0 (Linux; Android 6.0.1; Nexus 5X Build/MMB29P) AppleWebKit/537.36 (KHTML, like Gecko) Chrome/127.0.6533.119 Mobile Safari/537.36 (compatible; Googlebot/2.1; +http://www.google.com/bot.html)"
66.249.73.11 - - [21/Aug/2024:11:33:04 +0800] "GET /icons/movie.gif HTTP/1.1" 200 243 "-" "Googlebot-Image/1.0"
66.249.73.10 - - [21/Aug/2024:13:04:04 +0800] "GET /icons/odf6oti.png HTTP/1.1" 200 1107 "-" "Googlebot-Image/1.0"
66.249.73.10 - - [21/Aug/2024:13:04:05 +0800] "GET /logs/access_20230427.log HTTP/1.1" 304 - "-" "Mozilla/5.0 (Linux; Android 6.0.1; Nexus 5X Build/MMB29P) AppleWebKit/537.36 (KHTML, like Gecko) Chrome/127.0.6533.119 Mobile Safari/537.36 (compatible; Googlebot/2.1; +http://www.google.com/bot.html)"
43.240.159.39 - - [21/Aug/2024:13:12:53 +0800] "GET /data/admin/allowurl.txt HTTP/1.1" 404 1052 "-" "Mozilla/5.0 (Windows NT 10.0; WOW64; rv:48.0) Gecko/20100101 Firefox/48.0"
112.201.70.31 - - [21/Aug/2024:13:17:58 +0800] "GET /wp-content/plugins/keydatas/readme.txt HTTP/1.1" 404 1168 "www.google.com" "Mozlila/5.0 (Linux; Android 7.0; SM-G892A Bulid/NRD90M; wv) AppleWebKit/537.36 (KHTML, like Gecko) Version/4.0 Chrome/60.0.3112.107 Moblie Safari/537.36"
113.215.189.125 - - [21/Aug/2024:13:46:42 +0800] "GET / HTTP/1.1" 200 794 "-" "Mozilla/5.0 (Windows NT 10.0; Win64; x64) AppleWebKit/537.36 (KHTML, like Gecko) Chrome/83.0.5366.79 Safari/537.36"
113.215.189.125 - - [21/Aug/2024:13:46:42 +0800] "GET / HTTP/1.1" 200 794 "-" "Mozilla/5.0 (Windows NT 10.0; Win64; x64) AppleWebKit/537.36 (KHTML, like Gecko) Chrome/87.0.5690.56 Safari/537.36"
113.215.189.125 - - [21/Aug/2024:13:46:42 +0800] "GET /favicon.ico HTTP/1.1" 404 1052 "-" "Mozilla/5.0 (Windows NT 10.0; Win64; x64) AppleWebKit/537.36 (KHTML, like Gecko) Chrome/87.0.5690.56 Safari/537.36"
113.215.189.125 - - [21/Aug/2024:13:46:44 +0800] "GET /?C=N;O=D HTTP/1.1" 200 794 "-" "Mozilla/5.0 (Windows NT 10.0; Win64; x64) AppleWebKit/537.36 (KHTML, like Gecko) Chrome/90.0.8815.72 Safari/537.36"
113.215.189.125 - - [21/Aug/2024:13:46:44 +0800] "GET /?C=M;O=A HTTP/1.1" 200 794 "-" "Mozilla/5.0 (Windows NT 10.0; Win64; x64) AppleWebKit/537.36 (KHTML, like Gecko) Chrome/101.0.8960.184 Safari/537.36"
113.215.189.125 - - [21/Aug/2024:13:46:44 +0800] "GET / HTTP/1.1" 200 794 "-" "Mozilla/5.0 (Windows NT 10.0; Win64; x64) AppleWebKit/537.36 (KHTML, like Gecko) Chrome/97.0.4116.173 Safari/537.36"
113.215.189.125 - - [21/Aug/2024:13:46:44 +0800] "GET /favicon.ico HTTP/1.1" 404 1052 "-" "Mozilla/5.0 (Windows NT 10.0; Win64; x64) AppleWebKit/537.36 (KHTML, like Gecko) Chrome/97.0.4116.173 Safari/537.36"
113.215.189.125 - - [21/Aug/2024:13:46:44 +0800] "GET / HTTP/1.1" 200 794 "-" "Mozilla/5.0 (Windows NT 10.0; Win64; x64) AppleWebKit/537.36 (KHTML, like Gecko) Chrome/85.0.7346.158 Safari/537.36"
113.215.189.125 - - [21/Aug/2024:13:46:44 +0800] "GET /favicon.ico HTTP/1.1" 404 1052 "-" "Mozilla/5.0 (Windows NT 10.0; Win64; x64) AppleWebKit/537.36 (KHTML, like Gecko) Chrome/85.0.7346.158 Safari/537.36"
113.215.189.125 - - [21/Aug/2024:13:46:44 +0800] "GET /?C=S;O=A HTTP/1.1" 200 794 "-" "Mozilla/5.0 (Windows NT 10.0; Win64; x64) AppleWebKit/537.36 (KHTML, like Gecko) Chrome/104.0.1684.78 Safari/537.36"
113.215.189.125 - - [21/Aug/2024:13:46:44 +0800] "GET /icons/blank.gif HTTP/1.1" 200 148 "-" "Mozilla/5.0 (Windows NT 10.0; Win64; x64) AppleWebKit/537.36 (KHTML, like Gecko) Chrome/86.0.6120.92 Safari/537.36"
113.215.189.125 - - [21/Aug/2024:13:46:44 +0800] "GET / HTTP/1.1" 200 794 "-" "Mozilla/5.0 (Windows NT 10.0; Win64; x64) AppleWebKit/537.36 (KHTML, like Gecko) Chrome/115.0.3787.154 Safari/537.36"
113.215.189.125 - - [21/Aug/2024:13:46:44 +0800] "GET / HTTP/1.1" 200 794 "-" "Mozilla/5.0 (Windows NT 10.0; Win64; x64) AppleWebKit/537.36 (KHTML, like Gecko) Chrome/110.0.7261.81 Safari/537.36"
113.215.189.125 - - [21/Aug/2024:13:46:44 +0800] "GET /favicon.ico HTTP/1.1" 404 1052 "-" "Mozilla/5.0 (Windows NT 10.0; Win64; x64) AppleWebKit/537.36 (KHTML, like Gecko) Chrome/115.0.3787.154 Safari/537.36"
113.215.189.125 - - [21/Aug/2024:13:46:44 +0800] "GET /favicon.ico HTTP/1.1" 404 1052 "-" "Mozilla/5.0 (Windows NT 10.0; Win64; x64) AppleWebKit/537.36 (KHTML, like Gecko) Chrome/110.0.7261.81 Safari/537.36"
113.215.189.125 - - [21/Aug/2024:13:46:44 +0800] "GET /icons/folder.gif HTTP/1.1" 200 225 "-" "Mozilla/5.0 (Windows NT 10.0; Win64; x64) AppleWebKit/537.36 (KHTML, like Gecko) Chrome/92.0.6478.190 Safari/537.36"
113.215.189.125 - - [21/Aug/2024:13:46:44 +0800] "GET / HTTP/1.1" 200 794 "-" "Mozilla/5.0 (Windows NT 10.0; Win64; x64) AppleWebKit/537.36 (KHTML, like Gecko) Chrome/101.0.1142.65 Safari/537.36"
113.215.189.125 - - [21/Aug/2024:13:46:44 +0800] "GET /favicon.ico HTTP/1.1" 404 1052 "-" "Mozilla/5.0 (Windows NT 10.0; Win64; x64) AppleWebKit/537.36 (KHTML, like Gecko) Chrome/101.0.1142.65 Safari/537.36"
220.181.51.92 - - [21/Aug/2024:14:08:42 +0800] "GET / HTTP/1.1" 200 794 "-" "Mozilla/5.0 (Windows NT 10.0; WOW64) AppleWebKit/537.36 (KHTML, like Gecko) Chrome/48.0.2564.116 Safari/537.36"
66.249.73.11 - - [21/Aug/2024:14:33:04 +0800] "GET /icons/ball.red.gif HTTP/1.1" 200 205 "-" "Googlebot-Image/1.0"
59.82.21.185 - - [21/Aug/2024:14:33:57 +0800] "GET / HTTP/1.1" 200 794 "-" "Mozilla/5.0 (Windows NT 10.0; Win64; x64) AppleWebKit/537.36 (KHTML, like Gecko) Chrome/84.0.5120.175 Safari/537.36"
59.82.21.185 - - [21/Aug/2024:14:33:57 +0800] "GET / HTTP/1.1" 200 794 "-" "Mozilla/5.0 (Windows NT 10.0; Win64; x64) AppleWebKit/537.36 (KHTML, like Gecko) Chrome/93.0.6427.104 Safari/537.36"
59.82.21.185 - - [21/Aug/2024:14:33:57 +0800] "GET /favicon.ico HTTP/1.1" 404 1052 "-" "Mozilla/5.0 (Windows NT 10.0; Win64; x64) AppleWebKit/537.36 (KHTML, like Gecko) Chrome/93.0.6427.104 Safari/537.36"
59.82.21.185 - - [21/Aug/2024:14:33:58 +0800] "GET /?C=M;O=A HTTP/1.1" 200 794 "-" "Mozilla/5.0 (Windows NT 10.0; Win64; x64) AppleWebKit/537.36 (KHTML, like Gecko) Chrome/104.0.5795.138 Safari/537.36"
59.82.21.61 - - [21/Aug/2024:14:33:58 +0800] "GET /?C=N;O=D HTTP/1.1" 200 794 "-" "Mozilla/5.0 (Windows NT 10.0; Win64; x64) AppleWebKit/537.36 (KHTML, like Gecko) Chrome/111.0.5817.164 Safari/537.36"
59.82.21.185 - - [21/Aug/2024:14:33:58 +0800] "GET / HTTP/1.1" 200 794 "-" "Mozilla/5.0 (Windows NT 10.0; Win64; x64) AppleWebKit/537.36 (KHTML, like Gecko) Chrome/90.0.3857.111 Safari/537.36"
59.82.21.61 - - [21/Aug/2024:14:33:58 +0800] "GET / HTTP/1.1" 200 794 "-" "Mozilla/5.0 (Windows NT 10.0; Win64; x64) AppleWebKit/537.36 (KHTML, like Gecko) Chrome/94.0.7509.104 Safari/537.36"
59.82.21.185 - - [21/Aug/2024:14:33:58 +0800] "GET /favicon.ico HTTP/1.1" 404 1052 "-" "Mozilla/5.0 (Windows NT 10.0; Win64; x64) AppleWebKit/537.36 (KHTML, like Gecko) Chrome/90.0.3857.111 Safari/537.36"
59.82.21.61 - - [21/Aug/2024:14:33:58 +0800] "GET /favicon.ico HTTP/1.1" 404 1052 "-" "Mozilla/5.0 (Windows NT 10.0; Win64; x64) AppleWebKit/537.36 (KHTML, like Gecko) Chrome/94.0.7509.104 Safari/537.36"
59.82.21.61 - - [21/Aug/2024:14:33:59 +0800] "GET /icons/blank.gif HTTP/1.1" 200 148 "-" "Mozilla/5.0 (Windows NT 10.0; Win64; x64) AppleWebKit/537.36 (KHTML, like Gecko) Chrome/80.0.5905.84 Safari/537.36"
59.82.21.185 - - [21/Aug/2024:14:33:59 +0800] "GET /?C=S;O=A HTTP/1.1" 200 794 "-" "Mozilla/5.0 (Windows NT 10.0; Win64; x64) AppleWebKit/537.36 (KHTML, like Gecko) Chrome/102.0.3091.128 Safari/537.36"
59.82.21.61 - - [21/Aug/2024:14:33:59 +0800] "GET / HTTP/1.1" 200 794 "-" "Mozilla/5.0 (Windows NT 10.0; Win64; x64) AppleWebKit/537.36 (KHTML, like Gecko) Chrome/90.0.9695.121 Safari/537.36"
59.82.21.185 - - [21/Aug/2024:14:33:59 +0800] "GET / HTTP/1.1" 200 794 "-" "Mozilla/5.0 (Windows NT 10.0; Win64; x64) AppleWebKit/537.36 (KHTML, like Gecko) Chrome/89.0.7373.69 Safari/537.36"
59.82.21.61 - - [21/Aug/2024:14:33:59 +0800] "GET /favicon.ico HTTP/1.1" 404 1052 "-" "Mozilla/5.0 (Windows NT 10.0; Win64; x64) AppleWebKit/537.36 (KHTML, like Gecko) Chrome/90.0.9695.121 Safari/537.36"
59.82.21.61 - - [21/Aug/2024:14:33:59 +0800] "GET /icons/folder.gif HTTP/1.1" 200 225 "-" "Mozilla/5.0 (Windows NT 10.0; Win64; x64) AppleWebKit/537.36 (KHTML, like Gecko) Chrome/96.0.8559.69 Safari/537.36"
59.82.21.185 - - [21/Aug/2024:14:33:59 +0800] "GET /favicon.ico HTTP/1.1" 404 1052 "-" "Mozilla/5.0 (Windows NT 10.0; Win64; x64) AppleWebKit/537.36 (KHTML, like Gecko) Chrome/89.0.7373.69 Safari/537.36"
59.82.21.61 - - [21/Aug/2024:14:33:59 +0800] "GET / HTTP/1.1" 200 794 "-" "Mozilla/5.0 (Windows NT 10.0; Win64; x64) AppleWebKit/537.36 (KHTML, like Gecko) Chrome/106.0.2341.40 Safari/537.36"
59.82.21.61 - - [21/Aug/2024:14:33:59 +0800] "GET /favicon.ico HTTP/1.1" 404 1052 "-" "Mozilla/5.0 (Windows NT 10.0; Win64; x64) AppleWebKit/537.36 (KHTML, like Gecko) Chrome/106.0.2341.40 Safari/537.36"
66.249.73.10 - - [21/Aug/2024:14:56:19 +0800] "GET /logs/access_20231220.log HTTP/1.1" 304 - "-" "Mozilla/5.0 (Linux; Android 6.0.1; Nexus 5X Build/MMB29P) AppleWebKit/537.36 (KHTML, like Gecko) Chrome/127.0.6533.119 Mobile Safari/537.36 (compatible; Googlebot/2.1; +http://www.google.com/bot.html)"
43.240.159.39 - - [21/Aug/2024:15:10:20 +0800] "GET /e/data/js/ajax.js HTTP/1.1" 404 1052 "-" "Mozilla/5.0 (Windows NT 10.0; WOW64; rv:48.0) Gecko/20100101 Firefox/48.0"
66.249.73.10 - - [21/Aug/2024:15:45:04 +0800] "GET /icons/odf6ott.png HTTP/1.1" 200 1022 "-" "Googlebot-Image/1.0"
66.249.73.11 - - [21/Aug/2024:16:04:22 +0800] "GET /logs/access_20221212.log HTTP/1.1" 304 - "-" "Mozilla/5.0 (Linux; Android 6.0.1; Nexus 5X Build/MMB29P) AppleWebKit/537.36 (KHTML, like Gecko) Chrome/127.0.6533.119 Mobile Safari/537.36 (compatible; Googlebot/2.1; +http://www.google.com/bot.html)"
66.249.73.11 - - [21/Aug/2024:17:33:04 +0800] "GET /icons/odf6odt.png HTTP/1.1" 200 983 "-" "Googlebot-Image/1.0"
66.249.73.12 - - [21/Aug/2024:17:51:05 +0800] "GET /api/v1/swagger-ui/swagger.json HTTP/1.1" 404 1052 "-" "Mozilla/5.0 (Linux; Android 6.0.1; Nexus 5X Build/MMB29P) AppleWebKit/537.36 (KHTML, like Gecko) Chrome/127.0.6533.119 Mobile Safari/537.36 (compatible; Googlebot/2.1; +http://www.google.com/bot.html)"
66.249.73.12 - - [21/Aug/2024:19:04:06 +0800] "GET /robots.txt HTTP/1.1" 404 1052 "-" "Mozilla/5.0 (compatible; Googlebot/2.1; +http://www.google.com/bot.html)"
66.249.73.12 - - [21/Aug/2024:19:04:06 +0800] "GET /logs/access_20230801.log HTTP/1.1" 304 - "-" "Mozilla/5.0 (Linux; Android 6.0.1; Nexus 5X Build/MMB29P) AppleWebKit/537.36 (KHTML, like Gecko) Chrome/127.0.6533.119 Mobile Safari/537.36 (compatible; Googlebot/2.1; +http://www.google.com/bot.html)"
66.249.73.12 - - [21/Aug/2024:19:34:04 +0800] "GET /icons/comp.gray.gif HTTP/1.1" 200 246 "-" "Googlebot-Image/1.0"
66.249.73.10 - - [21/Aug/2024:19:57:05 +0800] "GET /logs/access_20230315.log HTTP/1.1" 200 7347 "-" "Mozilla/5.0 (Linux; Android 6.0.1; Nexus 5X Build/MMB29P) AppleWebKit/537.36 (KHTML, like Gecko) Chrome/127.0.6533.119 Mobile Safari/537.36 (compatible; Googlebot/2.1; +http://www.google.com/bot.html)"
66.249.73.12 - - [21/Aug/2024:20:33:04 +0800] "GET /icons/pie4.gif HTTP/1.1" 200 193 "-" "Googlebot-Image/1.0"
66.249.73.11 - - [21/Aug/2024:20:33:07 +0800] "GET /api/.env HTTP/1.1" 404 1052 "-" "Mozilla/5.0 (Linux; Android 6.0.1; Nexus 5X Build/MMB29P) AppleWebKit/537.36 (KHTML, like Gecko) Chrome/127.0.6533.119 Mobile Safari/537.36 (compatible; Googlebot/2.1; +http://www.google.com/bot.html)"
66.249.73.11 - - [21/Aug/2024:21:09:05 +0800] "GET /api/v1/swagger-ui/swagger.yaml HTTP/1.1" 404 1052 "-" "Mozilla/5.0 (Linux; Android 6.0.1; Nexus 5X Build/MMB29P) AppleWebKit/537.36 (KHTML, like Gecko) Chrome/127.0.6533.119 Mobile Safari/537.36 (compatible; Googlebot/2.1; +http://www.google.com/bot.html)"
66.249.73.10 - - [21/Aug/2024:21:33:04 +0800] "GET /icons/screw1.png HTTP/1.1" 200 328 "-" "Googlebot-Image/1.0"
220.181.51.116 - - [21/Aug/2024:22:13:01 +0800] "GET / HTTP/1.1" 200 794 "-" "Mozilla/5.0 (Windows NT 10.0; WOW64) AppleWebKit/537.36 (KHTML, like Gecko) Chrome/48.0.2564.116 Safari/537.36"
66.249.73.12 - - [21/Aug/2024:22:18:05 +0800] "GET /icons/small/generic3.png HTTP/1.1" 200 171 "-" "Googlebot-Image/1.0"
66.249.73.11 - - [21/Aug/2024:23:03:04 +0800] "GET /icons/small/folder2.png HTTP/1.1" 200 180 "-" "Googlebot-Image/1.0"