66.249.66.38 - - [19/Aug/2024:00:20:20 +0800] "GET /icons/pie0.gif HTTP/1.1" 200 188 "-" "Googlebot-Image/1.0"
66.249.66.38 - - [19/Aug/2024:00:45:44 +0800] "GET /logs/access_20230218.log HTTP/1.1" 200 11916 "-" "Mozilla/5.0 (Linux; Android 6.0.1; Nexus 5X Build/MMB29P) AppleWebKit/537.36 (KHTML, like Gecko) Chrome/127.0.6533.119 Mobile Safari/537.36 (compatible; Googlebot/2.1; +http://www.google.com/bot.html)"
66.249.66.37 - - [19/Aug/2024:00:56:20 +0800] "GET /icons/pie2.png HTTP/1.1" 200 272 "-" "Googlebot-Image/1.0"
216.244.66.195 - - [19/Aug/2024:01:02:30 +0800] "GET /robots.txt HTTP/1.1" 404 1052 "-" "Mozilla/5.0 (compatible; DotBot/1.2; +https://opensiteexplorer.org/dotbot; help@moz.com)"
66.249.66.38 - - [19/Aug/2024:01:32:20 +0800] "GET /icons/apache_pb.png HTTP/1.1" 200 9691 "-" "Googlebot-Image/1.0"
216.244.66.195 - - [19/Aug/2024:01:41:30 +0800] "GET /logs/access_20240509.log HTTP/1.1" 200 24539 "-" "Mozilla/5.0 (compatible; DotBot/1.2; +https://opensiteexplorer.org/dotbot; help@moz.com)"
66.249.66.37 - - [19/Aug/2024:02:08:20 +0800] "GET /icons/continued.gif HTTP/1.1" 200 214 "-" "Googlebot-Image/1.0"
116.213.36.234 - - [19/Aug/2024:02:38:54 +0800] "GET /Public/Images/closefloatad.png HTTP/1.1" 404 1052 "-" "Mozilla/5.0 (Windows NT 10.0; WOW64; rv:48.0) Gecko/20100101 Firefox/48.0"
103.212.99.194 - - [19/Aug/2024:02:46:41 +0800] "GET /admin.php?m=classify&a=edit_save HTTP/1.1" 404 1052 "-" "Mozilla/5.0 (Windows NT 10.0; WOW64; rv:48.0) Gecko/20100101 Firefox/48.0"
119.42.147.82 - - [19/Aug/2024:02:49:24 +0800] "GET /login.php?s=Admin/login HTTP/1.1" 404 1052 "-" "Mozilla/5.0 (Windows NT 10.0; WOW64; rv:48.0) Gecko/20100101 Firefox/48.0"
66.249.66.39 - - [19/Aug/2024:02:53:20 +0800] "GET /icons/small/sound2.gif HTTP/1.1" 200 119 "-" "Googlebot-Image/1.0"
123.253.26.186 - - [19/Aug/2024:02:55:11 +0800] "GET /static/images/nopic.png HTTP/1.1" 404 1052 "-" "Mozilla/5.0 (Windows NT 10.0; WOW64; rv:48.0) Gecko/20100101 Firefox/48.0"
119.42.147.90 - - [19/Aug/2024:02:55:21 +0800] "GET /index.php?m=admin&c=index&a=login&pc_hash HTTP/1.1" 404 1052 "-" "Mozilla/5.0 (Windows NT 10.0; WOW64; rv:48.0) Gecko/20100101 Firefox/48.0"
66.249.66.39 - - [19/Aug/2024:03:38:20 +0800] "GET /icons/small/index.png HTTP/1.1" 200 225 "-" "Googlebot-Image/1.0"
66.249.66.38 - - [19/Aug/2024:04:24:37 +0800] "GET /icons/sound2.png HTTP/1.1" 200 315 "-" "Googlebot-Image/1.0"
66.249.66.39 - - [19/Aug/2024:04:47:57 +0800] "GET /logs/access_20230709.log HTTP/1.1" 200 31826 "-" "Mozilla/5.0 (Linux; Android 6.0.1; Nexus 5X Build/MMB29P) AppleWebKit/537.36 (KHTML, like Gecko) Chrome/127.0.6533.119 Mobile Safari/537.36 (compatible; Googlebot/2.1; +http://www.google.com/bot.html)"
66.249.66.38 - - [19/Aug/2024:05:08:20 +0800] "GET /robots.txt HTTP/1.1" 404 1052 "-" "Mozilla/5.0 (compatible; Googlebot/2.1; +http://www.google.com/bot.html)"
66.249.66.37 - - [19/Aug/2024:05:08:20 +0800] "GET /icons/quill.gif HTTP/1.1" 200 267 "-" "Googlebot-Image/1.0"
66.249.66.37 - - [19/Aug/2024:05:53:20 +0800] "GET /icons/sphere2.png HTTP/1.1" 200 339 "-" "Googlebot-Image/1.0"
66.249.66.37 - - [19/Aug/2024:06:47:42 +0800] "GET /logs/access_20230412.log HTTP/1.1" 304 - "-" "Mozilla/5.0 (Linux; Android 6.0.1; Nexus 5X Build/MMB29P) AppleWebKit/537.36 (KHTML, like Gecko) Chrome/127.0.6533.119 Mobile Safari/537.36 (compatible; Googlebot/2.1; +http://www.google.com/bot.html)"
80.244.45.77 - - [19/Aug/2024:06:47:59 +0800] "GET /logs/access_20240506.log HTTP/1.1" 200 8122 "http://ft.kidcastle.com.cn/" "Mozilla/5.0 (X11; Ubuntu; Linux x86_64; rv:114.0) Gecko/20100101 Firefox/114.0"
66.249.66.39 - - [19/Aug/2024:06:48:42 +0800] "GET /backend/elfinder/elfinder-cke.html HTTP/1.1" 404 1052 "-" "Mozilla/5.0 (Linux; Android 6.0.1; Nexus 5X Build/MMB29P) AppleWebKit/537.36 (KHTML, like Gecko) Chrome/127.0.6533.119 Mobile Safari/537.36 (compatible; Googlebot/2.1; +http://www.google.com/bot.html)"
66.249.66.39 - - [19/Aug/2024:08:18:43 +0800] "GET /logs/access_20230929.log HTTP/1.1" 304 - "-" "Mozilla/5.0 (Linux; Android 6.0.1; Nexus 5X Build/MMB29P) AppleWebKit/537.36 (KHTML, like Gecko) Chrome/127.0.6533.119 Mobile Safari/537.36 (compatible; Googlebot/2.1; +http://www.google.com/bot.html)"
66.249.66.39 - - [19/Aug/2024:08:47:13 +0800] "GET /logs/access_20230427.log HTTP/1.1" 304 - "-" "Mozilla/5.0 (Linux; Android 6.0.1; Nexus 5X Build/MMB29P) AppleWebKit/537.36 (KHTML, like Gecko) Chrome/127.0.6533.119 Mobile Safari/537.36 (compatible; Googlebot/2.1; +http://www.google.com/bot.html)"
66.249.66.38 - - [19/Aug/2024:08:47:15 +0800] "GET /logs/access_20231011.log HTTP/1.1" 200 7600 "-" "Mozilla/5.0 (Linux; Android 6.0.1; Nexus 5X Build/MMB29P) AppleWebKit/537.36 (KHTML, like Gecko) Chrome/127.0.6533.119 Mobile Safari/537.36 (compatible; Googlebot/2.1; +http://www.google.com/bot.html)"
216.244.66.195 - - [19/Aug/2024:08:52:25 +0800] "GET /robots.txt HTTP/1.1" 404 1052 "-" "Mozilla/5.0 (compatible; DotBot/1.2; +https://opensiteexplorer.org/dotbot; help@moz.com)"
216.244.66.195 - - [19/Aug/2024:09:17:33 +0800] "GET /logs/access_20240603.log HTTP/1.1" 200 13225 "-" "Mozilla/5.0 (compatible; DotBot/1.2; +https://opensiteexplorer.org/dotbot; help@moz.com)"
216.244.66.195 - - [19/Aug/2024:09:17:37 +0800] "GET /logs/access_20240609.log HTTP/1.1" 200 16170 "-" "Mozilla/5.0 (compatible; DotBot/1.2; +https://opensiteexplorer.org/dotbot; help@moz.com)"
216.244.66.195 - - [19/Aug/2024:09:43:37 +0800] "GET /robots.txt HTTP/1.1" 404 1052 "-" "Mozilla/5.0 (compatible; DotBot/1.2; +https://opensiteexplorer.org/dotbot; help@moz.com)"
216.244.66.195 - - [19/Aug/2024:10:06:47 +0800] "GET /logs/access_20240520.log HTTP/1.1" 200 6251 "-" "Mozilla/5.0 (compatible; DotBot/1.2; +https://opensiteexplorer.org/dotbot; help@moz.com)"
66.249.66.37 - - [19/Aug/2024:10:08:20 +0800] "GET /icons/movie.gif HTTP/1.1" 200 243 "-" "Googlebot-Image/1.0"
66.249.66.39 - - [19/Aug/2024:10:33:44 +0800] "GET /logs/access_20231220.log HTTP/1.1" 304 - "-" "Mozilla/5.0 (Linux; Android 6.0.1; Nexus 5X Build/MMB29P) AppleWebKit/537.36 (KHTML, like Gecko) Chrome/127.0.6533.119 Mobile Safari/537.36 (compatible; Googlebot/2.1; +http://www.google.com/bot.html)"
216.244.66.195 - - [19/Aug/2024:10:36:36 +0800] "GET /robots.txt HTTP/1.1" 404 1052 "-" "Mozilla/5.0 (compatible; DotBot/1.2; +https://opensiteexplorer.org/dotbot; help@moz.com)"
216.244.66.195 - - [19/Aug/2024:11:16:05 +0800] "GET /logs/access_20240703.log HTTP/1.1" 200 17642 "-" "Mozilla/5.0 (compatible; DotBot/1.2; +https://opensiteexplorer.org/dotbot; help@moz.com)"
216.244.66.195 - - [19/Aug/2024:11:28:23 +0800] "GET /robots.txt HTTP/1.1" 404 1052 "-" "Mozilla/5.0 (compatible; DotBot/1.2; +https://opensiteexplorer.org/dotbot; help@moz.com)"
216.244.66.195 - - [19/Aug/2024:11:49:37 +0800] "GET /logs/access_20240523.log HTTP/1.1" 200 16469 "-" "Mozilla/5.0 (compatible; DotBot/1.2; +https://opensiteexplorer.org/dotbot; help@moz.com)"
216.244.66.195 - - [19/Aug/2024:12:04:43 +0800] "GET /logs/access_20240626.log HTTP/1.1" 200 54307 "-" "Mozilla/5.0 (compatible; DotBot/1.2; +https://opensiteexplorer.org/dotbot; help@moz.com)"
66.249.66.39 - - [19/Aug/2024:12:08:20 +0800] "GET /icons/odf6oti.png HTTP/1.1" 200 1107 "-" "Googlebot-Image/1.0"
66.249.66.37 - - [19/Aug/2024:12:53:20 +0800] "GET /icons/odf6ott.png HTTP/1.1" 200 1022 "-" "Googlebot-Image/1.0"
66.249.66.39 - - [19/Aug/2024:13:03:23 +0800] "GET /logs/access_20240522.log HTTP/1.1" 200 21299 "-" "Mozilla/5.0 (Linux; Android 6.0.1; Nexus 5X Build/MMB29P) AppleWebKit/537.36 (KHTML, like Gecko) Chrome/127.0.6533.119 Mobile Safari/537.36 (compatible; Googlebot/2.1; +http://www.google.com/bot.html)"
116.179.33.74 - - [19/Aug/2024:13:22:10 +0800] "GET /robots.txt HTTP/1.1" 404 1052 "-" "Mozilla/5.0 (Windows NT 10.0; WOW64) AppleWebKit/537.36 (KHTML, like Gecko) Chrome/48.0.2564.116 Safari/537.36"
220.181.51.90 - - [19/Aug/2024:13:22:10 +0800] "GET / HTTP/1.1" 200 794 "-" "Mozilla/5.0 (Windows NT 10.0; WOW64) AppleWebKit/537.36 (KHTML, like Gecko) Chrome/48.0.2564.116 Safari/537.36"
192.210.133.246 - - [19/Aug/2024:13:31:29 +0800] "GET /logs/access_20210425.log HTTP/1.1" 404 1194 "http://ft.kidcastle.com.cn/" "Mozilla/5.0 (Macintosh; Intel Mac OS X 12.5; rv:114.0) Gecko/20100101 Firefox/114.0"
192.210.133.246 - - [19/Aug/2024:13:31:29 +0800] "GET / HTTP/1.1" 200 794 "http://ft.kidcastle.com.cn" "Mozilla/5.0 (Macintosh; Intel Mac OS X 12.5; rv:114.0) Gecko/20100101 Firefox/114.0"
192.210.133.246 - - [19/Aug/2024:13:31:35 +0800] "GET /?C=M;O=A HTTP/1.1" 200 794 "http://ft.kidcastle.com.cn" "Mozilla/5.0 (Macintosh; Intel Mac OS X 12.5; rv:114.0) Gecko/20100101 Firefox/114.0"
66.249.66.37 - - [19/Aug/2024:13:38:20 +0800] "GET /icons/ball.red.gif HTTP/1.1" 200 205 "-" "Googlebot-Image/1.0"
66.249.66.39 - - [19/Aug/2024:14:23:42 +0800] "GET /icons/small/generic3.png HTTP/1.1" 200 171 "-" "Googlebot-Image/1.0"
66.249.66.39 - - [19/Aug/2024:15:23:20 +0800] "GET /icons/odf6odt.png HTTP/1.1" 200 983 "-" "Googlebot-Image/1.0"
216.244.66.195 - - [19/Aug/2024:15:47:21 +0800] "GET /robots.txt HTTP/1.1" 404 1052 "-" "Mozilla/5.0 (compatible; DotBot/1.2; +https://opensiteexplorer.org/dotbot; help@moz.com)"
216.244.66.195 - - [19/Aug/2024:16:13:12 +0800] "GET /logs/access_20240717.log HTTP/1.1" 200 54546 "-" "Mozilla/5.0 (compatible; DotBot/1.2; +https://opensiteexplorer.org/dotbot; help@moz.com)"
66.249.66.37 - - [19/Aug/2024:16:23:20 +0800] "GET /icons/comp.gray.gif HTTP/1.1" 200 246 "-" "Googlebot-Image/1.0"
13.38.55.190 - - [19/Aug/2024:16:46:53 +0800] "GET /wp-aa.php HTTP/1.1" 404 1052 "-" "python-requests/2.27.1"
36.138.7.119 - - [19/Aug/2024:17:03:58 +0800] "GET //manage/webUploader/preview.php HTTP/1.1" 404 1052 "-" "Mozilla/5.0 (compatible; Baiduspider/2.0; +http://www.baidu.com/search/spider.html)"
36.138.7.119 - - [19/Aug/2024:17:03:58 +0800] "GET //admin/webuploader/preview.php HTTP/1.1" 404 1052 "-" "Mozilla/5.0 (compatible; Baiduspider/2.0; +http://www.baidu.com/search/spider.html)"
36.138.7.119 - - [19/Aug/2024:17:03:58 +0800] "GET //mobile/script/webupload/server/preview.php HTTP/1.1" 404 1052 "-" "Mozilla/5.0 (compatible; Baiduspider/2.0; +http://www.baidu.com/search/spider.html)"
36.138.7.119 - - [19/Aug/2024:17:03:58 +0800] "GET //Public/admin/lib/webuploader/0.1.5/server/preview.php HTTP/1.1" 404 1052 "-" "Mozilla/5.0 (compatible; Baiduspider/2.0; +http://www.baidu.com/search/spider.html)"
36.138.7.119 - - [19/Aug/2024:17:03:58 +0800] "GET //webuploader/0.1.5/server/preview.php HTTP/1.1" 404 1052 "-" "Mozilla/5.0 (compatible; Baiduspider/2.0; +http://www.baidu.com/search/spider.html)"
36.138.7.119 - - [19/Aug/2024:17:03:59 +0800] "GET //webuploader/server/preview.php HTTP/1.1" 404 1052 "-" "Mozilla/5.0 (compatible; Baiduspider/2.0; +http://www.baidu.com/search/spider.html)"
36.138.7.119 - - [19/Aug/2024:17:03:59 +0800] "GET //public/static/admin/js/plugins/webuploader/server/preview.php HTTP/1.1" 404 1052 "-" "Mozilla/5.0 (compatible; Baiduspider/2.0; +http://www.baidu.com/search/spider.html)"
36.138.7.119 - - [19/Aug/2024:17:03:59 +0800] "GET //admin/lib/webuploader/0.1.5/server/preview.php HTTP/1.1" 404 1052 "-" "Mozilla/5.0 (compatible; Baiduspider/2.0; +http://www.baidu.com/search/spider.html)"
36.138.7.119 - - [19/Aug/2024:17:03:59 +0800] "GET //manage/assets/lib/webuploader/0.1.5/server/preview.php HTTP/1.1" 404 1052 "-" "Mozilla/5.0 (compatible; Baiduspider/2.0; +http://www.baidu.com/search/spider.html)"
36.138.7.119 - - [19/Aug/2024:17:03:59 +0800] "GET //include/webuploader/0.1.5/server/preview.php HTTP/1.1" 404 1052 "-" "Mozilla/5.0 (compatible; Baiduspider/2.0; +http://www.baidu.com/search/spider.html)"
36.138.7.119 - - [19/Aug/2024:17:03:59 +0800] "GET //public/static/libs/webuploader/server/preview.php HTTP/1.1" 404 1052 "-" "Mozilla/5.0 (compatible; Baiduspider/2.0; +http://www.baidu.com/search/spider.html)"
36.138.7.119 - - [19/Aug/2024:17:03:59 +0800] "GET //static/admin/common/plugins/webuploader/server/preview.php HTTP/1.1" 404 1052 "-" "Mozilla/5.0 (compatible; Baiduspider/2.0; +http://www.baidu.com/search/spider.html)"
36.138.7.119 - - [19/Aug/2024:17:03:59 +0800] "GET //public/static/lib/webuploader/0.1.5/server/preview.php HTTP/1.1" 404 1052 "-" "Mozilla/5.0 (compatible; Baiduspider/2.0; +http://www.baidu.com/search/spider.html)"
36.138.7.119 - - [19/Aug/2024:17:03:59 +0800] "GET //Public/webuploader/0.1.5/server/preview.php HTTP/1.1" 404 1052 "-" "Mozilla/5.0 (compatible; Baiduspider/2.0; +http://www.baidu.com/search/spider.html)"
36.138.7.119 - - [19/Aug/2024:17:04:00 +0800] "GET //static/admin/lib/webuploader/0.1.5/server/preview.php HTTP/1.1" 404 1052 "-" "Mozilla/5.0 (compatible; Baiduspider/2.0; +http://www.baidu.com/search/spider.html)"
36.138.7.119 - - [19/Aug/2024:17:04:00 +0800] "GET //webuploader/0.1.5/server/preview.php HTTP/1.1" 404 1052 "-" "Mozilla/5.0 (compatible; Baiduspider/2.0; +http://www.baidu.com/search/spider.html)"
36.138.7.119 - - [19/Aug/2024:17:04:00 +0800] "GET //static/hui/lib/webuploader/0.1.5/server/preview.php HTTP/1.1" 404 1052 "-" "Mozilla/5.0 (compatible; Baiduspider/2.0; +http://www.baidu.com/search/spider.html)"
36.138.7.119 - - [19/Aug/2024:17:04:00 +0800] "GET //Public/lib/webuploader/0.1.5/server/preview.php HTTP/1.1" 404 1052 "-" "Mozilla/5.0 (compatible; Baiduspider/2.0; +http://www.baidu.com/search/spider.html)"
36.138.7.119 - - [19/Aug/2024:17:04:00 +0800] "GET //lib/webuploader/0.1.5/server/preview.php HTTP/1.1" 404 1052 "-" "Mozilla/5.0 (compatible; Baiduspider/2.0; +http://www.baidu.com/search/spider.html)"
36.138.7.119 - - [19/Aug/2024:17:04:00 +0800] "GET //webuploader/0.1.5/server/preview.php HTTP/1.1" 404 1052 "-" "Mozilla/5.0 (compatible; Baiduspider/2.0; +http://www.baidu.com/search/spider.html)"
36.138.7.119 - - [19/Aug/2024:17:04:00 +0800] "GET //webuploader/server/preview.php HTTP/1.1" 404 1052 "-" "Mozilla/5.0 (compatible; Baiduspider/2.0; +http://www.baidu.com/search/spider.html)"
36.138.7.119 - - [19/Aug/2024:17:04:00 +0800] "GET //Public/Widget/webuploader/0.1.5/server/preview.php HTTP/1.1" 404 1052 "-" "Mozilla/5.0 (compatible; Baiduspider/2.0; +http://www.baidu.com/search/spider.html)"
36.138.7.119 - - [19/Aug/2024:17:04:01 +0800] "GET //app/app/webuploader/0.1.5/server/preview.php HTTP/1.1" 404 1052 "-" "Mozilla/5.0 (compatible; Baiduspider/2.0; +http://www.baidu.com/search/spider.html)"
36.138.7.119 - - [19/Aug/2024:17:04:01 +0800] "GET //app/admincp/ui/webuploader/0.1.5/server/preview.php HTTP/1.1" 404 1052 "-" "Mozilla/5.0 (compatible; Baiduspider/2.0; +http://www.baidu.com/search/spider.html)"
36.138.7.119 - - [19/Aug/2024:17:04:01 +0800] "GET //plugin/webuploader/0.1.5/server/preview.php HTTP/1.1" 404 1052 "-" "Mozilla/5.0 (compatible; Baiduspider/2.0; +http://www.baidu.com/search/spider.html)"
36.138.7.119 - - [19/Aug/2024:17:04:01 +0800] "GET //plugins/webuploader/0.1.5/server/preview.php HTTP/1.1" 404 1052 "-" "Mozilla/5.0 (compatible; Baiduspider/2.0; +http://www.baidu.com/search/spider.html)"
36.138.7.119 - - [19/Aug/2024:17:04:01 +0800] "GET //includes/webuploader/0.1.5/server/preview.php HTTP/1.1" 404 1052 "-" "Mozilla/5.0 (compatible; Baiduspider/2.0; +http://www.baidu.com/search/spider.html)"
36.138.7.119 - - [19/Aug/2024:17:04:01 +0800] "GET //ewebeditor/webuploader/0.1.5/server/preview.php HTTP/1.1" 404 1052 "-" "Mozilla/5.0 (compatible; Baiduspider/2.0; +http://www.baidu.com/search/spider.html)"
36.138.7.119 - - [19/Aug/2024:17:04:01 +0800] "GET //Content/webuploader/0.1.5/server/preview.php HTTP/1.1" 404 1052 "-" "Mozilla/5.0 (compatible; Baiduspider/2.0; +http://www.baidu.com/search/spider.html)"
36.138.7.119 - - [19/Aug/2024:17:04:01 +0800] "GET //res/webuploader/0.1.5/server/preview.php HTTP/1.1" 404 1052 "-" "Mozilla/5.0 (compatible; Baiduspider/2.0; +http://www.baidu.com/search/spider.html)"
36.138.7.119 - - [19/Aug/2024:17:04:01 +0800] "GET //res/plugins/webuploader/0.1.5/server/preview.php HTTP/1.1" 404 1052 "-" "Mozilla/5.0 (compatible; Baiduspider/2.0; +http://www.baidu.com/search/spider.html)"
36.138.7.119 - - [19/Aug/2024:17:04:02 +0800] "GET //web/dist/static/webuploader/0.1.5/server/preview.php HTTP/1.1" 404 1052 "-" "Mozilla/5.0 (compatible; Baiduspider/2.0; +http://www.baidu.com/search/spider.html)"
36.138.7.119 - - [19/Aug/2024:17:04:02 +0800] "GET //Data/editor/webuploader/0.1.5/server/preview.php HTTP/1.1" 404 1052 "-" "Mozilla/5.0 (compatible; Baiduspider/2.0; +http://www.baidu.com/search/spider.html)"
36.138.7.119 - - [19/Aug/2024:17:04:02 +0800] "GET //admin/include/webuploader/0.1.5/server/preview.php HTTP/1.1" 404 1052 "-" "Mozilla/5.0 (compatible; Baiduspider/2.0; +http://www.baidu.com/search/spider.html)"
36.138.7.119 - - [19/Aug/2024:17:04:02 +0800] "GET //js/webuploader/0.1.5/server/preview.php HTTP/1.1" 404 1052 "-" "Mozilla/5.0 (compatible; Baiduspider/2.0; +http://www.baidu.com/search/spider.html)"
36.138.7.119 - - [19/Aug/2024:17:04:02 +0800] "GET //lib/webuploader/0.1.5/server/preview.php HTTP/1.1" 404 1052 "-" "Mozilla/5.0 (compatible; Baiduspider/2.0; +http://www.baidu.com/search/spider.html)"
36.138.7.119 - - [19/Aug/2024:17:04:02 +0800] "GET //library/webuploader/0.1.5/server/preview.php HTTP/1.1" 404 1052 "-" "Mozilla/5.0 (compatible; Baiduspider/2.0; +http://www.baidu.com/search/spider.html)"
36.138.7.119 - - [19/Aug/2024:17:04:02 +0800] "GET //template/admin/public/js/webuploader/0.1.5/server/preview.php HTTP/1.1" 404 1052 "-" "Mozilla/5.0 (compatible; Baiduspider/2.0; +http://www.baidu.com/search/spider.html)"
36.138.7.119 - - [19/Aug/2024:17:04:02 +0800] "GET //Theme/assets/webuploader/0.1.5/server/preview.php HTTP/1.1" 404 1052 "-" "Mozilla/5.0 (compatible; Baiduspider/2.0; +http://www.baidu.com/search/spider.html)"
36.138.7.119 - - [19/Aug/2024:17:04:02 +0800] "GET //viagraedit/webuploader/0.1.5/server/preview.php HTTP/1.1" 404 1052 "-" "Mozilla/5.0 (compatible; Baiduspider/2.0; +http://www.baidu.com/search/spider.html)"
36.138.7.119 - - [19/Aug/2024:17:04:03 +0800] "GET //source/plugin/iscwo_kaifu/webuploader/0.1.5/server/preview.php HTTP/1.1" 404 1052 "-" "Mozilla/5.0 (compatible; Baiduspider/2.0; +http://www.baidu.com/search/spider.html)"
36.138.7.119 - - [19/Aug/2024:17:04:03 +0800] "GET //statics/webuploader/0.1.5/server/preview.php HTTP/1.1" 404 1052 "-" "Mozilla/5.0 (compatible; Baiduspider/2.0; +http://www.baidu.com/search/spider.html)"
36.138.7.119 - - [19/Aug/2024:17:04:03 +0800] "GET //static/common/js/webuploader/0.1.5/server/preview.php HTTP/1.1" 404 1052 "-" "Mozilla/5.0 (compatible; Baiduspider/2.0; +http://www.baidu.com/search/spider.html)"
36.138.7.119 - - [19/Aug/2024:17:04:03 +0800] "GET //web/static/webuploader/0.1.5/server/preview.php HTTP/1.1" 404 1052 "-" "Mozilla/5.0 (compatible; Baiduspider/2.0; +http://www.baidu.com/search/spider.html)"
36.138.7.119 - - [19/Aug/2024:17:04:03 +0800] "GET //static/webuploader/0.1.5/server/preview.php HTTP/1.1" 404 1052 "-" "Mozilla/5.0 (compatible; Baiduspider/2.0; +http://www.baidu.com/search/spider.html)"
36.138.7.119 - - [19/Aug/2024:17:04:03 +0800] "GET //static/common/user/webuploader/0.1.5/server/preview.php HTTP/1.1" 404 1052 "-" "Mozilla/5.0 (compatible; Baiduspider/2.0; +http://www.baidu.com/search/spider.html)"
36.138.7.119 - - [19/Aug/2024:17:04:03 +0800] "GET //static/admin/webuploader/0.1.5/server/preview.php HTTP/1.1" 404 1052 "-" "Mozilla/5.0 (compatible; Baiduspider/2.0; +http://www.baidu.com/search/spider.html)"
36.138.7.119 - - [19/Aug/2024:17:04:03 +0800] "GET //style/admin/plugins/webuploader/0.1.5/server/preview.php HTTP/1.1" 404 1052 "-" "Mozilla/5.0 (compatible; Baiduspider/2.0; +http://www.baidu.com/search/spider.html)"
36.138.7.119 - - [19/Aug/2024:17:04:03 +0800] "GET //static/admin/js/plugins/webuploader/0.1.5/server/preview.php HTTP/1.1" 404 1052 "-" "Mozilla/5.0 (compatible; Baiduspider/2.0; +http://www.baidu.com/search/spider.html)"
36.138.7.119 - - [19/Aug/2024:17:04:04 +0800] "GET //static/common/lib/webuploader/0.1.5/server/preview.php HTTP/1.1" 404 1052 "-" "Mozilla/5.0 (compatible; Baiduspider/2.0; +http://www.baidu.com/search/spider.html)"
36.138.7.119 - - [19/Aug/2024:17:04:04 +0800] "GET //public/style/admin/plugins/webuploader/0.1.5/server/preview.php HTTP/1.1" 404 1052 "-" "Mozilla/5.0 (compatible; Baiduspider/2.0; +http://www.baidu.com/search/spider.html)"
36.138.7.119 - - [19/Aug/2024:17:04:04 +0800] "GET //public/platform/js/webuploader/0.1.5/server/preview.php HTTP/1.1" 404 1052 "-" "Mozilla/5.0 (compatible; Baiduspider/2.0; +http://www.baidu.com/search/spider.html)"
36.138.7.119 - - [19/Aug/2024:17:04:04 +0800] "GET //public/admin/js/webuploader/0.1.5/server/preview.php HTTP/1.1" 404 1052 "-" "Mozilla/5.0 (compatible; Baiduspider/2.0; +http://www.baidu.com/search/spider.html)"
36.138.7.119 - - [19/Aug/2024:17:04:04 +0800] "GET //public/plugins/webuploader/0.1.5/server/preview.php HTTP/1.1" 404 1052 "-" "Mozilla/5.0 (compatible; Baiduspider/2.0; +http://www.baidu.com/search/spider.html)"
36.138.7.119 - - [19/Aug/2024:17:04:04 +0800] "GET //public/js/webuploader/0.1.5/server/preview.php HTTP/1.1" 404 1052 "-" "Mozilla/5.0 (compatible; Baiduspider/2.0; +http://www.baidu.com/search/spider.html)"
36.138.7.119 - - [19/Aug/2024:17:04:04 +0800] "GET //public/static/common/lib/webuploader/0.1.5/server/preview.php HTTP/1.1" 404 1052 "-" "Mozilla/5.0 (compatible; Baiduspider/2.0; +http://www.baidu.com/search/spider.html)"
36.138.7.119 - - [19/Aug/2024:17:04:04 +0800] "GET //public/static/admin/webuploader/0.1.5/server/preview.php HTTP/1.1" 404 1052 "-" "Mozilla/5.0 (compatible; Baiduspider/2.0; +http://www.baidu.com/search/spider.html)"
36.138.7.119 - - [19/Aug/2024:17:04:05 +0800] "GET //Public/static/webuploader/0.1.5/server/preview.php HTTP/1.1" 404 1052 "-" "Mozilla/5.0 (compatible; Baiduspider/2.0; +http://www.baidu.com/search/spider.html)"
36.138.7.119 - - [19/Aug/2024:17:04:05 +0800] "GET //public/static/libs/webuploader/0.1.5/server/preview.php HTTP/1.1" 404 1052 "-" "Mozilla/5.0 (compatible; Baiduspider/2.0; +http://www.baidu.com/search/spider.html)"
36.138.7.119 - - [19/Aug/2024:17:04:05 +0800] "GET //public/hui/lib/webuploader/0.1.5/server/preview.php/Public/Plugin/h-ui/lib/webuploader/0.1.5/server/preview.php HTTP/1.1" 404 1052 "-" "Mozilla/5.0 (compatible; Baiduspider/2.0; +http://www.baidu.com/search/spider.html)"
36.138.7.119 - - [19/Aug/2024:17:04:05 +0800] "GET //public/lib/webuploader/0.1.5/server/preview.php HTTP/1.1" 404 1052 "-" "Mozilla/5.0 (compatible; Baiduspider/2.0; +http://www.baidu.com/search/spider.html)"
36.138.7.119 - - [19/Aug/2024:17:04:05 +0800] "GET //Public/Admin/lib/webuploader/0.1.5/server/preview.php HTTP/1.1" 404 1052 "-" "Mozilla/5.0 (compatible; Baiduspider/2.0; +http://www.baidu.com/search/spider.html)"
36.138.7.119 - - [19/Aug/2024:17:04:05 +0800] "GET //public/back/Widget/webuploader/0.1.5/server/preview.php HTTP/1.1" 404 1052 "-" "Mozilla/5.0 (compatible; Baiduspider/2.0; +http://www.baidu.com/search/spider.html)"
36.138.7.119 - - [19/Aug/2024:17:04:05 +0800] "GET //public/assets/vendor/webuploader/server/preview.php HTTP/1.1" 404 1052 "-" "Mozilla/5.0 (compatible; Baiduspider/2.0; +http://www.baidu.com/search/spider.html)"
36.138.7.119 - - [19/Aug/2024:17:04:05 +0800] "GET //easycode-admin/src/main/webapp/WEB-INF/Widget/webuploader/0.1.5/server/preview.php HTTP/1.1" 404 1052 "-" "Mozilla/5.0 (compatible; Baiduspider/2.0; +http://www.baidu.com/search/spider.html)"
36.138.7.119 - - [19/Aug/2024:17:04:05 +0800] "GET //public/complexPlugin/webuploader/server/preview.php HTTP/1.1" 404 1052 "-" "Mozilla/5.0 (compatible; Baiduspider/2.0; +http://www.baidu.com/search/spider.html)"
36.138.7.119 - - [19/Aug/2024:17:04:05 +0800] "GET //Tpl/Home/default/Public/Hui/lib/webuploader/0.1.5/server/preview.php HTTP/1.1" 404 1052 "-" "Mozilla/5.0 (compatible; Baiduspider/2.0; +http://www.baidu.com/search/spider.html)"
36.138.7.119 - - [19/Aug/2024:17:04:06 +0800] "GET //static/hui/lib/webuploader/0.1.5/server/preview.php HTTP/1.1" 404 1052 "-" "Mozilla/5.0 (compatible; Baiduspider/2.0; +http://www.baidu.com/search/spider.html)"
36.138.7.119 - - [19/Aug/2024:17:04:06 +0800] "GET //services/cepingka/lib/webuploader/0.1.5/server/preview.php HTTP/1.1" 404 1052 "-" "Mozilla/5.0 (compatible; Baiduspider/2.0; +http://www.baidu.com/search/spider.html)"
36.138.7.119 - - [19/Aug/2024:17:04:06 +0800] "GET //001/lib/webuploader/0.1.5/server/preview.php HTTP/1.1" 404 1052 "-" "Mozilla/5.0 (compatible; Baiduspider/2.0; +http://www.baidu.com/search/spider.html)"
36.138.7.119 - - [19/Aug/2024:17:04:06 +0800] "GET //jquery/UI/H-ui.admin/lib/webuploader/0.1.5/server/preview.php HTTP/1.1" 404 1052 "-" "Mozilla/5.0 (compatible; Baiduspider/2.0; +http://www.baidu.com/search/spider.html)"
36.138.7.119 - - [19/Aug/2024:17:04:06 +0800] "GET //H-ui.admin/lib/webuploader/0.1.5/server/preview.php HTTP/1.1" 404 1052 "-" "Mozilla/5.0 (compatible; Baiduspider/2.0; +http://www.baidu.com/search/spider.html)"
36.138.7.119 - - [19/Aug/2024:17:04:06 +0800] "GET //vendor/iisns/yii2-webuploader/assets/server/preview.php HTTP/1.1" 404 1052 "-" "Mozilla/5.0 (compatible; Baiduspider/2.0; +http://www.baidu.com/search/spider.html)"
36.138.7.119 - - [19/Aug/2024:17:04:06 +0800] "GET //WEB-INF/lib/webuploader/0.1.5/server/preview.php HTTP/1.1" 404 1052 "-" "Mozilla/5.0 (compatible; Baiduspider/2.0; +http://www.baidu.com/search/spider.html)"
36.138.7.119 - - [19/Aug/2024:17:04:06 +0800] "GET //Widget/webuploader/0.1.5/server/preview.php HTTP/1.1" 404 1052 "-" "Mozilla/5.0 (compatible; Baiduspider/2.0; +http://www.baidu.com/search/spider.html)"
36.138.7.119 - - [19/Aug/2024:17:04:06 +0800] "GET //Public/Admin/Widget/webuploader/0.1.5/server/preview.php HTTP/1.1" 404 1052 "-" "Mozilla/5.0 (compatible; Baiduspider/2.0; +http://www.baidu.com/search/spider.html)"
36.138.7.119 - - [19/Aug/2024:17:04:07 +0800] "GET //public/web/mysys/lib/webuploader/0.1.5/server/preview.php HTTP/1.1" 404 1052 "-" "Mozilla/5.0 (compatible; Baiduspider/2.0; +http://www.baidu.com/search/spider.html)"
36.138.7.119 - - [19/Aug/2024:17:04:07 +0800] "GET //lib/webuploader/0.1.5/server/preview.php HTTP/1.1" 404 1052 "-" "Mozilla/5.0 (compatible; Baiduspider/2.0; +http://www.baidu.com/search/spider.html)"
36.138.7.119 - - [19/Aug/2024:17:04:07 +0800] "GET //fix/Public/Webuploader/server/preview.php HTTP/1.1" 404 1052 "-" "Mozilla/5.0 (compatible; Baiduspider/2.0; +http://www.baidu.com/search/spider.html)"
36.138.7.119 - - [19/Aug/2024:17:04:07 +0800] "GET //resources/views/web/mysys/lib/webuploader/0.1.5/server/preview.php HTTP/1.1" 404 1052 "-" "Mozilla/5.0 (compatible; Baiduspider/2.0; +http://www.baidu.com/search/spider.html)"
36.138.7.119 - - [19/Aug/2024:17:04:07 +0800] "GET //WEB-INF/resources/h-ui/lib/webuploader/0.1.5/server/preview.php HTTP/1.1" 404 1052 "-" "Mozilla/5.0 (compatible; Baiduspider/2.0; +http://www.baidu.com/search/spider.html)"
36.138.7.119 - - [19/Aug/2024:17:04:07 +0800] "GET //static/Widget/webuploader/0.1.5/server/preview.php HTTP/1.1" 404 1052 "-" "Mozilla/5.0 (compatible; Baiduspider/2.0; +http://www.baidu.com/search/spider.html)"
36.138.7.119 - - [19/Aug/2024:17:04:07 +0800] "GET //AdminAssets/lib/webuploader/0.1.5/server/preview.php HTTP/1.1" 404 1052 "-" "Mozilla/5.0 (compatible; Baiduspider/2.0; +http://www.baidu.com/search/spider.html)"
36.138.7.119 - - [19/Aug/2024:17:04:07 +0800] "GET //public/js/hdjs/package/webuploader/server/preview.php HTTP/1.1" 404 1052 "-" "Mozilla/5.0 (compatible; Baiduspider/2.0; +http://www.baidu.com/search/spider.html)"
36.138.7.119 - - [19/Aug/2024:17:04:08 +0800] "GET //Public/agent/lib/webuploader/0.1.5/server/preview.php HTTP/1.1" 404 1052 "-" "Mozilla/5.0 (compatible; Baiduspider/2.0; +http://www.baidu.com/search/spider.html)"
36.138.7.119 - - [19/Aug/2024:17:04:08 +0800] "GET //hekenews/public/static/hui/lib%20/webuploader/0.1.5/server/preview.php HTTP/1.1" 404 1052 "-" "Mozilla/5.0 (compatible; Baiduspider/2.0; +http://www.baidu.com/search/spider.html)"
66.249.66.39 - - [19/Aug/2024:17:53:20 +0800] "GET /robots.txt HTTP/1.1" 404 1052 "-" "Mozilla/5.0 (compatible; Googlebot/2.1; +http://www.google.com/bot.html)"
66.249.66.37 - - [19/Aug/2024:17:53:20 +0800] "GET /icons/pie4.gif HTTP/1.1" 200 193 "-" "Googlebot-Image/1.0"
66.249.66.37 - - [19/Aug/2024:18:53:20 +0800] "GET /icons/uu.png HTTP/1.1" 200 296 "-" "Googlebot-Image/1.0"
216.244.66.195 - - [19/Aug/2024:19:12:04 +0800] "GET /robots.txt HTTP/1.1" 404 1052 "-" "Mozilla/5.0 (compatible; DotBot/1.2; +https://opensiteexplorer.org/dotbot; help@moz.com)"
216.244.66.195 - - [19/Aug/2024:19:28:40 +0800] "GET /logs/access_20240513.log HTTP/1.1" 200 8420 "-" "Mozilla/5.0 (compatible; DotBot/1.2; +https://opensiteexplorer.org/dotbot; help@moz.com)"
66.249.66.38 - - [19/Aug/2024:19:53:20 +0800] "GET /icons/screw1.png HTTP/1.1" 200 328 "-" "Googlebot-Image/1.0"
40.77.167.38 - - [19/Aug/2024:19:57:28 +0800] "GET /logs/access_20221202.log HTTP/1.1" 304 - "-" "Mozilla/5.0 AppleWebKit/537.36 (KHTML, like Gecko; compatible; bingbot/2.0; +http://www.bing.com/bingbot.htm) Chrome/116.0.1938.76 Safari/537.36"
116.179.32.19 - - [19/Aug/2024:21:51:11 +0800] "GET /logs/access_20231125.log HTTP/1.1" 200 220801 "-" "Mozilla/5.0 (compatible; Baiduspider/2.0; +http://www.baidu.com/search/spider.html)"
66.249.66.38 - - [19/Aug/2024:21:53:20 +0800] "GET /icons/small/folder2.png HTTP/1.1" 200 180 "-" "Googlebot-Image/1.0"
66.249.66.38 - - [19/Aug/2024:22:34:47 +0800] "GET /logs/access_20221207.log HTTP/1.1" 200 21036 "-" "Mozilla/5.0 (Linux; Android 6.0.1; Nexus 5X Build/MMB29P) AppleWebKit/537.36 (KHTML, like Gecko) Chrome/127.0.6533.119 Mobile Safari/537.36 (compatible; Googlebot/2.1; +http://www.google.com/bot.html)"
66.249.66.38 - - [19/Aug/2024:22:42:48 +0800] "GET /icons/p.gif HTTP/1.1" 200 237 "-" "Googlebot-Image/1.0"
66.249.66.38 - - [19/Aug/2024:23:23:20 +0800] "GET /icons/patch.gif HTTP/1.1" 200 251 "-" "Googlebot-Image/1.0"
216.244.66.195 - - [19/Aug/2024:23:28:25 +0800] "GET /robots.txt HTTP/1.1" 404 1052 "-" "Mozilla/5.0 (compatible; DotBot/1.2; +https://opensiteexplorer.org/dotbot; help@moz.com)"
51.89.152.52 - - [19/Aug/2024:23:34:06 +0800] "GET /logs/access_20210425.log HTTP/1.1" 404 1194 "http://ft.kidcastle.com.cn/" "Mozilla/5.0 (X11; Fedora; Linux x86_64; rv:114.0) Gecko/20100101 Firefox/114.0"
51.89.152.52 - - [19/Aug/2024:23:34:07 +0800] "GET / HTTP/1.1" 200 794 "http://ft.kidcastle.com.cn" "Mozilla/5.0 (X11; Fedora; Linux x86_64; rv:114.0) Gecko/20100101 Firefox/114.0"
51.89.152.52 - - [19/Aug/2024:23:34:08 +0800] "GET /?C=M;O=A HTTP/1.1" 200 794 "http://ft.kidcastle.com.cn" "Mozilla/5.0 (X11; Fedora; Linux x86_64; rv:114.0) Gecko/20100101 Firefox/114.0"
216.244.66.195 - - [19/Aug/2024:23:58:21 +0800] "GET /logs/access_20240704.log HTTP/1.1" 200 8111 "-" "Mozilla/5.0 (compatible; DotBot/1.2; +https://opensiteexplorer.org/dotbot; help@moz.com)"