66.249.69.133 - - [16/Aug/2024:00:00:00 +0800] "GET /icons/small/doc.png HTTP/1.1" 200 222 "-" "Googlebot-Image/1.0"
66.249.69.134 - - [16/Aug/2024:00:02:34 +0800] "GET /icons/left.gif HTTP/1.1" 200 172 "-" "Googlebot-Image/1.0"
66.249.69.133 - - [16/Aug/2024:00:05:08 +0800] "GET /icons/small/image.gif HTTP/1.1" 200 126 "-" "Googlebot-Image/1.0"
66.249.69.135 - - [16/Aug/2024:00:07:43 +0800] "GET /icons/generic.gif HTTP/1.1" 200 221 "-" "Googlebot-Image/1.0"
66.249.69.135 - - [16/Aug/2024:00:10:17 +0800] "GET /icons/compressed.gif HTTP/1.1" 200 1038 "-" "Googlebot-Image/1.0"
66.249.69.135 - - [16/Aug/2024:00:12:51 +0800] "GET /icons/f.png HTTP/1.1" 200 296 "-" "Googlebot-Image/1.0"
66.249.69.135 - - [16/Aug/2024:00:17:01 +0800] "GET /icons/transfer.png HTTP/1.1" 200 334 "-" "Googlebot-Image/1.0"
66.249.69.133 - - [16/Aug/2024:00:22:09 +0800] "GET /icons/odf6odc.png HTTP/1.1" 200 1000 "-" "Googlebot-Image/1.0"
66.249.69.134 - - [16/Aug/2024:00:27:23 +0800] "GET /icons/hand.up.png HTTP/1.1" 200 304 "-" "Googlebot-Image/1.0"
66.249.69.135 - - [16/Aug/2024:00:32:26 +0800] "GET /icons/diskimg.gif HTTP/1.1" 200 167 "-" "Googlebot-Image/1.0"
66.249.69.134 - - [16/Aug/2024:00:38:34 +0800] "GET /icons/apache_pb.svg HTTP/1.1" 200 272334 "-" "Googlebot-Image/1.0"
66.249.69.133 - - [16/Aug/2024:00:44:37 +0800] "GET /icons/small/transfer.gif HTTP/1.1" 200 124 "-" "Googlebot-Image/1.0"
66.249.69.134 - - [16/Aug/2024:00:47:51 +0800] "GET /icons/small/transfer.png HTTP/1.1" 200 211 "-" "Googlebot-Image/1.0"
66.249.69.134 - - [16/Aug/2024:00:53:00 +0800] "GET /icons/generic.png HTTP/1.1" 200 275 "-" "Googlebot-Image/1.0"
66.249.69.135 - - [16/Aug/2024:00:58:09 +0800] "GET /icons/binhex.png HTTP/1.1" 200 319 "-" "Googlebot-Image/1.0"
66.249.69.135 - - [16/Aug/2024:01:01:24 +0800] "GET /logs/access_20240529.log HTTP/1.1" 304 - "-" "Mozilla/5.0 (Linux; Android 6.0.1; Nexus 5X Build/MMB29P) AppleWebKit/537.36 (KHTML, like Gecko) Chrome/127.0.6533.99 Mobile Safari/537.36 (compatible; Googlebot/2.1; +http://www.google.com/bot.html)"
216.244.66.195 - - [16/Aug/2024:01:03:12 +0800] "GET /robots.txt HTTP/1.1" 404 1052 "-" "Mozilla/5.0 (compatible; DotBot/1.2; +https://opensiteexplorer.org/dotbot; help@moz.com)"
66.249.69.134 - - [16/Aug/2024:01:03:17 +0800] "GET /icons/odf6odp.png HTTP/1.1" 200 978 "-" "Googlebot-Image/1.0"
66.249.69.134 - - [16/Aug/2024:01:08:26 +0800] "GET /icons/binary.png HTTP/1.1" 200 310 "-" "Googlebot-Image/1.0"
66.249.69.135 - - [16/Aug/2024:01:13:34 +0800] "GET /icons/left.png HTTP/1.1" 200 257 "-" "Googlebot-Image/1.0"
66.249.69.133 - - [16/Aug/2024:01:13:34 +0800] "GET /robots.txt HTTP/1.1" 404 1052 "-" "Mozilla/5.0 (compatible; Googlebot/2.1; +http://www.google.com/bot.html)"
66.249.69.134 - - [16/Aug/2024:01:18:43 +0800] "GET /icons/screw1.gif HTTP/1.1" 200 258 "-" "Googlebot-Image/1.0"
66.249.69.135 - - [16/Aug/2024:01:18:43 +0800] "GET /robots.txt HTTP/1.1" 404 1052 "-" "Mozilla/5.0 (compatible; Googlebot/2.1; +http://www.google.com/bot.html)"
66.249.69.133 - - [16/Aug/2024:01:23:51 +0800] "GET /robots.txt HTTP/1.1" 404 1052 "-" "Mozilla/5.0 (compatible; Googlebot/2.1; +http://www.google.com/bot.html)"
66.249.69.135 - - [16/Aug/2024:01:23:51 +0800] "GET /icons/dir.png HTTP/1.1" 200 295 "-" "Googlebot-Image/1.0"
66.249.69.133 - - [16/Aug/2024:01:29:00 +0800] "GET /icons/uuencoded.gif HTTP/1.1" 200 236 "-" "Googlebot-Image/1.0"
66.249.69.134 - - [16/Aug/2024:01:34:08 +0800] "GET /icons/pdf.png HTTP/1.1" 200 304 "-" "Googlebot-Image/1.0"
66.249.69.133 - - [16/Aug/2024:01:39:17 +0800] "GET /icons/odf6odg.png HTTP/1.1" 200 1072 "-" "Googlebot-Image/1.0"
216.244.66.195 - - [16/Aug/2024:01:43:29 +0800] "GET /logs/access_20240525.log HTTP/1.1" 200 30090 "-" "Mozilla/5.0 (compatible; DotBot/1.2; +https://opensiteexplorer.org/dotbot; help@moz.com)"
66.249.69.133 - - [16/Aug/2024:01:44:26 +0800] "GET /icons/tar.gif HTTP/1.1" 200 219 "-" "Googlebot-Image/1.0"
220.181.108.167 - - [16/Aug/2024:01:51:20 +0800] "GET /logs/access_20230215.log HTTP/1.1" 200 10802 "-" "Mozilla/5.0 (compatible; Baiduspider/2.0; +http://www.baidu.com/search/spider.html)"
66.249.69.133 - - [16/Aug/2024:01:52:34 +0800] "GET /icons/small/generic2.png HTTP/1.1" 200 179 "-" "Googlebot-Image/1.0"
216.244.66.195 - - [16/Aug/2024:01:53:46 +0800] "GET /robots.txt HTTP/1.1" 404 1052 "-" "Mozilla/5.0 (compatible; DotBot/1.2; +https://opensiteexplorer.org/dotbot; help@moz.com)"
66.249.69.135 - - [16/Aug/2024:01:55:08 +0800] "GET /icons/pie1.png HTTP/1.1" 200 279 "-" "Googlebot-Image/1.0"
66.249.69.133 - - [16/Aug/2024:01:59:51 +0800] "GET /icons/small/compressed.gif HTTP/1.1" 200 128 "-" "Googlebot-Image/1.0"
66.249.69.133 - - [16/Aug/2024:02:05:00 +0800] "GET /icons/right.gif HTTP/1.1" 200 172 "-" "Googlebot-Image/1.0"
66.249.69.135 - - [16/Aug/2024:02:10:08 +0800] "GET /icons/pie6.png HTTP/1.1" 200 273 "-" "Googlebot-Image/1.0"
66.249.69.133 - - [16/Aug/2024:02:15:17 +0800] "GET /icons/c.png HTTP/1.1" 200 299 "-" "Googlebot-Image/1.0"
66.249.69.134 - - [16/Aug/2024:02:21:26 +0800] "GET /icons/pie6.gif HTTP/1.1" 200 186 "-" "Googlebot-Image/1.0"
66.249.69.135 - - [16/Aug/2024:02:26:34 +0800] "GET /icons/uu.gif HTTP/1.1" 200 236 "-" "Googlebot-Image/1.0"
216.244.66.195 - - [16/Aug/2024:02:27:24 +0800] "GET /logs/access_20240510.log HTTP/1.1" 200 12868 "-" "Mozilla/5.0 (compatible; DotBot/1.2; +https://opensiteexplorer.org/dotbot; help@moz.com)"
66.249.69.134 - - [16/Aug/2024:02:31:43 +0800] "GET /icons/world1.gif HTTP/1.1" 200 228 "-" "Googlebot-Image/1.0"
66.249.69.133 - - [16/Aug/2024:02:35:51 +0800] "GET /icons/small/text.png HTTP/1.1" 200 163 "-" "Googlebot-Image/1.0"
66.249.69.134 - - [16/Aug/2024:02:41:00 +0800] "GET /icons/sound1.gif HTTP/1.1" 200 248 "-" "Googlebot-Image/1.0"
66.249.69.133 - - [16/Aug/2024:02:46:08 +0800] "GET /icons/folder.sec.png HTTP/1.1" 200 313 "-" "Googlebot-Image/1.0"
66.249.66.39 - - [16/Aug/2024:02:46:31 +0800] "GET /logs/access_20231205.log HTTP/1.1" 304 - "-" "Mozilla/5.0 (Linux; Android 6.0.1; Nexus 5X Build/MMB29P) AppleWebKit/537.36 (KHTML, like Gecko) Chrome/127.0.6533.119 Mobile Safari/537.36 (compatible; Googlebot/2.1; +http://www.google.com/bot.html)"
66.249.66.39 - - [16/Aug/2024:02:46:32 +0800] "GET /logs/access_20240201.log HTTP/1.1" 304 - "-" "Mozilla/5.0 (Linux; Android 6.0.1; Nexus 5X Build/MMB29P) AppleWebKit/537.36 (KHTML, like Gecko) Chrome/127.0.6533.119 Mobile Safari/537.36 (compatible; Googlebot/2.1; +http://www.google.com/bot.html)"
66.249.69.135 - - [16/Aug/2024:02:49:49 +0800] "GET /icons/box1.png HTTP/1.1" 200 325 "-" "Googlebot-Image/1.0"
220.181.108.157 - - [16/Aug/2024:02:51:20 +0800] "GET /logs/access_20221011.log HTTP/1.1" 200 23542 "-" "Mozilla/5.0 (compatible; Baiduspider/2.0; +http://www.baidu.com/search/spider.html)"
66.249.66.37 - - [16/Aug/2024:02:53:29 +0800] "GET /icons/small/burst.gif HTTP/1.1" 200 128 "-" "Googlebot-Image/1.0"
66.249.66.39 - - [16/Aug/2024:02:57:10 +0800] "GET /icons/small/comp1.png HTTP/1.1" 200 216 "-" "Googlebot-Image/1.0"
66.249.66.38 - - [16/Aug/2024:03:00:50 +0800] "GET /icons/sphere1.gif HTTP/1.1" 200 285 "-" "Googlebot-Image/1.0"
66.249.66.37 - - [16/Aug/2024:03:04:30 +0800] "GET /icons/diskimg.png HTTP/1.1" 200 215 "-" "Googlebot-Image/1.0"
66.249.66.37 - - [16/Aug/2024:03:08:11 +0800] "GET /icons/unknown.gif HTTP/1.1" 200 245 "-" "Googlebot-Image/1.0"
66.249.66.37 - - [16/Aug/2024:03:11:51 +0800] "GET /icons/odf6otg.png HTTP/1.1" 200 1106 "-" "Googlebot-Image/1.0"
66.249.66.39 - - [16/Aug/2024:03:16:32 +0800] "GET /icons/sound2.gif HTTP/1.1" 200 221 "-" "Googlebot-Image/1.0"
66.249.66.37 - - [16/Aug/2024:03:19:12 +0800] "GET /icons/small/patch.gif HTTP/1.1" 200 182 "-" "Googlebot-Image/1.0"
66.249.66.38 - - [16/Aug/2024:03:22:53 +0800] "GET /icons/small/key.gif HTTP/1.1" 200 187 "-" "Googlebot-Image/1.0"
66.249.66.39 - - [16/Aug/2024:03:26:33 +0800] "GET /icons/small/sound.gif HTTP/1.1" 200 130 "-" "Googlebot-Image/1.0"
66.249.66.39 - - [16/Aug/2024:03:30:14 +0800] "GET /icons/portal.gif HTTP/1.1" 200 254 "-" "Googlebot-Image/1.0"
66.249.66.39 - - [16/Aug/2024:03:34:54 +0800] "GET /icons/small/index.gif HTTP/1.1" 200 145 "-" "Googlebot-Image/1.0"
66.249.66.38 - - [16/Aug/2024:03:37:34 +0800] "GET /icons/small/compressed.png HTTP/1.1" 200 212 "-" "Googlebot-Image/1.0"
66.249.66.38 - - [16/Aug/2024:03:41:15 +0800] "GET /icons/link.png HTTP/1.1" 200 314 "-" "Googlebot-Image/1.0"
66.249.66.37 - - [16/Aug/2024:03:44:55 +0800] "GET /icons/odf6otc.png HTTP/1.1" 200 1040 "-" "Googlebot-Image/1.0"
66.249.66.39 - - [16/Aug/2024:03:48:35 +0800] "GET /icons/ps.png HTTP/1.1" 200 303 "-" "Googlebot-Image/1.0"
66.249.66.38 - - [16/Aug/2024:03:52:16 +0800] "GET /icons/world2.png HTTP/1.1" 200 363 "-" "Googlebot-Image/1.0"
66.249.66.39 - - [16/Aug/2024:03:56:05 +0800] "GET /icons/apache_pb.gif HTTP/1.1" 200 4463 "-" "Googlebot-Image/1.0"
66.249.66.39 - - [16/Aug/2024:04:00:37 +0800] "GET /icons/sphere2.gif HTTP/1.1" 200 264 "-" "Googlebot-Image/1.0"
66.249.66.37 - - [16/Aug/2024:04:03:17 +0800] "GET /icons/dir.gif HTTP/1.1" 200 225 "-" "Googlebot-Image/1.0"
66.249.66.39 - - [16/Aug/2024:04:06:57 +0800] "GET /icons/generic.sec.png HTTP/1.1" 200 295 "-" "Googlebot-Image/1.0"
66.249.66.38 - - [16/Aug/2024:04:15:38 +0800] "GET /icons/small/comp2.png HTTP/1.1" 200 215 "-" "Googlebot-Image/1.0"
66.249.66.37 - - [16/Aug/2024:04:17:28 +0800] "GET /icons/icon.sheet.gif HTTP/1.1" 200 11977 "-" "Googlebot-Image/1.0"
66.249.66.37 - - [16/Aug/2024:04:19:18 +0800] "GET /icons/alert.red.png HTTP/1.1" 200 314 "-" "Googlebot-Image/1.0"
66.249.66.39 - - [16/Aug/2024:04:21:39 +0800] "GET /icons/image3.gif HTTP/1.1" 200 286 "-" "Googlebot-Image/1.0"
66.249.66.38 - - [16/Aug/2024:04:27:09 +0800] "GET /icons/text.gif HTTP/1.1" 200 229 "-" "Googlebot-Image/1.0"
66.249.66.39 - - [16/Aug/2024:04:30:39 +0800] "GET /icons/pie0.png HTTP/1.1" 200 259 "-" "Googlebot-Image/1.0"
66.249.66.37 - - [16/Aug/2024:04:35:09 +0800] "GET /icons/box2.gif HTTP/1.1" 200 268 "-" "Googlebot-Image/1.0"
116.179.32.113 - - [16/Aug/2024:04:39:20 +0800] "GET /logs/access_20230130.log HTTP/1.1" 200 8195 "-" "Mozilla/5.0 (compatible; Baiduspider/2.0; +http://www.baidu.com/search/spider.html)"
66.249.66.38 - - [16/Aug/2024:04:39:39 +0800] "GET /icons/comp.gray.png HTTP/1.1" 200 318 "-" "Googlebot-Image/1.0"
66.249.66.39 - - [16/Aug/2024:04:48:39 +0800] "GET /icons/image2.png HTTP/1.1" 200 371 "-" "Googlebot-Image/1.0"
66.249.66.39 - - [16/Aug/2024:04:53:09 +0800] "GET /icons/down.gif HTTP/1.1" 200 163 "-" "Googlebot-Image/1.0"
66.249.66.39 - - [16/Aug/2024:05:02:09 +0800] "GET /icons/sphere1.png HTTP/1.1" 200 347 "-" "Googlebot-Image/1.0"
207.46.13.229 - - [16/Aug/2024:05:05:24 +0800] "GET /robots.txt HTTP/1.1" 404 1052 "-" "Mozilla/5.0 AppleWebKit/537.36 (KHTML, like Gecko; compatible; bingbot/2.0; +http://www.bing.com/bingbot.htm) Chrome/116.0.1938.76 Safari/537.36"
157.55.39.6 - - [16/Aug/2024:05:05:35 +0800] "GET /logs/access_20230808.log HTTP/1.1" 304 - "-" "Mozilla/5.0 AppleWebKit/537.36 (KHTML, like Gecko; compatible; bingbot/2.0; +http://www.bing.com/bingbot.htm) Chrome/116.0.1938.76 Safari/537.36"
66.249.66.38 - - [16/Aug/2024:05:06:39 +0800] "GET /icons/link.gif HTTP/1.1" 200 249 "-" "Googlebot-Image/1.0"
66.249.66.39 - - [16/Aug/2024:05:11:09 +0800] "GET /icons/index.gif HTTP/1.1" 200 268 "-" "Googlebot-Image/1.0"
66.249.66.38 - - [16/Aug/2024:05:16:39 +0800] "GET /icons/pie2.gif HTTP/1.1" 200 198 "-" "Googlebot-Image/1.0"
66.249.66.37 - - [16/Aug/2024:05:21:09 +0800] "GET /icons/script.gif HTTP/1.1" 200 242 "-" "Googlebot-Image/1.0"
220.181.108.169 - - [16/Aug/2024:05:27:20 +0800] "GET /logs/access_20240806.log HTTP/1.1" 200 18845 "-" "Mozilla/5.0 (compatible; Baiduspider/2.0; +http://www.baidu.com/search/spider.html)"
66.249.66.38 - - [16/Aug/2024:05:46:31 +0800] "GET /logs/access_20221207.log HTTP/1.1" 304 - "-" "Mozilla/5.0 (Linux; Android 6.0.1; Nexus 5X Build/MMB29P) AppleWebKit/537.36 (KHTML, like Gecko) Chrome/127.0.6533.119 Mobile Safari/537.36 (compatible; Googlebot/2.1; +http://www.google.com/bot.html)"
66.249.66.39 - - [16/Aug/2024:05:46:32 +0800] "GET /logs/access_20230801.log HTTP/1.1" 304 - "-" "Mozilla/5.0 (Linux; Android 6.0.1; Nexus 5X Build/MMB29P) AppleWebKit/537.36 (KHTML, like Gecko) Chrome/127.0.6533.119 Mobile Safari/537.36 (compatible; Googlebot/2.1; +http://www.google.com/bot.html)"
220.181.108.147 - - [16/Aug/2024:06:15:20 +0800] "GET /logs/access_20230523.log HTTP/1.1" 200 24606 "-" "Mozilla/5.0 (compatible; Baiduspider/2.0; +http://www.baidu.com/search/spider.html)"
116.179.32.105 - - [16/Aug/2024:07:03:20 +0800] "GET /logs/access_20221005.log HTTP/1.1" 200 54824 "-" "Mozilla/5.0 (compatible; Baiduspider/2.0; +http://www.baidu.com/search/spider.html)"
66.249.66.37 - - [16/Aug/2024:07:16:33 +0800] "GET /logs/access_20231011.log HTTP/1.1" 304 - "-" "Mozilla/5.0 (Linux; Android 6.0.1; Nexus 5X Build/MMB29P) AppleWebKit/537.36 (KHTML, like Gecko) Chrome/127.0.6533.119 Mobile Safari/537.36 (compatible; Googlebot/2.1; +http://www.google.com/bot.html)"
66.249.66.39 - - [16/Aug/2024:07:16:34 +0800] "GET /logs/access_20230119.log HTTP/1.1" 304 - "-" "Mozilla/5.0 (Linux; Android 6.0.1; Nexus 5X Build/MMB29P) AppleWebKit/537.36 (KHTML, like Gecko) Chrome/127.0.6533.119 Mobile Safari/537.36 (compatible; Googlebot/2.1; +http://www.google.com/bot.html)"
66.249.66.38 - - [16/Aug/2024:07:45:20 +0800] "GET /icons/ HTTP/1.1" 200 74798 "-" "Mozilla/5.0 (Linux; Android 6.0.1; Nexus 5X Build/MMB29P) AppleWebKit/537.36 (KHTML, like Gecko) Chrome/127.0.6533.119 Mobile Safari/537.36 (compatible; Googlebot/2.1; +http://www.google.com/bot.html)"
220.181.108.146 - - [16/Aug/2024:07:51:20 +0800] "GET /logs/access_20230301.log HTTP/1.1" 200 14097 "-" "Mozilla/5.0 (compatible; Baiduspider/2.0; +http://www.baidu.com/search/spider.html)"
66.249.66.39 - - [16/Aug/2024:08:09:05 +0800] "GET /icons/folder.sec.gif HTTP/1.1" 200 243 "-" "Googlebot-Image/1.0"
66.249.66.38 - - [16/Aug/2024:08:20:05 +0800] "GET /icons/pie7.png HTTP/1.1" 200 275 "-" "Googlebot-Image/1.0"
66.249.66.37 - - [16/Aug/2024:08:39:05 +0800] "GET /icons/compressed.png HTTP/1.1" 200 1108 "-" "Googlebot-Image/1.0"
66.249.66.39 - - [16/Aug/2024:09:09:05 +0800] "GET /icons/odf6odf.png HTTP/1.1" 200 1047 "-" "Googlebot-Image/1.0"
52.167.144.167 - - [16/Aug/2024:09:17:47 +0800] "GET /logs/access_20210724.log HTTP/1.1" 404 1052 "-" "Mozilla/5.0 AppleWebKit/537.36 (KHTML, like Gecko; compatible; bingbot/2.0; +http://www.bing.com/bingbot.htm) Chrome/116.0.1938.76 Safari/537.36"
216.244.66.195 - - [16/Aug/2024:09:38:09 +0800] "GET /robots.txt HTTP/1.1" 404 1052 "-" "Mozilla/5.0 (compatible; DotBot/1.2; +https://opensiteexplorer.org/dotbot; help@moz.com)"
66.249.66.39 - - [16/Aug/2024:09:41:08 +0800] "GET /icons/folder.open.gif HTTP/1.1" 200 242 "-" "Googlebot-Image/1.0"
116.179.32.136 - - [16/Aug/2024:09:41:57 +0800] "GET /logs/access_20230319.log HTTP/1.1" 200 7486 "-" "Mozilla/5.0 (compatible; Baiduspider/2.0; +http://www.baidu.com/search/spider.html)"
216.244.66.195 - - [16/Aug/2024:09:54:05 +0800] "GET /logs/access_20240425.log HTTP/1.1" 200 6233 "-" "Mozilla/5.0 (compatible; DotBot/1.2; +https://opensiteexplorer.org/dotbot; help@moz.com)"
66.249.66.38 - - [16/Aug/2024:10:09:05 +0800] "GET /icons/screw2.png HTTP/1.1" 200 333 "-" "Googlebot-Image/1.0"
66.249.66.39 - - [16/Aug/2024:10:40:05 +0800] "GET /icons/icon.sheet.png HTTP/1.1" 200 9018 "-" "Googlebot-Image/1.0"
220.181.108.169 - - [16/Aug/2024:10:44:33 +0800] "GET /logs/access_20230420.log HTTP/1.1" 200 15019 "-" "Mozilla/5.0 (compatible; Baiduspider/2.0; +http://www.baidu.com/search/spider.html)"
66.249.66.39 - - [16/Aug/2024:10:46:34 +0800] "GET /icons/small/folder.png HTTP/1.1" 200 196 "-" "Googlebot-Image/1.0"
66.249.66.37 - - [16/Aug/2024:10:54:05 +0800] "GET /icons/box1.gif HTTP/1.1" 200 251 "-" "Googlebot-Image/1.0"
66.249.66.37 - - [16/Aug/2024:11:02:34 +0800] "GET /icons/hand.right.png HTTP/1.1" 200 311 "-" "Googlebot-Image/1.0"
66.249.66.37 - - [16/Aug/2024:11:02:41 +0800] "GET /icons/apache_pb2.gif HTTP/1.1" 200 4234 "-" "Googlebot-Image/1.0"
66.249.66.37 - - [16/Aug/2024:11:06:27 +0800] "GET /icons/small/binhex.gif HTTP/1.1" 200 131 "-" "Googlebot-Image/1.0"
66.249.66.39 - - [16/Aug/2024:11:09:04 +0800] "GET /icons/small/image.png HTTP/1.1" 200 197 "-" "Googlebot-Image/1.0"
66.249.66.39 - - [16/Aug/2024:11:11:11 +0800] "GET /icons/small/broken.png HTTP/1.1" 200 184 "-" "Googlebot-Image/1.0"
66.249.66.37 - - [16/Aug/2024:11:15:57 +0800] "GET /icons/small/folder.gif HTTP/1.1" 200 132 "-" "Googlebot-Image/1.0"
66.249.66.39 - - [16/Aug/2024:11:20:05 +0800] "GET /icons/small/generic.png HTTP/1.1" 200 149 "-" "Googlebot-Image/1.0"
66.249.66.39 - - [16/Aug/2024:11:21:41 +0800] "GET /icons/image1.gif HTTP/1.1" 200 274 "-" "Googlebot-Image/1.0"
66.249.66.38 - - [16/Aug/2024:11:39:05 +0800] "GET /icons/world2.gif HTTP/1.1" 200 261 "-" "Googlebot-Image/1.0"
66.249.66.39 - - [16/Aug/2024:11:47:35 +0800] "GET /icons/a.png HTTP/1.1" 200 306 "-" "Googlebot-Image/1.0"
66.249.66.38 - - [16/Aug/2024:11:54:05 +0800] "GET /icons/layout.gif HTTP/1.1" 200 276 "-" "Googlebot-Image/1.0"
66.249.66.39 - - [16/Aug/2024:12:01:34 +0800] "GET /icons/bomb.gif HTTP/1.1" 200 308 "-" "Googlebot-Image/1.0"
66.249.66.39 - - [16/Aug/2024:12:09:05 +0800] "GET /icons/small/key.png HTTP/1.1" 200 210 "-" "Googlebot-Image/1.0"
66.249.66.37 - - [16/Aug/2024:12:16:34 +0800] "GET /icons/generic.red.png HTTP/1.1" 200 283 "-" "Googlebot-Image/1.0"
66.249.66.37 - - [16/Aug/2024:12:24:05 +0800] "GET /icons/odf6odi.png HTTP/1.1" 200 1067 "-" "Googlebot-Image/1.0"
66.249.66.39 - - [16/Aug/2024:12:32:34 +0800] "GET /icons/forward.png HTTP/1.1" 200 308 "-" "Googlebot-Image/1.0"
116.179.32.224 - - [16/Aug/2024:12:35:10 +0800] "GET /logs/access_20230206.log HTTP/1.1" 200 13148 "-" "Mozilla/5.0 (compatible; Baiduspider/2.0; +http://www.baidu.com/search/spider.html)"
138.219.122.141 - - [16/Aug/2024:12:52:34 +0800] "GET /logs/access_20210425.log HTTP/1.1" 404 1194 "http://ft.kidcastle.com.cn/" "Mozilla/5.0 (X11; Ubuntu; Linux i686; rv:114.0) Gecko/20100101 Firefox/114.0"
138.219.122.141 - - [16/Aug/2024:12:52:36 +0800] "GET / HTTP/1.1" 200 794 "http://ft.kidcastle.com.cn" "Mozilla/5.0 (X11; Ubuntu; Linux i686; rv:114.0) Gecko/20100101 Firefox/114.0"
116.179.32.114 - - [16/Aug/2024:13:23:10 +0800] "GET /logs/access_20221022.log HTTP/1.1" 200 29980 "-" "Mozilla/5.0 (compatible; Baiduspider/2.0; +http://www.baidu.com/search/spider.html)"
117.87.64.246 - - [16/Aug/2024:13:32:38 +0800] "GET /logs/access_20231125.log HTTP/1.1" 200 220801 "-" "Mozilla/4.0 (compatible; MSIE 8.0; Windows NT 6.1; Trident/4.0)"
52.167.144.23 - - [16/Aug/2024:13:32:51 +0800] "GET /logs/access_20230714.log HTTP/1.1" 200 19997 "-" "Mozilla/5.0 AppleWebKit/537.36 (KHTML, like Gecko; compatible; bingbot/2.0; +http://www.bing.com/bingbot.htm) Chrome/116.0.1938.76 Safari/537.36"
66.249.66.37 - - [16/Aug/2024:13:48:40 +0800] "GET /robots.txt HTTP/1.1" 404 1052 "-" "Mozilla/5.0 (compatible; Googlebot/2.1; +http://www.google.com/bot.html)"
66.249.66.38 - - [16/Aug/2024:13:48:41 +0800] "GET /logs/access_20240522.log HTTP/1.1" 304 - "-" "Mozilla/5.0 (Linux; Android 6.0.1; Nexus 5X Build/MMB29P) AppleWebKit/537.36 (KHTML, like Gecko) Chrome/127.0.6533.119 Mobile Safari/537.36 (compatible; Googlebot/2.1; +http://www.google.com/bot.html)"
116.179.32.137 - - [16/Aug/2024:14:11:10 +0800] "GET /logs/access_20230107.log HTTP/1.1" 200 14210 "-" "Mozilla/5.0 (compatible; Baiduspider/2.0; +http://www.baidu.com/search/spider.html)"
220.181.108.90 - - [16/Aug/2024:14:59:10 +0800] "GET /logs/access_20221112.log HTTP/1.1" 200 25148 "-" "Mozilla/5.0 (compatible; Baiduspider/2.0; +http://www.baidu.com/search/spider.html)"
116.179.33.17 - - [16/Aug/2024:14:59:10 +0800] "GET /robots.txt HTTP/1.1" 404 1052 "-" "Mozilla/5.0 (Windows NT 10.0; WOW64) AppleWebKit/537.36 (KHTML, like Gecko) Chrome/48.0.2564.116 Safari/537.36"
220.181.51.90 - - [16/Aug/2024:14:59:10 +0800] "GET /robots.txt HTTP/1.1" 404 1052 "-" "Mozilla/5.0 (Windows NT 10.0; WOW64) AppleWebKit/537.36 (KHTML, like Gecko) Chrome/48.0.2564.116 Safari/537.36"
116.179.32.44 - - [16/Aug/2024:15:47:10 +0800] "GET /logs/?C=N HTTP/1.1" 200 151026 "-" "Mozilla/5.0 (compatible; Baiduspider/2.0; +http://www.baidu.com/search/spider.html)"
45.143.97.100 - - [16/Aug/2024:16:28:19 +0800] "GET /logs/access_20211209.log HTTP/1.1" 404 1194 "http://ft.kidcastle.com.cn/" "Mozilla/5.0 (Macintosh; Intel Mac OS X 12_5) AppleWebKit/537.36 (KHTML, like Gecko) Chrome/114.0.0.0 Safari/537.36"
45.143.97.100 - - [16/Aug/2024:16:28:20 +0800] "GET / HTTP/1.1" 200 794 "http://ft.kidcastle.com.cn" "Mozilla/5.0 (Macintosh; Intel Mac OS X 12_5) AppleWebKit/537.36 (KHTML, like Gecko) Chrome/114.0.0.0 Safari/537.36"
220.181.108.81 - - [16/Aug/2024:16:35:10 +0800] "GET /logs/access_20221102.log HTTP/1.1" 200 25423 "-" "Mozilla/5.0 (compatible; Baiduspider/2.0; +http://www.baidu.com/search/spider.html)"
66.249.66.38 - - [16/Aug/2024:16:48:40 +0800] "GET /logs/access_20240526.log HTTP/1.1" 304 - "-" "Mozilla/5.0 (Linux; Android 6.0.1; Nexus 5X Build/MMB29P) AppleWebKit/537.36 (KHTML, like Gecko) Chrome/127.0.6533.119 Mobile Safari/537.36 (compatible; Googlebot/2.1; +http://www.google.com/bot.html)"
66.249.66.39 - - [16/Aug/2024:16:51:34 +0800] "GET /icons/small/uu.png HTTP/1.1" 200 166 "-" "Googlebot-Image/1.0"
66.249.66.37 - - [16/Aug/2024:17:40:35 +0800] "GET /icons/ball.red.png HTTP/1.1" 200 289 "-" "Googlebot-Image/1.0"
66.249.66.39 - - [16/Aug/2024:18:03:45 +0800] "GET /logs/access_20230802.log HTTP/1.1" 304 - "-" "Mozilla/5.0 (Linux; Android 6.0.1; Nexus 5X Build/MMB29P) AppleWebKit/537.36 (KHTML, like Gecko) Chrome/127.0.6533.119 Mobile Safari/537.36 (compatible; Googlebot/2.1; +http://www.google.com/bot.html)"
220.181.108.110 - - [16/Aug/2024:18:06:48 +0800] "GET /logs/access_20221114.log HTTP/1.1" 200 25078 "-" "Mozilla/5.0 (compatible; Baiduspider/2.0; +http://www.baidu.com/search/spider.html)"
66.249.66.37 - - [16/Aug/2024:18:32:53 +0800] "GET /icons/pie2.png HTTP/1.1" 200 272 "-" "Googlebot-Image/1.0"
116.179.32.241 - - [16/Aug/2024:18:50:26 +0800] "GET /logs/access_20230103.log HTTP/1.1" 200 20869 "-" "Mozilla/5.0 (compatible; Baiduspider/2.0; +http://www.baidu.com/search/spider.html)"
66.249.66.39 - - [16/Aug/2024:18:55:23 +0800] "GET /icons/broken.png HTTP/1.1" 200 320 "-" "Googlebot-Image/1.0"
202.102.32.131 - - [16/Aug/2024:19:13:58 +0800] "HEAD / HTTP/1.1" 200 - "-" "User-Agent, Mozilla/4.0 (compatible; MSIE 7.0; Windows NT 5.1; 360SE)"
66.249.66.37 - - [16/Aug/2024:19:32:47 +0800] "GET /icons/alert.black.png HTTP/1.1" 200 293 "-" "Googlebot-Image/1.0"
66.249.66.38 - - [16/Aug/2024:20:25:54 +0800] "GET /logs/access_20230623.log HTTP/1.1" 304 - "-" "Mozilla/5.0 (Linux; Android 6.0.1; Nexus 5X Build/MMB29P) AppleWebKit/537.36 (KHTML, like Gecko) Chrome/127.0.6533.119 Mobile Safari/537.36 (compatible; Googlebot/2.1; +http://www.google.com/bot.html)"
116.179.32.178 - - [16/Aug/2024:21:04:04 +0800] "GET /logs/access_20221224.log HTTP/1.1" 200 19517 "-" "Mozilla/5.0 (compatible; Baiduspider/2.0; +http://www.baidu.com/search/spider.html)"
66.249.66.39 - - [16/Aug/2024:21:06:57 +0800] "GET /logs/access_20230216.log HTTP/1.1" 304 - "-" "Mozilla/5.0 (Linux; Android 6.0.1; Nexus 5X Build/MMB29P) AppleWebKit/537.36 (KHTML, like Gecko) Chrome/127.0.6533.119 Mobile Safari/537.36 (compatible; Googlebot/2.1; +http://www.google.com/bot.html)"
157.55.39.61 - - [16/Aug/2024:21:27:20 +0800] "GET /logs/access_20240106.log HTTP/1.1" 200 19219 "-" "Mozilla/5.0 AppleWebKit/537.36 (KHTML, like Gecko; compatible; bingbot/2.0; +http://www.bing.com/bingbot.htm) Chrome/116.0.1938.76 Safari/537.36"
66.249.79.33 - - [16/Aug/2024:21:46:52 +0800] "GET /icons/sound2.png HTTP/1.1" 200 315 "-" "Googlebot-Image/1.0"
66.249.79.34 - - [16/Aug/2024:21:57:46 +0800] "GET /icons/pie3.gif HTTP/1.1" 200 191 "-" "Googlebot-Image/1.0"
66.249.79.35 - - [16/Aug/2024:22:44:50 +0800] "GET /icons/back.png HTTP/1.1" 200 308 "-" "Googlebot-Image/1.0"
216.244.66.195 - - [16/Aug/2024:23:19:28 +0800] "GET /robots.txt HTTP/1.1" 404 1052 "-" "Mozilla/5.0 (compatible; DotBot/1.2; +https://opensiteexplorer.org/dotbot; help@moz.com)"
116.179.32.87 - - [16/Aug/2024:23:25:30 +0800] "GET /logs/access_20221130.log HTTP/1.1" 200 27877 "-" "Mozilla/5.0 (compatible; Baiduspider/2.0; +http://www.baidu.com/search/spider.html)"
66.249.79.34 - - [16/Aug/2024:23:36:36 +0800] "GET /icons/pie0.gif HTTP/1.1" 200 188 "-" "Googlebot-Image/1.0"
216.244.66.195 - - [16/Aug/2024:23:41:13 +0800] "GET /logs/access_20240701.log HTTP/1.1" 200 15752 "-" "Mozilla/5.0 (compatible; DotBot/1.2; +https://opensiteexplorer.org/dotbot; help@moz.com)"
66.249.79.34 - - [16/Aug/2024:23:59:01 +0800] "GET /icons/ HTTP/1.1" 200 74798 "-" "Mozilla/5.0 (Linux; Android 6.0.1; Nexus 5X Build/MMB29P) AppleWebKit/537.36 (KHTML, like Gecko) Chrome/127.0.6533.119 Mobile Safari/537.36 (compatible; Googlebot/2.1; +http://www.google.com/bot.html)"