220.181.108.174 - - [12/Aug/2024:00:18:17 +0800] "GET /logs/access_20221226.log HTTP/1.1" 200 20738 "-" "Mozilla/5.0 (compatible; Baiduspider/2.0; +http://www.baidu.com/search/spider.html)"
116.179.32.48 - - [12/Aug/2024:00:42:17 +0800] "GET /logs/access_20230226.log HTTP/1.1" 200 14660 "-" "Mozilla/5.0 (compatible; Baiduspider/2.0; +http://www.baidu.com/search/spider.html)"
220.181.108.149 - - [12/Aug/2024:01:06:17 +0800] "GET /logs/access_20221222.log HTTP/1.1" 200 17021 "-" "Mozilla/5.0 (compatible; Baiduspider/2.0; +http://www.baidu.com/search/spider.html)"
220.181.108.167 - - [12/Aug/2024:01:30:17 +0800] "GET /logs/access_20221025.log HTTP/1.1" 200 37429 "-" "Mozilla/5.0 (compatible; Baiduspider/2.0; +http://www.baidu.com/search/spider.html)"
220.181.108.81 - - [12/Aug/2024:01:54:17 +0800] "GET /logs/access_20230202.log HTTP/1.1" 200 12381 "-" "Mozilla/5.0 (compatible; Baiduspider/2.0; +http://www.baidu.com/search/spider.html)"
220.181.51.118 - - [12/Aug/2024:02:00:11 +0800] "GET / HTTP/1.1" 200 794 "-" "Mozilla/5.0 (Windows NT 10.0; WOW64) AppleWebKit/537.36 (KHTML, like Gecko) Chrome/48.0.2564.116 Safari/537.36"
116.179.32.81 - - [12/Aug/2024:02:42:17 +0800] "GET /logs/access_20221007.log HTTP/1.1" 200 37988 "-" "Mozilla/5.0 (compatible; Baiduspider/2.0; +http://www.baidu.com/search/spider.html)"
40.77.167.10 - - [12/Aug/2024:02:45:12 +0800] "GET /logs/access_20221110.log HTTP/1.1" 304 - "-" "Mozilla/5.0 AppleWebKit/537.36 (KHTML, like Gecko; compatible; bingbot/2.0; +http://www.bing.com/bingbot.htm) Chrome/116.0.1938.76 Safari/537.36"
116.179.32.138 - - [12/Aug/2024:03:06:17 +0800] "GET /logs/access_20221230.log HTTP/1.1" 200 17024 "-" "Mozilla/5.0 (compatible; Baiduspider/2.0; +http://www.baidu.com/search/spider.html)"
220.181.108.149 - - [12/Aug/2024:03:30:17 +0800] "GET /logs/access_20221014.log HTTP/1.1" 200 32894 "-" "Mozilla/5.0 (compatible; Baiduspider/2.0; +http://www.baidu.com/search/spider.html)"
220.181.108.147 - - [12/Aug/2024:03:54:17 +0800] "GET /logs/access_20221211.log HTTP/1.1" 200 28491 "-" "Mozilla/5.0 (compatible; Baiduspider/2.0; +http://www.baidu.com/search/spider.html)"
66.249.73.68 - - [12/Aug/2024:04:16:15 +0800] "GET /icons/pie7.png HTTP/1.1" 200 275 "-" "Googlebot-Image/1.0"
66.249.73.70 - - [12/Aug/2024:05:01:15 +0800] "GET /icons/small/generic.png HTTP/1.1" 200 149 "-" "Googlebot-Image/1.0"
220.181.108.147 - - [12/Aug/2024:06:29:12 +0800] "GET /logs/access_20221227.log HTTP/1.1" 200 19171 "-" "Mozilla/5.0 (compatible; Baiduspider/2.0; +http://www.baidu.com/search/spider.html)"
220.181.108.82 - - [12/Aug/2024:06:29:12 +0800] "GET /logs/access_20221124.log HTTP/1.1" 200 35887 "-" "Mozilla/5.0 (compatible; Baiduspider/2.0; +http://www.baidu.com/search/spider.html)"
216.244.66.195 - - [12/Aug/2024:06:30:38 +0800] "GET /robots.txt HTTP/1.1" 404 1052 "-" "Mozilla/5.0 (compatible; DotBot/1.2; +https://opensiteexplorer.org/dotbot; help@moz.com)"
116.179.32.132 - - [12/Aug/2024:06:55:52 +0800] "GET /logs/access_20221202.log HTTP/1.1" 200 21468 "-" "Mozilla/5.0 (compatible; Baiduspider/2.0; +http://www.baidu.com/search/spider.html)"
113.215.189.103 - - [12/Aug/2024:07:03:56 +0800] "GET / HTTP/1.1" 200 794 "-" "Mozilla/5.0 (Windows NT 10.0; Win64; x64) AppleWebKit/537.36 (KHTML, like Gecko) Chrome/106.0.2048.108 Safari/537.36"
113.215.189.103 - - [12/Aug/2024:07:03:56 +0800] "GET / HTTP/1.1" 200 794 "-" "Mozilla/5.0 (Windows NT 10.0; Win64; x64) AppleWebKit/537.36 (KHTML, like Gecko) Chrome/103.0.8298.116 Safari/537.36"
113.215.189.103 - - [12/Aug/2024:07:03:56 +0800] "GET /favicon.ico HTTP/1.1" 404 1052 "-" "Mozilla/5.0 (Windows NT 10.0; Win64; x64) AppleWebKit/537.36 (KHTML, like Gecko) Chrome/103.0.8298.116 Safari/537.36"
113.215.189.103 - - [12/Aug/2024:07:03:57 +0800] "GET /?C=D;O=A HTTP/1.1" 200 794 "-" "Mozilla/5.0 (Windows NT 10.0; Win64; x64) AppleWebKit/537.36 (KHTML, like Gecko) Chrome/104.0.4012.171 Safari/537.36"
113.215.189.103 - - [12/Aug/2024:07:03:57 +0800] "GET / HTTP/1.1" 200 794 "-" "Mozilla/5.0 (Windows NT 10.0; Win64; x64) AppleWebKit/537.36 (KHTML, like Gecko) Chrome/113.0.1718.71 Safari/537.36"
113.215.189.103 - - [12/Aug/2024:07:03:57 +0800] "GET /favicon.ico HTTP/1.1" 404 1052 "-" "Mozilla/5.0 (Windows NT 10.0; Win64; x64) AppleWebKit/537.36 (KHTML, like Gecko) Chrome/113.0.1718.71 Safari/537.36"
113.215.189.103 - - [12/Aug/2024:07:03:57 +0800] "GET /?C=M;O=A HTTP/1.1" 200 794 "-" "Mozilla/5.0 (Windows NT 10.0; Win64; x64) AppleWebKit/537.36 (KHTML, like Gecko) Chrome/110.0.4260.29 Safari/537.36"
113.215.189.103 - - [12/Aug/2024:07:03:57 +0800] "GET / HTTP/1.1" 200 794 "-" "Mozilla/5.0 (Windows NT 10.0; Win64; x64) AppleWebKit/537.36 (KHTML, like Gecko) Chrome/92.0.6786.61 Safari/537.36"
113.215.189.103 - - [12/Aug/2024:07:03:58 +0800] "GET /favicon.ico HTTP/1.1" 404 1052 "-" "Mozilla/5.0 (Windows NT 10.0; Win64; x64) AppleWebKit/537.36 (KHTML, like Gecko) Chrome/92.0.6786.61 Safari/537.36"
113.215.189.103 - - [12/Aug/2024:07:03:58 +0800] "GET /?C=N;O=D HTTP/1.1" 200 794 "-" "Mozilla/5.0 (Windows NT 10.0; Win64; x64) AppleWebKit/537.36 (KHTML, like Gecko) Chrome/109.0.9015.94 Safari/537.36"
113.215.189.103 - - [12/Aug/2024:07:03:58 +0800] "GET / HTTP/1.1" 200 794 "-" "Mozilla/5.0 (Windows NT 10.0; Win64; x64) AppleWebKit/537.36 (KHTML, like Gecko) Chrome/102.0.6386.142 Safari/537.36"
113.215.189.103 - - [12/Aug/2024:07:03:58 +0800] "GET /favicon.ico HTTP/1.1" 404 1052 "-" "Mozilla/5.0 (Windows NT 10.0; Win64; x64) AppleWebKit/537.36 (KHTML, like Gecko) Chrome/102.0.6386.142 Safari/537.36"
113.215.189.166 - - [12/Aug/2024:07:03:58 +0800] "GET /?C=S;O=A HTTP/1.1" 200 794 "-" "Mozilla/5.0 (Windows NT 10.0; Win64; x64) AppleWebKit/537.36 (KHTML, like Gecko) Chrome/107.0.5986.152 Safari/537.36"
113.215.189.166 - - [12/Aug/2024:07:03:58 +0800] "GET / HTTP/1.1" 200 794 "-" "Mozilla/5.0 (Windows NT 10.0; Win64; x64) AppleWebKit/537.36 (KHTML, like Gecko) Chrome/104.0.6474.93 Safari/537.36"
113.215.189.166 - - [12/Aug/2024:07:03:58 +0800] "GET /favicon.ico HTTP/1.1" 404 1052 "-" "Mozilla/5.0 (Windows NT 10.0; Win64; x64) AppleWebKit/537.36 (KHTML, like Gecko) Chrome/104.0.6474.93 Safari/537.36"
113.215.189.103 - - [12/Aug/2024:07:03:58 +0800] "GET /icons/blank.gif HTTP/1.1" 200 148 "-" "Mozilla/5.0 (Windows NT 10.0; Win64; x64) AppleWebKit/537.36 (KHTML, like Gecko) Chrome/98.0.9588.156 Safari/537.36"
113.215.189.103 - - [12/Aug/2024:07:03:58 +0800] "GET / HTTP/1.1" 200 794 "-" "Mozilla/5.0 (Windows NT 10.0; Win64; x64) AppleWebKit/537.36 (KHTML, like Gecko) Chrome/103.0.8191.30 Safari/537.36"
113.215.189.103 - - [12/Aug/2024:07:03:58 +0800] "GET /favicon.ico HTTP/1.1" 404 1052 "-" "Mozilla/5.0 (Windows NT 10.0; Win64; x64) AppleWebKit/537.36 (KHTML, like Gecko) Chrome/103.0.8191.30 Safari/537.36"
113.215.189.103 - - [12/Aug/2024:07:03:58 +0800] "GET /icons/folder.gif HTTP/1.1" 200 225 "-" "Mozilla/5.0 (Windows NT 10.0; Win64; x64) AppleWebKit/537.36 (KHTML, like Gecko) Chrome/87.0.6556.11 Safari/537.36"
113.215.189.103 - - [12/Aug/2024:07:03:58 +0800] "GET / HTTP/1.1" 200 794 "-" "Mozilla/5.0 (Windows NT 10.0; Win64; x64) AppleWebKit/537.36 (KHTML, like Gecko) Chrome/104.0.4911.198 Safari/537.36"
113.215.189.103 - - [12/Aug/2024:07:03:58 +0800] "GET /favicon.ico HTTP/1.1" 404 1052 "-" "Mozilla/5.0 (Windows NT 10.0; Win64; x64) AppleWebKit/537.36 (KHTML, like Gecko) Chrome/104.0.4911.198 Safari/537.36"
113.215.189.103 - - [12/Aug/2024:07:03:58 +0800] "GET /logs/ HTTP/1.1" 200 150146 "-" "Mozilla/5.0 (Windows NT 10.0; Win64; x64) AppleWebKit/537.36 (KHTML, like Gecko) Chrome/91.0.6745.28 Safari/537.36"
113.215.189.103 - - [12/Aug/2024:07:03:58 +0800] "GET / HTTP/1.1" 200 794 "-" "Mozilla/5.0 (Windows NT 10.0; Win64; x64) AppleWebKit/537.36 (KHTML, like Gecko) Chrome/98.0.3046.121 Safari/537.36"
113.215.189.103 - - [12/Aug/2024:07:03:58 +0800] "GET /favicon.ico HTTP/1.1" 404 1052 "-" "Mozilla/5.0 (Windows NT 10.0; Win64; x64) AppleWebKit/537.36 (KHTML, like Gecko) Chrome/98.0.3046.121 Safari/537.36"
216.244.66.195 - - [12/Aug/2024:07:10:46 +0800] "GET /logs/access_20240516.log HTTP/1.1" 200 281975 "-" "Mozilla/5.0 (compatible; DotBot/1.2; +https://opensiteexplorer.org/dotbot; help@moz.com)"
216.244.66.195 - - [12/Aug/2024:07:11:10 +0800] "GET /logs/access_20240601.log HTTP/1.1" 200 6329 "-" "Mozilla/5.0 (compatible; DotBot/1.2; +https://opensiteexplorer.org/dotbot; help@moz.com)"
220.181.108.113 - - [12/Aug/2024:07:49:12 +0800] "GET /logs/access_20221120.log HTTP/1.1" 200 28419 "-" "Mozilla/5.0 (compatible; Baiduspider/2.0; +http://www.baidu.com/search/spider.html)"
220.181.51.118 - - [12/Aug/2024:07:50:16 +0800] "GET / HTTP/1.1" 200 794 "-" "Mozilla/5.0 (Windows NT 10.0; WOW64) AppleWebKit/537.36 (KHTML, like Gecko) Chrome/48.0.2564.116 Safari/537.36"
66.249.73.68 - - [12/Aug/2024:07:55:24 +0800] "GET /robots.txt HTTP/1.1" 404 1052 "-" "Mozilla/5.0 (compatible; Googlebot/2.1; +http://www.google.com/bot.html)"
66.249.73.68 - - [12/Aug/2024:07:55:27 +0800] "GET /logs/access_20221223.log HTTP/1.1" 200 13403 "-" "Mozilla/5.0 (Linux; Android 6.0.1; Nexus 5X Build/MMB29P) AppleWebKit/537.36 (KHTML, like Gecko) Chrome/127.0.6533.99 Mobile Safari/537.36 (compatible; Googlebot/2.1; +http://www.google.com/bot.html)"
66.249.73.70 - - [12/Aug/2024:07:57:28 +0800] "GET /logs/access_20221107.log HTTP/1.1" 304 - "-" "Mozilla/5.0 (Linux; Android 6.0.1; Nexus 5X Build/MMB29P) AppleWebKit/537.36 (KHTML, like Gecko) Chrome/127.0.6533.99 Mobile Safari/537.36 (compatible; Googlebot/2.1; +http://www.google.com/bot.html)"
117.50.111.6 - - [12/Aug/2024:08:12:57 +0800] "GET /teachersatkidcastle.php HTTP/1.1" 404 1052 "-" "Mozilla/5.0 (X11; Linux x86_64) AppleWebKit/537.36 (KHTML, like Gecko) Chrome/85.0.4183.83 Safari/537.36"
216.244.66.195 - - [12/Aug/2024:08:14:49 +0800] "GET /robots.txt HTTP/1.1" 404 1052 "-" "Mozilla/5.0 (compatible; DotBot/1.2; +https://opensiteexplorer.org/dotbot; help@moz.com)"
220.181.108.169 - - [12/Aug/2024:08:15:52 +0800] "GET /logs/access_20230124.log HTTP/1.1" 200 19581 "-" "Mozilla/5.0 (compatible; Baiduspider/2.0; +http://www.baidu.com/search/spider.html)"
66.249.73.69 - - [12/Aug/2024:08:27:23 +0800] "GET /logs/access_20230623.log HTTP/1.1" 304 - "-" "Mozilla/5.0 (Linux; Android 6.0.1; Nexus 5X Build/MMB29P) AppleWebKit/537.36 (KHTML, like Gecko) Chrome/127.0.6533.99 Mobile Safari/537.36 (compatible; Googlebot/2.1; +http://www.google.com/bot.html)"
66.249.73.70 - - [12/Aug/2024:08:34:31 +0800] "GET /shixunadmin/login.php?gotopage=%2Fshixun%2Findex.php HTTP/1.1" 404 1052 "-" "Mozilla/5.0 (Linux; Android 6.0.1; Nexus 5X Build/MMB29P) AppleWebKit/537.36 (KHTML, like Gecko) Chrome/127.0.6533.99 Mobile Safari/537.36 (compatible; Googlebot/2.1; +http://www.google.com/bot.html)"
220.181.108.83 - - [12/Aug/2024:08:42:32 +0800] "GET /logs/access_20231207.log HTTP/1.1" 200 10262 "-" "Mozilla/5.0 (compatible; Baiduspider/2.0; +http://www.baidu.com/search/spider.html)"
113.215.189.194 - - [12/Aug/2024:08:51:14 +0800] "GET / HTTP/1.1" 200 794 "-" "Mozilla/5.0 (Windows NT 10.0; Win64; x64) AppleWebKit/537.36 (KHTML, like Gecko) Chrome/102.0.7186.17 Safari/537.36"
113.215.189.194 - - [12/Aug/2024:08:51:14 +0800] "GET / HTTP/1.1" 200 794 "-" "Mozilla/5.0 (Windows NT 10.0; Win64; x64) AppleWebKit/537.36 (KHTML, like Gecko) Chrome/107.0.6668.196 Safari/537.36"
113.215.189.194 - - [12/Aug/2024:08:51:14 +0800] "GET /favicon.ico HTTP/1.1" 404 1052 "-" "Mozilla/5.0 (Windows NT 10.0; Win64; x64) AppleWebKit/537.36 (KHTML, like Gecko) Chrome/107.0.6668.196 Safari/537.36"
113.215.189.194 - - [12/Aug/2024:08:51:15 +0800] "GET /?C=D;O=A HTTP/1.1" 200 794 "-" "Mozilla/5.0 (Windows NT 10.0; Win64; x64) AppleWebKit/537.36 (KHTML, like Gecko) Chrome/92.0.6947.136 Safari/537.36"
113.215.189.194 - - [12/Aug/2024:08:51:15 +0800] "GET / HTTP/1.1" 200 794 "-" "Mozilla/5.0 (Windows NT 10.0; Win64; x64) AppleWebKit/537.36 (KHTML, like Gecko) Chrome/113.0.1440.49 Safari/537.36"
113.215.189.194 - - [12/Aug/2024:08:51:15 +0800] "GET /favicon.ico HTTP/1.1" 404 1052 "-" "Mozilla/5.0 (Windows NT 10.0; Win64; x64) AppleWebKit/537.36 (KHTML, like Gecko) Chrome/113.0.1440.49 Safari/537.36"
113.215.189.194 - - [12/Aug/2024:08:51:15 +0800] "GET /?C=N;O=D HTTP/1.1" 200 794 "-" "Mozilla/5.0 (Windows NT 10.0; Win64; x64) AppleWebKit/537.36 (KHTML, like Gecko) Chrome/84.0.5111.138 Safari/537.36"
113.215.189.194 - - [12/Aug/2024:08:51:16 +0800] "GET / HTTP/1.1" 200 794 "-" "Mozilla/5.0 (Windows NT 10.0; Win64; x64) AppleWebKit/537.36 (KHTML, like Gecko) Chrome/87.0.5245.75 Safari/537.36"
113.215.189.194 - - [12/Aug/2024:08:51:16 +0800] "GET /favicon.ico HTTP/1.1" 404 1052 "-" "Mozilla/5.0 (Windows NT 10.0; Win64; x64) AppleWebKit/537.36 (KHTML, like Gecko) Chrome/87.0.5245.75 Safari/537.36"
113.215.189.194 - - [12/Aug/2024:08:51:16 +0800] "GET /?C=S;O=A HTTP/1.1" 200 794 "-" "Mozilla/5.0 (Windows NT 10.0; Win64; x64) AppleWebKit/537.36 (KHTML, like Gecko) Chrome/88.0.8147.199 Safari/537.36"
113.215.189.194 - - [12/Aug/2024:08:51:16 +0800] "GET / HTTP/1.1" 200 794 "-" "Mozilla/5.0 (Windows NT 10.0; Win64; x64) AppleWebKit/537.36 (KHTML, like Gecko) Chrome/81.0.8104.52 Safari/537.36"
113.215.189.194 - - [12/Aug/2024:08:51:16 +0800] "GET /favicon.ico HTTP/1.1" 404 1052 "-" "Mozilla/5.0 (Windows NT 10.0; Win64; x64) AppleWebKit/537.36 (KHTML, like Gecko) Chrome/81.0.8104.52 Safari/537.36"
113.215.189.194 - - [12/Aug/2024:08:51:16 +0800] "GET /icons/blank.gif HTTP/1.1" 200 148 "-" "Mozilla/5.0 (Windows NT 10.0; Win64; x64) AppleWebKit/537.36 (KHTML, like Gecko) Chrome/80.0.5713.169 Safari/537.36"
113.215.189.128 - - [12/Aug/2024:08:51:16 +0800] "GET /?C=M;O=A HTTP/1.1" 200 794 "-" "Mozilla/5.0 (Windows NT 10.0; Win64; x64) AppleWebKit/537.36 (KHTML, like Gecko) Chrome/109.0.3081.101 Safari/537.36"
113.215.189.128 - - [12/Aug/2024:08:51:16 +0800] "GET / HTTP/1.1" 200 794 "-" "Mozilla/5.0 (Windows NT 10.0; Win64; x64) AppleWebKit/537.36 (KHTML, like Gecko) Chrome/97.0.5116.99 Safari/537.36"
113.215.189.128 - - [12/Aug/2024:08:51:16 +0800] "GET /favicon.ico HTTP/1.1" 404 1052 "-" "Mozilla/5.0 (Windows NT 10.0; Win64; x64) AppleWebKit/537.36 (KHTML, like Gecko) Chrome/97.0.5116.99 Safari/537.36"
113.215.189.128 - - [12/Aug/2024:08:51:16 +0800] "GET /icons/folder.gif HTTP/1.1" 200 225 "-" "Mozilla/5.0 (Windows NT 10.0; Win64; x64) AppleWebKit/537.36 (KHTML, like Gecko) Chrome/90.0.7808.23 Safari/537.36"
113.215.189.128 - - [12/Aug/2024:08:51:16 +0800] "GET / HTTP/1.1" 200 794 "-" "Mozilla/5.0 (Windows NT 10.0; Win64; x64) AppleWebKit/537.36 (KHTML, like Gecko) Chrome/80.0.9106.56 Safari/537.36"
113.215.189.128 - - [12/Aug/2024:08:51:16 +0800] "GET /favicon.ico HTTP/1.1" 404 1052 "-" "Mozilla/5.0 (Windows NT 10.0; Win64; x64) AppleWebKit/537.36 (KHTML, like Gecko) Chrome/80.0.9106.56 Safari/537.36"
113.215.189.128 - - [12/Aug/2024:08:51:16 +0800] "GET /logs/ HTTP/1.1" 200 150146 "-" "Mozilla/5.0 (Windows NT 10.0; Win64; x64) AppleWebKit/537.36 (KHTML, like Gecko) Chrome/85.0.4945.198 Safari/537.36"
113.215.189.128 - - [12/Aug/2024:08:51:17 +0800] "GET / HTTP/1.1" 200 794 "-" "Mozilla/5.0 (Windows NT 10.0; Win64; x64) AppleWebKit/537.36 (KHTML, like Gecko) Chrome/82.0.6240.147 Safari/537.36"
113.215.189.128 - - [12/Aug/2024:08:51:17 +0800] "GET /favicon.ico HTTP/1.1" 404 1052 "-" "Mozilla/5.0 (Windows NT 10.0; Win64; x64) AppleWebKit/537.36 (KHTML, like Gecko) Chrome/82.0.6240.147 Safari/537.36"
113.215.189.194 - - [12/Aug/2024:08:51:17 +0800] "GET / HTTP/1.1" 200 794 "-" "Mozilla/5.0 (Windows NT 10.0; Win64; x64) AppleWebKit/537.36 (KHTML, like Gecko) Chrome/108.0.1076.189 Safari/537.36"
113.215.189.194 - - [12/Aug/2024:08:51:17 +0800] "GET /favicon.ico HTTP/1.1" 404 1052 "-" "Mozilla/5.0 (Windows NT 10.0; Win64; x64) AppleWebKit/537.36 (KHTML, like Gecko) Chrome/108.0.1076.189 Safari/537.36"
216.244.66.195 - - [12/Aug/2024:08:53:02 +0800] "GET /logs/access_20240518.log HTTP/1.1" 200 130662 "-" "Mozilla/5.0 (compatible; DotBot/1.2; +https://opensiteexplorer.org/dotbot; help@moz.com)"
220.181.108.159 - - [12/Aug/2024:09:09:12 +0800] "GET /logs/access_20230214.log HTTP/1.1" 200 16806 "-" "Mozilla/5.0 (compatible; Baiduspider/2.0; +http://www.baidu.com/search/spider.html)"
220.181.108.110 - - [12/Aug/2024:09:35:52 +0800] "GET /logs/access_20221008.log HTTP/1.1" 200 50230 "-" "Mozilla/5.0 (compatible; Baiduspider/2.0; +http://www.baidu.com/search/spider.html)"
220.181.108.156 - - [12/Aug/2024:10:02:32 +0800] "GET /logs/access_20230713.log HTTP/1.1" 200 19061 "-" "Mozilla/5.0 (compatible; Baiduspider/2.0; +http://www.baidu.com/search/spider.html)"
66.249.73.70 - - [12/Aug/2024:10:58:11 +0800] "GET /logs/access_20240501.log HTTP/1.1" 304 - "-" "Mozilla/5.0 (Linux; Android 6.0.1; Nexus 5X Build/MMB29P) AppleWebKit/537.36 (KHTML, like Gecko) Chrome/127.0.6533.99 Mobile Safari/537.36 (compatible; Googlebot/2.1; +http://www.google.com/bot.html)"
220.181.108.146 - - [12/Aug/2024:11:09:13 +0800] "GET /logs/access_20230201.log HTTP/1.1" 200 10871 "-" "Mozilla/5.0 (compatible; Baiduspider/2.0; +http://www.baidu.com/search/spider.html)"
220.181.108.83 - - [12/Aug/2024:11:49:13 +0800] "GET /logs/access_20240211.log HTTP/1.1" 200 17403 "-" "Mozilla/5.0 (compatible; Baiduspider/2.0; +http://www.baidu.com/search/spider.html)"
66.249.73.70 - - [12/Aug/2024:11:52:26 +0800] "GET /logs/access_20230802.log HTTP/1.1" 304 - "-" "Mozilla/5.0 (Linux; Android 6.0.1; Nexus 5X Build/MMB29P) AppleWebKit/537.36 (KHTML, like Gecko) Chrome/127.0.6533.99 Mobile Safari/537.36 (compatible; Googlebot/2.1; +http://www.google.com/bot.html)"
66.249.73.70 - - [12/Aug/2024:12:03:28 +0800] "GET /icons/ HTTP/1.1" 200 74798 "-" "Mozilla/5.0 (Linux; Android 6.0.1; Nexus 5X Build/MMB29P) AppleWebKit/537.36 (KHTML, like Gecko) Chrome/127.0.6533.99 Mobile Safari/537.36 (compatible; Googlebot/2.1; +http://www.google.com/bot.html)"
116.179.32.12 - - [12/Aug/2024:12:29:12 +0800] "GET /logs/access_20221231.log HTTP/1.1" 200 16271 "-" "Mozilla/5.0 (compatible; Baiduspider/2.0; +http://www.baidu.com/search/spider.html)"
220.181.51.88 - - [12/Aug/2024:12:29:12 +0800] "GET /robots.txt HTTP/1.1" 404 1052 "-" "Mozilla/5.0 (Windows NT 10.0; WOW64) AppleWebKit/537.36 (KHTML, like Gecko) Chrome/48.0.2564.116 Safari/537.36"
220.181.51.116 - - [12/Aug/2024:12:29:13 +0800] "GET /robots.txt HTTP/1.1" 404 1052 "-" "Mozilla/5.0 (Windows NT 10.0; WOW64) AppleWebKit/537.36 (KHTML, like Gecko) Chrome/48.0.2564.116 Safari/537.36"
66.249.73.69 - - [12/Aug/2024:12:34:33 +0800] "GET /icons/back.gif HTTP/1.1" 200 216 "-" "Googlebot-Image/1.0"
220.181.108.83 - - [12/Aug/2024:13:33:13 +0800] "GET /logs/access_20230228.log HTTP/1.1" 200 8412 "-" "Mozilla/5.0 (compatible; Baiduspider/2.0; +http://www.baidu.com/search/spider.html)"
66.249.73.69 - - [12/Aug/2024:13:34:32 +0800] "GET /icons/ball.red.png HTTP/1.1" 200 289 "-" "Googlebot-Image/1.0"
66.249.73.69 - - [12/Aug/2024:13:45:27 +0800] "GET /logs/access_20240515.log HTTP/1.1" 304 - "-" "Mozilla/5.0 (Linux; Android 6.0.1; Nexus 5X Build/MMB29P) AppleWebKit/537.36 (KHTML, like Gecko) Chrome/127.0.6533.99 Mobile Safari/537.36 (compatible; Googlebot/2.1; +http://www.google.com/bot.html)"
220.181.108.168 - - [12/Aug/2024:13:57:13 +0800] "GET /logs/access_20230204.log HTTP/1.1" 200 7516 "-" "Mozilla/5.0 (compatible; Baiduspider/2.0; +http://www.baidu.com/search/spider.html)"
220.181.108.112 - - [12/Aug/2024:14:21:13 +0800] "GET /logs/access_20230212.log HTTP/1.1" 200 14717 "-" "Mozilla/5.0 (compatible; Baiduspider/2.0; +http://www.baidu.com/search/spider.html)"
66.249.73.68 - - [12/Aug/2024:14:35:24 +0800] "GET /icons/odf6oth.png HTTP/1.1" 200 1062 "-" "Googlebot-Image/1.0"
220.181.108.83 - - [12/Aug/2024:14:45:13 +0800] "GET /logs/access_20231124.log HTTP/1.1" 200 11393 "-" "Mozilla/5.0 (compatible; Baiduspider/2.0; +http://www.baidu.com/search/spider.html)"
66.249.73.69 - - [12/Aug/2024:15:01:55 +0800] "GET /uploads/assets/backend/elfinder/elfinder.html HTTP/1.1" 404 1052 "-" "Mozilla/5.0 (Linux; Android 6.0.1; Nexus 5X Build/MMB29P) AppleWebKit/537.36 (KHTML, like Gecko) Chrome/127.0.6533.99 Mobile Safari/537.36 (compatible; Googlebot/2.1; +http://www.google.com/bot.html)"
220.181.108.178 - - [12/Aug/2024:15:09:13 +0800] "GET /logs/access_20221013.log HTTP/1.1" 304 - "-" "Mozilla/5.0 (compatible; Baiduspider/2.0; +http://www.baidu.com/search/spider.html)"
66.249.73.68 - - [12/Aug/2024:15:23:27 +0800] "GET /logs/access_20240114.log HTTP/1.1" 304 - "-" "Mozilla/5.0 (Linux; Android 6.0.1; Nexus 5X Build/MMB29P) AppleWebKit/537.36 (KHTML, like Gecko) Chrome/127.0.6533.99 Mobile Safari/537.36 (compatible; Googlebot/2.1; +http://www.google.com/bot.html)"
116.179.32.71 - - [12/Aug/2024:15:33:13 +0800] "GET /logs/access_20231112.log HTTP/1.1" 200 3231 "-" "Mozilla/5.0 (compatible; Baiduspider/2.0; +http://www.baidu.com/search/spider.html)"
66.249.73.68 - - [12/Aug/2024:15:34:32 +0800] "GET /icons/small/generic2.gif HTTP/1.1" 200 127 "-" "Googlebot-Image/1.0"
117.50.111.6 - - [12/Aug/2024:15:39:50 +0800] "GET /teachersatkidcastle.php/js/takc.js HTTP/1.1" 404 1052 "-" "Mozilla/5.0 (X11; Linux x86_64) AppleWebKit/537.36 (KHTML, like Gecko) Chrome/85.0.4183.83 Safari/537.36"
66.249.73.70 - - [12/Aug/2024:16:00:17 +0800] "GET /icons/sound1.png HTTP/1.1" 200 331 "-" "Googlebot-Image/1.0"
66.249.73.69 - - [12/Aug/2024:16:13:07 +0800] "GET /icons/ball.gray.png HTTP/1.1" 200 298 "-" "Googlebot-Image/1.0"
220.181.108.175 - - [12/Aug/2024:16:19:21 +0800] "GET /logs/access_20240225.log HTTP/1.1" 200 15753 "-" "Mozilla/5.0 (compatible; Baiduspider/2.0; +http://www.baidu.com/search/spider.html)"
66.249.73.68 - - [12/Aug/2024:16:25:58 +0800] "GET /icons/ball.gray.gif HTTP/1.1" 200 233 "-" "Googlebot-Image/1.0"
66.249.73.69 - - [12/Aug/2024:16:38:49 +0800] "GET /icons/continued.png HTTP/1.1" 200 296 "-" "Googlebot-Image/1.0"
66.249.73.69 - - [12/Aug/2024:16:51:41 +0800] "GET /icons/blank.gif HTTP/1.1" 200 148 "-" "Googlebot-Image/1.0"
66.249.73.70 - - [12/Aug/2024:17:17:31 +0800] "GET /icons/binhex.gif HTTP/1.1" 200 246 "-" "Googlebot-Image/1.0"
220.181.108.169 - - [12/Aug/2024:17:25:42 +0800] "GET /logs/access_20231019.log HTTP/1.1" 200 12988 "-" "Mozilla/5.0 (compatible; Baiduspider/2.0; +http://www.baidu.com/search/spider.html)"
66.249.73.68 - - [12/Aug/2024:17:30:15 +0800] "GET /icons/image2.gif HTTP/1.1" 200 309 "-" "Googlebot-Image/1.0"
66.249.73.70 - - [12/Aug/2024:17:43:07 +0800] "GET /icons/small/sound2.png HTTP/1.1" 200 171 "-" "Googlebot-Image/1.0"
66.249.73.69 - - [12/Aug/2024:17:56:00 +0800] "GET /icons/small/doc.gif HTTP/1.1" 200 191 "-" "Googlebot-Image/1.0"
66.249.73.68 - - [12/Aug/2024:18:07:07 +0800] "GET /logs/access_20231220.log HTTP/1.1" 304 - "-" "Mozilla/5.0 (Linux; Android 6.0.1; Nexus 5X Build/MMB29P) AppleWebKit/537.36 (KHTML, like Gecko) Chrome/127.0.6533.99 Mobile Safari/537.36 (compatible; Googlebot/2.1; +http://www.google.com/bot.html)"
220.181.108.158 - - [12/Aug/2024:18:16:35 +0800] "GET /logs/access_20231016.log HTTP/1.1" 200 15321 "-" "Mozilla/5.0 (compatible; Baiduspider/2.0; +http://www.baidu.com/search/spider.html)"
220.181.108.159 - - [12/Aug/2024:19:09:25 +0800] "GET /logs/access_20231022.log HTTP/1.1" 200 12106 "-" "Mozilla/5.0 (compatible; Baiduspider/2.0; +http://www.baidu.com/search/spider.html)"
220.181.51.120 - - [12/Aug/2024:21:33:20 +0800] "GET / HTTP/1.1" 200 794 "-" "Mozilla/5.0 (Windows NT 10.0; WOW64) AppleWebKit/537.36 (KHTML, like Gecko) Chrome/48.0.2564.116 Safari/537.36"
66.249.73.70 - - [12/Aug/2024:22:56:32 +0800] "GET /robots.txt HTTP/1.1" 404 1052 "-" "Mozilla/5.0 (compatible; Googlebot/2.1; +http://www.google.com/bot.html)"
66.249.73.68 - - [12/Aug/2024:22:56:33 +0800] "GET /logs/access_20230417.log HTTP/1.1" 304 - "-" "Mozilla/5.0 (Linux; Android 6.0.1; Nexus 5X Build/MMB29P) AppleWebKit/537.36 (KHTML, like Gecko) Chrome/127.0.6533.99 Mobile Safari/537.36 (compatible; Googlebot/2.1; +http://www.google.com/bot.html)"
220.181.108.177 - - [12/Aug/2024:23:27:23 +0800] "GET /logs/access_20231113.log HTTP/1.1" 200 15402 "-" "Mozilla/5.0 (compatible; Baiduspider/2.0; +http://www.baidu.com/search/spider.html)"
220.181.51.120 - - [12/Aug/2024:23:37:26 +0800] "GET / HTTP/1.1" 200 794 "-" "Mozilla/5.0 (Windows NT 10.0; WOW64) AppleWebKit/537.36 (KHTML, like Gecko) Chrome/48.0.2564.116 Safari/537.36"
66.249.73.69 - - [12/Aug/2024:23:41:05 +0800] "GET /logs/access_20231113.log HTTP/1.1" 200 15402 "-" "Mozilla/5.0 (Linux; Android 6.0.1; Nexus 5X Build/MMB29P) AppleWebKit/537.36 (KHTML, like Gecko) Chrome/127.0.6533.99 Mobile Safari/537.36 (compatible; Googlebot/2.1; +http://www.google.com/bot.html)"