66.249.73.69 - - [02/Aug/2024:00:11:12 +0800] "GET /logs/access_20221219.log HTTP/1.1" 304 - "-" "Mozilla/5.0 (Linux; Android 6.0.1; Nexus 5X Build/MMB29P) AppleWebKit/537.36 (KHTML, like Gecko) Chrome/126.0.6478.182 Mobile Safari/537.36 (compatible; Googlebot/2.1; +http://www.google.com/bot.html)"
66.249.73.70 - - [02/Aug/2024:00:32:39 +0800] "GET /logs/access_20240503.log HTTP/1.1" 200 16768 "-" "Mozilla/5.0 (Linux; Android 6.0.1; Nexus 5X Build/MMB29P) AppleWebKit/537.36 (KHTML, like Gecko) Chrome/126.0.6478.182 Mobile Safari/537.36 (compatible; Googlebot/2.1; +http://www.google.com/bot.html)"
66.249.73.69 - - [02/Aug/2024:00:38:12 +0800] "GET /logs/access_20230724.log HTTP/1.1" 304 - "-" "Mozilla/5.0 (Linux; Android 6.0.1; Nexus 5X Build/MMB29P) AppleWebKit/537.36 (KHTML, like Gecko) Chrome/126.0.6478.182 Mobile Safari/537.36 (compatible; Googlebot/2.1; +http://www.google.com/bot.html)"
117.50.111.6 - - [02/Aug/2024:00:59:38 +0800] "GET /teachersatkidcastle.php/js/teachersatkidcastle.js HTTP/1.1" 404 1052 "-" "Mozilla/5.0 (X11; Linux x86_64) AppleWebKit/537.36 (KHTML, like Gecko) Chrome/85.0.4183.83 Safari/537.36"
117.50.111.6 - - [02/Aug/2024:00:59:39 +0800] "GET /teachersatkidcastle.php HTTP/1.1" 404 1052 "-" "Mozilla/5.0 (X11; Linux x86_64) AppleWebKit/537.36 (KHTML, like Gecko) Chrome/85.0.4183.83 Safari/537.36"
66.249.73.68 - - [02/Aug/2024:01:03:14 +0800] "GET /logs/access_20231118.log HTTP/1.1" 304 - "-" "Mozilla/5.0 (Linux; Android 6.0.1; Nexus 5X Build/MMB29P) AppleWebKit/537.36 (KHTML, like Gecko) Chrome/126.0.6478.182 Mobile Safari/537.36 (compatible; Googlebot/2.1; +http://www.google.com/bot.html)"
120.245.61.91 - - [02/Aug/2024:01:34:51 +0800] "GET /robots.txt HTTP/1.1" 404 1052 "-" "Mozilla/5.0 (Windows NT 10.0; Win64; x64) AppleWebKit/537.36 (KHTML, like Gecko) Chrome/76.0.4050.153 Safari/537.36 Edge/18.18362"
66.249.73.69 - - [02/Aug/2024:01:44:00 +0800] "GET /logs/access_20230618.log HTTP/1.1" 304 - "-" "Mozilla/5.0 (Linux; Android 6.0.1; Nexus 5X Build/MMB29P) AppleWebKit/537.36 (KHTML, like Gecko) Chrome/126.0.6478.182 Mobile Safari/537.36 (compatible; Googlebot/2.1; +http://www.google.com/bot.html)"
66.249.73.68 - - [02/Aug/2024:02:07:21 +0800] "GET /logs/access_20230213.log HTTP/1.1" 304 - "-" "Mozilla/5.0 (Linux; Android 6.0.1; Nexus 5X Build/MMB29P) AppleWebKit/537.36 (KHTML, like Gecko) Chrome/126.0.6478.182 Mobile Safari/537.36 (compatible; Googlebot/2.1; +http://www.google.com/bot.html)"
66.249.73.70 - - [02/Aug/2024:02:09:42 +0800] "GET /logs/access_20230201.log HTTP/1.1" 304 - "-" "Mozilla/5.0 (Linux; Android 6.0.1; Nexus 5X Build/MMB29P) AppleWebKit/537.36 (KHTML, like Gecko) Chrome/126.0.6478.182 Mobile Safari/537.36 (compatible; Googlebot/2.1; +http://www.google.com/bot.html)"
66.249.73.69 - - [02/Aug/2024:02:35:27 +0800] "GET /logs/access_20230203.log HTTP/1.1" 304 - "-" "Mozilla/5.0 (Linux; Android 6.0.1; Nexus 5X Build/MMB29P) AppleWebKit/537.36 (KHTML, like Gecko) Chrome/126.0.6478.182 Mobile Safari/537.36 (compatible; Googlebot/2.1; +http://www.google.com/bot.html)"
66.249.73.68 - - [02/Aug/2024:03:06:33 +0800] "GET /logs/access_20240730.log HTTP/1.1" 304 - "-" "Mozilla/5.0 (Linux; Android 6.0.1; Nexus 5X Build/MMB29P) AppleWebKit/537.36 (KHTML, like Gecko) Chrome/126.0.6478.182 Mobile Safari/537.36 (compatible; Googlebot/2.1; +http://www.google.com/bot.html)"
66.249.73.70 - - [02/Aug/2024:04:27:00 +0800] "GET /logs/access_20230910.log HTTP/1.1" 304 - "-" "Mozilla/5.0 (Linux; Android 6.0.1; Nexus 5X Build/MMB29P) AppleWebKit/537.36 (KHTML, like Gecko) Chrome/126.0.6478.182 Mobile Safari/537.36 (compatible; Googlebot/2.1; +http://www.google.com/bot.html)"
66.249.73.70 - - [02/Aug/2024:05:38:01 +0800] "GET /logs/access_20231129.log HTTP/1.1" 304 - "-" "Mozilla/5.0 (Linux; Android 6.0.1; Nexus 5X Build/MMB29P) AppleWebKit/537.36 (KHTML, like Gecko) Chrome/126.0.6478.182 Mobile Safari/537.36 (compatible; Googlebot/2.1; +http://www.google.com/bot.html)"
180.184.67.83 - - [02/Aug/2024:05:50:16 +0800] "GET /logs/access_20230713.log HTTP/1.1" 200 19061 "-" "Mozilla/5.0 (Linux; Android 10; V1950A; wv) AppleWebKit/537.36 (KHTML, like Gecko) Chrome/62.0.3202.84 Mobile Safari/537.36 VivoBrowser/20.2.3.0"
66.249.73.68 - - [02/Aug/2024:06:06:14 +0800] "GET /logs/access_20230412.log HTTP/1.1" 200 21632 "-" "Mozilla/5.0 (Linux; Android 6.0.1; Nexus 5X Build/MMB29P) AppleWebKit/537.36 (KHTML, like Gecko) Chrome/126.0.6478.182 Mobile Safari/537.36 (compatible; Googlebot/2.1; +http://www.google.com/bot.html)"
66.249.73.69 - - [02/Aug/2024:06:23:57 +0800] "GET /logs/access_20221101.log HTTP/1.1" 304 - "-" "Mozilla/5.0 (Linux; Android 6.0.1; Nexus 5X Build/MMB29P) AppleWebKit/537.36 (KHTML, like Gecko) Chrome/126.0.6478.182 Mobile Safari/537.36 (compatible; Googlebot/2.1; +http://www.google.com/bot.html)"
38.170.21.36 - - [02/Aug/2024:06:28:29 +0800] "GET /logs/access_20211209.log HTTP/1.1" 404 1194 "http://ft.kidcastle.com.cn/" "Mozilla/5.0 (X11; Linux i686) AppleWebKit/537.36 (KHTML, like Gecko) Chrome/114.0.0.0 Safari/537.36 Vivaldi/5.3.2679.68"
38.170.21.36 - - [02/Aug/2024:06:29:31 +0800] "GET / HTTP/1.1" 200 794 "http://ft.kidcastle.com.cn" "Mozilla/5.0 (X11; Linux i686) AppleWebKit/537.36 (KHTML, like Gecko) Chrome/114.0.0.0 Safari/537.36 Vivaldi/5.3.2679.68"
152.42.249.179 - - [02/Aug/2024:07:00:42 +0800] "GET /logs/access_20210425.log HTTP/1.1" 404 1194 "http://ft.kidcastle.com.cn/" "Mozilla/5.0 (Windows NT 10.0; Win64; x64) AppleWebKit/537.36 (KHTML, like Gecko) Chrome/114.0.0.0 YaBrowser/22.7.0 Yowser/2.5 Safari/537.36"
152.42.249.179 - - [02/Aug/2024:07:00:43 +0800] "GET / HTTP/1.1" 200 794 "http://ft.kidcastle.com.cn" "Mozilla/5.0 (Windows NT 10.0; Win64; x64) AppleWebKit/537.36 (KHTML, like Gecko) Chrome/114.0.0.0 YaBrowser/22.7.0 Yowser/2.5 Safari/537.36"
66.249.73.70 - - [02/Aug/2024:08:24:06 +0800] "GET /robots.txt HTTP/1.1" 404 1052 "-" "Mozilla/5.0 (compatible; Googlebot/2.1; +http://www.google.com/bot.html)"
66.249.73.69 - - [02/Aug/2024:08:24:07 +0800] "GET /logs/access_20230417.log HTTP/1.1" 304 - "-" "Mozilla/5.0 (Linux; Android 6.0.1; Nexus 5X Build/MMB29P) AppleWebKit/537.36 (KHTML, like Gecko) Chrome/126.0.6478.182 Mobile Safari/537.36 (compatible; Googlebot/2.1; +http://www.google.com/bot.html)"
3.89.108.182 - - [02/Aug/2024:10:30:25 +0800] "GET /%20%20%20%20%E5%90%89%E7%9A%84%E5%A0%A1%E5%A4%96%E6%95%99%E7%BD%91%E7%AB%99 HTTP/1.1" 404 1052 "-" "Mozilla/5.0 (Windows NT 10.0; Win64; x64) AppleWebKit/537.36 (KHTML, like Gecko) Chrome/113.0.0.0 Safari/537.36"
54.186.44.253 - - [02/Aug/2024:10:30:25 +0800] "GET /%20%20%20%20%E5%90%89%E7%9A%84%E5%A0%A1%E5%A4%96%E6%95%99%E7%BD%91%E7%AB%99 HTTP/1.1" 404 1052 "-" "Mozilla/5.0 (Windows NT 10.0; Win64; x64) AppleWebKit/537.36 (KHTML, like Gecko) Chrome/113.0.0.0 Safari/537.36"
52.42.134.8 - - [02/Aug/2024:10:31:21 +0800] "GET /%20%20%20%20??????? HTTP/1.1" 403 1040 "-" "Mozilla/5.0 (Windows NT 10.0; Win64; x64) AppleWebKit/537.36 (KHTML, like Gecko) Chrome/113.0.0.0 Safari/537.36"
20.195.17.213 - - [02/Aug/2024:10:31:26 +0800] "GET /%20%20%20%20??????? HTTP/1.1" 403 1040 "-" "Mozilla/5.0 (Windows NT 10.0; WOW64) AppleWebKit/537.36 (KHTML, like Gecko) Chrome/63.0.3239.84 Safari/537.36"
216.244.66.195 - - [02/Aug/2024:11:10:03 +0800] "GET /robots.txt HTTP/1.1" 404 1052 "-" "Mozilla/5.0 (compatible; DotBot/1.2; +https://opensiteexplorer.org/dotbot; help@moz.com)"
216.244.66.195 - - [02/Aug/2024:11:29:37 +0800] "GET /logs/access_20230801.log HTTP/1.1" 200 13182 "-" "Mozilla/5.0 (compatible; DotBot/1.2; +https://opensiteexplorer.org/dotbot; help@moz.com)"
216.244.66.195 - - [02/Aug/2024:11:29:42 +0800] "GET /logs/access_20240208.log HTTP/1.1" 200 14470 "-" "Mozilla/5.0 (compatible; DotBot/1.2; +https://opensiteexplorer.org/dotbot; help@moz.com)"
66.249.73.68 - - [02/Aug/2024:13:17:13 +0800] "GET /logs/access_20231227.log HTTP/1.1" 200 17327 "-" "Mozilla/5.0 (Linux; Android 6.0.1; Nexus 5X Build/MMB29P) AppleWebKit/537.36 (KHTML, like Gecko) Chrome/126.0.6478.182 Mobile Safari/537.36 (compatible; Googlebot/2.1; +http://www.google.com/bot.html)"
117.50.111.6 - - [02/Aug/2024:14:07:09 +0800] "GET /teachersatkidcastle.php/js/takc.js HTTP/1.1" 404 1052 "-" "Mozilla/5.0 (X11; Linux x86_64) AppleWebKit/537.36 (KHTML, like Gecko) Chrome/85.0.4183.83 Safari/537.36"
147.78.141.84 - - [02/Aug/2024:14:13:49 +0800] "GET /logs/access_20240610.log HTTP/1.1" 200 22990 "http://ft.kidcastle.com.cn/" "Mozilla/5.0 (Macintosh; Intel Mac OS X 12_5) AppleWebKit/605.1.15 (KHTML, like Gecko) Version/15.4 Safari/605.1.15"
147.78.141.84 - - [02/Aug/2024:14:13:51 +0800] "GET /plus/img/df_dedetitle.gif HTTP/1.1" 404 1242 "http://ft.kidcastle.com.cn/logs/access_20240610.log" "Mozilla/5.0 (Macintosh; Intel Mac OS X 12_5) AppleWebKit/605.1.15 (KHTML, like Gecko) Version/15.4 Safari/605.1.15"
147.78.141.84 - - [02/Aug/2024:14:13:51 +0800] "GET / HTTP/1.1" 200 794 "http://ft.kidcastle.com.cn/logs/access_20240610.log" "Mozilla/5.0 (Macintosh; Intel Mac OS X 12_5) AppleWebKit/605.1.15 (KHTML, like Gecko) Version/15.4 Safari/605.1.15"
66.249.73.68 - - [02/Aug/2024:14:18:10 +0800] "GET /icons/ HTTP/1.1" 200 74798 "-" "Mozilla/5.0 (Linux; Android 6.0.1; Nexus 5X Build/MMB29P) AppleWebKit/537.36 (KHTML, like Gecko) Chrome/126.0.6478.182 Mobile Safari/537.36 (compatible; Googlebot/2.1; +http://www.google.com/bot.html)"
220.181.51.118 - - [02/Aug/2024:14:42:09 +0800] "GET /robots.txt HTTP/1.1" 404 1052 "-" "Mozilla/5.0 (Windows NT 10.0; WOW64) AppleWebKit/537.36 (KHTML, like Gecko) Chrome/48.0.2564.116 Safari/537.36"
220.181.108.83 - - [02/Aug/2024:14:42:09 +0800] "GET /logs/access_20240411.log HTTP/1.1" 200 261388 "-" "Mozilla/5.0 (compatible; Baiduspider/2.0; +http://www.baidu.com/search/spider.html)"
154.21.169.120 - - [02/Aug/2024:15:18:02 +0800] "GET /logs/access_20240506.log HTTP/1.1" 200 8122 "http://ft.kidcastle.com.cn/" "Mozilla/5.0 (Macintosh; Intel Mac OS X 12_5) AppleWebKit/537.36 (KHTML, like Gecko) Chrome/114.0.0.0 Safari/537.36 OPR/89.0.4447.51"
220.181.51.120 - - [02/Aug/2024:16:28:59 +0800] "GET / HTTP/1.1" 200 794 "-" "Mozilla/5.0 (Windows NT 10.0; WOW64) AppleWebKit/537.36 (KHTML, like Gecko) Chrome/48.0.2564.116 Safari/537.36"
113.215.188.61 - - [02/Aug/2024:16:40:26 +0800] "GET / HTTP/1.1" 200 794 "-" "Mozilla/5.0 (Windows NT 10.0; Win64; x64) AppleWebKit/537.36 (KHTML, like Gecko) Chrome/103.0.3835.197 Safari/537.36"
113.215.188.61 - - [02/Aug/2024:16:40:26 +0800] "GET / HTTP/1.1" 200 794 "-" "Mozilla/5.0 (Windows NT 10.0; Win64; x64) AppleWebKit/537.36 (KHTML, like Gecko) Chrome/107.0.9323.106 Safari/537.36"
113.215.188.61 - - [02/Aug/2024:16:40:26 +0800] "GET /favicon.ico HTTP/1.1" 404 1052 "-" "Mozilla/5.0 (Windows NT 10.0; Win64; x64) AppleWebKit/537.36 (KHTML, like Gecko) Chrome/107.0.9323.106 Safari/537.36"
113.215.188.61 - - [02/Aug/2024:16:40:26 +0800] "GET /?C=M;O=A HTTP/1.1" 200 794 "-" "Mozilla/5.0 (Windows NT 10.0; Win64; x64) AppleWebKit/537.36 (KHTML, like Gecko) Chrome/114.0.1392.156 Safari/537.36"
113.215.188.59 - - [02/Aug/2024:16:40:26 +0800] "GET /?C=D;O=A HTTP/1.1" 200 794 "-" "Mozilla/5.0 (Windows NT 10.0; Win64; x64) AppleWebKit/537.36 (KHTML, like Gecko) Chrome/83.0.4223.57 Safari/537.36"
113.215.188.61 - - [02/Aug/2024:16:40:27 +0800] "GET / HTTP/1.1" 200 794 "-" "Mozilla/5.0 (Windows NT 10.0; Win64; x64) AppleWebKit/537.36 (KHTML, like Gecko) Chrome/97.0.7097.27 Safari/537.36"
113.215.188.59 - - [02/Aug/2024:16:40:27 +0800] "GET / HTTP/1.1" 200 794 "-" "Mozilla/5.0 (Windows NT 10.0; Win64; x64) AppleWebKit/537.36 (KHTML, like Gecko) Chrome/84.0.6812.50 Safari/537.36"
113.215.188.61 - - [02/Aug/2024:16:40:27 +0800] "GET /favicon.ico HTTP/1.1" 404 1052 "-" "Mozilla/5.0 (Windows NT 10.0; Win64; x64) AppleWebKit/537.36 (KHTML, like Gecko) Chrome/97.0.7097.27 Safari/537.36"
113.215.188.59 - - [02/Aug/2024:16:40:27 +0800] "GET /favicon.ico HTTP/1.1" 404 1052 "-" "Mozilla/5.0 (Windows NT 10.0; Win64; x64) AppleWebKit/537.36 (KHTML, like Gecko) Chrome/84.0.6812.50 Safari/537.36"
113.215.188.59 - - [02/Aug/2024:16:40:27 +0800] "GET /?C=S;O=A HTTP/1.1" 200 794 "-" "Mozilla/5.0 (Windows NT 10.0; Win64; x64) AppleWebKit/537.36 (KHTML, like Gecko) Chrome/94.0.9085.191 Safari/537.36"
113.215.188.61 - - [02/Aug/2024:16:40:27 +0800] "GET /?C=N;O=D HTTP/1.1" 200 794 "-" "Mozilla/5.0 (Windows NT 10.0; Win64; x64) AppleWebKit/537.36 (KHTML, like Gecko) Chrome/92.0.3539.88 Safari/537.36"
113.215.188.59 - - [02/Aug/2024:16:40:27 +0800] "GET / HTTP/1.1" 200 794 "-" "Mozilla/5.0 (Windows NT 10.0; Win64; x64) AppleWebKit/537.36 (KHTML, like Gecko) Chrome/89.0.2865.90 Safari/537.36"
113.215.188.61 - - [02/Aug/2024:16:40:27 +0800] "GET / HTTP/1.1" 200 794 "-" "Mozilla/5.0 (Windows NT 10.0; Win64; x64) AppleWebKit/537.36 (KHTML, like Gecko) Chrome/106.0.4614.49 Safari/537.36"
113.215.188.59 - - [02/Aug/2024:16:40:27 +0800] "GET /favicon.ico HTTP/1.1" 404 1052 "-" "Mozilla/5.0 (Windows NT 10.0; Win64; x64) AppleWebKit/537.36 (KHTML, like Gecko) Chrome/89.0.2865.90 Safari/537.36"
113.215.188.59 - - [02/Aug/2024:16:40:27 +0800] "GET /favicon.ico HTTP/1.1" 404 1052 "-" "Mozilla/5.0 (Windows NT 10.0; Win64; x64) AppleWebKit/537.36 (KHTML, like Gecko) Chrome/106.0.4614.49 Safari/537.36"
113.215.188.59 - - [02/Aug/2024:16:40:27 +0800] "GET /icons/blank.gif HTTP/1.1" 200 148 "-" "Mozilla/5.0 (Windows NT 10.0; Win64; x64) AppleWebKit/537.36 (KHTML, like Gecko) Chrome/97.0.8497.71 Safari/537.36"
113.215.188.61 - - [02/Aug/2024:16:40:27 +0800] "GET /icons/folder.gif HTTP/1.1" 200 225 "-" "Mozilla/5.0 (Windows NT 10.0; Win64; x64) AppleWebKit/537.36 (KHTML, like Gecko) Chrome/106.0.7756.149 Safari/537.36"
113.215.188.59 - - [02/Aug/2024:16:40:27 +0800] "GET / HTTP/1.1" 200 794 "-" "Mozilla/5.0 (Windows NT 10.0; Win64; x64) AppleWebKit/537.36 (KHTML, like Gecko) Chrome/97.0.6260.36 Safari/537.36"
113.215.188.61 - - [02/Aug/2024:16:40:27 +0800] "GET / HTTP/1.1" 200 794 "-" "Mozilla/5.0 (Windows NT 10.0; Win64; x64) AppleWebKit/537.36 (KHTML, like Gecko) Chrome/96.0.9380.98 Safari/537.36"
113.215.188.61 - - [02/Aug/2024:16:40:27 +0800] "GET /favicon.ico HTTP/1.1" 404 1052 "-" "Mozilla/5.0 (Windows NT 10.0; Win64; x64) AppleWebKit/537.36 (KHTML, like Gecko) Chrome/97.0.6260.36 Safari/537.36"
113.215.188.59 - - [02/Aug/2024:16:40:27 +0800] "GET /favicon.ico HTTP/1.1" 404 1052 "-" "Mozilla/5.0 (Windows NT 10.0; Win64; x64) AppleWebKit/537.36 (KHTML, like Gecko) Chrome/96.0.9380.98 Safari/537.36"
113.215.188.59 - - [02/Aug/2024:16:40:27 +0800] "GET /logs/ HTTP/1.1" 200 147946 "-" "Mozilla/5.0 (Windows NT 10.0; Win64; x64) AppleWebKit/537.36 (KHTML, like Gecko) Chrome/97.0.5710.196 Safari/537.36"
113.215.188.59 - - [02/Aug/2024:16:40:27 +0800] "GET / HTTP/1.1" 200 794 "-" "Mozilla/5.0 (Windows NT 10.0; Win64; x64) AppleWebKit/537.36 (KHTML, like Gecko) Chrome/106.0.3432.72 Safari/537.36"
113.215.188.59 - - [02/Aug/2024:16:40:27 +0800] "GET /favicon.ico HTTP/1.1" 404 1052 "-" "Mozilla/5.0 (Windows NT 10.0; Win64; x64) AppleWebKit/537.36 (KHTML, like Gecko) Chrome/106.0.3432.72 Safari/537.36"
113.215.189.144 - - [02/Aug/2024:17:02:59 +0800] "GET / HTTP/1.1" 200 794 "-" "Mozilla/5.0 (Windows NT 10.0; Win64; x64) AppleWebKit/537.36 (KHTML, like Gecko) Chrome/92.0.2627.127 Safari/537.36"
113.215.189.144 - - [02/Aug/2024:17:02:59 +0800] "GET / HTTP/1.1" 200 794 "-" "Mozilla/5.0 (Windows NT 10.0; Win64; x64) AppleWebKit/537.36 (KHTML, like Gecko) Chrome/96.0.8235.138 Safari/537.36"
113.215.189.144 - - [02/Aug/2024:17:02:59 +0800] "GET /favicon.ico HTTP/1.1" 404 1052 "-" "Mozilla/5.0 (Windows NT 10.0; Win64; x64) AppleWebKit/537.36 (KHTML, like Gecko) Chrome/96.0.8235.138 Safari/537.36"
113.215.189.144 - - [02/Aug/2024:17:03:03 +0800] "GET /?C=M;O=A HTTP/1.1" 200 794 "-" "Mozilla/5.0 (Windows NT 10.0; Win64; x64) AppleWebKit/537.36 (KHTML, like Gecko) Chrome/85.0.3331.98 Safari/537.36"
113.215.189.144 - - [02/Aug/2024:17:03:03 +0800] "GET / HTTP/1.1" 200 794 "-" "Mozilla/5.0 (Windows NT 10.0; Win64; x64) AppleWebKit/537.36 (KHTML, like Gecko) Chrome/102.0.1264.128 Safari/537.36"
113.215.189.144 - - [02/Aug/2024:17:03:03 +0800] "GET /favicon.ico HTTP/1.1" 404 1052 "-" "Mozilla/5.0 (Windows NT 10.0; Win64; x64) AppleWebKit/537.36 (KHTML, like Gecko) Chrome/102.0.1264.128 Safari/537.36"
113.215.189.144 - - [02/Aug/2024:17:03:04 +0800] "GET /?C=N;O=D HTTP/1.1" 200 794 "-" "Mozilla/5.0 (Windows NT 10.0; Win64; x64) AppleWebKit/537.36 (KHTML, like Gecko) Chrome/104.0.3653.165 Safari/537.36"
113.215.189.144 - - [02/Aug/2024:17:03:04 +0800] "GET / HTTP/1.1" 200 794 "-" "Mozilla/5.0 (Windows NT 10.0; Win64; x64) AppleWebKit/537.36 (KHTML, like Gecko) Chrome/80.0.8888.128 Safari/537.36"
113.215.189.144 - - [02/Aug/2024:17:03:04 +0800] "GET /favicon.ico HTTP/1.1" 404 1052 "-" "Mozilla/5.0 (Windows NT 10.0; Win64; x64) AppleWebKit/537.36 (KHTML, like Gecko) Chrome/80.0.8888.128 Safari/537.36"
113.215.189.139 - - [02/Aug/2024:17:03:04 +0800] "GET /?C=D;O=A HTTP/1.1" 200 794 "-" "Mozilla/5.0 (Windows NT 10.0; Win64; x64) AppleWebKit/537.36 (KHTML, like Gecko) Chrome/111.0.5015.116 Safari/537.36"
113.215.189.139 - - [02/Aug/2024:17:03:04 +0800] "GET / HTTP/1.1" 200 794 "-" "Mozilla/5.0 (Windows NT 10.0; Win64; x64) AppleWebKit/537.36 (KHTML, like Gecko) Chrome/83.0.8894.179 Safari/537.36"
113.215.189.139 - - [02/Aug/2024:17:03:04 +0800] "GET /favicon.ico HTTP/1.1" 404 1052 "-" "Mozilla/5.0 (Windows NT 10.0; Win64; x64) AppleWebKit/537.36 (KHTML, like Gecko) Chrome/83.0.8894.179 Safari/537.36"
113.215.189.139 - - [02/Aug/2024:17:03:05 +0800] "GET /icons/blank.gif HTTP/1.1" 200 148 "-" "Mozilla/5.0 (Windows NT 10.0; Win64; x64) AppleWebKit/537.36 (KHTML, like Gecko) Chrome/114.0.9583.134 Safari/537.36"
113.215.189.139 - - [02/Aug/2024:17:03:05 +0800] "GET / HTTP/1.1" 200 794 "-" "Mozilla/5.0 (Windows NT 10.0; Win64; x64) AppleWebKit/537.36 (KHTML, like Gecko) Chrome/80.0.4170.179 Safari/537.36"
113.215.189.139 - - [02/Aug/2024:17:03:05 +0800] "GET /favicon.ico HTTP/1.1" 404 1052 "-" "Mozilla/5.0 (Windows NT 10.0; Win64; x64) AppleWebKit/537.36 (KHTML, like Gecko) Chrome/80.0.4170.179 Safari/537.36"
113.215.189.139 - - [02/Aug/2024:17:03:05 +0800] "GET /icons/folder.gif HTTP/1.1" 200 225 "-" "Mozilla/5.0 (Windows NT 10.0; Win64; x64) AppleWebKit/537.36 (KHTML, like Gecko) Chrome/80.0.4717.39 Safari/537.36"
113.215.189.144 - - [02/Aug/2024:17:03:05 +0800] "GET /?C=S;O=A HTTP/1.1" 200 794 "-" "Mozilla/5.0 (Windows NT 10.0; Win64; x64) AppleWebKit/537.36 (KHTML, like Gecko) Chrome/108.0.9906.168 Safari/537.36"
113.215.189.144 - - [02/Aug/2024:17:03:05 +0800] "GET / HTTP/1.1" 200 794 "-" "Mozilla/5.0 (Windows NT 10.0; Win64; x64) AppleWebKit/537.36 (KHTML, like Gecko) Chrome/104.0.1667.119 Safari/537.36"
113.215.189.144 - - [02/Aug/2024:17:03:06 +0800] "GET /favicon.ico HTTP/1.1" 404 1052 "-" "Mozilla/5.0 (Windows NT 10.0; Win64; x64) AppleWebKit/537.36 (KHTML, like Gecko) Chrome/104.0.1667.119 Safari/537.36"
113.215.189.139 - - [02/Aug/2024:17:03:06 +0800] "GET / HTTP/1.1" 200 794 "-" "Mozilla/5.0 (Windows NT 10.0; Win64; x64) AppleWebKit/537.36 (KHTML, like Gecko) Chrome/92.0.1266.45 Safari/537.36"
113.215.189.139 - - [02/Aug/2024:17:03:06 +0800] "GET /favicon.ico HTTP/1.1" 404 1052 "-" "Mozilla/5.0 (Windows NT 10.0; Win64; x64) AppleWebKit/537.36 (KHTML, like Gecko) Chrome/92.0.1266.45 Safari/537.36"
113.215.189.139 - - [02/Aug/2024:17:03:06 +0800] "GET /logs/ HTTP/1.1" 200 147946 "-" "Mozilla/5.0 (Windows NT 10.0; Win64; x64) AppleWebKit/537.36 (KHTML, like Gecko) Chrome/96.0.4365.85 Safari/537.36"
113.215.189.139 - - [02/Aug/2024:17:03:09 +0800] "GET / HTTP/1.1" 200 794 "-" "Mozilla/5.0 (Windows NT 10.0; Win64; x64) AppleWebKit/537.36 (KHTML, like Gecko) Chrome/85.0.5971.52 Safari/537.36"
113.215.189.139 - - [02/Aug/2024:17:03:09 +0800] "GET /favicon.ico HTTP/1.1" 404 1052 "-" "Mozilla/5.0 (Windows NT 10.0; Win64; x64) AppleWebKit/537.36 (KHTML, like Gecko) Chrome/85.0.5971.52 Safari/537.36"
52.167.144.209 - - [02/Aug/2024:17:26:05 +0800] "GET /logs/access_20201214.log HTTP/1.1" 404 1052 "-" "Mozilla/5.0 AppleWebKit/537.36 (KHTML, like Gecko; compatible; bingbot/2.0; +http://www.bing.com/bingbot.htm) Chrome/116.0.1938.76 Safari/537.36"
116.204.77.47 - - [02/Aug/2024:22:42:13 +0800] "GET / HTTP/1.1" 200 794 "-" "Mozilla/4.0 (compatible; MSIE 7.0; Windows NT 5.1; TencentTraveler ; EmbeddedWB 14.52 from: http://www.bsalsa.com/ EmbeddedWB 14.52; .NET CLR 2.0.50727; InfoPath.2; .NET CLR 3.0.04506.30; .NET CLR 3.0.04506.590; .NET CLR 3.0.04506.648; .NET CLR 3.5.21022)"
116.204.77.47 - - [02/Aug/2024:22:42:13 +0800] "GET / HTTP/1.1" 200 794 "-" "Mozilla/5.0 (Windows NT 6.1; WOW64) AppleWebKit/537.36 (KHTML, like Gecko) Chrome/50.0.2661.102 Safari/537.36"
116.204.77.47 - - [02/Aug/2024:22:42:15 +0800] "GET / HTTP/1.1" 200 794 "-" "Mozilla/5.0 (Windows NT 6.1; WOW64) AppleWebKit/537.36 (KHTML, like Gecko) Chrome/50.0.2661.102 Safari/537.36"
185.141.147.129 - - [02/Aug/2024:22:58:03 +0800] "GET /logs/access_20210425.log HTTP/1.1" 404 1194 "http://ft.kidcastle.com.cn/" "Mozilla/5.0 (X11; Linux x86_64) AppleWebKit/537.36 (KHTML, like Gecko) Chrome/114.0.0.0 Safari/537.36 Vivaldi/5.3.2679.68"