103.230.14.249 - - [03/Jun/2024:00:15:17 +0800] "GET /index.php?c=api&m=data2&auth=d41d8cd98f00b204e9800998ecf8427e¶m=upload HTTP/1.1" 404 1052 "-" "Mozilla/5.0 (Windows NT 10.0; WOW64; rv:48.0) Gecko/20100101 Firefox/48.0"
66.249.73.69 - - [03/Jun/2024:00:31:57 +0800] "GET /logs/access_20230313.log HTTP/1.1" 304 - "-" "Mozilla/5.0 (Linux; Android 6.0.1; Nexus 5X Build/MMB29P) AppleWebKit/537.36 (KHTML, like Gecko) Chrome/125.0.6422.141 Mobile Safari/537.36 (compatible; Googlebot/2.1; +http://www.google.com/bot.html)"
216.244.66.195 - - [03/Jun/2024:01:03:52 +0800] "GET /robots.txt HTTP/1.1" 404 1052 "-" "Mozilla/5.0 (compatible; DotBot/1.2; +https://opensiteexplorer.org/dotbot; help@moz.com)"
66.249.73.69 - - [03/Jun/2024:01:07:14 +0800] "GET /logs/access_20230809.log HTTP/1.1" 304 - "-" "Mozilla/5.0 (Linux; Android 6.0.1; Nexus 5X Build/MMB29P) AppleWebKit/537.36 (KHTML, like Gecko) Chrome/125.0.6422.141 Mobile Safari/537.36 (compatible; Googlebot/2.1; +http://www.google.com/bot.html)"
216.244.66.195 - - [03/Jun/2024:01:35:58 +0800] "GET /logs/access_20231102.log HTTP/1.1" 200 17871 "-" "Mozilla/5.0 (compatible; DotBot/1.2; +https://opensiteexplorer.org/dotbot; help@moz.com)"
216.244.66.195 - - [03/Jun/2024:01:55:51 +0800] "GET /robots.txt HTTP/1.1" 404 1052 "-" "Mozilla/5.0 (compatible; DotBot/1.2; +https://opensiteexplorer.org/dotbot; help@moz.com)"
216.244.66.195 - - [03/Jun/2024:02:15:01 +0800] "GET /logs/access_20230823.log HTTP/1.1" 200 15449 "-" "Mozilla/5.0 (compatible; DotBot/1.2; +https://opensiteexplorer.org/dotbot; help@moz.com)"
216.244.66.195 - - [03/Jun/2024:02:15:06 +0800] "GET /logs/access_20231221.log HTTP/1.1" 200 18534 "-" "Mozilla/5.0 (compatible; DotBot/1.2; +https://opensiteexplorer.org/dotbot; help@moz.com)"
216.244.66.195 - - [03/Jun/2024:02:15:10 +0800] "GET /logs/access_20240122.log HTTP/1.1" 200 8532 "-" "Mozilla/5.0 (compatible; DotBot/1.2; +https://opensiteexplorer.org/dotbot; help@moz.com)"
216.244.66.195 - - [03/Jun/2024:02:15:13 +0800] "GET /logs/access_20240228.log HTTP/1.1" 200 6823 "-" "Mozilla/5.0 (compatible; DotBot/1.2; +https://opensiteexplorer.org/dotbot; help@moz.com)"
216.244.66.195 - - [03/Jun/2024:02:49:12 +0800] "GET /robots.txt HTTP/1.1" 404 1052 "-" "Mozilla/5.0 (compatible; DotBot/1.2; +https://opensiteexplorer.org/dotbot; help@moz.com)"
216.244.66.195 - - [03/Jun/2024:03:20:21 +0800] "GET /logs/access_20231101.log HTTP/1.1" 200 9493 "-" "Mozilla/5.0 (compatible; DotBot/1.2; +https://opensiteexplorer.org/dotbot; help@moz.com)"
216.244.66.195 - - [03/Jun/2024:03:20:26 +0800] "GET /logs/access_20240105.log HTTP/1.1" 200 7219 "-" "Mozilla/5.0 (compatible; DotBot/1.2; +https://opensiteexplorer.org/dotbot; help@moz.com)"
216.244.66.195 - - [03/Jun/2024:03:20:30 +0800] "GET /logs/access_20240113.log HTTP/1.1" 200 12268 "-" "Mozilla/5.0 (compatible; DotBot/1.2; +https://opensiteexplorer.org/dotbot; help@moz.com)"
216.244.66.195 - - [03/Jun/2024:03:20:33 +0800] "GET /logs/access_20240226.log HTTP/1.1" 200 11473 "-" "Mozilla/5.0 (compatible; DotBot/1.2; +https://opensiteexplorer.org/dotbot; help@moz.com)"
216.244.66.195 - - [03/Jun/2024:04:32:35 +0800] "GET /robots.txt HTTP/1.1" 404 1052 "-" "Mozilla/5.0 (compatible; DotBot/1.2; +https://opensiteexplorer.org/dotbot; help@moz.com)"
216.244.66.195 - - [03/Jun/2024:04:48:06 +0800] "GET /logs/access_20231015.log HTTP/1.1" 200 13417 "-" "Mozilla/5.0 (compatible; DotBot/1.2; +https://opensiteexplorer.org/dotbot; help@moz.com)"
89.43.31.134 - - [03/Jun/2024:05:00:38 +0800] "GET /logs/access_20210425.log HTTP/1.1" 404 1194 "http://ft.kidcastle.com.cn/" "Mozilla/5.0 (Macintosh; Intel Mac OS X 12_5) AppleWebKit/537.36 (KHTML, like Gecko) Chrome/114.0.0.0 Safari/537.36 Edg/114.0.1264.71"
89.43.31.134 - - [03/Jun/2024:05:00:39 +0800] "GET / HTTP/1.1" 200 794 "http://ft.kidcastle.com.cn" "Mozilla/5.0 (Macintosh; Intel Mac OS X 12_5) AppleWebKit/537.36 (KHTML, like Gecko) Chrome/114.0.0.0 Safari/537.36 Edg/114.0.1264.71"
89.43.31.134 - - [03/Jun/2024:05:00:44 +0800] "GET /?C=M;O=A HTTP/1.1" 200 794 "http://ft.kidcastle.com.cn" "Mozilla/5.0 (Macintosh; Intel Mac OS X 12_5) AppleWebKit/537.36 (KHTML, like Gecko) Chrome/114.0.0.0 Safari/537.36 Edg/114.0.1264.71"
66.249.73.68 - - [03/Jun/2024:05:15:09 +0800] "GET /custom/index.asp HTTP/1.1" 404 1052 "-" "Mozilla/5.0 (Linux; Android 6.0.1; Nexus 5X Build/MMB29P) AppleWebKit/537.36 (KHTML, like Gecko) Chrome/125.0.6422.141 Mobile Safari/537.36 (compatible; Googlebot/2.1; +http://www.google.com/bot.html)"
216.244.66.195 - - [03/Jun/2024:05:24:20 +0800] "GET /robots.txt HTTP/1.1" 404 1052 "-" "Mozilla/5.0 (compatible; DotBot/1.2; +https://opensiteexplorer.org/dotbot; help@moz.com)"
216.244.66.195 - - [03/Jun/2024:05:41:58 +0800] "GET /logs/access_20230928.log HTTP/1.1" 200 12766 "-" "Mozilla/5.0 (compatible; DotBot/1.2; +https://opensiteexplorer.org/dotbot; help@moz.com)"
216.244.66.195 - - [03/Jun/2024:06:16:10 +0800] "GET /robots.txt HTTP/1.1" 404 1052 "-" "Mozilla/5.0 (compatible; DotBot/1.2; +https://opensiteexplorer.org/dotbot; help@moz.com)"
216.244.66.195 - - [03/Jun/2024:06:30:32 +0800] "GET /logs/access_20240312.log HTTP/1.1" 200 41014 "-" "Mozilla/5.0 (compatible; DotBot/1.2; +https://opensiteexplorer.org/dotbot; help@moz.com)"
216.244.66.195 - - [03/Jun/2024:07:08:04 +0800] "GET /robots.txt HTTP/1.1" 404 1052 "-" "Mozilla/5.0 (compatible; DotBot/1.2; +https://opensiteexplorer.org/dotbot; help@moz.com)"
216.244.66.195 - - [03/Jun/2024:07:27:25 +0800] "GET /logs/access_20231223.log HTTP/1.1" 200 18186 "-" "Mozilla/5.0 (compatible; DotBot/1.2; +https://opensiteexplorer.org/dotbot; help@moz.com)"
123.125.109.157 - - [03/Jun/2024:08:29:33 +0800] "GET / HTTP/1.1" 200 794 "-" "Sogou web spider/4.0(+http://www.sogou.com/docs/help/webmasters.htm#07)"
66.249.73.68 - - [03/Jun/2024:08:37:14 +0800] "GET /logs/access_20240518.log HTTP/1.1" 200 130662 "-" "Mozilla/5.0 (Linux; Android 6.0.1; Nexus 5X Build/MMB29P) AppleWebKit/537.36 (KHTML, like Gecko) Chrome/125.0.6422.141 Mobile Safari/537.36 (compatible; Googlebot/2.1; +http://www.google.com/bot.html)"
216.244.66.195 - - [03/Jun/2024:08:50:19 +0800] "GET /robots.txt HTTP/1.1" 404 1052 "-" "Mozilla/5.0 (compatible; DotBot/1.2; +https://opensiteexplorer.org/dotbot; help@moz.com)"
216.244.66.195 - - [03/Jun/2024:09:14:48 +0800] "GET /logs/access_20230922.log HTTP/1.1" 200 44854 "-" "Mozilla/5.0 (compatible; DotBot/1.2; +https://opensiteexplorer.org/dotbot; help@moz.com)"
121.237.23.209 - - [03/Jun/2024:10:32:04 +0800] "GET /icons/blank.gif HTTP/1.1" 200 148 "http://ft.kidcastle.com.cn/logs/" "Mozilla/5.0 (iPhone; CPU iPhone OS 17_5 like Mac OS X) AppleWebKit/605.1.15 (KHTML, like Gecko) Mobile/15E148 MicroMessenger/8.0.49(0x18003132) NetType/WIFI Language/zh_CN"
121.237.23.209 - - [03/Jun/2024:10:32:04 +0800] "GET /icons/back.gif HTTP/1.1" 200 216 "http://ft.kidcastle.com.cn/logs/" "Mozilla/5.0 (iPhone; CPU iPhone OS 17_5 like Mac OS X) AppleWebKit/605.1.15 (KHTML, like Gecko) Mobile/15E148 MicroMessenger/8.0.49(0x18003132) NetType/WIFI Language/zh_CN"
121.237.23.209 - - [03/Jun/2024:10:32:04 +0800] "GET /logs/ HTTP/1.1" 200 134746 "-" "Mozilla/5.0 (iPhone; CPU iPhone OS 17_5 like Mac OS X) AppleWebKit/605.1.15 (KHTML, like Gecko) Mobile/15E148 MicroMessenger/8.0.49(0x18003132) NetType/WIFI Language/zh_CN"
121.237.23.209 - - [03/Jun/2024:10:32:04 +0800] "GET /icons/text.gif HTTP/1.1" 200 229 "http://ft.kidcastle.com.cn/logs/" "Mozilla/5.0 (iPhone; CPU iPhone OS 17_5 like Mac OS X) AppleWebKit/605.1.15 (KHTML, like Gecko) Mobile/15E148 MicroMessenger/8.0.49(0x18003132) NetType/WIFI Language/zh_CN"
106.91.194.239 - - [03/Jun/2024:11:13:44 +0800] "GET / HTTP/1.1" 200 794 "https://www.so.com/link?m=bD2j9FCX6QwZuFp32arspF4kof2gplZtZ56r4Lr%2Fr9x34zPQuR4C9tx%2FsOB%2Bl%2BIkpCbaKEXzv%2FBMJFDmb75TVKI0AjYmtHCvtizkR9NnbCpubF4LTfDAvfLoVpA6nm3pAGsBETJMOaCYvFMveO8WdRw%3D%3D" "Mozilla/5.0 (Windows NT 10.0; Win64; x64) AppleWebKit/537.36 (KHTML, like Gecko) Chrome/114.0.5735.289 Safari/537.36"
106.91.194.239 - - [03/Jun/2024:11:13:45 +0800] "GET /icons/blank.gif HTTP/1.1" 200 148 "http://ft.kidcastle.com.cn/" "Mozilla/5.0 (Windows NT 10.0; Win64; x64) AppleWebKit/537.36 (KHTML, like Gecko) Chrome/114.0.5735.289 Safari/537.36"
106.91.194.239 - - [03/Jun/2024:11:13:45 +0800] "GET /icons/folder.gif HTTP/1.1" 200 225 "http://ft.kidcastle.com.cn/" "Mozilla/5.0 (Windows NT 10.0; Win64; x64) AppleWebKit/537.36 (KHTML, like Gecko) Chrome/114.0.5735.289 Safari/537.36"
106.91.194.239 - - [03/Jun/2024:11:13:47 +0800] "GET /favicon.ico HTTP/1.1" 404 1194 "http://ft.kidcastle.com.cn/" "Mozilla/5.0 (Windows NT 10.0; Win64; x64) AppleWebKit/537.36 (KHTML, like Gecko) Chrome/114.0.5735.289 Safari/537.36"
27.115.124.53 - - [03/Jun/2024:11:14:06 +0800] "GET / HTTP/1.1" 200 794 "-" "Mozilla/5.0 (Linux; Android 8.0; Pixel 2 Build/OPD3.170816.012) AppleWebKit/537.36 (KHTML, like Gecko) Chrome/87.0.4280.88 Mobile Safari/537.36"
27.115.124.53 - - [03/Jun/2024:11:14:07 +0800] "GET / HTTP/1.1" 200 794 "http://baidu.com/" "Mozilla/5.0 (Linux; Android 8.0; Pixel 2 Build/OPD3.170816.012) AppleWebKit/537.36 (KHTML, like Gecko) Chrome/87.0.4280.88 Mobile Safari/537.36"
27.115.124.6 - - [03/Jun/2024:11:14:07 +0800] "GET /icons/blank.gif HTTP/1.1" 200 148 "http://ft.kidcastle.com.cn/" "Mozilla/5.0 (X11; Linux x86_64) AppleWebKit/537.36 (KHTML, like Gecko) HeadlessChrome/68.0.3427.1 Safari/537.36"
27.115.124.109 - - [03/Jun/2024:11:14:07 +0800] "GET /icons/folder.gif HTTP/1.1" 200 225 "http://ft.kidcastle.com.cn/" "Mozilla/5.0 (X11; Linux x86_64) AppleWebKit/537.36 (KHTML, like Gecko) HeadlessChrome/68.0.3427.1 Safari/537.36"
27.115.124.6 - - [03/Jun/2024:11:14:07 +0800] "GET /icons/folder.gif HTTP/1.1" 200 225 "http://ft.kidcastle.com.cn/" "Mozilla/5.0 (Linux; Android 8.0; Pixel 2 Build/OPD3.170816.012) AppleWebKit/537.36 (KHTML, like Gecko) Chrome/87.0.4280.88 Mobile Safari/537.36"
27.115.124.109 - - [03/Jun/2024:11:14:07 +0800] "GET /icons/blank.gif HTTP/1.1" 200 148 "http://ft.kidcastle.com.cn/" "Mozilla/5.0 (Linux; Android 8.0; Pixel 2 Build/OPD3.170816.012) AppleWebKit/537.36 (KHTML, like Gecko) Chrome/87.0.4280.88 Mobile Safari/537.36"
27.115.124.49 - - [03/Jun/2024:11:14:11 +0800] "GET /favicon.ico HTTP/1.1" 404 1052 "-" "Mozilla/5.0 (Macintosh; Intel Mac OS X 10_7_0) AppleWebKit/535.11 (KHTML, like Gecko) Chrome/17.0.963.56 Safari/535.11"
27.115.124.5 - - [03/Jun/2024:11:14:11 +0800] "GET / HTTP/1.1" 200 794 "-" "Mozilla/5.0 (Macintosh; Intel Mac OS X 10_7_0) AppleWebKit/535.11 (KHTML, like Gecko) Chrome/17.0.963.56 Safari/535.11"
27.115.124.41 - - [03/Jun/2024:11:14:11 +0800] "GET /logs/ HTTP/1.1" 200 134746 "-" "Mozilla/5.0 (Macintosh; Intel Mac OS X 10_7_0) AppleWebKit/535.11 (KHTML, like Gecko) Chrome/17.0.963.56 Safari/535.11"
42.236.17.108 - - [03/Jun/2024:12:02:37 +0800] "GET / HTTP/1.1" 200 794 "http://ft.kidcastle.com.cn/" "Mozilla/5.0 (Windows NT 6.1; WOW64) AppleWebKit/537.36 (KHTML, like Gecko) Chrome/50.0.2661.102 Safari/537.36; 360Spider"
66.249.73.70 - - [03/Jun/2024:15:11:24 +0800] "GET /robots.txt HTTP/1.1" 404 1052 "-" "Mozilla/5.0 (compatible; Googlebot/2.1; +http://www.google.com/bot.html)"
66.249.73.69 - - [03/Jun/2024:15:11:25 +0800] "GET /logs/access_20230710.log HTTP/1.1" 200 15292 "-" "Mozilla/5.0 (Linux; Android 6.0.1; Nexus 5X Build/MMB29P) AppleWebKit/537.36 (KHTML, like Gecko) Chrome/125.0.6422.141 Mobile Safari/537.36 (compatible; Googlebot/2.1; +http://www.google.com/bot.html)"
66.249.73.70 - - [03/Jun/2024:15:12:34 +0800] "GET /logs/access_20240113.log HTTP/1.1" 304 - "-" "Mozilla/5.0 (Linux; Android 6.0.1; Nexus 5X Build/MMB29P) AppleWebKit/537.36 (KHTML, like Gecko) Chrome/125.0.6422.141 Mobile Safari/537.36 (compatible; Googlebot/2.1; +http://www.google.com/bot.html)"
223.73.120.59 - - [03/Jun/2024:17:02:26 +0800] "GET /xmlrpc.php HTTP/1.1" 404 1052 "-" "Mozilla/5.0 (Windows NT 6.1; WOW64; rv:45.0) Gecko/20100101 Firefox/45.0"
42.236.10.100 - - [03/Jun/2024:17:31:52 +0800] "GET / HTTP/1.1" 200 794 "-" "Mozilla/5.0 (Windows NT 6.1; WOW64) AppleWebKit/537.36 (KHTML, like Gecko) Chrome/50.0.2661.102 Safari/537.36"
216.244.66.195 - - [03/Jun/2024:19:11:35 +0800] "GET /robots.txt HTTP/1.1" 404 1052 "-" "Mozilla/5.0 (compatible; DotBot/1.2; +https://opensiteexplorer.org/dotbot; help@moz.com)"
103.230.14.249 - - [03/Jun/2024:19:41:09 +0800] "GET /index.php?c=attachment&a=ajaxswfupload HTTP/1.1" 404 1052 "-" "Mozilla/5.0 (Windows NT 10.0; WOW64; rv:48.0) Gecko/20100101 Firefox/48.0"
216.244.66.195 - - [03/Jun/2024:19:44:23 +0800] "GET /logs/access_20231030.log HTTP/1.1" 200 8359 "-" "Mozilla/5.0 (compatible; DotBot/1.2; +https://opensiteexplorer.org/dotbot; help@moz.com)"
216.244.66.195 - - [03/Jun/2024:19:44:27 +0800] "GET /logs/access_20240128.log HTTP/1.1" 200 28430 "-" "Mozilla/5.0 (compatible; DotBot/1.2; +https://opensiteexplorer.org/dotbot; help@moz.com)"
66.249.66.37 - - [03/Jun/2024:22:57:41 +0800] "GET /logs/access_20221128.log HTTP/1.1" 304 - "-" "Mozilla/5.0 (Linux; Android 6.0.1; Nexus 5X Build/MMB29P) AppleWebKit/537.36 (KHTML, like Gecko) Chrome/125.0.6422.141 Mobile Safari/537.36 (compatible; Googlebot/2.1; +http://www.google.com/bot.html)"