66.249.79.35 - - [15/May/2024:00:05:45 +0800] "GET /logs/access_20231220.log HTTP/1.1" 200 7058 "-" "Mozilla/5.0 (Linux; Android 6.0.1; Nexus 5X Build/MMB29P) AppleWebKit/537.36 (KHTML, like Gecko) Chrome/124.0.6367.155 Mobile Safari/537.36 (compatible; Googlebot/2.1; +http://www.google.com/bot.html)"
66.249.79.35 - - [15/May/2024:00:51:04 +0800] "GET /conf/conf.sql HTTP/1.1" 404 1052 "-" "Mozilla/5.0 (Linux; Android 6.0.1; Nexus 5X Build/MMB29P) AppleWebKit/537.36 (KHTML, like Gecko) Chrome/124.0.6367.155 Mobile Safari/537.36 (compatible; Googlebot/2.1; +http://www.google.com/bot.html)"
66.249.79.35 - - [15/May/2024:01:07:09 +0800] "GET /logs/access_20230814.log HTTP/1.1" 304 - "-" "Mozilla/5.0 (Linux; Android 6.0.1; Nexus 5X Build/MMB29P) AppleWebKit/537.36 (KHTML, like Gecko) Chrome/124.0.6367.155 Mobile Safari/537.36 (compatible; Googlebot/2.1; +http://www.google.com/bot.html)"
66.249.79.33 - - [15/May/2024:01:23:11 +0800] "GET /logs/access_20230613.log HTTP/1.1" 200 9158 "-" "Mozilla/5.0 (Linux; Android 6.0.1; Nexus 5X Build/MMB29P) AppleWebKit/537.36 (KHTML, like Gecko) Chrome/124.0.6367.155 Mobile Safari/537.36 (compatible; Googlebot/2.1; +http://www.google.com/bot.html)"
66.249.79.34 - - [15/May/2024:01:29:12 +0800] "GET /HYTop.mdb.sql HTTP/1.1" 404 1052 "-" "Mozilla/5.0 (Linux; Android 6.0.1; Nexus 5X Build/MMB29P) AppleWebKit/537.36 (KHTML, like Gecko) Chrome/124.0.6367.155 Mobile Safari/537.36 (compatible; Googlebot/2.1; +http://www.google.com/bot.html)"
42.240.131.249 - - [15/May/2024:01:45:18 +0800] "GET / HTTP/1.1" 200 794 "-" "Mozilla/5.0 (X11; Linux x86_64; rv:10.0.1) Gecko/20100101 Firefox/10.0.1"
66.249.79.35 - - [15/May/2024:02:45:30 +0800] "GET /robots.txt HTTP/1.1" 404 1052 "-" "Mozilla/5.0 (compatible; Googlebot/2.1; +http://www.google.com/bot.html)"
66.249.79.34 - - [15/May/2024:02:45:31 +0800] "GET /logs/access_20230902.log HTTP/1.1" 304 - "-" "Mozilla/5.0 (Linux; Android 6.0.1; Nexus 5X Build/MMB29P) AppleWebKit/537.36 (KHTML, like Gecko) Chrome/124.0.6367.155 Mobile Safari/537.36 (compatible; Googlebot/2.1; +http://www.google.com/bot.html)"
66.249.79.33 - - [15/May/2024:02:52:31 +0800] "GET /package.db HTTP/1.1" 404 1052 "-" "Mozilla/5.0 (Linux; Android 6.0.1; Nexus 5X Build/MMB29P) AppleWebKit/537.36 (KHTML, like Gecko) Chrome/124.0.6367.155 Mobile Safari/537.36 (compatible; Googlebot/2.1; +http://www.google.com/bot.html)"
194.233.150.59 - - [15/May/2024:05:31:09 +0800] "GET /logs/access_20210425.log HTTP/1.1" 404 1194 "http://ft.kidcastle.com.cn/" "Mozilla/5.0 (Windows NT 10.0; Win64; x64; Xbox; Xbox One) AppleWebKit/537.36 (KHTML, like Gecko) Chrome/114.0.0.0 Safari/537.36 Edge/44.18363.8131"
23.26.228.59 - - [15/May/2024:05:31:09 +0800] "GET / HTTP/1.1" 200 794 "http://ft.kidcastle.com.cn" "Mozilla/5.0 (Windows NT 10.0; Win64; x64; Xbox; Xbox One) AppleWebKit/537.36 (KHTML, like Gecko) Chrome/114.0.0.0 Safari/537.36 Edge/44.18363.8131"
23.26.228.59 - - [15/May/2024:05:31:12 +0800] "GET /?C=M;O=A HTTP/1.1" 200 794 "http://ft.kidcastle.com.cn" "Mozilla/5.0 (Windows NT 10.0; Win64; x64; Xbox; Xbox One) AppleWebKit/537.36 (KHTML, like Gecko) Chrome/114.0.0.0 Safari/537.36 Edge/44.18363.8131"
66.249.79.34 - - [15/May/2024:06:10:41 +0800] "GET /logs/access_20230122.log HTTP/1.1" 304 - "-" "Mozilla/5.0 (Linux; Android 6.0.1; Nexus 5X Build/MMB29P) AppleWebKit/537.36 (KHTML, like Gecko) Chrome/124.0.6367.155 Mobile Safari/537.36 (compatible; Googlebot/2.1; +http://www.google.com/bot.html)"
66.249.79.35 - - [15/May/2024:06:16:21 +0800] "GET /dsaasdasdas HTTP/1.1" 404 1052 "-" "Mozilla/5.0 (Linux; Android 6.0.1; Nexus 5X Build/MMB29P) AppleWebKit/537.36 (KHTML, like Gecko) Chrome/124.0.6367.155 Mobile Safari/537.36 (compatible; Googlebot/2.1; +http://www.google.com/bot.html)"
66.249.79.34 - - [15/May/2024:06:38:48 +0800] "GET /dasdasdasdasdsa HTTP/1.1" 404 1052 "-" "Mozilla/5.0 (Linux; Android 6.0.1; Nexus 5X Build/MMB29P) AppleWebKit/537.36 (KHTML, like Gecko) Chrome/124.0.6367.155 Mobile Safari/537.36 (compatible; Googlebot/2.1; +http://www.google.com/bot.html)"
52.167.144.182 - - [15/May/2024:08:16:57 +0800] "GET /logs/access_20200610.log HTTP/1.1" 404 1052 "-" "Mozilla/5.0 AppleWebKit/537.36 (KHTML, like Gecko; compatible; bingbot/2.0; +http://www.bing.com/bingbot.htm) Chrome/116.0.1938.76 Safari/537.36"
111.202.101.78 - - [15/May/2024:08:48:23 +0800] "GET / HTTP/1.1" 200 794 "-" "Sogou web spider/4.0(+http://www.sogou.com/docs/help/webmasters.htm#07)"
37.27.81.120 - - [15/May/2024:10:51:34 +0800] "GET http://ft.kidcastle.com.cn/logs/access_20210425.log HTTP/1.0" 404 1194 "http://ft.kidcastle.com.cn/" "Mozilla/5.0 (Macintosh; Intel Mac OS X 12_5) AppleWebKit/537.36 (KHTML, like Gecko) Chrome/114.0.0.0 YaBrowser/22.7.0 Yowser/2.5 Safari/537.36"
37.27.81.120 - - [15/May/2024:10:51:38 +0800] "GET http://ft.kidcastle.com.cn/ HTTP/1.1" 200 794 "http://ft.kidcastle.com.cn" "Mozilla/5.0 (Macintosh; Intel Mac OS X 12_5) AppleWebKit/537.36 (KHTML, like Gecko) Chrome/114.0.0.0 YaBrowser/22.7.0 Yowser/2.5 Safari/537.36"
37.27.81.120 - - [15/May/2024:10:51:40 +0800] "GET http://ft.kidcastle.com.cn/?C=M;O=A HTTP/1.1" 200 794 "http://ft.kidcastle.com.cn" "Mozilla/5.0 (Macintosh; Intel Mac OS X 12_5) AppleWebKit/537.36 (KHTML, like Gecko) Chrome/114.0.0.0 YaBrowser/22.7.0 Yowser/2.5 Safari/537.36"
120.245.60.26 - - [15/May/2024:12:10:11 +0800] "GET /robots.txt HTTP/1.1" 404 1052 "-" "Mozilla/5.0 (Windows NT 10.0; WOW64) AppleWebKit/537.36 (KHTML, like Gecko) Chrome/58.0.2959.138 Safari/537.36 QIHU 360EE"
205.210.31.48 - - [15/May/2024:14:21:55 +0800] "GET / HTTP/1.1" 200 794 "-" "Expanse, a Palo Alto Networks company, searches across the global IPv4 space multiple times per day to identify customers' presences on the Internet. If you would like to be excluded from our scans, please send IP addresses/domains to: scaninfo@paloaltonetworks.com"
216.244.66.195 - - [15/May/2024:15:13:31 +0800] "GET /robots.txt HTTP/1.1" 404 1052 "-" "Mozilla/5.0 (compatible; DotBot/1.2; +https://opensiteexplorer.org/dotbot; help@moz.com)"
216.244.66.195 - - [15/May/2024:15:33:25 +0800] "GET /logs/access_20231101.log HTTP/1.1" 200 9493 "-" "Mozilla/5.0 (compatible; DotBot/1.2; +https://opensiteexplorer.org/dotbot; help@moz.com)"
216.244.66.195 - - [15/May/2024:15:33:30 +0800] "GET /logs/access_20240105.log HTTP/1.1" 200 7219 "-" "Mozilla/5.0 (compatible; DotBot/1.2; +https://opensiteexplorer.org/dotbot; help@moz.com)"
216.244.66.195 - - [15/May/2024:15:33:34 +0800] "GET /logs/access_20240113.log HTTP/1.1" 200 12268 "-" "Mozilla/5.0 (compatible; DotBot/1.2; +https://opensiteexplorer.org/dotbot; help@moz.com)"
216.244.66.195 - - [15/May/2024:15:33:38 +0800] "GET /logs/access_20240226.log HTTP/1.1" 200 11473 "-" "Mozilla/5.0 (compatible; DotBot/1.2; +https://opensiteexplorer.org/dotbot; help@moz.com)"
66.249.79.33 - - [15/May/2024:16:21:37 +0800] "GET /robots.txt HTTP/1.1" 404 1052 "-" "Mozilla/5.0 (compatible; Googlebot/2.1; +http://www.google.com/bot.html)"
66.249.79.34 - - [15/May/2024:16:21:37 +0800] "GET /logs/access_20230304.log HTTP/1.1" 200 20174 "-" "Mozilla/5.0 (Linux; Android 6.0.1; Nexus 5X Build/MMB29P) AppleWebKit/537.36 (KHTML, like Gecko) Chrome/124.0.6367.155 Mobile Safari/537.36 (compatible; Googlebot/2.1; +http://www.google.com/bot.html)"
101.230.240.2 - - [15/May/2024:16:22:51 +0800] "GET / HTTP/1.1" 200 794 "-" "Mozilla/5.0 (Windows NT 10.0; WOW64) AppleWebKit/537.36 (KHTML, like Gecko) Chrome/80.0.3987.87 Safari/537.36 SE 2.X MetaSr 1.0"
216.244.66.195 - - [15/May/2024:16:51:44 +0800] "GET /robots.txt HTTP/1.1" 404 1052 "-" "Mozilla/5.0 (compatible; DotBot/1.2; +https://opensiteexplorer.org/dotbot; help@moz.com)"
216.244.66.195 - - [15/May/2024:17:17:54 +0800] "GET /logs/access_20231111.log HTTP/1.1" 200 5931 "-" "Mozilla/5.0 (compatible; DotBot/1.2; +https://opensiteexplorer.org/dotbot; help@moz.com)"
216.244.66.195 - - [15/May/2024:19:53:44 +0800] "GET /robots.txt HTTP/1.1" 404 1052 "-" "Mozilla/5.0 (compatible; DotBot/1.2; +https://opensiteexplorer.org/dotbot; help@moz.com)"
66.249.79.35 - - [15/May/2024:20:01:34 +0800] "GET / HTTP/1.1" 200 794 "-" "Mozilla/5.0 (Linux; Android 6.0.1; Nexus 5X Build/MMB29P) AppleWebKit/537.36 (KHTML, like Gecko) Chrome/124.0.6367.155 Mobile Safari/537.36 (compatible; Googlebot/2.1; +http://www.google.com/bot.html)"
66.249.79.33 - - [15/May/2024:20:05:39 +0800] "GET /site.sql HTTP/1.1" 404 1052 "-" "Mozilla/5.0 (Linux; Android 6.0.1; Nexus 5X Build/MMB29P) AppleWebKit/537.36 (KHTML, like Gecko) Chrome/124.0.6367.155 Mobile Safari/537.36 (compatible; Googlebot/2.1; +http://www.google.com/bot.html)"
216.244.66.195 - - [15/May/2024:20:20:30 +0800] "GET /logs/access_20231114.log HTTP/1.1" 200 5604 "-" "Mozilla/5.0 (compatible; DotBot/1.2; +https://opensiteexplorer.org/dotbot; help@moz.com)"
66.249.79.35 - - [15/May/2024:20:50:41 +0800] "GET /ft.db HTTP/1.1" 404 1052 "-" "Mozilla/5.0 (Linux; Android 6.0.1; Nexus 5X Build/MMB29P) AppleWebKit/537.36 (KHTML, like Gecko) Chrome/124.0.6367.155 Mobile Safari/537.36 (compatible; Googlebot/2.1; +http://www.google.com/bot.html)"
216.244.66.195 - - [15/May/2024:21:32:16 +0800] "GET /robots.txt HTTP/1.1" 404 1052 "-" "Mozilla/5.0 (compatible; DotBot/1.2; +https://opensiteexplorer.org/dotbot; help@moz.com)"
59.82.21.25 - - [15/May/2024:22:03:19 +0800] "GET / HTTP/1.1" 200 794 "-" "Mozilla/5.0 (Windows NT 10.0; Win64; x64) AppleWebKit/537.36 (KHTML, like Gecko) Chrome/38.0.9573.869 Safari/537.36 SE 2.X MetaSr 1.0"
59.82.21.25 - - [15/May/2024:22:03:19 +0800] "GET / HTTP/1.1" 200 794 "-" "Mozilla/5.0 (Windows NT 10.0; Win64; x64; rv:90.0) Gecko/20100101 Firefox/90.0"
59.82.21.25 - - [15/May/2024:22:03:20 +0800] "GET /favicon.ico HTTP/1.1" 404 1052 "-" "Mozilla/5.0 (Windows NT 10.0; Win64; x64; rv:90.0) Gecko/20100101 Firefox/90.0"
59.82.21.16 - - [15/May/2024:22:03:36 +0800] "GET /?C=M;O=A HTTP/1.1" 200 794 "-" "Mozilla/5.0 (Macintosh; Intel Mac OS X 10_11_2) AppleWebKit/601.3.9 (KHTML, like Gecko) Version/9.0.2 Safari/601.3.9"
59.82.21.17 - - [15/May/2024:22:03:36 +0800] "GET /?C=D;O=A HTTP/1.1" 200 794 "-" "Mozilla/5.0 (Windows NT 10.0; Win64; x64) AppleWebKit/537.36 (KHTML, like Gecko) Chrome/92.0.4515.131 Safari/537.36"
59.82.21.16 - - [15/May/2024:22:03:36 +0800] "GET / HTTP/1.1" 200 794 "-" "Opera/9.80 (Windows NT 6.0) Presto/2.12.388 Version/12.14"
59.82.21.17 - - [15/May/2024:22:03:37 +0800] "GET / HTTP/1.1" 200 794 "-" "Mozilla/5.0 (Windows NT 10.0; Win64; x64) AppleWebKit/537.36 (KHTML, like Gecko) Chrome/42.0.3486.1003 Safari/537.36 LBBROWSER"
59.82.21.16 - - [15/May/2024:22:03:37 +0800] "GET /favicon.ico HTTP/1.1" 404 1052 "-" "Opera/9.80 (Windows NT 6.0) Presto/2.12.388 Version/12.14"
59.82.21.17 - - [15/May/2024:22:03:37 +0800] "GET /favicon.ico HTTP/1.1" 404 1052 "-" "Mozilla/5.0 (Windows NT 10.0; Win64; x64) AppleWebKit/537.36 (KHTML, like Gecko) Chrome/42.0.3486.1003 Safari/537.36 LBBROWSER"
59.82.21.17 - - [15/May/2024:22:03:39 +0800] "GET /?C=N;O=D HTTP/1.1" 200 794 "-" "Mozilla/5.0 (Windows NT 10.0; Win64; x64) AppleWebKit/537.36 (KHTML, like Gecko) Chrome/92.0.4515.131 Safari/537.36"
59.82.21.16 - - [15/May/2024:22:03:39 +0800] "GET /?C=S;O=A HTTP/1.1" 200 794 "-" "Mozilla/5.0 (Windows NT 10.0; Win64; x64) AppleWebKit/537.36 (KHTML, like Gecko) Chrome/91.0.4472.124 Safari/537.36"
59.82.21.17 - - [15/May/2024:22:03:39 +0800] "GET / HTTP/1.1" 200 794 "-" "Mozilla/5.0 (Windows NT 10.0; Win64; x64; rv:46.0) Gecko/20100101 Firefox/46.0"
59.82.21.16 - - [15/May/2024:22:03:39 +0800] "GET / HTTP/1.1" 200 794 "-" "Mozilla/5.0 (Macintosh; Intel Mac OS X 10_11_2) AppleWebKit/601.3.9 (KHTML, like Gecko) Version/9.0.2 Safari/601.3.9"
59.82.21.17 - - [15/May/2024:22:03:39 +0800] "GET /favicon.ico HTTP/1.1" 404 1052 "-" "Mozilla/5.0 (Windows NT 10.0; Win64; x64; rv:46.0) Gecko/20100101 Firefox/46.0"
59.82.21.16 - - [15/May/2024:22:03:39 +0800] "GET /favicon.ico HTTP/1.1" 404 1052 "-" "Mozilla/5.0 (Macintosh; Intel Mac OS X 10_11_2) AppleWebKit/601.3.9 (KHTML, like Gecko) Version/9.0.2 Safari/601.3.9"
59.82.21.16 - - [15/May/2024:22:03:41 +0800] "GET /icons/blank.gif HTTP/1.1" 200 148 "-" "Mozilla/5.0 (Macintosh; Intel Mac OS X 10_7_0) AppleWebKit/535.11 (KHTML, like Gecko) Chrome/17.0.963.56 Safari/535.11"
59.82.21.17 - - [15/May/2024:22:03:41 +0800] "GET /icons/folder.gif HTTP/1.1" 200 225 "-" "Mozilla/5.0 (Windows NT 10.0; Win64; x64) AppleWebKit/537.36 (KHTML, like Gecko) Chrome/92.0.4515.131 Safari/537.36 Edg/92.0.902.67"
59.82.21.16 - - [15/May/2024:22:03:41 +0800] "GET / HTTP/1.1" 200 794 "-" "Mozilla/5.0 (Windows NT 10.0; Win64; x64) AppleWebKit/537.36 (KHTML, like Gecko) Chrome/48.0.5980.99 UBrowser/5.6.12150.8 Safari/537.36"
59.82.21.17 - - [15/May/2024:22:03:41 +0800] "GET / HTTP/1.1" 200 794 "-" "Mozilla/5.0 (Windows NT 10.0; Win64; x64) AppleWebKit/537.36 (KHTML, like Gecko) Chrome/47.0.1212.115 Safari/537.36 Core/1.47.9634.920 QQBrowser/9.4.7658.400"
59.82.21.16 - - [15/May/2024:22:03:41 +0800] "GET /favicon.ico HTTP/1.1" 404 1052 "-" "Mozilla/5.0 (Windows NT 10.0; Win64; x64) AppleWebKit/537.36 (KHTML, like Gecko) Chrome/48.0.5980.99 UBrowser/5.6.12150.8 Safari/537.36"
59.82.21.17 - - [15/May/2024:22:03:41 +0800] "GET /favicon.ico HTTP/1.1" 404 1052 "-" "Mozilla/5.0 (Windows NT 10.0; Win64; x64) AppleWebKit/537.36 (KHTML, like Gecko) Chrome/47.0.1212.115 Safari/537.36 Core/1.47.9634.920 QQBrowser/9.4.7658.400"
59.82.21.17 - - [15/May/2024:22:03:43 +0800] "GET /logs/ HTTP/1.1" 200 130566 "-" "Mozilla/5.0 (Windows NT 10.0; Win64; x64) AppleWebKit/537.36 (KHTML, like Gecko) Chrome/47.0.1212.115 Safari/537.36 Core/1.47.9634.920 QQBrowser/9.4.7658.400"
59.82.21.17 - - [15/May/2024:22:03:43 +0800] "GET / HTTP/1.1" 200 794 "-" "Mozilla/5.0 (Windows NT 10.0; Win64; x64) AppleWebKit/537.36 (KHTML, like Gecko) Chrome/92.0.4515.107 Safari/537.36"
59.82.21.17 - - [15/May/2024:22:03:43 +0800] "GET /favicon.ico HTTP/1.1" 404 1052 "-" "Mozilla/5.0 (Windows NT 10.0; Win64; x64) AppleWebKit/537.36 (KHTML, like Gecko) Chrome/92.0.4515.107 Safari/537.36"
216.244.66.195 - - [15/May/2024:22:03:56 +0800] "GET /logs/access_20240206.log HTTP/1.1" 200 20174 "-" "Mozilla/5.0 (compatible; DotBot/1.2; +https://opensiteexplorer.org/dotbot; help@moz.com)"
59.82.21.222 - - [15/May/2024:23:06:42 +0800] "GET / HTTP/1.1" 200 794 "-" "Mozilla/5.0 (Windows NT 10.0; Win64; x64) AppleWebKit/537.36 (KHTML, like Gecko) Chrome/51.0.2704.79 Safari/537.36 Edge/14.14931"
59.82.21.222 - - [15/May/2024:23:06:42 +0800] "GET / HTTP/1.1" 200 794 "-" "Mozilla/5.0 (Macintosh; Intel Mac OS X 10_11_2) AppleWebKit/601.3.9 (KHTML, like Gecko) Version/9.0.2 Safari/601.3.9"
59.82.21.222 - - [15/May/2024:23:06:42 +0800] "GET /favicon.ico HTTP/1.1" 404 1052 "-" "Mozilla/5.0 (Macintosh; Intel Mac OS X 10_11_2) AppleWebKit/601.3.9 (KHTML, like Gecko) Version/9.0.2 Safari/601.3.9"
59.82.21.7 - - [15/May/2024:23:07:00 +0800] "GET /?C=D;O=A HTTP/1.1" 200 794 "-" "Mozilla/5.0 (Windows NT 10.0; Win64; x64) AppleWebKit/537.36 (KHTML, like Gecko) Chrome/91.0.4472.124 Safari/537.36"
59.82.21.220 - - [15/May/2024:23:07:00 +0800] "GET /?C=M;O=A HTTP/1.1" 200 794 "-" "Mozilla/5.0 (Macintosh; Intel Mac OS X 10.6; rv,2.0.1) Gecko/20100101 Firefox/4.0.1"
59.82.21.7 - - [15/May/2024:23:07:00 +0800] "GET / HTTP/1.1" 200 794 "-" "Mozilla/5.0 (Macintosh; Intel Mac OS X 10_15_7) AppleWebKit/537.36 (KHTML, like Gecko) Chrome/120.0.0.0 Safari/537.36"
59.82.21.220 - - [15/May/2024:23:07:00 +0800] "GET / HTTP/1.1" 200 794 "-" "Mozilla/5.0 (Windows NT 10.0; Win64; x64) AppleWebKit/537.36 (KHTML, like Gecko) Chrome/91.0.4472.124 Safari/537.36"
59.82.21.7 - - [15/May/2024:23:07:00 +0800] "GET /favicon.ico HTTP/1.1" 404 1052 "-" "Mozilla/5.0 (Macintosh; Intel Mac OS X 10_15_7) AppleWebKit/537.36 (KHTML, like Gecko) Chrome/120.0.0.0 Safari/537.36"
59.82.21.220 - - [15/May/2024:23:07:00 +0800] "GET /favicon.ico HTTP/1.1" 404 1052 "-" "Mozilla/5.0 (Windows NT 10.0; Win64; x64) AppleWebKit/537.36 (KHTML, like Gecko) Chrome/91.0.4472.124 Safari/537.36"
59.82.21.220 - - [15/May/2024:23:07:02 +0800] "GET /?C=N;O=D HTTP/1.1" 200 794 "-" "Mozilla/5.0 (Windows NT 10.0; Win64; x64) AppleWebKit/537.36 (KHTML, like Gecko) Chrome/48.0.5980.99 UBrowser/5.6.12150.8 Safari/537.36"
59.82.21.7 - - [15/May/2024:23:07:02 +0800] "GET /?C=S;O=A HTTP/1.1" 200 794 "-" "Mozilla/5.0 (X11; Linux x86_64) AppleWebKit/537.36 (KHTML, like Gecko) Chrome/103.0.5060.53 Safari/537.36"
59.82.21.220 - - [15/May/2024:23:07:02 +0800] "GET / HTTP/1.1" 200 794 "-" "Mozilla/5.0 (Windows NT 10.0; Win64; x64) AppleWebKit/537.36 (KHTML, like Gecko) Chrome/92.0.4515.131 Safari/537.36 Edg/92.0.902.67"
59.82.21.7 - - [15/May/2024:23:07:02 +0800] "GET / HTTP/1.1" 200 794 "-" "Mozilla/5.0 (Windows NT 10.0; Win64; x64; rv:52.0) Gecko/20100101 Firefox/52.0"
59.82.21.220 - - [15/May/2024:23:07:02 +0800] "GET /favicon.ico HTTP/1.1" 404 1052 "-" "Mozilla/5.0 (Windows NT 10.0; Win64; x64) AppleWebKit/537.36 (KHTML, like Gecko) Chrome/92.0.4515.131 Safari/537.36 Edg/92.0.902.67"
59.82.21.7 - - [15/May/2024:23:07:02 +0800] "GET /favicon.ico HTTP/1.1" 404 1052 "-" "Mozilla/5.0 (Windows NT 10.0; Win64; x64; rv:52.0) Gecko/20100101 Firefox/52.0"
59.82.21.7 - - [15/May/2024:23:07:04 +0800] "GET /icons/blank.gif HTTP/1.1" 200 148 "-" "Mozilla/5.0 (Windows NT 10.0; Win64; x64) AppleWebKit/537.36 (KHTML, like Gecko) Chrome/42.0.3486.1003 Safari/537.36 LBBROWSER"
59.82.21.220 - - [15/May/2024:23:07:04 +0800] "GET /icons/folder.gif HTTP/1.1" 200 225 "-" "Mozilla/5.0 (Windows NT 10.0; Win64; x64) AppleWebKit/537.36 (KHTML, like Gecko) Chrome/50.0.8902.337 Safari/537.36 OPR/37.0.2178.32"
59.82.21.7 - - [15/May/2024:23:07:04 +0800] "GET / HTTP/1.1" 200 794 "-" "Mozilla/5.0 (Windows NT 10.0; Win64; x64; rv:46.0) Gecko/20100101 Firefox/46.0"
59.82.21.220 - - [15/May/2024:23:07:04 +0800] "GET / HTTP/1.1" 200 794 "-" "Mozilla/5.0 (Windows NT 10.0; Win64; x64) AppleWebKit/537.36 (KHTML, like Gecko) Chrome/48.0.5980.99 UBrowser/5.6.12150.8 Safari/537.36"
59.82.21.7 - - [15/May/2024:23:07:04 +0800] "GET /favicon.ico HTTP/1.1" 404 1052 "-" "Mozilla/5.0 (Windows NT 10.0; Win64; x64; rv:46.0) Gecko/20100101 Firefox/46.0"
59.82.21.220 - - [15/May/2024:23:07:04 +0800] "GET /favicon.ico HTTP/1.1" 404 1052 "-" "Mozilla/5.0 (Windows NT 10.0; Win64; x64) AppleWebKit/537.36 (KHTML, like Gecko) Chrome/48.0.5980.99 UBrowser/5.6.12150.8 Safari/537.36"
59.82.21.220 - - [15/May/2024:23:07:06 +0800] "GET /logs/ HTTP/1.1" 200 130566 "-" "Mozilla/5.0 (Windows NT 10.0; Win64; x64) AppleWebKit/537.36 (KHTML, like Gecko) Chrome/45.0.1559.966 Safari/537.36"
59.82.21.220 - - [15/May/2024:23:07:07 +0800] "GET / HTTP/1.1" 200 794 "-" "Mozilla/5.0 (Windows NT 10.0; Win64; x64) AppleWebKit/537.36 (KHTML, like Gecko) Chrome/91.0.4472.124 Safari/537.36"
59.82.21.220 - - [15/May/2024:23:07:07 +0800] "GET /favicon.ico HTTP/1.1" 404 1052 "-" "Mozilla/5.0 (Windows NT 10.0; Win64; x64) AppleWebKit/537.36 (KHTML, like Gecko) Chrome/91.0.4472.124 Safari/537.36"
113.215.189.140 - - [15/May/2024:23:40:30 +0800] "GET / HTTP/1.1" 200 794 "-" "Mozilla/5.0 (Windows NT 10.0; Win64; x64) AppleWebKit/537.36 (KHTML, like Gecko) Chrome/45.0.1559.966 Safari/537.36"
113.215.189.140 - - [15/May/2024:23:40:30 +0800] "GET / HTTP/1.1" 200 794 "-" "Mozilla/5.0 (Windows NT 10.0; Win64; x64; rv:90.0) Gecko/20100101 Firefox/90.0"
113.215.189.140 - - [15/May/2024:23:40:30 +0800] "GET /favicon.ico HTTP/1.1" 404 1052 "-" "Mozilla/5.0 (Windows NT 10.0; Win64; x64; rv:90.0) Gecko/20100101 Firefox/90.0"
113.215.189.140 - - [15/May/2024:23:40:31 +0800] "GET /?C=D;O=A HTTP/1.1" 200 794 "-" "Mozilla/5.0 (Windows NT 10.0; Win64; x64) AppleWebKit/537.36 (KHTML, like Gecko) Chrome/47.0.1212.115 Safari/537.36 Core/1.47.9634.920 QQBrowser/9.4.7658.400"
113.215.189.140 - - [15/May/2024:23:40:31 +0800] "GET / HTTP/1.1" 200 794 "-" "Mozilla/5.0 (Windows NT 10.0; Win64; x64) AppleWebKit/537.36 (KHTML, like Gecko) Chrome/92.0.4515.131 Safari/537.36"
113.215.189.140 - - [15/May/2024:23:40:31 +0800] "GET /favicon.ico HTTP/1.1" 404 1052 "-" "Mozilla/5.0 (Windows NT 10.0; Win64; x64) AppleWebKit/537.36 (KHTML, like Gecko) Chrome/92.0.4515.131 Safari/537.36"
113.215.189.140 - - [15/May/2024:23:40:31 +0800] "GET /?C=M;O=A HTTP/1.1" 200 794 "-" "Mozilla/5.0 (Macintosh; Intel Mac OS X 10_11_2) AppleWebKit/601.3.9 (KHTML, like Gecko) Version/9.0.2 Safari/601.3.9"
113.215.189.140 - - [15/May/2024:23:40:31 +0800] "GET / HTTP/1.1" 200 794 "-" "Mozilla/5.0 (Windows NT 10.0; Win64; x64) AppleWebKit/537.36 (KHTML, like Gecko) Chrome/92.0.4515.131 Safari/537.36 Edg/92.0.902.67"
113.215.189.140 - - [15/May/2024:23:40:31 +0800] "GET /favicon.ico HTTP/1.1" 404 1052 "-" "Mozilla/5.0 (Windows NT 10.0; Win64; x64) AppleWebKit/537.36 (KHTML, like Gecko) Chrome/92.0.4515.131 Safari/537.36 Edg/92.0.902.67"
113.215.189.140 - - [15/May/2024:23:40:32 +0800] "GET /?C=N;O=D HTTP/1.1" 200 794 "-" "Mozilla/5.0 (Windows NT 10.0; Win64; x64) AppleWebKit/537.36 (KHTML, like Gecko) Chrome/50.0.8902.337 Safari/537.36 OPR/37.0.2178.32"
113.215.189.140 - - [15/May/2024:23:40:32 +0800] "GET / HTTP/1.1" 200 794 "-" "Opera/9.80 (Windows NT 6.0) Presto/2.12.388 Version/12.14"
113.215.189.140 - - [15/May/2024:23:40:32 +0800] "GET /favicon.ico HTTP/1.1" 404 1052 "-" "Opera/9.80 (Windows NT 6.0) Presto/2.12.388 Version/12.14"
113.215.189.140 - - [15/May/2024:23:40:32 +0800] "GET /?C=S;O=A HTTP/1.1" 200 794 "-" "Mozilla/5.0 (Windows NT 10.0; Win64; x64) AppleWebKit/537.36 (KHTML, like Gecko) Chrome/48.0.8474.866 Safari/537.36 TheWorld 7"
113.215.189.150 - - [15/May/2024:23:40:32 +0800] "GET /icons/blank.gif HTTP/1.1" 200 148 "-" "Mozilla/5.0 (Windows NT 10.0; Win64; x64) AppleWebKit/537.36 (KHTML, like Gecko) Chrome/91.0.4472.124 Safari/537.36"
113.215.189.140 - - [15/May/2024:23:40:32 +0800] "GET / HTTP/1.1" 200 794 "-" "Mozilla/5.0 (Windows NT 10.0; Win64; x64) AppleWebKit/537.36 (KHTML, like Gecko) Chrome/92.0.4515.131 Safari/537.36"
113.215.189.150 - - [15/May/2024:23:40:32 +0800] "GET / HTTP/1.1" 200 794 "-" "Mozilla/5.0 (Windows NT 10.0; Win64; x64) AppleWebKit/537.36 (KHTML, like Gecko) Chrome/92.0.4515.107 Safari/537.36"
113.215.189.140 - - [15/May/2024:23:40:32 +0800] "GET /favicon.ico HTTP/1.1" 404 1052 "-" "Mozilla/5.0 (Windows NT 10.0; Win64; x64) AppleWebKit/537.36 (KHTML, like Gecko) Chrome/92.0.4515.131 Safari/537.36"
113.215.189.140 - - [15/May/2024:23:40:32 +0800] "GET /favicon.ico HTTP/1.1" 404 1052 "-" "Mozilla/5.0 (Windows NT 10.0; Win64; x64) AppleWebKit/537.36 (KHTML, like Gecko) Chrome/92.0.4515.107 Safari/537.36"
113.215.189.140 - - [15/May/2024:23:40:32 +0800] "GET /icons/folder.gif HTTP/1.1" 200 225 "-" "Mozilla/5.0 (Macintosh; Intel Mac OS X 10_7_0) AppleWebKit/535.11 (KHTML, like Gecko) Chrome/17.0.963.56 Safari/535.11"
113.215.189.140 - - [15/May/2024:23:40:32 +0800] "GET / HTTP/1.1" 200 794 "-" "Mozilla/5.0 (Windows NT 10.0; Win64; x64) AppleWebKit/537.36 (KHTML, like Gecko) Chrome/50.0.375.429 Safari/537.36"
113.215.189.140 - - [15/May/2024:23:40:32 +0800] "GET /favicon.ico HTTP/1.1" 404 1052 "-" "Mozilla/5.0 (Windows NT 10.0; Win64; x64) AppleWebKit/537.36 (KHTML, like Gecko) Chrome/50.0.375.429 Safari/537.36"
113.215.189.150 - - [15/May/2024:23:40:32 +0800] "GET /logs/ HTTP/1.1" 200 130566 "-" "Mozilla/5.0 (Windows NT 10.0; Win64; x64) AppleWebKit/537.36 (KHTML, like Gecko) Chrome/92.0.4515.131 Safari/537.36 Edg/92.0.902.67"
113.215.189.150 - - [15/May/2024:23:40:32 +0800] "GET / HTTP/1.1" 200 794 "-" "Mozilla/5.0 (Windows NT 10.0; Win64; x64; rv:52.0) Gecko/20100101 Firefox/52.0"
113.215.189.150 - - [15/May/2024:23:40:32 +0800] "GET /favicon.ico HTTP/1.1" 404 1052 "-" "Mozilla/5.0 (Windows NT 10.0; Win64; x64; rv:52.0) Gecko/20100101 Firefox/52.0"