66.249.66.161 - - [24/Dec/2023:00:21:06 +0800] "GET /logs/access_20230929.log HTTP/1.1" 304 - "-" "Mozilla/5.0 (Linux; Android 6.0.1; Nexus 5X Build/MMB29P) AppleWebKit/537.36 (KHTML, like Gecko) Chrome/120.0.6099.71 Mobile Safari/537.36 (compatible; Googlebot/2.1; +http://www.google.com/bot.html)"
66.249.66.169 - - [24/Dec/2023:00:52:14 +0800] "GET /logs/access_20230716.log HTTP/1.1" 304 - "-" "Mozilla/5.0 (Linux; Android 6.0.1; Nexus 5X Build/MMB29P) AppleWebKit/537.36 (KHTML, like Gecko) Chrome/120.0.6099.71 Mobile Safari/537.36 (compatible; Googlebot/2.1; +http://www.google.com/bot.html)"
220.181.108.165 - - [24/Dec/2023:02:19:45 +0800] "GET /logs/access_20221229.log HTTP/1.1" 304 - "-" "Mozilla/5.0 (compatible; Baiduspider/2.0; +http://www.baidu.com/search/spider.html)"
201.78.153.202 - - [24/Dec/2023:02:42:42 +0800] "GET /logs/access_20210425.log HTTP/1.1" 404 1194 "http://ft.kidcastle.com.cn/" "Mozilla/5.0 (Windows NT 10.0; Win64; x64; rv:114.0) Gecko/20100101 Firefox/114.0"
201.78.153.202 - - [24/Dec/2023:02:42:44 +0800] "GET / HTTP/1.1" 200 794 "http://ft.kidcastle.com.cn" "Mozilla/5.0 (Windows NT 10.0; Win64; x64; rv:114.0) Gecko/20100101 Firefox/114.0"
201.78.153.202 - - [24/Dec/2023:02:42:47 +0800] "GET /?C=M;O=A HTTP/1.1" 200 794 "http://ft.kidcastle.com.cn" "Mozilla/5.0 (Windows NT 10.0; Win64; x64; rv:114.0) Gecko/20100101 Firefox/114.0"
52.167.144.214 - - [24/Dec/2023:03:19:59 +0800] "GET /logs/access_20230929.log HTTP/1.1" 200 14820 "-" "Mozilla/5.0 AppleWebKit/537.36 (KHTML, like Gecko; compatible; bingbot/2.0; +http://www.bing.com/bingbot.htm) Chrome/116.0.1938.76 Safari/537.36"
109.207.130.91 - - [24/Dec/2023:05:57:46 +0800] "GET /logs/access_20210425.log HTTP/1.1" 404 1194 "http://ft.kidcastle.com.cn/" "Mozilla/5.0 (Windows NT 10.0; Win64; x64) AppleWebKit/537.36 (KHTML, like Gecko) Chrome/114.0.0.0 Safari/537.36"
109.207.130.91 - - [24/Dec/2023:05:57:48 +0800] "GET / HTTP/1.1" 200 794 "http://ft.kidcastle.com.cn" "Mozilla/5.0 (Windows NT 10.0; Win64; x64) AppleWebKit/537.36 (KHTML, like Gecko) Chrome/114.0.0.0 Safari/537.36"
109.207.130.91 - - [24/Dec/2023:05:57:50 +0800] "GET /?C=M;O=A HTTP/1.1" 200 794 "http://ft.kidcastle.com.cn" "Mozilla/5.0 (Windows NT 10.0; Win64; x64) AppleWebKit/537.36 (KHTML, like Gecko) Chrome/114.0.0.0 Safari/537.36"
66.249.66.160 - - [24/Dec/2023:06:18:27 +0800] "GET /robots.txt HTTP/1.1" 404 1052 "-" "Mozilla/5.0 (compatible; Googlebot/2.1; +http://www.google.com/bot.html)"
66.249.66.169 - - [24/Dec/2023:06:18:27 +0800] "GET /logs/access_20230714.log HTTP/1.1" 200 19997 "-" "Mozilla/5.0 (Linux; Android 6.0.1; Nexus 5X Build/MMB29P) AppleWebKit/537.36 (KHTML, like Gecko) Chrome/120.0.6099.71 Mobile Safari/537.36 (compatible; Googlebot/2.1; +http://www.google.com/bot.html)"
20.65.194.101 - - [24/Dec/2023:06:53:53 +0800] "GET / HTTP/1.1" 200 794 "-" "Mozilla/5.0 (Windows NT 10.0; Win64; x64) AppleWebKit/537.36 (KHTML, like Gecko) Chrome/95.0.4638.69 Safari/537.36"
20.65.194.101 - - [24/Dec/2023:06:53:59 +0800] "GET / HTTP/1.1" 200 794 "-" "Mozilla/5.0 (Windows NT 10.0; Win64; x64) AppleWebKit/537.36 (KHTML, like Gecko) Chrome/95.0.4638.69 Safari/537.36"
20.65.194.101 - - [24/Dec/2023:06:54:05 +0800] "GET /feed/ HTTP/1.1" 404 1052 "-" "Mozilla/5.0 (Windows NT 10.0; Win64; x64) AppleWebKit/537.36 (KHTML, like Gecko) Chrome/95.0.4638.69 Safari/537.36"
20.65.194.101 - - [24/Dec/2023:06:54:11 +0800] "GET /xmlrpc.php?rsd HTTP/1.1" 404 1052 "-" "Mozilla/5.0 (Windows NT 10.0; Win64; x64) AppleWebKit/537.36 (KHTML, like Gecko) Chrome/95.0.4638.69 Safari/537.36"
20.65.194.101 - - [24/Dec/2023:06:54:17 +0800] "GET /blog/wp-includes/wlwmanifest.xml HTTP/1.1" 404 1052 "-" "Mozilla/5.0 (Windows NT 10.0; Win64; x64) AppleWebKit/537.36 (KHTML, like Gecko) Chrome/95.0.4638.69 Safari/537.36"
20.65.194.101 - - [24/Dec/2023:06:54:23 +0800] "GET /web/wp-includes/wlwmanifest.xml HTTP/1.1" 404 1052 "-" "Mozilla/5.0 (Windows NT 10.0; Win64; x64) AppleWebKit/537.36 (KHTML, like Gecko) Chrome/95.0.4638.69 Safari/537.36"
20.65.194.101 - - [24/Dec/2023:06:54:29 +0800] "GET /wordpress/wp-includes/wlwmanifest.xml HTTP/1.1" 404 1052 "-" "Mozilla/5.0 (Windows NT 10.0; Win64; x64) AppleWebKit/537.36 (KHTML, like Gecko) Chrome/95.0.4638.69 Safari/537.36"
20.65.194.101 - - [24/Dec/2023:06:54:35 +0800] "GET /wp/wp-includes/wlwmanifest.xml HTTP/1.1" 404 1052 "-" "Mozilla/5.0 (Windows NT 10.0; Win64; x64) AppleWebKit/537.36 (KHTML, like Gecko) Chrome/95.0.4638.69 Safari/537.36"
20.65.194.101 - - [24/Dec/2023:06:54:41 +0800] "GET /2020/wp-includes/wlwmanifest.xml HTTP/1.1" 404 1052 "-" "Mozilla/5.0 (Windows NT 10.0; Win64; x64) AppleWebKit/537.36 (KHTML, like Gecko) Chrome/95.0.4638.69 Safari/537.36"
20.65.194.101 - - [24/Dec/2023:06:54:47 +0800] "GET /2019/wp-includes/wlwmanifest.xml HTTP/1.1" 404 1052 "-" "Mozilla/5.0 (Windows NT 10.0; Win64; x64) AppleWebKit/537.36 (KHTML, like Gecko) Chrome/95.0.4638.69 Safari/537.36"
20.65.194.101 - - [24/Dec/2023:06:54:53 +0800] "GET /2021/wp-includes/wlwmanifest.xml HTTP/1.1" 404 1052 "-" "Mozilla/5.0 (Windows NT 10.0; Win64; x64) AppleWebKit/537.36 (KHTML, like Gecko) Chrome/95.0.4638.69 Safari/537.36"
20.65.194.101 - - [24/Dec/2023:06:54:59 +0800] "GET /shop/wp-includes/wlwmanifest.xml HTTP/1.1" 404 1052 "-" "Mozilla/5.0 (Windows NT 10.0; Win64; x64) AppleWebKit/537.36 (KHTML, like Gecko) Chrome/95.0.4638.69 Safari/537.36"
20.65.194.101 - - [24/Dec/2023:06:55:05 +0800] "GET /wp1/wp-includes/wlwmanifest.xml HTTP/1.1" 404 1052 "-" "Mozilla/5.0 (Windows NT 10.0; Win64; x64) AppleWebKit/537.36 (KHTML, like Gecko) Chrome/95.0.4638.69 Safari/537.36"
20.65.194.101 - - [24/Dec/2023:06:55:11 +0800] "GET /test/wp-includes/wlwmanifest.xml HTTP/1.1" 404 1052 "-" "Mozilla/5.0 (Windows NT 10.0; Win64; x64) AppleWebKit/537.36 (KHTML, like Gecko) Chrome/95.0.4638.69 Safari/537.36"
157.55.39.225 - - [24/Dec/2023:06:55:19 +0800] "GET /robots.txt HTTP/1.1" 404 1052 "-" "Mozilla/5.0 AppleWebKit/537.36 (KHTML, like Gecko; compatible; bingbot/2.0; +http://www.bing.com/bingbot.htm) Chrome/116.0.1938.76 Safari/537.36"
20.65.194.101 - - [24/Dec/2023:06:55:17 +0800] "GET /site/wp-includes/wlwmanifest.xml HTTP/1.1" 404 1052 "-" "Mozilla/5.0 (Windows NT 10.0; Win64; x64) AppleWebKit/537.36 (KHTML, like Gecko) Chrome/95.0.4638.69 Safari/537.36"
207.46.13.141 - - [24/Dec/2023:06:55:25 +0800] "GET /logs/access_20230406.log HTTP/1.1" 200 8735 "-" "Mozilla/5.0 AppleWebKit/537.36 (KHTML, like Gecko; compatible; bingbot/2.0; +http://www.bing.com/bingbot.htm) Chrome/116.0.1938.76 Safari/537.36"
20.65.194.101 - - [24/Dec/2023:06:55:23 +0800] "GET /cms/wp-includes/wlwmanifest.xml HTTP/1.1" 404 1052 "-" "Mozilla/5.0 (Windows NT 10.0; Win64; x64) AppleWebKit/537.36 (KHTML, like Gecko) Chrome/95.0.4638.69 Safari/537.36"
220.181.51.90 - - [24/Dec/2023:07:50:23 +0800] "GET /robots.txt HTTP/1.1" 404 1052 "-" "Mozilla/5.0 (Windows NT 10.0; WOW64) AppleWebKit/537.36 (KHTML, like Gecko) Chrome/48.0.2564.116 Safari/537.36"
220.181.108.156 - - [24/Dec/2023:07:50:23 +0800] "GET /logs/access_20221229.log HTTP/1.1" 304 - "-" "Mozilla/5.0 (compatible; Baiduspider/2.0; +http://www.baidu.com/search/spider.html)"
66.249.66.160 - - [24/Dec/2023:07:51:06 +0800] "GET /logs/access_20230313.log HTTP/1.1" 200 5196 "-" "Mozilla/5.0 (Linux; Android 6.0.1; Nexus 5X Build/MMB29P) AppleWebKit/537.36 (KHTML, like Gecko) Chrome/120.0.6099.71 Mobile Safari/537.36 (compatible; Googlebot/2.1; +http://www.google.com/bot.html)"
52.167.144.219 - - [24/Dec/2023:09:09:44 +0800] "GET /logs/access_20221126.log HTTP/1.1" 304 - "-" "Mozilla/5.0 AppleWebKit/537.36 (KHTML, like Gecko; compatible; bingbot/2.0; +http://www.bing.com/bingbot.htm) Chrome/116.0.1938.76 Safari/537.36"
185.68.184.135 - - [24/Dec/2023:09:24:27 +0800] "GET /logs/access_20231007.log HTTP/1.1" 200 8082 "http://ft.kidcastle.com.cn/" "Mozilla/5.0 (Macintosh; Intel Mac OS X 12_5) AppleWebKit/537.36 (KHTML, like Gecko) Chrome/114.0.0.0 YaBrowser/22.7.0 Yowser/2.5 Safari/537.36"
185.68.184.135 - - [24/Dec/2023:09:24:30 +0800] "GET /logs/access_20230604.log HTTP/1.1" 200 22414 "http://ft.kidcastle.com.cn/logs/access_20231007.log" "Mozilla/5.0 (Macintosh; Intel Mac OS X 12_5) AppleWebKit/537.36 (KHTML, like Gecko) Chrome/114.0.0.0 YaBrowser/22.7.0 Yowser/2.5 Safari/537.36"
167.71.92.107 - - [24/Dec/2023:13:44:00 +0800] "GET / HTTP/1.1" 200 794 "-" "Mozilla/5.0 (X11; Linux x86_64) AppleWebKit/537.36 (KHTML, like Gecko) Chrome/108.0.0.0 Safari/537.36"
220.181.108.94 - - [24/Dec/2023:13:51:58 +0800] "GET /logs/access_20221229.log HTTP/1.1" 304 - "-" "Mozilla/5.0 (compatible; Baiduspider/2.0; +http://www.baidu.com/search/spider.html)"
220.181.108.166 - - [24/Dec/2023:13:51:58 +0800] "GET /logs/access_20230513.log HTTP/1.1" 200 23213 "-" "Mozilla/5.0 (compatible; Baiduspider/2.0; +http://www.baidu.com/search/spider.html)"
220.181.108.91 - - [24/Dec/2023:15:05:57 +0800] "GET /logs/access_20221229.log HTTP/1.1" 304 - "-" "Mozilla/5.0 (compatible; Baiduspider/2.0; +http://www.baidu.com/search/spider.html)"
66.249.66.169 - - [24/Dec/2023:15:34:25 +0800] "GET /swagger-resources HTTP/1.1" 404 1052 "-" "Mozilla/5.0 (Linux; Android 6.0.1; Nexus 5X Build/MMB29P) AppleWebKit/537.36 (KHTML, like Gecko) Chrome/120.0.6099.71 Mobile Safari/537.36 (compatible; Googlebot/2.1; +http://www.google.com/bot.html)"
66.249.66.169 - - [24/Dec/2023:15:56:55 +0800] "GET /logs/access_20230301.log HTTP/1.1" 200 14097 "-" "Mozilla/5.0 (Linux; Android 6.0.1; Nexus 5X Build/MMB29P) AppleWebKit/537.36 (KHTML, like Gecko) Chrome/120.0.6099.71 Mobile Safari/537.36 (compatible; Googlebot/2.1; +http://www.google.com/bot.html)"
220.181.108.169 - - [24/Dec/2023:16:57:57 +0800] "GET /logs/access_20221229.log HTTP/1.1" 304 - "-" "Mozilla/5.0 (compatible; Baiduspider/2.0; +http://www.baidu.com/search/spider.html)"
116.179.32.15 - - [24/Dec/2023:16:58:28 +0800] "GET /logs/access_20221229.log HTTP/1.1" 304 - "-" "Mozilla/5.0 (compatible; Baiduspider/2.0; +http://www.baidu.com/search/spider.html)"
66.249.66.161 - - [24/Dec/2023:17:15:57 +0800] "GET /logs/access_20230218.log HTTP/1.1" 304 - "-" "Mozilla/5.0 (Linux; Android 6.0.1; Nexus 5X Build/MMB29P) AppleWebKit/537.36 (KHTML, like Gecko) Chrome/120.0.6099.71 Mobile Safari/537.36 (compatible; Googlebot/2.1; +http://www.google.com/bot.html)"
52.167.144.140 - - [24/Dec/2023:17:36:32 +0800] "GET /logs/access_20230927.log HTTP/1.1" 200 4334 "-" "Mozilla/5.0 AppleWebKit/537.36 (KHTML, like Gecko; compatible; bingbot/2.0; +http://www.bing.com/bingbot.htm) Chrome/116.0.1938.76 Safari/537.36"
66.249.66.169 - - [24/Dec/2023:17:37:57 +0800] "GET /logs/access_20230809.log HTTP/1.1" 200 14276 "-" "Mozilla/5.0 (Linux; Android 6.0.1; Nexus 5X Build/MMB29P) AppleWebKit/537.36 (KHTML, like Gecko) Chrome/120.0.6099.71 Mobile Safari/537.36 (compatible; Googlebot/2.1; +http://www.google.com/bot.html)"
88.218.45.96 - - [24/Dec/2023:17:48:07 +0800] "GET /logs/access_20231007.log HTTP/1.1" 200 8082 "http://ft.kidcastle.com.cn/" "Mozilla/5.0 (Macintosh; Intel Mac OS X 12_5) AppleWebKit/537.36 (KHTML, like Gecko) Chrome/114.0.0.0 Safari/537.36 OPR/89.0.4447.51"
88.218.45.96 - - [24/Dec/2023:17:48:10 +0800] "GET /logs/access_20230604.log HTTP/1.1" 200 22414 "http://ft.kidcastle.com.cn/logs/access_20231007.log" "Mozilla/5.0 (Macintosh; Intel Mac OS X 12_5) AppleWebKit/537.36 (KHTML, like Gecko) Chrome/114.0.0.0 Safari/537.36 OPR/89.0.4447.51"
116.179.32.155 - - [24/Dec/2023:17:57:57 +0800] "GET /logs/access_20230519.log HTTP/1.1" 200 24398 "-" "Mozilla/5.0 (compatible; Baiduspider/2.0; +http://www.baidu.com/search/spider.html)"
66.249.66.169 - - [24/Dec/2023:18:00:57 +0800] "GET /backup/index.php HTTP/1.1" 404 1052 "-" "Mozilla/5.0 (Linux; Android 6.0.1; Nexus 5X Build/MMB29P) AppleWebKit/537.36 (KHTML, like Gecko) Chrome/120.0.6099.71 Mobile Safari/537.36 (compatible; Googlebot/2.1; +http://www.google.com/bot.html)"
66.249.66.161 - - [24/Dec/2023:18:45:57 +0800] "GET /robots.txt HTTP/1.1" 404 1052 "-" "Mozilla/5.0 (compatible; Googlebot/2.1; +http://www.google.com/bot.html)"
66.249.66.160 - - [24/Dec/2023:18:45:58 +0800] "GET /logs/access_20231007.log HTTP/1.1" 304 - "-" "Mozilla/5.0 (Linux; Android 6.0.1; Nexus 5X Build/MMB29P) AppleWebKit/537.36 (KHTML, like Gecko) Chrome/120.0.6099.71 Mobile Safari/537.36 (compatible; Googlebot/2.1; +http://www.google.com/bot.html)"
47.92.79.71 - - [24/Dec/2023:18:53:41 +0800] "GET http://ft.kidcastle.com.cn/ HTTP/1.1" 200 794 "-" "Mozilla/5.0 (Windows NT 10.0; Win64; x64) AppleWebKit/537.36 (KHTML, like Gecko) Chrome/90.0.4430.93 Safari/537.36"
47.92.79.71 - - [24/Dec/2023:18:53:41 +0800] "GET http://ft.kidcastle.com.cn/ HTTP/1.1" 200 794 "-" "Apache-HttpClient/5.1.3 (Java/1.8.0_342)"
47.92.79.71 - - [24/Dec/2023:18:53:41 +0800] "GET http://ft.kidcastle.com.cn/favicon.ico HTTP/1.1" 404 1052 "-" "Apache-HttpClient/5.1.3 (Java/1.8.0_342)"
47.92.79.71 - - [24/Dec/2023:18:53:42 +0800] "GET http://ft.kidcastle.com.cn/?C=D;O=A HTTP/1.1" 200 794 "-" "Mozilla/5.0 (Windows NT 10.0; Win64; x64) AppleWebKit/537.36 (KHTML, like Gecko) Chrome/90.0.4430.93 Safari/537.36"
47.92.79.71 - - [24/Dec/2023:18:53:42 +0800] "GET http://ft.kidcastle.com.cn/ HTTP/1.1" 200 794 "-" "Apache-HttpClient/5.1.3 (Java/1.8.0_342)"
47.92.79.71 - - [24/Dec/2023:18:53:42 +0800] "GET http://ft.kidcastle.com.cn/favicon.ico HTTP/1.1" 404 1052 "-" "Apache-HttpClient/5.1.3 (Java/1.8.0_342)"
47.92.79.71 - - [24/Dec/2023:18:53:42 +0800] "GET http://ft.kidcastle.com.cn/?C=M;O=A HTTP/1.1" 200 794 "-" "Mozilla/5.0 (Windows NT 10.0; Win64; x64) AppleWebKit/537.36 (KHTML, like Gecko) Chrome/90.0.4430.93 Safari/537.36"
47.92.79.71 - - [24/Dec/2023:18:53:42 +0800] "GET http://ft.kidcastle.com.cn/ HTTP/1.1" 200 794 "-" "Apache-HttpClient/5.1.3 (Java/1.8.0_342)"
47.92.79.71 - - [24/Dec/2023:18:53:42 +0800] "GET http://ft.kidcastle.com.cn/favicon.ico HTTP/1.1" 404 1052 "-" "Apache-HttpClient/5.1.3 (Java/1.8.0_342)"
47.92.79.71 - - [24/Dec/2023:18:53:42 +0800] "GET http://ft.kidcastle.com.cn/?C=N;O=D HTTP/1.1" 200 794 "-" "Mozilla/5.0 (Windows NT 10.0; Win64; x64) AppleWebKit/537.36 (KHTML, like Gecko) Chrome/90.0.4430.93 Safari/537.36"
47.92.79.71 - - [24/Dec/2023:18:53:42 +0800] "GET http://ft.kidcastle.com.cn/ HTTP/1.1" 200 794 "-" "Apache-HttpClient/5.1.3 (Java/1.8.0_342)"
47.92.79.71 - - [24/Dec/2023:18:53:42 +0800] "GET http://ft.kidcastle.com.cn/favicon.ico HTTP/1.1" 404 1052 "-" "Apache-HttpClient/5.1.3 (Java/1.8.0_342)"
47.92.79.71 - - [24/Dec/2023:18:53:42 +0800] "GET http://ft.kidcastle.com.cn/?C=S;O=A HTTP/1.1" 200 794 "-" "Mozilla/5.0 (Windows NT 10.0; Win64; x64) AppleWebKit/537.36 (KHTML, like Gecko) Chrome/90.0.4430.93 Safari/537.36"
47.92.79.71 - - [24/Dec/2023:18:53:42 +0800] "GET http://ft.kidcastle.com.cn/ HTTP/1.1" 200 794 "-" "Apache-HttpClient/5.1.3 (Java/1.8.0_342)"
47.92.79.71 - - [24/Dec/2023:18:53:42 +0800] "GET http://ft.kidcastle.com.cn/favicon.ico HTTP/1.1" 404 1052 "-" "Apache-HttpClient/5.1.3 (Java/1.8.0_342)"
47.92.79.71 - - [24/Dec/2023:18:53:42 +0800] "GET http://ft.kidcastle.com.cn/icons/blank.gif HTTP/1.1" 200 148 "-" "Mozilla/5.0 (Windows NT 10.0; Win64; x64) AppleWebKit/537.36 (KHTML, like Gecko) Chrome/90.0.4430.93 Safari/537.36"
47.92.79.71 - - [24/Dec/2023:18:53:42 +0800] "GET http://ft.kidcastle.com.cn/ HTTP/1.1" 200 794 "-" "Apache-HttpClient/5.1.3 (Java/1.8.0_342)"
47.92.79.71 - - [24/Dec/2023:18:53:42 +0800] "GET http://ft.kidcastle.com.cn/favicon.ico HTTP/1.1" 404 1052 "-" "Apache-HttpClient/5.1.3 (Java/1.8.0_342)"
47.92.31.57 - - [24/Dec/2023:18:53:43 +0800] "GET http://ft.kidcastle.com.cn/icons/folder.gif HTTP/1.1" 200 225 "-" "Mozilla/5.0 (Windows NT 10.0; Win64; x64) AppleWebKit/537.36 (KHTML, like Gecko) Chrome/90.0.4430.93 Safari/537.36"
47.92.31.57 - - [24/Dec/2023:18:53:43 +0800] "GET http://ft.kidcastle.com.cn/ HTTP/1.1" 200 794 "-" "Apache-HttpClient/5.1.3 (Java/1.8.0_342)"
47.92.79.71 - - [24/Dec/2023:18:53:43 +0800] "GET http://ft.kidcastle.com.cn/logs/ HTTP/1.1" 200 99106 "-" "Mozilla/5.0 (Windows NT 10.0; Win64; x64) AppleWebKit/537.36 (KHTML, like Gecko) Chrome/90.0.4430.93 Safari/537.36"
47.92.31.57 - - [24/Dec/2023:18:53:43 +0800] "GET http://ft.kidcastle.com.cn/favicon.ico HTTP/1.1" 404 1052 "-" "Apache-HttpClient/5.1.3 (Java/1.8.0_342)"
47.92.79.71 - - [24/Dec/2023:18:53:43 +0800] "GET http://ft.kidcastle.com.cn/ HTTP/1.1" 200 794 "-" "Apache-HttpClient/5.1.3 (Java/1.8.0_342)"
47.92.79.71 - - [24/Dec/2023:18:53:43 +0800] "GET http://ft.kidcastle.com.cn/favicon.ico HTTP/1.1" 404 1052 "-" "Apache-HttpClient/5.1.3 (Java/1.8.0_342)"
220.181.108.104 - - [24/Dec/2023:18:57:57 +0800] "GET /logs/access_20221229.log HTTP/1.1" 304 - "-" "Mozilla/5.0 (compatible; Baiduspider/2.0; +http://www.baidu.com/search/spider.html)"
66.249.66.169 - - [24/Dec/2023:19:06:06 +0800] "GET /logs/access_20230606.log HTTP/1.1" 200 10850 "-" "Mozilla/5.0 (Linux; Android 6.0.1; Nexus 5X Build/MMB29P) AppleWebKit/537.36 (KHTML, like Gecko) Chrome/120.0.6099.71 Mobile Safari/537.36 (compatible; Googlebot/2.1; +http://www.google.com/bot.html)"
66.249.66.161 - - [24/Dec/2023:19:38:01 +0800] "GET /logs/access_20230827.log HTTP/1.1" 200 27491 "-" "Mozilla/5.0 (Linux; Android 6.0.1; Nexus 5X Build/MMB29P) AppleWebKit/537.36 (KHTML, like Gecko) Chrome/120.0.6099.71 Mobile Safari/537.36 (compatible; Googlebot/2.1; +http://www.google.com/bot.html)"
47.92.70.66 - - [24/Dec/2023:19:49:28 +0800] "GET http://ft.kidcastle.com.cn/ HTTP/1.1" 200 794 "-" "Mozilla/5.0 (Windows NT 10.0; Win64; x64) AppleWebKit/537.36 (KHTML, like Gecko) Chrome/90.0.4430.93 Safari/537.36"
47.92.70.66 - - [24/Dec/2023:19:49:28 +0800] "GET http://ft.kidcastle.com.cn/ HTTP/1.1" 200 794 "-" "Apache-HttpClient/5.1.3 (Java/1.8.0_342)"
47.92.70.66 - - [24/Dec/2023:19:49:28 +0800] "GET http://ft.kidcastle.com.cn/favicon.ico HTTP/1.1" 404 1052 "-" "Apache-HttpClient/5.1.3 (Java/1.8.0_342)"
47.92.70.66 - - [24/Dec/2023:19:49:29 +0800] "GET http://ft.kidcastle.com.cn/?C=M;O=A HTTP/1.1" 200 794 "-" "Mozilla/5.0 (Windows NT 10.0; Win64; x64) AppleWebKit/537.36 (KHTML, like Gecko) Chrome/90.0.4430.93 Safari/537.36"
47.92.77.114 - - [24/Dec/2023:19:49:29 +0800] "GET http://ft.kidcastle.com.cn/?C=D;O=A HTTP/1.1" 200 794 "-" "Mozilla/5.0 (Windows NT 10.0; Win64; x64) AppleWebKit/537.36 (KHTML, like Gecko) Chrome/90.0.4430.93 Safari/537.36"
47.92.70.66 - - [24/Dec/2023:19:49:29 +0800] "GET http://ft.kidcastle.com.cn/ HTTP/1.1" 200 794 "-" "Apache-HttpClient/5.1.3 (Java/1.8.0_342)"
47.92.70.66 - - [24/Dec/2023:19:49:29 +0800] "GET http://ft.kidcastle.com.cn/favicon.ico HTTP/1.1" 404 1052 "-" "Apache-HttpClient/5.1.3 (Java/1.8.0_342)"
47.92.77.114 - - [24/Dec/2023:19:49:29 +0800] "GET http://ft.kidcastle.com.cn/ HTTP/1.1" 200 794 "-" "Apache-HttpClient/5.1.3 (Java/1.8.0_342)"
47.92.70.66 - - [24/Dec/2023:19:49:29 +0800] "GET http://ft.kidcastle.com.cn/?C=N;O=D HTTP/1.1" 200 794 "-" "Mozilla/5.0 (Windows NT 10.0; Win64; x64) AppleWebKit/537.36 (KHTML, like Gecko) Chrome/90.0.4430.93 Safari/537.36"
47.92.77.114 - - [24/Dec/2023:19:49:29 +0800] "GET http://ft.kidcastle.com.cn/favicon.ico HTTP/1.1" 404 1052 "-" "Apache-HttpClient/5.1.3 (Java/1.8.0_342)"
47.92.70.66 - - [24/Dec/2023:19:49:29 +0800] "GET http://ft.kidcastle.com.cn/ HTTP/1.1" 200 794 "-" "Apache-HttpClient/5.1.3 (Java/1.8.0_342)"
47.92.77.114 - - [24/Dec/2023:19:49:29 +0800] "GET http://ft.kidcastle.com.cn/?C=S;O=A HTTP/1.1" 200 794 "-" "Mozilla/5.0 (Windows NT 10.0; Win64; x64) AppleWebKit/537.36 (KHTML, like Gecko) Chrome/90.0.4430.93 Safari/537.36"
47.92.70.66 - - [24/Dec/2023:19:49:29 +0800] "GET http://ft.kidcastle.com.cn/favicon.ico HTTP/1.1" 404 1052 "-" "Apache-HttpClient/5.1.3 (Java/1.8.0_342)"
47.92.77.114 - - [24/Dec/2023:19:49:29 +0800] "GET http://ft.kidcastle.com.cn/ HTTP/1.1" 200 794 "-" "Apache-HttpClient/5.1.3 (Java/1.8.0_342)"
47.92.77.114 - - [24/Dec/2023:19:49:29 +0800] "GET http://ft.kidcastle.com.cn/icons/blank.gif HTTP/1.1" 200 148 "-" "Mozilla/5.0 (Windows NT 10.0; Win64; x64) AppleWebKit/537.36 (KHTML, like Gecko) Chrome/90.0.4430.93 Safari/537.36"
47.92.70.66 - - [24/Dec/2023:19:49:29 +0800] "GET http://ft.kidcastle.com.cn/favicon.ico HTTP/1.1" 404 1052 "-" "Apache-HttpClient/5.1.3 (Java/1.8.0_342)"
47.92.70.66 - - [24/Dec/2023:19:49:29 +0800] "GET http://ft.kidcastle.com.cn/icons/folder.gif HTTP/1.1" 200 225 "-" "Mozilla/5.0 (Windows NT 10.0; Win64; x64) AppleWebKit/537.36 (KHTML, like Gecko) Chrome/90.0.4430.93 Safari/537.36"
47.92.77.114 - - [24/Dec/2023:19:49:29 +0800] "GET http://ft.kidcastle.com.cn/ HTTP/1.1" 200 794 "-" "Apache-HttpClient/5.1.3 (Java/1.8.0_342)"
47.92.70.66 - - [24/Dec/2023:19:49:29 +0800] "GET http://ft.kidcastle.com.cn/favicon.ico HTTP/1.1" 404 1052 "-" "Apache-HttpClient/5.1.3 (Java/1.8.0_342)"
47.92.77.114 - - [24/Dec/2023:19:49:29 +0800] "GET http://ft.kidcastle.com.cn/ HTTP/1.1" 200 794 "-" "Apache-HttpClient/5.1.3 (Java/1.8.0_342)"
47.92.70.66 - - [24/Dec/2023:19:49:30 +0800] "GET http://ft.kidcastle.com.cn/favicon.ico HTTP/1.1" 404 1052 "-" "Apache-HttpClient/5.1.3 (Java/1.8.0_342)"
47.92.77.114 - - [24/Dec/2023:19:49:30 +0800] "GET http://ft.kidcastle.com.cn/logs/ HTTP/1.1" 200 99106 "-" "Mozilla/5.0 (Windows NT 10.0; Win64; x64) AppleWebKit/537.36 (KHTML, like Gecko) Chrome/90.0.4430.93 Safari/537.36"
47.92.77.114 - - [24/Dec/2023:19:49:30 +0800] "GET http://ft.kidcastle.com.cn/ HTTP/1.1" 200 794 "-" "Apache-HttpClient/5.1.3 (Java/1.8.0_342)"
47.92.77.114 - - [24/Dec/2023:19:49:30 +0800] "GET http://ft.kidcastle.com.cn/favicon.ico HTTP/1.1" 404 1052 "-" "Apache-HttpClient/5.1.3 (Java/1.8.0_342)"
66.249.66.160 - - [24/Dec/2023:20:23:02 +0800] "GET /logs/access_20221122.log HTTP/1.1" 200 35379 "-" "Mozilla/5.0 (Linux; Android 6.0.1; Nexus 5X Build/MMB29P) AppleWebKit/537.36 (KHTML, like Gecko) Chrome/120.0.6099.71 Mobile Safari/537.36 (compatible; Googlebot/2.1; +http://www.google.com/bot.html)"
220.181.108.168 - - [24/Dec/2023:20:31:42 +0800] "GET /logs/access_20221229.log HTTP/1.1" 304 - "-" "Mozilla/5.0 (compatible; Baiduspider/2.0; +http://www.baidu.com/search/spider.html)"
51.79.225.132 - - [24/Dec/2023:20:36:02 +0800] "GET /logs/access_20210425.log HTTP/1.1" 404 1194 "http://ft.kidcastle.com.cn/" "Mozilla/5.0 (X11; Ubuntu; Linux i686; rv:114.0) Gecko/20100101 Firefox/114.0"
51.79.225.132 - - [24/Dec/2023:20:36:04 +0800] "GET / HTTP/1.1" 200 794 "http://ft.kidcastle.com.cn" "Mozilla/5.0 (X11; Ubuntu; Linux i686; rv:114.0) Gecko/20100101 Firefox/114.0"
51.79.225.132 - - [24/Dec/2023:20:36:09 +0800] "GET /?C=M;O=A HTTP/1.1" 200 794 "http://ft.kidcastle.com.cn" "Mozilla/5.0 (X11; Ubuntu; Linux i686; rv:114.0) Gecko/20100101 Firefox/114.0"
66.249.66.169 - - [24/Dec/2023:21:36:06 +0800] "GET /logs/access_20221110.log HTTP/1.1" 200 28208 "-" "Mozilla/5.0 (Linux; Android 6.0.1; Nexus 5X Build/MMB29P) AppleWebKit/537.36 (KHTML, like Gecko) Chrome/120.0.6099.71 Mobile Safari/537.36 (compatible; Googlebot/2.1; +http://www.google.com/bot.html)"
205.210.31.47 - - [24/Dec/2023:21:40:50 +0800] "GET / HTTP/1.1" 200 794 "-" "-"
103.44.249.212 - - [24/Dec/2023:22:57:05 +0800] "GET /e/sch/sch.html HTTP/1.1" 404 1222 "http://ft.kidcastle.com.cn/e/sch/sch.html" "Mozilla/5.0 (compatible; MSIE 9.0; Windows NT 6.1; Win64; x64; Trident/5.0)"
139.99.84.74 - - [24/Dec/2023:23:03:58 +0800] "GET /logs/access_20210425.log HTTP/1.1" 404 1194 "http://ft.kidcastle.com.cn/" "Mozilla/5.0 (X11; Ubuntu; Linux x86_64; rv:114.0) Gecko/20100101 Firefox/114.0"
139.99.84.74 - - [24/Dec/2023:23:03:59 +0800] "GET / HTTP/1.1" 200 794 "http://ft.kidcastle.com.cn" "Mozilla/5.0 (X11; Ubuntu; Linux x86_64; rv:114.0) Gecko/20100101 Firefox/114.0"
139.99.84.74 - - [24/Dec/2023:23:04:05 +0800] "GET /?C=M;O=A HTTP/1.1" 200 794 "http://ft.kidcastle.com.cn" "Mozilla/5.0 (X11; Ubuntu; Linux x86_64; rv:114.0) Gecko/20100101 Firefox/114.0"