157.55.39.217 - - [04/May/2023:00:42:45 +0800] "GET / HTTP/1.1" 200 794 "-" "Mozilla/5.0 AppleWebKit/537.36 (KHTML, like Gecko; compatible; bingbot/2.0; +http://www.bing.com/bingbot.htm) Chrome/103.0.5060.134 Safari/537.36"
116.179.32.26 - - [04/May/2023:00:54:05 +0800] "GET /logs/?C=N;O=D HTTP/1.1" 200 47626 "-" "Mozilla/5.0 (compatible; Baiduspider/2.0; +http://www.baidu.com/search/spider.html)"
116.179.33.15 - - [04/May/2023:00:54:06 +0800] "GET /robots.txt HTTP/1.1" 404 1052 "-" "Mozilla/5.0 (Windows NT 10.0; WOW64) AppleWebKit/537.36 (KHTML, like Gecko) Chrome/48.0.2564.116 Safari/537.36"
220.181.51.118 - - [04/May/2023:00:54:21 +0800] "GET /robots.txt HTTP/1.1" 404 1052 "-" "Mozilla/5.0 (Windows NT 10.0; WOW64) AppleWebKit/537.36 (KHTML, like Gecko) Chrome/48.0.2564.116 Safari/537.36"
183.36.114.116 - - [04/May/2023:01:05:00 +0800] "GET / HTTP/1.1" 200 794 "-" "MQQBrowser/26 Mozilla/5.0 (Linux; U; Android 4.4.2; zh-cn; MB200 Build/GRJ22; CyanogenMod-7) AppleWebKit/533.1 (KHTML, like Gecko) Version/4.0 Mobile Safari/533.1"
123.125.186.27 - - [04/May/2023:01:05:00 +0800] "GET /icons/folder.gif HTTP/1.1" 200 225 "http://ft.kidcastle.com.cn/" "MQQBrowser/26 Mozilla/5.0 (Linux; U; Android 4.4.2; zh-cn; MB200 Build/GRJ22; CyanogenMod-7) AppleWebKit/533.1 (KHTML, like Gecko) Version/4.0 Mobile Safari/533.1"
183.36.114.172 - - [04/May/2023:01:05:00 +0800] "GET /icons/blank.gif HTTP/1.1" 200 148 "http://ft.kidcastle.com.cn/" "MQQBrowser/26 Mozilla/5.0 (Linux; U; Android 4.4.2; zh-cn; MB200 Build/GRJ22; CyanogenMod-7) AppleWebKit/533.1 (KHTML, like Gecko) Version/4.0 Mobile Safari/533.1"
110.50.86.210 - - [04/May/2023:01:51:01 +0800] "GET /logs/access_20210425.log HTTP/1.1" 404 1194 "http://ft.kidcastle.com.cn/" "Mozilla/5.0 (Windows NT 10.0; WOW64; x64) AppleWebKit/537.36 (KHTML, like Gecko) Chrome/103.0.0.0 Safari/537.36 OPR/89.0.4447.51"
110.50.86.210 - - [04/May/2023:01:51:03 +0800] "GET / HTTP/1.1" 200 794 "http://ft.kidcastle.com.cn" "Mozilla/5.0 (Windows NT 10.0; WOW64; x64) AppleWebKit/537.36 (KHTML, like Gecko) Chrome/103.0.0.0 Safari/537.36 OPR/89.0.4447.51"
110.50.86.210 - - [04/May/2023:01:51:04 +0800] "GET /?C=M;O=A HTTP/1.1" 200 794 "http://ft.kidcastle.com.cn" "Mozilla/5.0 (Windows NT 10.0; WOW64; x64) AppleWebKit/537.36 (KHTML, like Gecko) Chrome/103.0.0.0 Safari/537.36 OPR/89.0.4447.51"
216.244.66.195 - - [04/May/2023:02:01:09 +0800] "GET /robots.txt HTTP/1.1" 404 1052 "-" "Mozilla/5.0 (compatible; DotBot/1.2; +https://opensiteexplorer.org/dotbot; help@moz.com)"
116.179.32.13 - - [04/May/2023:02:24:05 +0800] "GET /logs/access_20230205.log HTTP/1.1" 304 - "-" "Mozilla/5.0 (compatible; Baiduspider/2.0; +http://www.baidu.com/search/spider.html)"
216.244.66.195 - - [04/May/2023:02:41:27 +0800] "GET /logs/access_20230226.log HTTP/1.1" 200 14660 "-" "Mozilla/5.0 (compatible; DotBot/1.2; +https://opensiteexplorer.org/dotbot; help@moz.com)"
66.249.72.173 - - [04/May/2023:03:37:42 +0800] "GET /robots.txt HTTP/1.1" 404 1052 "-" "Mozilla/5.0 (compatible; Googlebot/2.1; +http://www.google.com/bot.html)"
66.249.72.173 - - [04/May/2023:03:37:42 +0800] "GET /logs/access_20221107.log HTTP/1.1" 304 - "-" "Mozilla/5.0 (Linux; Android 6.0.1; Nexus 5X Build/MMB29P) AppleWebKit/537.36 (KHTML, like Gecko) Chrome/112.0.5615.142 Mobile Safari/537.36 (compatible; Googlebot/2.1; +http://www.google.com/bot.html)"
52.167.144.171 - - [04/May/2023:04:24:53 +0800] "GET /logs/access_20221227.log HTTP/1.1" 200 19171 "-" "Mozilla/5.0 AppleWebKit/537.36 (KHTML, like Gecko; compatible; bingbot/2.0; +http://www.bing.com/bingbot.htm) Chrome/103.0.5060.134 Safari/537.36"
216.244.66.195 - - [04/May/2023:04:42:43 +0800] "GET /robots.txt HTTP/1.1" 404 1052 "-" "Mozilla/5.0 (compatible; DotBot/1.2; +https://opensiteexplorer.org/dotbot; help@moz.com)"
8.142.31.72 - - [04/May/2023:04:56:18 +0800] "GET http://ft.kidcastle.com.cn/ HTTP/1.1" 200 794 "-" "Mozilla/5.0 (Windows NT 10.0; Win64; x64) AppleWebKit/537.36 (KHTML, like Gecko) Chrome/90.0.4430.93 Safari/537.36"
8.142.31.72 - - [04/May/2023:04:56:18 +0800] "GET http://ft.kidcastle.com.cn/ HTTP/1.1" 200 794 "-" "Apache-HttpClient/5.1.3 (Java/1.8.0_342)"
8.142.31.72 - - [04/May/2023:04:56:18 +0800] "GET http://ft.kidcastle.com.cn/favicon.ico HTTP/1.1" 404 1052 "-" "Apache-HttpClient/5.1.3 (Java/1.8.0_342)"
8.142.31.72 - - [04/May/2023:04:56:19 +0800] "GET http://ft.kidcastle.com.cn/?C=M;O=A HTTP/1.1" 200 794 "-" "Mozilla/5.0 (Windows NT 10.0; Win64; x64) AppleWebKit/537.36 (KHTML, like Gecko) Chrome/90.0.4430.93 Safari/537.36"
8.142.87.162 - - [04/May/2023:04:56:19 +0800] "GET http://ft.kidcastle.com.cn/?C=D;O=A HTTP/1.1" 200 794 "-" "Mozilla/5.0 (Windows NT 10.0; Win64; x64) AppleWebKit/537.36 (KHTML, like Gecko) Chrome/90.0.4430.93 Safari/537.36"
8.142.31.72 - - [04/May/2023:04:56:19 +0800] "GET http://ft.kidcastle.com.cn/ HTTP/1.1" 200 794 "-" "Apache-HttpClient/5.1.3 (Java/1.8.0_342)"
8.142.31.72 - - [04/May/2023:04:56:19 +0800] "GET http://ft.kidcastle.com.cn/favicon.ico HTTP/1.1" 404 1052 "-" "Apache-HttpClient/5.1.3 (Java/1.8.0_342)"
8.142.87.162 - - [04/May/2023:04:56:19 +0800] "GET http://ft.kidcastle.com.cn/ HTTP/1.1" 200 794 "-" "Apache-HttpClient/5.1.3 (Java/1.8.0_342)"
8.142.31.72 - - [04/May/2023:04:56:19 +0800] "GET http://ft.kidcastle.com.cn/favicon.ico HTTP/1.1" 404 1052 "-" "Apache-HttpClient/5.1.3 (Java/1.8.0_342)"
8.142.87.162 - - [04/May/2023:04:56:19 +0800] "GET http://ft.kidcastle.com.cn/?C=N;O=D HTTP/1.1" 200 794 "-" "Mozilla/5.0 (Windows NT 10.0; Win64; x64) AppleWebKit/537.36 (KHTML, like Gecko) Chrome/90.0.4430.93 Safari/537.36"
8.142.31.72 - - [04/May/2023:04:56:19 +0800] "GET http://ft.kidcastle.com.cn/?C=S;O=A HTTP/1.1" 200 794 "-" "Mozilla/5.0 (Windows NT 10.0; Win64; x64) AppleWebKit/537.36 (KHTML, like Gecko) Chrome/90.0.4430.93 Safari/537.36"
8.142.87.162 - - [04/May/2023:04:56:19 +0800] "GET http://ft.kidcastle.com.cn/ HTTP/1.1" 200 794 "-" "Apache-HttpClient/5.1.3 (Java/1.8.0_342)"
8.142.31.72 - - [04/May/2023:04:56:19 +0800] "GET http://ft.kidcastle.com.cn/ HTTP/1.1" 200 794 "-" "Apache-HttpClient/5.1.3 (Java/1.8.0_342)"
8.142.87.162 - - [04/May/2023:04:56:19 +0800] "GET http://ft.kidcastle.com.cn/favicon.ico HTTP/1.1" 404 1052 "-" "Apache-HttpClient/5.1.3 (Java/1.8.0_342)"
8.142.31.72 - - [04/May/2023:04:56:19 +0800] "GET http://ft.kidcastle.com.cn/favicon.ico HTTP/1.1" 404 1052 "-" "Apache-HttpClient/5.1.3 (Java/1.8.0_342)"
8.142.87.162 - - [04/May/2023:04:56:19 +0800] "GET http://ft.kidcastle.com.cn/icons/blank.gif HTTP/1.1" 200 148 "-" "Mozilla/5.0 (Windows NT 10.0; Win64; x64) AppleWebKit/537.36 (KHTML, like Gecko) Chrome/90.0.4430.93 Safari/537.36"
8.142.31.72 - - [04/May/2023:04:56:19 +0800] "GET http://ft.kidcastle.com.cn/icons/folder.gif HTTP/1.1" 200 225 "-" "Mozilla/5.0 (Windows NT 10.0; Win64; x64) AppleWebKit/537.36 (KHTML, like Gecko) Chrome/90.0.4430.93 Safari/537.36"
8.142.87.162 - - [04/May/2023:04:56:19 +0800] "GET http://ft.kidcastle.com.cn/ HTTP/1.1" 200 794 "-" "Apache-HttpClient/5.1.3 (Java/1.8.0_342)"
8.142.31.72 - - [04/May/2023:04:56:19 +0800] "GET http://ft.kidcastle.com.cn/ HTTP/1.1" 200 794 "-" "Apache-HttpClient/5.1.3 (Java/1.8.0_342)"
8.142.87.162 - - [04/May/2023:04:56:19 +0800] "GET http://ft.kidcastle.com.cn/favicon.ico HTTP/1.1" 404 1052 "-" "Apache-HttpClient/5.1.3 (Java/1.8.0_342)"
8.142.31.72 - - [04/May/2023:04:56:19 +0800] "GET http://ft.kidcastle.com.cn/favicon.ico HTTP/1.1" 404 1052 "-" "Apache-HttpClient/5.1.3 (Java/1.8.0_342)"
8.142.87.162 - - [04/May/2023:04:56:19 +0800] "GET http://ft.kidcastle.com.cn/logs/ HTTP/1.1" 200 47626 "-" "Mozilla/5.0 (Windows NT 10.0; Win64; x64) AppleWebKit/537.36 (KHTML, like Gecko) Chrome/90.0.4430.93 Safari/537.36"
8.142.87.162 - - [04/May/2023:04:56:19 +0800] "GET http://ft.kidcastle.com.cn/ HTTP/1.1" 200 794 "-" "Apache-HttpClient/5.1.3 (Java/1.8.0_342)"
8.142.87.162 - - [04/May/2023:04:56:19 +0800] "GET http://ft.kidcastle.com.cn/favicon.ico HTTP/1.1" 404 1052 "-" "Apache-HttpClient/5.1.3 (Java/1.8.0_342)"
220.181.108.167 - - [04/May/2023:04:57:33 +0800] "GET /logs/access_20230504.log HTTP/1.1" 200 8033 "-" "Mozilla/5.0 (compatible; Baiduspider/2.0; +http://www.baidu.com/search/spider.html)"
216.244.66.195 - - [04/May/2023:05:22:03 +0800] "GET /logs/access_20230312.log HTTP/1.1" 200 17899 "-" "Mozilla/5.0 (compatible; DotBot/1.2; +https://opensiteexplorer.org/dotbot; help@moz.com)"
216.244.66.195 - - [04/May/2023:05:35:48 +0800] "GET /robots.txt HTTP/1.1" 404 1052 "-" "Mozilla/5.0 (compatible; DotBot/1.2; +https://opensiteexplorer.org/dotbot; help@moz.com)"
39.103.133.249 - - [04/May/2023:06:01:14 +0800] "GET http://ft.kidcastle.com.cn/ HTTP/1.1" 200 794 "-" "Mozilla/5.0 (Windows NT 10.0; Win64; x64) AppleWebKit/537.36 (KHTML, like Gecko) Chrome/90.0.4430.93 Safari/537.36"
39.103.133.249 - - [04/May/2023:06:01:14 +0800] "GET http://ft.kidcastle.com.cn/ HTTP/1.1" 200 794 "-" "Apache-HttpClient/5.1.3 (Java/1.8.0_342)"
39.103.133.249 - - [04/May/2023:06:01:14 +0800] "GET http://ft.kidcastle.com.cn/favicon.ico HTTP/1.1" 404 1052 "-" "Apache-HttpClient/5.1.3 (Java/1.8.0_342)"
39.103.133.249 - - [04/May/2023:06:01:15 +0800] "GET http://ft.kidcastle.com.cn/?C=D;O=A HTTP/1.1" 200 794 "-" "Mozilla/5.0 (Windows NT 10.0; Win64; x64) AppleWebKit/537.36 (KHTML, like Gecko) Chrome/90.0.4430.93 Safari/537.36"
39.103.133.249 - - [04/May/2023:06:01:15 +0800] "GET http://ft.kidcastle.com.cn/ HTTP/1.1" 200 794 "-" "Apache-HttpClient/5.1.3 (Java/1.8.0_342)"
39.103.133.249 - - [04/May/2023:06:01:15 +0800] "GET http://ft.kidcastle.com.cn/favicon.ico HTTP/1.1" 404 1052 "-" "Apache-HttpClient/5.1.3 (Java/1.8.0_342)"
39.103.133.249 - - [04/May/2023:06:01:15 +0800] "GET http://ft.kidcastle.com.cn/?C=M;O=A HTTP/1.1" 200 794 "-" "Mozilla/5.0 (Windows NT 10.0; Win64; x64) AppleWebKit/537.36 (KHTML, like Gecko) Chrome/90.0.4430.93 Safari/537.36"
39.103.133.249 - - [04/May/2023:06:01:15 +0800] "GET http://ft.kidcastle.com.cn/ HTTP/1.1" 200 794 "-" "Apache-HttpClient/5.1.3 (Java/1.8.0_342)"
39.103.133.249 - - [04/May/2023:06:01:15 +0800] "GET http://ft.kidcastle.com.cn/favicon.ico HTTP/1.1" 404 1052 "-" "Apache-HttpClient/5.1.3 (Java/1.8.0_342)"
39.103.133.249 - - [04/May/2023:06:01:15 +0800] "GET http://ft.kidcastle.com.cn/?C=N;O=D HTTP/1.1" 200 794 "-" "Mozilla/5.0 (Windows NT 10.0; Win64; x64) AppleWebKit/537.36 (KHTML, like Gecko) Chrome/90.0.4430.93 Safari/537.36"
39.103.133.249 - - [04/May/2023:06:01:15 +0800] "GET http://ft.kidcastle.com.cn/ HTTP/1.1" 200 794 "-" "Apache-HttpClient/5.1.3 (Java/1.8.0_342)"
39.103.133.249 - - [04/May/2023:06:01:15 +0800] "GET http://ft.kidcastle.com.cn/favicon.ico HTTP/1.1" 404 1052 "-" "Apache-HttpClient/5.1.3 (Java/1.8.0_342)"
39.103.133.249 - - [04/May/2023:06:01:15 +0800] "GET http://ft.kidcastle.com.cn/?C=S;O=A HTTP/1.1" 200 794 "-" "Mozilla/5.0 (Windows NT 10.0; Win64; x64) AppleWebKit/537.36 (KHTML, like Gecko) Chrome/90.0.4430.93 Safari/537.36"
39.103.133.249 - - [04/May/2023:06:01:15 +0800] "GET http://ft.kidcastle.com.cn/ HTTP/1.1" 200 794 "-" "Apache-HttpClient/5.1.3 (Java/1.8.0_342)"
39.103.133.249 - - [04/May/2023:06:01:15 +0800] "GET http://ft.kidcastle.com.cn/favicon.ico HTTP/1.1" 404 1052 "-" "Apache-HttpClient/5.1.3 (Java/1.8.0_342)"
39.103.133.249 - - [04/May/2023:06:01:15 +0800] "GET http://ft.kidcastle.com.cn/icons/blank.gif HTTP/1.1" 200 148 "-" "Mozilla/5.0 (Windows NT 10.0; Win64; x64) AppleWebKit/537.36 (KHTML, like Gecko) Chrome/90.0.4430.93 Safari/537.36"
39.103.133.249 - - [04/May/2023:06:01:15 +0800] "GET http://ft.kidcastle.com.cn/ HTTP/1.1" 200 794 "-" "Apache-HttpClient/5.1.3 (Java/1.8.0_342)"
47.92.67.105 - - [04/May/2023:06:01:15 +0800] "GET http://ft.kidcastle.com.cn/icons/folder.gif HTTP/1.1" 200 225 "-" "Mozilla/5.0 (Windows NT 10.0; Win64; x64) AppleWebKit/537.36 (KHTML, like Gecko) Chrome/90.0.4430.93 Safari/537.36"
39.103.133.249 - - [04/May/2023:06:01:15 +0800] "GET http://ft.kidcastle.com.cn/favicon.ico HTTP/1.1" 404 1052 "-" "Apache-HttpClient/5.1.3 (Java/1.8.0_342)"
47.92.67.105 - - [04/May/2023:06:01:15 +0800] "GET http://ft.kidcastle.com.cn/ HTTP/1.1" 200 794 "-" "Apache-HttpClient/5.1.3 (Java/1.8.0_342)"
39.103.133.249 - - [04/May/2023:06:01:15 +0800] "GET http://ft.kidcastle.com.cn/logs/ HTTP/1.1" 200 47626 "-" "Mozilla/5.0 (Windows NT 10.0; Win64; x64) AppleWebKit/537.36 (KHTML, like Gecko) Chrome/90.0.4430.93 Safari/537.36"
47.92.67.105 - - [04/May/2023:06:01:15 +0800] "GET http://ft.kidcastle.com.cn/favicon.ico HTTP/1.1" 404 1052 "-" "Apache-HttpClient/5.1.3 (Java/1.8.0_342)"
39.103.133.249 - - [04/May/2023:06:01:15 +0800] "GET http://ft.kidcastle.com.cn/ HTTP/1.1" 200 794 "-" "Apache-HttpClient/5.1.3 (Java/1.8.0_342)"
39.103.133.249 - - [04/May/2023:06:01:16 +0800] "GET http://ft.kidcastle.com.cn/favicon.ico HTTP/1.1" 404 1052 "-" "Apache-HttpClient/5.1.3 (Java/1.8.0_342)"
216.244.66.195 - - [04/May/2023:06:12:21 +0800] "GET /logs/access_20230407.log HTTP/1.1" 200 8494 "-" "Mozilla/5.0 (compatible; DotBot/1.2; +https://opensiteexplorer.org/dotbot; help@moz.com)"
216.244.66.195 - - [04/May/2023:06:12:25 +0800] "GET /logs/access_20230417.log HTTP/1.1" 200 16046 "-" "Mozilla/5.0 (compatible; DotBot/1.2; +https://opensiteexplorer.org/dotbot; help@moz.com)"
216.244.66.195 - - [04/May/2023:07:24:12 +0800] "GET /robots.txt HTTP/1.1" 404 1052 "-" "Mozilla/5.0 (compatible; DotBot/1.2; +https://opensiteexplorer.org/dotbot; help@moz.com)"
216.244.66.195 - - [04/May/2023:08:03:21 +0800] "GET /logs/access_20230413.log HTTP/1.1" 200 14402 "-" "Mozilla/5.0 (compatible; DotBot/1.2; +https://opensiteexplorer.org/dotbot; help@moz.com)"
220.181.108.81 - - [04/May/2023:08:20:42 +0800] "GET /logs/?C=N;O=D HTTP/1.1" 200 47626 "-" "Mozilla/5.0 (compatible; Baiduspider/2.0; +http://www.baidu.com/search/spider.html)"
123.183.224.99 - - [04/May/2023:08:21:11 +0800] "GET / HTTP/1.1" 200 794 "-" "MQQBrowser/26 Mozilla/5.0 (Linux; U; Android 4.4.2; zh-cn; MB200 Build/GRJ22; CyanogenMod-7) AppleWebKit/533.1 (KHTML, like Gecko) Version/4.0 Mobile Safari/533.1 (compatible; Sogou web spider/4.0; +http://www.sogou.com/docs/help/webmasters.htm#07)"
123.183.224.23 - - [04/May/2023:08:26:29 +0800] "GET / HTTP/1.1" 200 794 "-" "Sogou web spider/4.0(+http://www.sogou.com/docs/help/webmasters.htm#07)"
116.179.32.170 - - [04/May/2023:09:23:50 +0800] "GET /logs/access_20221205.log HTTP/1.1" 200 23074 "-" "Mozilla/5.0 (compatible; Baiduspider/2.0; +http://www.baidu.com/search/spider.html)"
220.181.108.81 - - [04/May/2023:09:23:51 +0800] "GET /logs/access_20221221.log HTTP/1.1" 200 19046 "-" "Mozilla/5.0 (compatible; Baiduspider/2.0; +http://www.baidu.com/search/spider.html)"
94.103.97.60 - - [04/May/2023:12:05:29 +0800] "GET /logs/access_20210425.log HTTP/1.1" 404 1194 "http://ft.kidcastle.com.cn/" "Mozilla/5.0 (Macintosh; Intel Mac OS X 12_5) AppleWebKit/537.36 (KHTML, like Gecko) Chrome/103.0.0.0 Safari/537.36 OPR/89.0.4447.51"
94.103.97.60 - - [04/May/2023:12:05:30 +0800] "GET / HTTP/1.1" 200 794 "http://ft.kidcastle.com.cn" "Mozilla/5.0 (Macintosh; Intel Mac OS X 12_5) AppleWebKit/537.36 (KHTML, like Gecko) Chrome/103.0.0.0 Safari/537.36 OPR/89.0.4447.51"
94.103.97.60 - - [04/May/2023:12:05:35 +0800] "GET /?C=M;O=A HTTP/1.1" 200 794 "http://ft.kidcastle.com.cn" "Mozilla/5.0 (Macintosh; Intel Mac OS X 12_5) AppleWebKit/537.36 (KHTML, like Gecko) Chrome/103.0.0.0 Safari/537.36 OPR/89.0.4447.51"
52.167.144.162 - - [04/May/2023:12:23:42 +0800] "GET /logs/access_20201223.log HTTP/1.1" 404 1052 "-" "Mozilla/5.0 AppleWebKit/537.36 (KHTML, like Gecko; compatible; bingbot/2.0; +http://www.bing.com/bingbot.htm) Chrome/103.0.5060.134 Safari/537.36"
157.55.39.217 - - [04/May/2023:12:57:36 +0800] "GET / HTTP/1.1" 200 794 "-" "Mozilla/5.0 AppleWebKit/537.36 (KHTML, like Gecko; compatible; bingbot/2.0; +http://www.bing.com/bingbot.htm) Chrome/103.0.5060.134 Safari/537.36"
52.167.144.162 - - [04/May/2023:13:06:06 +0800] "GET /logs/access_20200818.log HTTP/1.1" 404 1052 "-" "Mozilla/5.0 AppleWebKit/537.36 (KHTML, like Gecko; compatible; bingbot/2.0; +http://www.bing.com/bingbot.htm) Chrome/103.0.5060.134 Safari/537.36"
216.244.66.195 - - [04/May/2023:13:41:47 +0800] "GET /robots.txt HTTP/1.1" 404 1052 "-" "Mozilla/5.0 (compatible; DotBot/1.2; +https://opensiteexplorer.org/dotbot; help@moz.com)"
216.244.66.195 - - [04/May/2023:14:08:38 +0800] "GET /logs/access_20230302.log HTTP/1.1" 200 18254 "-" "Mozilla/5.0 (compatible; DotBot/1.2; +https://opensiteexplorer.org/dotbot; help@moz.com)"
113.24.224.17 - - [04/May/2023:14:51:25 +0800] "GET /logs/?C=N;O=D HTTP/1.1" 200 47622 "-" "Mozilla/5.0 (compatible; Baiduspider/2.0; +http://www.baidu.com/search/spider.html)"
216.244.66.195 - - [04/May/2023:15:26:21 +0800] "GET /robots.txt HTTP/1.1" 404 1052 "-" "Mozilla/5.0 (compatible; DotBot/1.2; +https://opensiteexplorer.org/dotbot; help@moz.com)"
52.167.144.162 - - [04/May/2023:15:32:00 +0800] "GET /logs/access_20230105.log HTTP/1.1" 200 15524 "-" "Mozilla/5.0 AppleWebKit/537.36 (KHTML, like Gecko; compatible; bingbot/2.0; +http://www.bing.com/bingbot.htm) Chrome/103.0.5060.134 Safari/537.36"
116.179.32.35 - - [04/May/2023:15:49:25 +0800] "GET /logs/?C=S;O=A HTTP/1.1" 200 47622 "-" "Mozilla/5.0 (compatible; Baiduspider/2.0; +http://www.baidu.com/search/spider.html)"
220.181.108.159 - - [04/May/2023:15:52:00 +0800] "GET /logs/access_20230504.log HTTP/1.1" 200 17311 "-" "Mozilla/5.0 (compatible; Baiduspider/2.0; +http://www.baidu.com/search/spider.html)"
116.179.32.19 - - [04/May/2023:15:52:00 +0800] "GET /logs/ HTTP/1.1" 200 47622 "-" "Mozilla/5.0 (compatible; Baiduspider/2.0; +http://www.baidu.com/search/spider.html)"
216.244.66.195 - - [04/May/2023:15:55:05 +0800] "GET /logs/access_20230330.log HTTP/1.1" 200 12815 "-" "Mozilla/5.0 (compatible; DotBot/1.2; +https://opensiteexplorer.org/dotbot; help@moz.com)"
52.167.144.162 - - [04/May/2023:15:57:22 +0800] "GET /logs/access_20221209.log HTTP/1.1" 200 19709 "-" "Mozilla/5.0 AppleWebKit/537.36 (KHTML, like Gecko; compatible; bingbot/2.0; +http://www.bing.com/bingbot.htm) Chrome/103.0.5060.134 Safari/537.36"
1.192.240.93 - - [04/May/2023:16:19:22 +0800] "GET /robots.txt HTTP/1.1" 404 1052 "-" "Mozilla/5.0 (Windows NT 10.0; Win64; x64; rv:69.0) Gecko/20100101 Firefox/69.0"
216.244.66.195 - - [04/May/2023:16:21:47 +0800] "GET /robots.txt HTTP/1.1" 404 1052 "-" "Mozilla/5.0 (compatible; DotBot/1.2; +https://opensiteexplorer.org/dotbot; help@moz.com)"
216.244.66.195 - - [04/May/2023:16:54:48 +0800] "GET /logs/access_20230420.log HTTP/1.1" 200 15019 "-" "Mozilla/5.0 (compatible; DotBot/1.2; +https://opensiteexplorer.org/dotbot; help@moz.com)"
217.113.194.72 - - [04/May/2023:17:05:42 +0800] "GET /robots.txt HTTP/1.1" 404 1052 "-" "Mozilla/5.0 (compatible; Barkrowler/0.9; +https://babbar.tech/crawler)"
217.113.194.83 - - [04/May/2023:17:05:58 +0800] "GET /logs/access_20230217.log HTTP/1.1" 200 14935 "-" "Mozilla/5.0 (compatible; Barkrowler/0.9; +https://babbar.tech/crawler)"
217.113.194.83 - - [04/May/2023:17:06:14 +0800] "GET /logs/access_20200714.log HTTP/1.1" 404 1052 "-" "Mozilla/5.0 (compatible; Barkrowler/0.9; +https://babbar.tech/crawler)"
217.113.194.115 - - [04/May/2023:17:06:30 +0800] "GET /logs/access_20200729.log HTTP/1.1" 404 1052 "-" "Mozilla/5.0 (compatible; Barkrowler/0.9; +https://babbar.tech/crawler)"
217.113.194.80 - - [04/May/2023:17:06:45 +0800] "GET /logs/access_20200720.log HTTP/1.1" 404 1052 "-" "Mozilla/5.0 (compatible; Barkrowler/0.9; +https://babbar.tech/crawler)"
217.113.194.91 - - [04/May/2023:17:07:01 +0800] "GET /logs/access_20200728.log HTTP/1.1" 404 1052 "-" "Mozilla/5.0 (compatible; Barkrowler/0.9; +https://babbar.tech/crawler)"
217.113.194.90 - - [04/May/2023:17:07:17 +0800] "GET /logs/access_20200724.log HTTP/1.1" 404 1052 "-" "Mozilla/5.0 (compatible; Barkrowler/0.9; +https://babbar.tech/crawler)"
217.113.194.123 - - [04/May/2023:17:07:33 +0800] "GET /logs/access_20220217.log HTTP/1.1" 404 1052 "-" "Mozilla/5.0 (compatible; Barkrowler/0.9; +https://babbar.tech/crawler)"
217.113.194.71 - - [04/May/2023:17:07:49 +0800] "GET /logs/access_20210913.log HTTP/1.1" 404 1052 "-" "Mozilla/5.0 (compatible; Barkrowler/0.9; +https://babbar.tech/crawler)"
217.113.194.116 - - [04/May/2023:17:08:04 +0800] "GET /logs/access_20221013.log HTTP/1.1" 304 - "-" "Mozilla/5.0 (compatible; Barkrowler/0.9; +https://babbar.tech/crawler)"
217.113.194.78 - - [04/May/2023:17:08:20 +0800] "GET /logs/access_20221017.log HTTP/1.1" 304 - "-" "Mozilla/5.0 (compatible; Barkrowler/0.9; +https://babbar.tech/crawler)"
220.181.108.146 - - [04/May/2023:17:10:16 +0800] "GET /logs/?C=N;O=D HTTP/1.1" 200 47622 "-" "Mozilla/5.0 (compatible; Baiduspider/2.0; +http://www.baidu.com/search/spider.html)"
40.77.167.101 - - [04/May/2023:17:20:21 +0800] "GET /robots.txt HTTP/1.1" 404 1052 "-" "Mozilla/5.0 AppleWebKit/537.36 (KHTML, like Gecko; compatible; bingbot/2.0; +http://www.bing.com/bingbot.htm) Chrome/103.0.5060.134 Safari/537.36"
52.167.144.162 - - [04/May/2023:17:20:30 +0800] "GET /logs/access_20221209.log HTTP/1.1" 200 19709 "-" "Mozilla/5.0 AppleWebKit/537.36 (KHTML, like Gecko; compatible; bingbot/2.0; +http://www.bing.com/bingbot.htm) Chrome/103.0.5060.134 Safari/537.36"
104.144.130.181 - - [04/May/2023:18:09:15 +0800] "GET /logs/access_20210425.log HTTP/1.1" 404 1194 "http://ft.kidcastle.com.cn/" "Mozilla/5.0 (Windows NT 10.0; WOW64) AppleWebKit/537.36 (KHTML, like Gecko) Chrome/103.0.0.0 Safari/537.36"
104.144.130.181 - - [04/May/2023:18:09:16 +0800] "GET / HTTP/1.1" 200 794 "http://ft.kidcastle.com.cn" "Mozilla/5.0 (Windows NT 10.0; WOW64) AppleWebKit/537.36 (KHTML, like Gecko) Chrome/103.0.0.0 Safari/537.36"
216.244.66.195 - - [04/May/2023:18:10:01 +0800] "GET /robots.txt HTTP/1.1" 404 1052 "-" "Mozilla/5.0 (compatible; DotBot/1.2; +https://opensiteexplorer.org/dotbot; help@moz.com)"
216.244.66.195 - - [04/May/2023:18:27:02 +0800] "GET /logs/access_20230307.log HTTP/1.1" 200 9157 "-" "Mozilla/5.0 (compatible; DotBot/1.2; +https://opensiteexplorer.org/dotbot; help@moz.com)"
114.119.136.85 - - [04/May/2023:18:42:00 +0800] "GET /robots.txt HTTP/1.1" 404 1052 "-" "Mozilla/5.0 (compatible;PetalBot;+https://webmaster.petalsearch.com/site/petalbot)"
47.92.67.105 - - [04/May/2023:18:46:32 +0800] "GET http://ft.kidcastle.cn/ HTTP/1.1" 200 790 "-" "Mozilla/5.0 (Windows NT 10.0; Win64; x64) AppleWebKit/537.36 (KHTML, like Gecko) Chrome/90.0.4430.93 Safari/537.36"
47.92.67.105 - - [04/May/2023:18:46:32 +0800] "GET http://ft.kidcastle.cn/ HTTP/1.1" 200 790 "-" "Apache-HttpClient/5.1.3 (Java/1.8.0_342)"
47.92.67.105 - - [04/May/2023:18:46:32 +0800] "GET http://ft.kidcastle.cn/favicon.ico HTTP/1.1" 404 1048 "-" "Apache-HttpClient/5.1.3 (Java/1.8.0_342)"
47.92.67.105 - - [04/May/2023:18:46:33 +0800] "GET http://ft.kidcastle.cn/?C=D;O=A HTTP/1.1" 200 790 "-" "Mozilla/5.0 (Windows NT 10.0; Win64; x64) AppleWebKit/537.36 (KHTML, like Gecko) Chrome/90.0.4430.93 Safari/537.36"
47.92.67.105 - - [04/May/2023:18:46:33 +0800] "GET http://ft.kidcastle.cn/ HTTP/1.1" 200 790 "-" "Apache-HttpClient/5.1.3 (Java/1.8.0_342)"
47.92.67.105 - - [04/May/2023:18:46:33 +0800] "GET http://ft.kidcastle.cn/favicon.ico HTTP/1.1" 404 1048 "-" "Apache-HttpClient/5.1.3 (Java/1.8.0_342)"
47.92.67.105 - - [04/May/2023:18:46:33 +0800] "GET http://ft.kidcastle.cn/?C=M;O=A HTTP/1.1" 200 790 "-" "Mozilla/5.0 (Windows NT 10.0; Win64; x64) AppleWebKit/537.36 (KHTML, like Gecko) Chrome/90.0.4430.93 Safari/537.36"
47.92.67.105 - - [04/May/2023:18:46:33 +0800] "GET http://ft.kidcastle.cn/ HTTP/1.1" 200 790 "-" "Apache-HttpClient/5.1.3 (Java/1.8.0_342)"
47.92.67.105 - - [04/May/2023:18:46:33 +0800] "GET http://ft.kidcastle.cn/favicon.ico HTTP/1.1" 404 1048 "-" "Apache-HttpClient/5.1.3 (Java/1.8.0_342)"
47.92.67.105 - - [04/May/2023:18:46:33 +0800] "GET http://ft.kidcastle.cn/?C=N;O=D HTTP/1.1" 200 790 "-" "Mozilla/5.0 (Windows NT 10.0; Win64; x64) AppleWebKit/537.36 (KHTML, like Gecko) Chrome/90.0.4430.93 Safari/537.36"
47.92.67.105 - - [04/May/2023:18:46:33 +0800] "GET http://ft.kidcastle.cn/ HTTP/1.1" 200 790 "-" "Apache-HttpClient/5.1.3 (Java/1.8.0_342)"
47.92.67.105 - - [04/May/2023:18:46:33 +0800] "GET http://ft.kidcastle.cn/favicon.ico HTTP/1.1" 404 1048 "-" "Apache-HttpClient/5.1.3 (Java/1.8.0_342)"
47.92.67.105 - - [04/May/2023:18:46:33 +0800] "GET http://ft.kidcastle.cn/?C=S;O=A HTTP/1.1" 200 790 "-" "Mozilla/5.0 (Windows NT 10.0; Win64; x64) AppleWebKit/537.36 (KHTML, like Gecko) Chrome/90.0.4430.93 Safari/537.36"
47.92.67.105 - - [04/May/2023:18:46:34 +0800] "GET http://ft.kidcastle.cn/ HTTP/1.1" 200 790 "-" "Apache-HttpClient/5.1.3 (Java/1.8.0_342)"
47.92.67.105 - - [04/May/2023:18:46:34 +0800] "GET http://ft.kidcastle.cn/favicon.ico HTTP/1.1" 404 1048 "-" "Apache-HttpClient/5.1.3 (Java/1.8.0_342)"
47.92.67.105 - - [04/May/2023:18:46:34 +0800] "GET http://ft.kidcastle.cn/icons/blank.gif HTTP/1.1" 200 148 "-" "Mozilla/5.0 (Windows NT 10.0; Win64; x64) AppleWebKit/537.36 (KHTML, like Gecko) Chrome/90.0.4430.93 Safari/537.36"
47.92.67.105 - - [04/May/2023:18:46:34 +0800] "GET http://ft.kidcastle.cn/ HTTP/1.1" 200 790 "-" "Apache-HttpClient/5.1.3 (Java/1.8.0_342)"
47.92.32.64 - - [04/May/2023:18:46:34 +0800] "GET http://ft.kidcastle.cn/icons/folder.gif HTTP/1.1" 200 225 "-" "Mozilla/5.0 (Windows NT 10.0; Win64; x64) AppleWebKit/537.36 (KHTML, like Gecko) Chrome/90.0.4430.93 Safari/537.36"
47.92.67.105 - - [04/May/2023:18:46:34 +0800] "GET http://ft.kidcastle.cn/favicon.ico HTTP/1.1" 404 1048 "-" "Apache-HttpClient/5.1.3 (Java/1.8.0_342)"
47.92.32.64 - - [04/May/2023:18:46:34 +0800] "GET http://ft.kidcastle.cn/ HTTP/1.1" 200 790 "-" "Apache-HttpClient/5.1.3 (Java/1.8.0_342)"
47.92.67.105 - - [04/May/2023:18:46:34 +0800] "GET http://ft.kidcastle.cn/favicon.ico HTTP/1.1" 404 1048 "-" "Apache-HttpClient/5.1.3 (Java/1.8.0_342)"
47.92.32.64 - - [04/May/2023:18:46:34 +0800] "GET http://ft.kidcastle.cn/logs/ HTTP/1.1" 200 47622 "-" "Mozilla/5.0 (Windows NT 10.0; Win64; x64) AppleWebKit/537.36 (KHTML, like Gecko) Chrome/90.0.4430.93 Safari/537.36"
47.92.32.64 - - [04/May/2023:18:46:34 +0800] "GET http://ft.kidcastle.cn/ HTTP/1.1" 200 790 "-" "Apache-HttpClient/5.1.3 (Java/1.8.0_342)"
47.92.32.64 - - [04/May/2023:18:46:34 +0800] "GET http://ft.kidcastle.cn/favicon.ico HTTP/1.1" 404 1048 "-" "Apache-HttpClient/5.1.3 (Java/1.8.0_342)"
216.244.66.195 - - [04/May/2023:19:02:45 +0800] "GET /robots.txt HTTP/1.1" 404 1052 "-" "Mozilla/5.0 (compatible; DotBot/1.2; +https://opensiteexplorer.org/dotbot; help@moz.com)"
216.244.66.195 - - [04/May/2023:19:21:04 +0800] "GET /logs/access_20230414.log HTTP/1.1" 200 8719 "-" "Mozilla/5.0 (compatible; DotBot/1.2; +https://opensiteexplorer.org/dotbot; help@moz.com)"
125.124.63.70 - - [04/May/2023:19:50:39 +0800] "GET / HTTP/1.1" 200 790 "-" "Mozilla/5.0 (Macintosh; Intel Mac OS X 10_15_7) AppleWebKit/537.36 (KHTML, like Gecko) Chrome/96.0.4664.110 Safari/537.36"
125.124.63.70 - - [04/May/2023:19:50:39 +0800] "GET /favicon.ico HTTP/1.1" 404 1048 "-" "Mozilla/5.0 (Macintosh; Intel Mac OS X 10_15_7) AppleWebKit/537.36 (KHTML, like Gecko) Chrome/96.0.4664.110 Safari/537.36"
47.92.33.204 - - [04/May/2023:20:48:41 +0800] "GET http://ft.kidcastle.cn/ HTTP/1.1" 200 790 "-" "Mozilla/5.0 (Windows NT 10.0; Win64; x64) AppleWebKit/537.36 (KHTML, like Gecko) Chrome/90.0.4430.93 Safari/537.36"
47.92.33.204 - - [04/May/2023:20:48:41 +0800] "GET http://ft.kidcastle.cn/ HTTP/1.1" 200 790 "-" "Apache-HttpClient/5.1.3 (Java/1.8.0_342)"
47.92.33.204 - - [04/May/2023:20:48:42 +0800] "GET http://ft.kidcastle.cn/favicon.ico HTTP/1.1" 404 1048 "-" "Apache-HttpClient/5.1.3 (Java/1.8.0_342)"
47.92.33.204 - - [04/May/2023:20:48:42 +0800] "GET http://ft.kidcastle.cn/?C=D;O=A HTTP/1.1" 200 790 "-" "Mozilla/5.0 (Windows NT 10.0; Win64; x64) AppleWebKit/537.36 (KHTML, like Gecko) Chrome/90.0.4430.93 Safari/537.36"
47.92.33.204 - - [04/May/2023:20:48:42 +0800] "GET http://ft.kidcastle.cn/ HTTP/1.1" 200 790 "-" "Apache-HttpClient/5.1.3 (Java/1.8.0_342)"
47.92.33.204 - - [04/May/2023:20:48:42 +0800] "GET http://ft.kidcastle.cn/favicon.ico HTTP/1.1" 404 1048 "-" "Apache-HttpClient/5.1.3 (Java/1.8.0_342)"
47.92.33.204 - - [04/May/2023:20:48:43 +0800] "GET http://ft.kidcastle.cn/?C=M;O=A HTTP/1.1" 200 790 "-" "Mozilla/5.0 (Windows NT 10.0; Win64; x64) AppleWebKit/537.36 (KHTML, like Gecko) Chrome/90.0.4430.93 Safari/537.36"
47.92.33.204 - - [04/May/2023:20:48:43 +0800] "GET http://ft.kidcastle.cn/ HTTP/1.1" 200 790 "-" "Apache-HttpClient/5.1.3 (Java/1.8.0_342)"
47.92.33.204 - - [04/May/2023:20:48:43 +0800] "GET http://ft.kidcastle.cn/favicon.ico HTTP/1.1" 404 1048 "-" "Apache-HttpClient/5.1.3 (Java/1.8.0_342)"
47.92.33.204 - - [04/May/2023:20:48:43 +0800] "GET http://ft.kidcastle.cn/?C=N;O=D HTTP/1.1" 200 790 "-" "Mozilla/5.0 (Windows NT 10.0; Win64; x64) AppleWebKit/537.36 (KHTML, like Gecko) Chrome/90.0.4430.93 Safari/537.36"
47.92.33.204 - - [04/May/2023:20:48:43 +0800] "GET http://ft.kidcastle.cn/ HTTP/1.1" 200 790 "-" "Apache-HttpClient/5.1.3 (Java/1.8.0_342)"
47.92.33.204 - - [04/May/2023:20:48:43 +0800] "GET http://ft.kidcastle.cn/favicon.ico HTTP/1.1" 404 1048 "-" "Apache-HttpClient/5.1.3 (Java/1.8.0_342)"
47.92.33.204 - - [04/May/2023:20:48:43 +0800] "GET http://ft.kidcastle.cn/?C=S;O=A HTTP/1.1" 200 790 "-" "Mozilla/5.0 (Windows NT 10.0; Win64; x64) AppleWebKit/537.36 (KHTML, like Gecko) Chrome/90.0.4430.93 Safari/537.36"
47.92.33.204 - - [04/May/2023:20:48:43 +0800] "GET http://ft.kidcastle.cn/ HTTP/1.1" 200 790 "-" "Apache-HttpClient/5.1.3 (Java/1.8.0_342)"
47.92.33.204 - - [04/May/2023:20:48:43 +0800] "GET http://ft.kidcastle.cn/favicon.ico HTTP/1.1" 404 1048 "-" "Apache-HttpClient/5.1.3 (Java/1.8.0_342)"
47.92.33.204 - - [04/May/2023:20:48:43 +0800] "GET http://ft.kidcastle.cn/icons/blank.gif HTTP/1.1" 200 148 "-" "Mozilla/5.0 (Windows NT 10.0; Win64; x64) AppleWebKit/537.36 (KHTML, like Gecko) Chrome/90.0.4430.93 Safari/537.36"
47.92.33.204 - - [04/May/2023:20:48:43 +0800] "GET http://ft.kidcastle.cn/ HTTP/1.1" 200 790 "-" "Apache-HttpClient/5.1.3 (Java/1.8.0_342)"
47.92.33.204 - - [04/May/2023:20:48:43 +0800] "GET http://ft.kidcastle.cn/favicon.ico HTTP/1.1" 404 1048 "-" "Apache-HttpClient/5.1.3 (Java/1.8.0_342)"
47.92.30.57 - - [04/May/2023:20:48:43 +0800] "GET http://ft.kidcastle.cn/icons/folder.gif HTTP/1.1" 200 225 "-" "Mozilla/5.0 (Windows NT 10.0; Win64; x64) AppleWebKit/537.36 (KHTML, like Gecko) Chrome/90.0.4430.93 Safari/537.36"
47.92.33.204 - - [04/May/2023:20:48:43 +0800] "GET http://ft.kidcastle.cn/logs/ HTTP/1.1" 200 47622 "-" "Mozilla/5.0 (Windows NT 10.0; Win64; x64) AppleWebKit/537.36 (KHTML, like Gecko) Chrome/90.0.4430.93 Safari/537.36"
47.92.30.57 - - [04/May/2023:20:48:43 +0800] "GET http://ft.kidcastle.cn/ HTTP/1.1" 200 790 "-" "Apache-HttpClient/5.1.3 (Java/1.8.0_342)"
47.92.30.57 - - [04/May/2023:20:48:43 +0800] "GET http://ft.kidcastle.cn/favicon.ico HTTP/1.1" 404 1048 "-" "Apache-HttpClient/5.1.3 (Java/1.8.0_342)"
47.92.33.204 - - [04/May/2023:20:48:43 +0800] "GET http://ft.kidcastle.cn/ HTTP/1.1" 200 790 "-" "Apache-HttpClient/5.1.3 (Java/1.8.0_342)"
47.92.33.204 - - [04/May/2023:20:48:43 +0800] "GET http://ft.kidcastle.cn/favicon.ico HTTP/1.1" 404 1048 "-" "Apache-HttpClient/5.1.3 (Java/1.8.0_342)"
216.244.66.195 - - [04/May/2023:20:49:20 +0800] "GET /robots.txt HTTP/1.1" 404 1052 "-" "Mozilla/5.0 (compatible; DotBot/1.2; +https://opensiteexplorer.org/dotbot; help@moz.com)"
157.55.39.217 - - [04/May/2023:20:57:51 +0800] "GET /logs/access_20200504.log HTTP/1.1" 404 1052 "-" "Mozilla/5.0 AppleWebKit/537.36 (KHTML, like Gecko; compatible; bingbot/2.0; +http://www.bing.com/bingbot.htm) Chrome/103.0.5060.134 Safari/537.36"
216.244.66.195 - - [04/May/2023:21:07:04 +0800] "GET /logs/access_20230316.log HTTP/1.1" 200 7902 "-" "Mozilla/5.0 (compatible; DotBot/1.2; +https://opensiteexplorer.org/dotbot; help@moz.com)"
52.167.144.162 - - [04/May/2023:21:39:44 +0800] "GET /logs/access_20230313.log HTTP/1.1" 200 5196 "-" "Mozilla/5.0 AppleWebKit/537.36 (KHTML, like Gecko; compatible; bingbot/2.0; +http://www.bing.com/bingbot.htm) Chrome/103.0.5060.134 Safari/537.36"
157.55.39.217 - - [04/May/2023:22:39:11 +0800] "GET /logs/access_20230324.log HTTP/1.1" 200 15451 "-" "Mozilla/5.0 AppleWebKit/537.36 (KHTML, like Gecko; compatible; bingbot/2.0; +http://www.bing.com/bingbot.htm) Chrome/103.0.5060.134 Safari/537.36"
103.75.229.147 - - [04/May/2023:23:28:36 +0800] "GET /logs/access_20211209.log HTTP/1.1" 404 1194 "http://ft.kidcastle.com.cn/" "Mozilla/5.0 (Windows NT 10.0; Win64; x64; rv:102.0) Gecko/20100101 Firefox/102.0"
157.55.39.217 - - [04/May/2023:23:44:17 +0800] "GET / HTTP/1.1" 200 794 "-" "Mozilla/5.0 AppleWebKit/537.36 (KHTML, like Gecko; compatible; bingbot/2.0; +http://www.bing.com/bingbot.htm) Chrome/103.0.5060.134 Safari/537.36"