42.236.17.62 - - [28/Apr/2023:00:06:36 +0800] "GET / HTTP/1.1" 200 794 "-" "Mozilla/5.0 (iPhone; CPU iPhone OS 11_0 like Mac OS X) AppleWebKit/604.1.34 (KHTML, like Gecko) Version/11.0 Mobile/15A5341f Safari/604.1;"
42.236.17.62 - - [28/Apr/2023:00:06:36 +0800] "GET /icons/blank.gif HTTP/1.1" 200 148 "-" "Mozilla/5.0 (iPhone; CPU iPhone OS 11_0 like Mac OS X) AppleWebKit/604.1.34 (KHTML, like Gecko) Version/11.0 Mobile/15A5341f Safari/604.1;"
42.236.17.62 - - [28/Apr/2023:00:06:36 +0800] "GET /icons/folder.gif HTTP/1.1" 200 225 "-" "Mozilla/5.0 (iPhone; CPU iPhone OS 11_0 like Mac OS X) AppleWebKit/604.1.34 (KHTML, like Gecko) Version/11.0 Mobile/15A5341f Safari/604.1;"
102.129.240.198 - - [28/Apr/2023:00:13:47 +0800] "GET /logs/access_20211209.log HTTP/1.0" 404 1194 "http://ft.kidcastle.com.cn/" "Mozilla/5.0 (Linux x86_64; rv:102.0) Gecko/20100101 Firefox/102.0"
102.129.240.198 - - [28/Apr/2023:00:13:48 +0800] "GET / HTTP/1.1" 200 794 "http://ft.kidcastle.com.cn" "Mozilla/5.0 (Linux x86_64; rv:102.0) Gecko/20100101 Firefox/102.0"
102.129.240.198 - - [28/Apr/2023:00:13:50 +0800] "GET /?C=M;O=A HTTP/1.1" 200 794 "http://ft.kidcastle.com.cn" "Mozilla/5.0 (Linux x86_64; rv:102.0) Gecko/20100101 Firefox/102.0"
52.167.144.162 - - [28/Apr/2023:00:56:32 +0800] "GET / HTTP/1.1" 200 794 "-" "Mozilla/5.0 AppleWebKit/537.36 (KHTML, like Gecko; compatible; bingbot/2.0; +http://www.bing.com/bingbot.htm) Chrome/103.0.5060.134 Safari/537.36"
220.181.108.165 - - [28/Apr/2023:00:59:29 +0800] "GET /logs/access_20221201.log HTTP/1.1" 200 26157 "-" "Mozilla/5.0 (compatible; Baiduspider/2.0; +http://www.baidu.com/search/spider.html)"
17.241.219.161 - - [28/Apr/2023:01:21:12 +0800] "GET /robots.txt HTTP/1.1" 404 1052 "-" "Mozilla/5.0 (Macintosh; Intel Mac OS X 10_15_5) AppleWebKit/605.1.15 (KHTML, like Gecko) Version/13.1.1 Safari/605.1.15 (Applebot/0.1; +http://www.apple.com/go/applebot)"
17.241.219.161 - - [28/Apr/2023:01:21:12 +0800] "GET / HTTP/1.1" 200 794 "-" "Mozilla/5.0 (Macintosh; Intel Mac OS X 10_15_5) AppleWebKit/605.1.15 (KHTML, like Gecko) Version/13.1.1 Safari/605.1.15 (Applebot/0.1; +http://www.apple.com/go/applebot)"
47.92.78.77 - - [28/Apr/2023:01:46:01 +0800] "GET http://ft.kidcastle.com.cn/ HTTP/1.1" 200 794 "-" "Mozilla/5.0 (Windows NT 10.0; Win64; x64) AppleWebKit/537.36 (KHTML, like Gecko) Chrome/90.0.4430.93 Safari/537.36"
47.92.78.77 - - [28/Apr/2023:01:46:02 +0800] "GET http://ft.kidcastle.com.cn/ HTTP/1.1" 200 794 "-" "Apache-HttpClient/5.1.3 (Java/1.8.0_342)"
47.92.78.77 - - [28/Apr/2023:01:46:02 +0800] "GET http://ft.kidcastle.com.cn/favicon.ico HTTP/1.1" 404 1052 "-" "Apache-HttpClient/5.1.3 (Java/1.8.0_342)"
47.92.78.77 - - [28/Apr/2023:01:46:02 +0800] "GET http://ft.kidcastle.com.cn/?C=D;O=A HTTP/1.1" 200 794 "-" "Mozilla/5.0 (Windows NT 10.0; Win64; x64) AppleWebKit/537.36 (KHTML, like Gecko) Chrome/90.0.4430.93 Safari/537.36"
47.92.78.77 - - [28/Apr/2023:01:46:03 +0800] "GET http://ft.kidcastle.com.cn/ HTTP/1.1" 200 794 "-" "Apache-HttpClient/5.1.3 (Java/1.8.0_342)"
47.92.78.77 - - [28/Apr/2023:01:46:03 +0800] "GET http://ft.kidcastle.com.cn/favicon.ico HTTP/1.1" 404 1052 "-" "Apache-HttpClient/5.1.3 (Java/1.8.0_342)"
47.92.78.77 - - [28/Apr/2023:01:46:03 +0800] "GET http://ft.kidcastle.com.cn/?C=M;O=A HTTP/1.1" 200 794 "-" "Mozilla/5.0 (Windows NT 10.0; Win64; x64) AppleWebKit/537.36 (KHTML, like Gecko) Chrome/90.0.4430.93 Safari/537.36"
47.92.78.77 - - [28/Apr/2023:01:46:03 +0800] "GET http://ft.kidcastle.com.cn/ HTTP/1.1" 200 794 "-" "Apache-HttpClient/5.1.3 (Java/1.8.0_342)"
47.92.78.77 - - [28/Apr/2023:01:46:03 +0800] "GET http://ft.kidcastle.com.cn/favicon.ico HTTP/1.1" 404 1052 "-" "Apache-HttpClient/5.1.3 (Java/1.8.0_342)"
47.92.78.77 - - [28/Apr/2023:01:46:03 +0800] "GET http://ft.kidcastle.com.cn/?C=N;O=D HTTP/1.1" 200 794 "-" "Mozilla/5.0 (Windows NT 10.0; Win64; x64) AppleWebKit/537.36 (KHTML, like Gecko) Chrome/90.0.4430.93 Safari/537.36"
47.92.78.77 - - [28/Apr/2023:01:46:03 +0800] "GET http://ft.kidcastle.com.cn/ HTTP/1.1" 200 794 "-" "Apache-HttpClient/5.1.3 (Java/1.8.0_342)"
47.92.78.77 - - [28/Apr/2023:01:46:03 +0800] "GET http://ft.kidcastle.com.cn/favicon.ico HTTP/1.1" 404 1052 "-" "Apache-HttpClient/5.1.3 (Java/1.8.0_342)"
47.92.78.77 - - [28/Apr/2023:01:46:03 +0800] "GET http://ft.kidcastle.com.cn/?C=S;O=A HTTP/1.1" 200 794 "-" "Mozilla/5.0 (Windows NT 10.0; Win64; x64) AppleWebKit/537.36 (KHTML, like Gecko) Chrome/90.0.4430.93 Safari/537.36"
47.92.78.77 - - [28/Apr/2023:01:46:03 +0800] "GET http://ft.kidcastle.com.cn/ HTTP/1.1" 200 794 "-" "Apache-HttpClient/5.1.3 (Java/1.8.0_342)"
47.92.78.77 - - [28/Apr/2023:01:46:03 +0800] "GET http://ft.kidcastle.com.cn/favicon.ico HTTP/1.1" 404 1052 "-" "Apache-HttpClient/5.1.3 (Java/1.8.0_342)"
47.92.78.77 - - [28/Apr/2023:01:46:03 +0800] "GET http://ft.kidcastle.com.cn/icons/blank.gif HTTP/1.1" 200 148 "-" "Mozilla/5.0 (Windows NT 10.0; Win64; x64) AppleWebKit/537.36 (KHTML, like Gecko) Chrome/90.0.4430.93 Safari/537.36"
47.92.78.77 - - [28/Apr/2023:01:46:03 +0800] "GET http://ft.kidcastle.com.cn/ HTTP/1.1" 200 794 "-" "Apache-HttpClient/5.1.3 (Java/1.8.0_342)"
47.92.78.77 - - [28/Apr/2023:01:46:03 +0800] "GET http://ft.kidcastle.com.cn/favicon.ico HTTP/1.1" 404 1052 "-" "Apache-HttpClient/5.1.3 (Java/1.8.0_342)"
8.142.31.72 - - [28/Apr/2023:01:46:03 +0800] "GET http://ft.kidcastle.com.cn/icons/folder.gif HTTP/1.1" 200 225 "-" "Mozilla/5.0 (Windows NT 10.0; Win64; x64) AppleWebKit/537.36 (KHTML, like Gecko) Chrome/90.0.4430.93 Safari/537.36"
47.92.78.77 - - [28/Apr/2023:01:46:03 +0800] "GET http://ft.kidcastle.com.cn/logs/ HTTP/1.1" 200 46306 "-" "Mozilla/5.0 (Windows NT 10.0; Win64; x64) AppleWebKit/537.36 (KHTML, like Gecko) Chrome/90.0.4430.93 Safari/537.36"
8.142.31.72 - - [28/Apr/2023:01:46:03 +0800] "GET http://ft.kidcastle.com.cn/ HTTP/1.1" 200 794 "-" "Apache-HttpClient/5.1.3 (Java/1.8.0_342)"
47.92.78.77 - - [28/Apr/2023:01:46:03 +0800] "GET http://ft.kidcastle.com.cn/favicon.ico HTTP/1.1" 404 1052 "-" "Apache-HttpClient/5.1.3 (Java/1.8.0_342)"
8.142.31.72 - - [28/Apr/2023:01:46:03 +0800] "GET http://ft.kidcastle.com.cn/ HTTP/1.1" 200 794 "-" "Apache-HttpClient/5.1.3 (Java/1.8.0_342)"
8.142.31.72 - - [28/Apr/2023:01:46:03 +0800] "GET http://ft.kidcastle.com.cn/favicon.ico HTTP/1.1" 404 1052 "-" "Apache-HttpClient/5.1.3 (Java/1.8.0_342)"
216.244.66.195 - - [28/Apr/2023:01:47:31 +0800] "GET /robots.txt HTTP/1.1" 404 1052 "-" "Mozilla/5.0 (compatible; DotBot/1.2; +https://opensiteexplorer.org/dotbot; help@moz.com)"
216.244.66.195 - - [28/Apr/2023:02:02:21 +0800] "GET /logs/?C=D;O=A HTTP/1.1" 200 46306 "-" "Mozilla/5.0 (compatible; DotBot/1.2; +https://opensiteexplorer.org/dotbot; help@moz.com)"
216.244.66.195 - - [28/Apr/2023:02:02:29 +0800] "GET /logs/access_20230121.log HTTP/1.1" 200 16538 "-" "Mozilla/5.0 (compatible; DotBot/1.2; +https://opensiteexplorer.org/dotbot; help@moz.com)"
47.92.78.77 - - [28/Apr/2023:02:50:13 +0800] "GET http://ft.kidcastle.com.cn/ HTTP/1.1" 200 794 "-" "Mozilla/5.0 (Windows NT 10.0; Win64; x64) AppleWebKit/537.36 (KHTML, like Gecko) Chrome/90.0.4430.93 Safari/537.36"
47.92.78.77 - - [28/Apr/2023:02:50:13 +0800] "GET http://ft.kidcastle.com.cn/ HTTP/1.1" 200 794 "-" "Apache-HttpClient/5.1.3 (Java/1.8.0_342)"
47.92.78.77 - - [28/Apr/2023:02:50:13 +0800] "GET http://ft.kidcastle.com.cn/favicon.ico HTTP/1.1" 404 1052 "-" "Apache-HttpClient/5.1.3 (Java/1.8.0_342)"
47.92.78.77 - - [28/Apr/2023:02:50:14 +0800] "GET http://ft.kidcastle.com.cn/?C=D;O=A HTTP/1.1" 200 794 "-" "Mozilla/5.0 (Windows NT 10.0; Win64; x64) AppleWebKit/537.36 (KHTML, like Gecko) Chrome/90.0.4430.93 Safari/537.36"
47.92.78.77 - - [28/Apr/2023:02:50:14 +0800] "GET http://ft.kidcastle.com.cn/ HTTP/1.1" 200 794 "-" "Apache-HttpClient/5.1.3 (Java/1.8.0_342)"
47.92.78.77 - - [28/Apr/2023:02:50:14 +0800] "GET http://ft.kidcastle.com.cn/favicon.ico HTTP/1.1" 404 1052 "-" "Apache-HttpClient/5.1.3 (Java/1.8.0_342)"
47.92.78.77 - - [28/Apr/2023:02:50:14 +0800] "GET http://ft.kidcastle.com.cn/?C=M;O=A HTTP/1.1" 200 794 "-" "Mozilla/5.0 (Windows NT 10.0; Win64; x64) AppleWebKit/537.36 (KHTML, like Gecko) Chrome/90.0.4430.93 Safari/537.36"
47.92.78.77 - - [28/Apr/2023:02:50:14 +0800] "GET http://ft.kidcastle.com.cn/ HTTP/1.1" 200 794 "-" "Apache-HttpClient/5.1.3 (Java/1.8.0_342)"
47.92.78.77 - - [28/Apr/2023:02:50:14 +0800] "GET http://ft.kidcastle.com.cn/favicon.ico HTTP/1.1" 404 1052 "-" "Apache-HttpClient/5.1.3 (Java/1.8.0_342)"
47.92.78.77 - - [28/Apr/2023:02:50:14 +0800] "GET http://ft.kidcastle.com.cn/?C=N;O=D HTTP/1.1" 200 794 "-" "Mozilla/5.0 (Windows NT 10.0; Win64; x64) AppleWebKit/537.36 (KHTML, like Gecko) Chrome/90.0.4430.93 Safari/537.36"
47.92.78.77 - - [28/Apr/2023:02:50:14 +0800] "GET http://ft.kidcastle.com.cn/ HTTP/1.1" 200 794 "-" "Apache-HttpClient/5.1.3 (Java/1.8.0_342)"
47.92.78.77 - - [28/Apr/2023:02:50:14 +0800] "GET http://ft.kidcastle.com.cn/favicon.ico HTTP/1.1" 404 1052 "-" "Apache-HttpClient/5.1.3 (Java/1.8.0_342)"
47.92.78.77 - - [28/Apr/2023:02:50:14 +0800] "GET http://ft.kidcastle.com.cn/?C=S;O=A HTTP/1.1" 200 794 "-" "Mozilla/5.0 (Windows NT 10.0; Win64; x64) AppleWebKit/537.36 (KHTML, like Gecko) Chrome/90.0.4430.93 Safari/537.36"
47.92.78.77 - - [28/Apr/2023:02:50:14 +0800] "GET http://ft.kidcastle.com.cn/ HTTP/1.1" 200 794 "-" "Apache-HttpClient/5.1.3 (Java/1.8.0_342)"
47.92.72.15 - - [28/Apr/2023:02:50:14 +0800] "GET http://ft.kidcastle.com.cn/icons/blank.gif HTTP/1.1" 200 148 "-" "Mozilla/5.0 (Windows NT 10.0; Win64; x64) AppleWebKit/537.36 (KHTML, like Gecko) Chrome/90.0.4430.93 Safari/537.36"
47.92.78.77 - - [28/Apr/2023:02:50:14 +0800] "GET http://ft.kidcastle.com.cn/favicon.ico HTTP/1.1" 404 1052 "-" "Apache-HttpClient/5.1.3 (Java/1.8.0_342)"
47.92.72.15 - - [28/Apr/2023:02:50:14 +0800] "GET http://ft.kidcastle.com.cn/ HTTP/1.1" 200 794 "-" "Apache-HttpClient/5.1.3 (Java/1.8.0_342)"
47.92.78.77 - - [28/Apr/2023:02:50:14 +0800] "GET http://ft.kidcastle.com.cn/icons/folder.gif HTTP/1.1" 200 225 "-" "Mozilla/5.0 (Windows NT 10.0; Win64; x64) AppleWebKit/537.36 (KHTML, like Gecko) Chrome/90.0.4430.93 Safari/537.36"
47.92.72.15 - - [28/Apr/2023:02:50:14 +0800] "GET http://ft.kidcastle.com.cn/favicon.ico HTTP/1.1" 404 1052 "-" "Apache-HttpClient/5.1.3 (Java/1.8.0_342)"
47.92.78.77 - - [28/Apr/2023:02:50:14 +0800] "GET http://ft.kidcastle.com.cn/ HTTP/1.1" 200 794 "-" "Apache-HttpClient/5.1.3 (Java/1.8.0_342)"
47.92.72.15 - - [28/Apr/2023:02:50:14 +0800] "GET http://ft.kidcastle.com.cn/logs/ HTTP/1.1" 200 46306 "-" "Mozilla/5.0 (Windows NT 10.0; Win64; x64) AppleWebKit/537.36 (KHTML, like Gecko) Chrome/90.0.4430.93 Safari/537.36"
47.92.78.77 - - [28/Apr/2023:02:50:14 +0800] "GET http://ft.kidcastle.com.cn/favicon.ico HTTP/1.1" 404 1052 "-" "Apache-HttpClient/5.1.3 (Java/1.8.0_342)"
47.92.72.15 - - [28/Apr/2023:02:50:14 +0800] "GET http://ft.kidcastle.com.cn/ HTTP/1.1" 200 794 "-" "Apache-HttpClient/5.1.3 (Java/1.8.0_342)"
47.92.72.15 - - [28/Apr/2023:02:50:14 +0800] "GET http://ft.kidcastle.com.cn/favicon.ico HTTP/1.1" 404 1052 "-" "Apache-HttpClient/5.1.3 (Java/1.8.0_342)"
52.167.144.162 - - [28/Apr/2023:02:54:54 +0800] "GET /logs/access_20230110.log HTTP/1.1" 200 13056 "-" "Mozilla/5.0 AppleWebKit/537.36 (KHTML, like Gecko; compatible; bingbot/2.0; +http://www.bing.com/bingbot.htm) Chrome/103.0.5060.134 Safari/537.36"
222.137.81.124 - - [28/Apr/2023:05:39:05 +0800] "GET /robots.txt HTTP/1.1" 404 1052 "-" "Mozilla/5.0 (Windows NT 10.0; WOW64) AppleWebKit/537.36 (KHTML, like Gecko) Chrome/70.0.3538.25 Safari/537.36 Core/1.70.3722.400 QQBrowser/10.5.3739.400"
100.26.127.17 - - [28/Apr/2023:05:53:02 +0800] "GET /robots.txt HTTP/1.1" 404 1052 "-" "Mozilla/5.0 (compatible; Neevabot/1.0; +https://neeva.com/neevabot)"
100.26.127.17 - - [28/Apr/2023:05:53:32 +0800] "GET /logs/access_20210425.log HTTP/1.1" 404 1052 "-" "Mozilla/5.0 (compatible; Neevabot/1.0; +https://neeva.com/neevabot)"
216.244.66.195 - - [28/Apr/2023:07:52:24 +0800] "GET /robots.txt HTTP/1.1" 404 1052 "-" "Mozilla/5.0 (compatible; DotBot/1.2; +https://opensiteexplorer.org/dotbot; help@moz.com)"
220.181.108.83 - - [28/Apr/2023:08:01:17 +0800] "GET /logs/?C=N;O=D HTTP/1.1" 200 46302 "-" "Mozilla/5.0 (compatible; Baiduspider/2.0; +http://www.baidu.com/search/spider.html)"
116.179.32.46 - - [28/Apr/2023:08:02:31 +0800] "GET /logs/access_20230423.log HTTP/1.1" 200 6648 "-" "Mozilla/5.0 (compatible; Baiduspider/2.0; +http://www.baidu.com/search/spider.html)"
123.125.109.137 - - [28/Apr/2023:08:12:46 +0800] "GET / HTTP/1.1" 200 794 "-" "Sogou web spider/4.0(+http://www.sogou.com/docs/help/webmasters.htm#07)"
216.244.66.195 - - [28/Apr/2023:08:22:02 +0800] "GET /logs/access_20230122.log HTTP/1.1" 200 13695 "-" "Mozilla/5.0 (compatible; DotBot/1.2; +https://opensiteexplorer.org/dotbot; help@moz.com)"
216.244.66.195 - - [28/Apr/2023:08:22:06 +0800] "GET /logs/access_20230201.log HTTP/1.1" 200 10871 "-" "Mozilla/5.0 (compatible; DotBot/1.2; +https://opensiteexplorer.org/dotbot; help@moz.com)"
49.7.21.92 - - [28/Apr/2023:08:24:43 +0800] "GET / HTTP/1.1" 200 794 "-" "MQQBrowser/26 Mozilla/5.0 (Linux; U; Android 4.4.2; zh-cn; MB200 Build/GRJ22; CyanogenMod-7) AppleWebKit/533.1 (KHTML, like Gecko) Version/4.0 Mobile Safari/533.1 (compatible; Sogou web spider/4.0; +http://www.sogou.com/docs/help/webmasters.htm#07)"
116.179.32.22 - - [28/Apr/2023:08:31:17 +0800] "GET /logs/access_20230428.log HTTP/1.1" 200 13388 "-" "Mozilla/5.0 (compatible; Baiduspider/2.0; +http://www.baidu.com/search/spider.html)"
216.244.66.195 - - [28/Apr/2023:09:37:28 +0800] "GET /robots.txt HTTP/1.1" 404 1052 "-" "Mozilla/5.0 (compatible; DotBot/1.2; +https://opensiteexplorer.org/dotbot; help@moz.com)"
116.179.32.196 - - [28/Apr/2023:10:01:24 +0800] "GET /logs/access_20230414.log HTTP/1.1" 200 8719 "-" "Mozilla/5.0 (compatible; Baiduspider/2.0; +http://www.baidu.com/search/spider.html)"
116.179.32.22 - - [28/Apr/2023:10:01:26 +0800] "GET /logs/ HTTP/1.1" 200 46302 "-" "Mozilla/5.0 (compatible; Baiduspider/2.0; +http://www.baidu.com/search/spider.html)"
117.147.43.36 - - [28/Apr/2023:10:01:27 +0800] "GET /logs/access_20230423.log HTTP/1.1" 200 6648 "-" "Mozilla/5.0 (Windows NT 10.0; WOW64) AppleWebKit/537.36 (KHTML, like Gecko) Chrome/48.0.2564.116 Safari/537.36"
216.244.66.195 - - [28/Apr/2023:10:04:18 +0800] "GET /logs/access_20230118.log HTTP/1.1" 200 16674 "-" "Mozilla/5.0 (compatible; DotBot/1.2; +https://opensiteexplorer.org/dotbot; help@moz.com)"
116.179.32.18 - - [28/Apr/2023:10:16:17 +0800] "GET /logs/access_20230410.log HTTP/1.1" 200 6747 "-" "Mozilla/5.0 (compatible; Baiduspider/2.0; +http://www.baidu.com/search/spider.html)"
39.107.59.89 - - [28/Apr/2023:10:35:51 +0800] "GET / HTTP/1.1" 200 794 "-" "Mozilla/5.0 (Macintosh; Intel Mac OS X 10_15_1) AppleWebKit/537.36 (KHTML, like Gecko) Chrome/95.0.4638.54 Safari/537.36"
39.107.59.89 - - [28/Apr/2023:10:35:51 +0800] "GET /icons/blank.gif HTTP/1.1" 200 148 "http://ft.kidcastle.com.cn/" "Mozilla/5.0 (Macintosh; Intel Mac OS X 10_15_1) AppleWebKit/537.36 (KHTML, like Gecko) Chrome/95.0.4638.54 Safari/537.36"
39.107.59.89 - - [28/Apr/2023:10:35:51 +0800] "GET /icons/folder.gif HTTP/1.1" 200 225 "http://ft.kidcastle.com.cn/" "Mozilla/5.0 (Macintosh; Intel Mac OS X 10_15_1) AppleWebKit/537.36 (KHTML, like Gecko) Chrome/95.0.4638.54 Safari/537.36"
114.225.154.219 - - [28/Apr/2023:12:24:21 +0800] "GET /logs/access_20230414.log HTTP/1.1" 200 8719 "-" "Mozilla/5.0 (Windows NT 10.0; WOW64) AppleWebKit/537.36 (KHTML, like Gecko) Chrome/48.0.2564.116 Safari/537.36"
117.62.194.198 - - [28/Apr/2023:12:42:21 +0800] "GET /logs/access_20230410.log HTTP/1.1" 200 6747 "-" "Mozilla/5.0 (Windows NT 10.0; WOW64) AppleWebKit/537.36 (KHTML, like Gecko) Chrome/48.0.2564.116 Safari/537.36"
220.181.51.92 - - [28/Apr/2023:12:58:13 +0800] "GET /robots.txt HTTP/1.1" 404 1052 "-" "Mozilla/5.0 (Windows NT 10.0; WOW64) AppleWebKit/537.36 (KHTML, like Gecko) Chrome/48.0.2564.116 Safari/537.36"
116.179.32.154 - - [28/Apr/2023:12:58:13 +0800] "GET /logs/ HTTP/1.1" 200 46306 "-" "Mozilla/5.0 (compatible; Baiduspider/2.0; +http://www.baidu.com/search/spider.html)"
116.179.33.147 - - [28/Apr/2023:12:58:28 +0800] "GET /robots.txt HTTP/1.1" 404 1052 "-" "Mozilla/5.0 (Windows NT 10.0; WOW64) AppleWebKit/537.36 (KHTML, like Gecko) Chrome/48.0.2564.116 Safari/537.36"
116.179.32.68 - - [28/Apr/2023:13:31:33 +0800] "GET /logs/access_20230428.log HTTP/1.1" 200 16401 "-" "Mozilla/5.0 (compatible; Baiduspider/2.0; +http://www.baidu.com/search/spider.html)"
40.77.167.101 - - [28/Apr/2023:14:03:38 +0800] "GET /robots.txt HTTP/1.1" 404 1052 "-" "Mozilla/5.0 AppleWebKit/537.36 (KHTML, like Gecko; compatible; bingbot/2.0; +http://www.bing.com/bingbot.htm) Chrome/103.0.5060.134 Safari/537.36"
52.167.144.162 - - [28/Apr/2023:14:03:47 +0800] "GET / HTTP/1.1" 200 794 "-" "Mozilla/5.0 AppleWebKit/537.36 (KHTML, like Gecko; compatible; bingbot/2.0; +http://www.bing.com/bingbot.htm) Chrome/103.0.5060.134 Safari/537.36"
220.181.108.93 - - [28/Apr/2023:14:04:54 +0800] "GET /logs/access_20221128.log HTTP/1.1" 200 30260 "-" "Mozilla/5.0 (compatible; Baiduspider/2.0; +http://www.baidu.com/search/spider.html)"
220.181.108.169 - - [28/Apr/2023:14:14:56 +0800] "GET /logs/?C=N;O=D HTTP/1.1" 200 46302 "-" "Mozilla/5.0 (compatible; Baiduspider/2.0; +http://www.baidu.com/search/spider.html)"
220.181.108.114 - - [28/Apr/2023:14:15:00 +0800] "GET /logs/access_20230420.log HTTP/1.1" 200 15019 "-" "Mozilla/5.0 (compatible; Baiduspider/2.0; +http://www.baidu.com/search/spider.html)"
216.244.66.195 - - [28/Apr/2023:14:49:55 +0800] "GET /robots.txt HTTP/1.1" 404 1052 "-" "Mozilla/5.0 (compatible; DotBot/1.2; +https://opensiteexplorer.org/dotbot; help@moz.com)"
183.200.12.223 - - [28/Apr/2023:15:15:16 +0800] "GET /logs/access_20230420.log HTTP/1.1" 200 15019 "-" "Mozilla/5.0 (Windows NT 10.0; WOW64) AppleWebKit/537.36 (KHTML, like Gecko) Chrome/48.0.2564.116 Safari/537.36"
116.179.32.12 - - [28/Apr/2023:15:20:37 +0800] "GET /logs/access_20221105.log HTTP/1.1" 200 19663 "-" "Mozilla/5.0 (compatible; Baiduspider/2.0; +http://www.baidu.com/search/spider.html)"
216.244.66.195 - - [28/Apr/2023:15:24:45 +0800] "GET /logs/access_20230123.log HTTP/1.1" 200 12814 "-" "Mozilla/5.0 (compatible; DotBot/1.2; +https://opensiteexplorer.org/dotbot; help@moz.com)"
220.181.108.169 - - [28/Apr/2023:16:19:12 +0800] "GET /logs/?C=S;O=A HTTP/1.1" 200 46302 "-" "Mozilla/5.0 (compatible; Baiduspider/2.0; +http://www.baidu.com/search/spider.html)"
216.244.66.195 - - [28/Apr/2023:16:36:19 +0800] "GET /robots.txt HTTP/1.1" 404 1052 "-" "Mozilla/5.0 (compatible; DotBot/1.2; +https://opensiteexplorer.org/dotbot; help@moz.com)"
216.244.66.195 - - [28/Apr/2023:17:00:11 +0800] "GET /logs/access_20230209.log HTTP/1.1" 200 10868 "-" "Mozilla/5.0 (compatible; DotBot/1.2; +https://opensiteexplorer.org/dotbot; help@moz.com)"
220.181.108.93 - - [28/Apr/2023:18:55:26 +0800] "GET /logs/?C=N;O=D HTTP/1.1" 200 46302 "-" "Mozilla/5.0 (compatible; Baiduspider/2.0; +http://www.baidu.com/search/spider.html)"
125.167.44.247 - - [28/Apr/2023:19:50:33 +0800] "GET /logs/access_20211209.log HTTP/1.1" 404 1194 "http://ft.kidcastle.com.cn/" "Mozilla/5.0 (X11; Linux i686) AppleWebKit/537.36 (KHTML, like Gecko) Chrome/103.0.0.0 Safari/537.36 Vivaldi/5.3.2679.68"
125.167.44.247 - - [28/Apr/2023:19:50:35 +0800] "GET / HTTP/1.1" 200 794 "http://ft.kidcastle.com.cn" "Mozilla/5.0 (X11; Linux i686) AppleWebKit/537.36 (KHTML, like Gecko) Chrome/103.0.0.0 Safari/537.36 Vivaldi/5.3.2679.68"
125.167.44.247 - - [28/Apr/2023:19:50:38 +0800] "GET /?C=M;O=A HTTP/1.1" 200 794 "http://ft.kidcastle.com.cn" "Mozilla/5.0 (X11; Linux i686) AppleWebKit/537.36 (KHTML, like Gecko) Chrome/103.0.0.0 Safari/537.36 Vivaldi/5.3.2679.68"
216.244.66.195 - - [28/Apr/2023:21:49:09 +0800] "GET /robots.txt HTTP/1.1" 404 1052 "-" "Mozilla/5.0 (compatible; DotBot/1.2; +https://opensiteexplorer.org/dotbot; help@moz.com)"
216.244.66.195 - - [28/Apr/2023:22:07:10 +0800] "GET /logs/access_20230208.log HTTP/1.1" 200 6621 "-" "Mozilla/5.0 (compatible; DotBot/1.2; +https://opensiteexplorer.org/dotbot; help@moz.com)"
157.55.39.212 - - [28/Apr/2023:23:17:12 +0800] "GET /logs/access_20221130.log HTTP/1.1" 200 27877 "-" "Mozilla/5.0 AppleWebKit/537.36 (KHTML, like Gecko; compatible; bingbot/2.0; +http://www.bing.com/bingbot.htm) Chrome/103.0.5060.134 Safari/537.36"
42.51.33.51 - - [28/Apr/2023:23:55:18 +0800] "GET / HTTP/1.1" 200 794 "-" "Mozilla/4.0 (compatible; MSIE 7.0; Windows NT 5.1; TencentTraveler ; EmbeddedWB 14.52 from: http://www.bsalsa.com/ EmbeddedWB 14.52; .NET CLR 2.0.50727; InfoPath.2; .NET CLR 3.0.04506.30; .NET CLR 3.0.04506.590; .NET CLR 3.0.04506.648; .NET CLR 3.5.21022)"
42.51.33.51 - - [28/Apr/2023:23:55:18 +0800] "GET / HTTP/1.1" 200 794 "-" "Mozilla/5.0 (Windows NT 6.1; WOW64) AppleWebKit/537.36 (KHTML, like Gecko) Chrome/50.0.2661.102 Safari/537.36"
42.51.33.51 - - [28/Apr/2023:23:55:18 +0800] "GET / HTTP/1.1" 200 794 "-" "Mozilla/5.0 (Windows NT 6.1; WOW64) AppleWebKit/537.36 (KHTML, like Gecko) Chrome/50.0.2661.102 Safari/537.36"