66.249.79.45 - - [02/Jan/2023:00:08:45 +0800] "GET /uploadfile.php HTTP/1.1" 404 1052 "-" "Mozilla/5.0 (Linux; Android 6.0.1; Nexus 5X Build/MMB29P) AppleWebKit/537.36 (KHTML, like Gecko) Chrome/107.0.5304.115 Mobile Safari/537.36 (compatible; Googlebot/2.1; +http://www.google.com/bot.html)"
40.77.167.3 - - [02/Jan/2023:00:17:41 +0800] "GET /logs/ HTTP/1.1" 200 20786 "-" "Mozilla/5.0 AppleWebKit/537.36 (KHTML, like Gecko; compatible; bingbot/2.0; +http://www.bing.com/bingbot.htm) Chrome/103.0.5060.134 Safari/537.36"
40.77.167.3 - - [02/Jan/2023:01:03:14 +0800] "GET /logs/ HTTP/1.1" 200 20786 "-" "Mozilla/5.0 (compatible; bingbot/2.0; +http://www.bing.com/bingbot.htm)"
40.77.167.3 - - [02/Jan/2023:01:29:28 +0800] "GET / HTTP/1.1" 200 794 "-" "Mozilla/5.0 (compatible; bingbot/2.0; +http://www.bing.com/bingbot.htm)"
40.77.167.3 - - [02/Jan/2023:01:47:09 +0800] "GET /logs/ HTTP/1.1" 200 20786 "-" "Mozilla/5.0 AppleWebKit/537.36 (KHTML, like Gecko; compatible; bingbot/2.0; +http://www.bing.com/bingbot.htm) Chrome/103.0.5060.134 Safari/537.36"
198.235.24.45 - - [02/Jan/2023:02:19:32 +0800] "GET / HTTP/1.1" 200 794 "-" "Expanse, a Palo Alto Networks company, searches across the global IPv4 space multiple times per day to identify customers' presences on the Internet. If you would like to be excluded from our scans, please send IP addresses/domains to: scaninfo@paloaltonetworks.com"
103.17.51.112 - - [02/Jan/2023:02:30:22 +0800] "GET /logs/access_20210425.log HTTP/1.1" 404 1194 "http://ft.kidcastle.com.cn/" "Mozilla/5.0 (Macintosh; Intel Mac OS X 12_5) AppleWebKit/537.36 (KHTML, like Gecko) Chrome/103.0.0.0 Safari/537.36 Edg/103.0.1264.71"
103.17.51.112 - - [02/Jan/2023:02:30:33 +0800] "GET / HTTP/1.1" 200 794 "http://ft.kidcastle.com.cn" "Mozilla/5.0 (Macintosh; Intel Mac OS X 12_5) AppleWebKit/537.36 (KHTML, like Gecko) Chrome/103.0.0.0 Safari/537.36 Edg/103.0.1264.71"
103.17.51.112 - - [02/Jan/2023:02:30:42 +0800] "GET /?C=M;O=A HTTP/1.1" 200 794 "http://ft.kidcastle.com.cn" "Mozilla/5.0 (Macintosh; Intel Mac OS X 12_5) AppleWebKit/537.36 (KHTML, like Gecko) Chrome/103.0.0.0 Safari/537.36 Edg/103.0.1264.71"
40.77.167.3 - - [02/Jan/2023:02:31:54 +0800] "GET /logs/ HTTP/1.1" 200 20786 "-" "Mozilla/5.0 (compatible; bingbot/2.0; +http://www.bing.com/bingbot.htm)"
66.249.79.50 - - [02/Jan/2023:02:44:06 +0800] "GET /logs/access_20220326.log HTTP/1.1" 404 1052 "-" "Mozilla/5.0 (Linux; Android 6.0.1; Nexus 5X Build/MMB29P) AppleWebKit/537.36 (KHTML, like Gecko) Chrome/107.0.5304.115 Mobile Safari/537.36 (compatible; Googlebot/2.1; +http://www.google.com/bot.html)"
220.181.108.102 - - [02/Jan/2023:02:52:25 +0800] "GET /logs/access_20221203.log HTTP/1.1" 200 24645 "-" "Mozilla/5.0 (compatible; Baiduspider/2.0; +http://www.baidu.com/search/spider.html)"
40.77.167.3 - - [02/Jan/2023:03:16:57 +0800] "GET /logs/ HTTP/1.1" 200 20786 "-" "Mozilla/5.0 (compatible; bingbot/2.0; +http://www.bing.com/bingbot.htm)"
138.186.139.169 - - [02/Jan/2023:03:18:33 +0800] "GET /logs/access_20211209.log HTTP/1.1" 404 1194 "http://ft.kidcastle.com.cn/" "Mozilla/5.0 (X11; Ubuntu; Linux i686; rv:102.0) Gecko/20100101 Firefox/102.0"
138.186.139.169 - - [02/Jan/2023:03:18:35 +0800] "GET / HTTP/1.1" 200 794 "http://ft.kidcastle.com.cn" "Mozilla/5.0 (X11; Ubuntu; Linux i686; rv:102.0) Gecko/20100101 Firefox/102.0"
138.186.139.169 - - [02/Jan/2023:03:18:37 +0800] "GET /?C=M;O=A HTTP/1.1" 200 794 "http://ft.kidcastle.com.cn" "Mozilla/5.0 (X11; Ubuntu; Linux i686; rv:102.0) Gecko/20100101 Firefox/102.0"
40.77.167.3 - - [02/Jan/2023:04:01:31 +0800] "GET /logs/ HTTP/1.1" 200 20786 "-" "Mozilla/5.0 AppleWebKit/537.36 (KHTML, like Gecko; compatible; bingbot/2.0; +http://www.bing.com/bingbot.htm) Chrome/103.0.5060.134 Safari/537.36"
40.77.167.3 - - [02/Jan/2023:04:45:36 +0800] "GET /logs/ HTTP/1.1" 200 20786 "-" "Mozilla/5.0 (compatible; bingbot/2.0; +http://www.bing.com/bingbot.htm)"
66.249.79.50 - - [02/Jan/2023:04:56:31 +0800] "GET /logs/error.log HTTP/1.1" 200 35696 "-" "Mozilla/5.0 (Linux; Android 6.0.1; Nexus 5X Build/MMB29P) AppleWebKit/537.36 (KHTML, like Gecko) Chrome/107.0.5304.115 Mobile Safari/537.36 (compatible; Googlebot/2.1; +http://www.google.com/bot.html)"
40.77.167.3 - - [02/Jan/2023:05:31:10 +0800] "GET /logs/ HTTP/1.1" 200 20786 "-" "Mozilla/5.0 AppleWebKit/537.36 (KHTML, like Gecko; compatible; bingbot/2.0; +http://www.bing.com/bingbot.htm) Chrome/103.0.5060.134 Safari/537.36"
40.77.167.3 - - [02/Jan/2023:06:14:14 +0800] "GET /logs/ HTTP/1.1" 200 20786 "-" "Mozilla/5.0 AppleWebKit/537.36 (KHTML, like Gecko; compatible; bingbot/2.0; +http://www.bing.com/bingbot.htm) Chrome/103.0.5060.134 Safari/537.36"
116.179.33.80 - - [02/Jan/2023:06:49:20 +0800] "GET /logs/?C=N;O=D HTTP/1.1" 200 20782 "-" "Mozilla/5.0 (Windows NT 10.0; WOW64) AppleWebKit/537.36 (KHTML, like Gecko) Chrome/48.0.2564.116 Safari/537.36"
116.179.33.135 - - [02/Jan/2023:06:52:40 +0800] "GET /logs/access_20230102.log HTTP/1.1" 200 4889 "-" "Mozilla/5.0 (Windows NT 10.0; WOW64) AppleWebKit/537.36 (KHTML, like Gecko) Chrome/48.0.2564.116 Safari/537.36"
40.77.167.3 - - [02/Jan/2023:06:58:58 +0800] "GET /logs/ HTTP/1.1" 200 20786 "-" "Mozilla/5.0 (compatible; bingbot/2.0; +http://www.bing.com/bingbot.htm)"
116.179.32.16 - - [02/Jan/2023:07:48:04 +0800] "GET /logs/ HTTP/1.1" 200 20786 "-" "Mozilla/5.0 (compatible; Baiduspider/2.0; +http://www.baidu.com/search/spider.html)"
220.181.108.105 - - [02/Jan/2023:07:51:24 +0800] "GET /logs/access_20230102.log HTTP/1.1" 200 5431 "-" "Mozilla/5.0 (compatible; Baiduspider/2.0; +http://www.baidu.com/search/spider.html)"
40.77.167.3 - - [02/Jan/2023:08:00:24 +0800] "GET /logs/ HTTP/1.1" 200 20786 "-" "Mozilla/5.0 AppleWebKit/537.36 (KHTML, like Gecko; compatible; bingbot/2.0; +http://www.bing.com/bingbot.htm) Chrome/103.0.5060.134 Safari/537.36"
40.77.167.3 - - [02/Jan/2023:08:43:38 +0800] "GET /logs/ HTTP/1.1" 200 20786 "-" "Mozilla/5.0 (compatible; bingbot/2.0; +http://www.bing.com/bingbot.htm)"
40.77.167.3 - - [02/Jan/2023:09:26:23 +0800] "GET /logs/ HTTP/1.1" 200 20786 "-" "Mozilla/5.0 (compatible; bingbot/2.0; +http://www.bing.com/bingbot.htm)"
40.77.167.3 - - [02/Jan/2023:10:09:57 +0800] "GET /logs/ HTTP/1.1" 200 20786 "-" "Mozilla/5.0 AppleWebKit/537.36 (KHTML, like Gecko; compatible; bingbot/2.0; +http://www.bing.com/bingbot.htm) Chrome/103.0.5060.134 Safari/537.36"
196.247.17.153 - - [02/Jan/2023:10:30:19 +0800] "GET /logs/access_20211209.log HTTP/1.1" 404 1194 "http://ft.kidcastle.com.cn/" "Mozilla/5.0 (X11; Linux x86_64) AppleWebKit/537.36 (KHTML, like Gecko) Chrome/103.0.0.0 Safari/537.36 Vivaldi/5.3.2679.68"
196.247.17.153 - - [02/Jan/2023:10:30:20 +0800] "GET / HTTP/1.1" 200 794 "http://ft.kidcastle.com.cn" "Mozilla/5.0 (X11; Linux x86_64) AppleWebKit/537.36 (KHTML, like Gecko) Chrome/103.0.0.0 Safari/537.36 Vivaldi/5.3.2679.68"
196.247.17.153 - - [02/Jan/2023:10:30:23 +0800] "GET /?C=M;O=A HTTP/1.1" 200 794 "http://ft.kidcastle.com.cn" "Mozilla/5.0 (X11; Linux x86_64) AppleWebKit/537.36 (KHTML, like Gecko) Chrome/103.0.0.0 Safari/537.36 Vivaldi/5.3.2679.68"
198.46.173.124 - - [02/Jan/2023:10:36:35 +0800] "GET /logs/access_20211209.log HTTP/1.1" 404 1194 "http://ft.kidcastle.com.cn/" "Mozilla/5.0 (Macintosh; Intel Mac OS X 12_5) AppleWebKit/605.1.15 (KHTML, like Gecko) Version/15.4 Safari/605.1.15"
198.46.173.124 - - [02/Jan/2023:10:36:36 +0800] "GET / HTTP/1.1" 200 794 "http://ft.kidcastle.com.cn" "Mozilla/5.0 (Macintosh; Intel Mac OS X 12_5) AppleWebKit/605.1.15 (KHTML, like Gecko) Version/15.4 Safari/605.1.15"
198.46.173.124 - - [02/Jan/2023:10:36:39 +0800] "GET /?C=M;O=A HTTP/1.1" 200 794 "http://ft.kidcastle.com.cn" "Mozilla/5.0 (Macintosh; Intel Mac OS X 12_5) AppleWebKit/605.1.15 (KHTML, like Gecko) Version/15.4 Safari/605.1.15"
40.77.167.3 - - [02/Jan/2023:10:53:01 +0800] "GET /logs/ HTTP/1.1" 200 20786 "-" "Mozilla/5.0 AppleWebKit/537.36 (KHTML, like Gecko; compatible; bingbot/2.0; +http://www.bing.com/bingbot.htm) Chrome/103.0.5060.134 Safari/537.36"
116.179.33.80 - - [02/Jan/2023:11:13:07 +0800] "GET /logs/?O=D HTTP/1.1" 200 20782 "-" "Mozilla/5.0 (Windows NT 10.0; WOW64) AppleWebKit/537.36 (KHTML, like Gecko) Chrome/48.0.2564.116 Safari/537.36"
220.181.51.92 - - [02/Jan/2023:11:13:12 +0800] "GET /logs/?O=D HTTP/1.1" 200 20782 "-" "Mozilla/5.0 (Linux;u;Android 4.2.2;zh-cn;) AppleWebKit/534.46 (KHTML,like Gecko) Version/5.1 Mobile Safari/10600.6.3"
163.116.158.142 - - [02/Jan/2023:11:32:16 +0800] "GET /logs/access_20210425.log HTTP/1.0" 404 1194 "http://ft.kidcastle.com.cn/" "Mozilla/5.0 (Windows NT 10.0; WOW64) AppleWebKit/537.36 (KHTML, like Gecko) Chrome/103.0.0.0 YaBrowser/22.7.0 Yowser/2.5 Safari/537.36"
163.116.158.142 - - [02/Jan/2023:11:32:16 +0800] "GET / HTTP/1.1" 200 794 "http://ft.kidcastle.com.cn" "Mozilla/5.0 (Windows NT 10.0; WOW64) AppleWebKit/537.36 (KHTML, like Gecko) Chrome/103.0.0.0 YaBrowser/22.7.0 Yowser/2.5 Safari/537.36"
163.116.158.142 - - [02/Jan/2023:11:32:19 +0800] "GET /?C=M;O=A HTTP/1.1" 200 794 "http://ft.kidcastle.com.cn" "Mozilla/5.0 (Windows NT 10.0; WOW64) AppleWebKit/537.36 (KHTML, like Gecko) Chrome/103.0.0.0 YaBrowser/22.7.0 Yowser/2.5 Safari/537.36"
40.77.167.3 - - [02/Jan/2023:11:36:04 +0800] "GET /logs/ HTTP/1.1" 200 20786 "-" "Mozilla/5.0 AppleWebKit/537.36 (KHTML, like Gecko; compatible; bingbot/2.0; +http://www.bing.com/bingbot.htm) Chrome/103.0.5060.134 Safari/537.36"
92.101.72.226 - - [02/Jan/2023:12:03:55 +0800] "GET /logs/access_20210425.log HTTP/1.1" 404 1194 "http://ft.kidcastle.com.cn/" "Mozilla/5.0 (Windows NT 10.0; Win64; x64) AppleWebKit/537.36 (KHTML, like Gecko) Chrome/103.0.0.0 YaBrowser/22.7.0 Yowser/2.5 Safari/537.36"
92.101.72.226 - - [02/Jan/2023:12:04:08 +0800] "GET / HTTP/1.1" 200 794 "http://ft.kidcastle.com.cn" "Mozilla/5.0 (Windows NT 10.0; Win64; x64) AppleWebKit/537.36 (KHTML, like Gecko) Chrome/103.0.0.0 YaBrowser/22.7.0 Yowser/2.5 Safari/537.36"
92.101.72.226 - - [02/Jan/2023:12:04:31 +0800] "GET /?C=M;O=A HTTP/1.1" 200 794 "http://ft.kidcastle.com.cn" "Mozilla/5.0 (Windows NT 10.0; Win64; x64) AppleWebKit/537.36 (KHTML, like Gecko) Chrome/103.0.0.0 YaBrowser/22.7.0 Yowser/2.5 Safari/537.36"
116.179.32.159 - - [02/Jan/2023:12:12:34 +0800] "GET /logs/?C=N;O=D HTTP/1.1" 200 20786 "-" "Mozilla/5.0 (compatible; Baiduspider/2.0; +http://www.baidu.com/search/spider.html)"
116.179.33.19 - - [02/Jan/2023:12:16:05 +0800] "GET /logs/ HTTP/1.1" 200 20782 "-" "Mozilla/5.0 (Windows NT 10.0; WOW64) AppleWebKit/537.36 (KHTML, like Gecko) Chrome/48.0.2564.116 Safari/537.36"
40.77.167.3 - - [02/Jan/2023:12:19:59 +0800] "GET /logs/ HTTP/1.1" 200 20786 "-" "Mozilla/5.0 (compatible; bingbot/2.0; +http://www.bing.com/bingbot.htm)"
38.125.77.233 - - [02/Jan/2023:12:21:04 +0800] "GET /logs/access_20210425.log HTTP/1.1" 404 1194 "http://ft.kidcastle.com.cn/" "Mozilla/5.0 (Macintosh; Intel Mac OS X 12_5) AppleWebKit/537.36 (KHTML, like Gecko) Chrome/103.0.0.0 YaBrowser/22.7.0 Yowser/2.5 Safari/537.36"
38.125.77.233 - - [02/Jan/2023:12:21:05 +0800] "GET / HTTP/1.1" 200 794 "http://ft.kidcastle.com.cn" "Mozilla/5.0 (Macintosh; Intel Mac OS X 12_5) AppleWebKit/537.36 (KHTML, like Gecko) Chrome/103.0.0.0 YaBrowser/22.7.0 Yowser/2.5 Safari/537.36"
38.125.77.233 - - [02/Jan/2023:12:21:11 +0800] "GET /?C=M;O=A HTTP/1.1" 200 794 "http://ft.kidcastle.com.cn" "Mozilla/5.0 (Macintosh; Intel Mac OS X 12_5) AppleWebKit/537.36 (KHTML, like Gecko) Chrome/103.0.0.0 YaBrowser/22.7.0 Yowser/2.5 Safari/537.36"
3.17.208.125 - - [02/Jan/2023:13:00:50 +0800] "GET /app/apiv2/.git/config HTTP/1.1" 404 1052 "-" "python-requests/2.18.4"
3.17.208.125 - - [02/Jan/2023:13:00:50 +0800] "GET /app/api/.git/config HTTP/1.1" 404 1052 "-" "python-requests/2.18.4"
3.17.208.125 - - [02/Jan/2023:13:00:50 +0800] "GET /apiv2/.git/config HTTP/1.1" 404 1052 "-" "python-requests/2.18.4"
3.17.208.125 - - [02/Jan/2023:13:00:50 +0800] "GET /v1/webhooks/.git/config HTTP/1.1" 404 1052 "-" "python-requests/2.18.4"
3.17.208.125 - - [02/Jan/2023:13:00:50 +0800] "GET /rest/api/.git/config HTTP/1.1" 404 1052 "-" "python-requests/2.18.4"
3.17.208.125 - - [02/Jan/2023:13:00:50 +0800] "GET /api3/.git/config HTTP/1.1" 404 1052 "-" "python-requests/2.18.4"
3.17.208.125 - - [02/Jan/2023:13:00:50 +0800] "GET /rest/apiv2/.git/config HTTP/1.1" 404 1052 "-" "python-requests/2.18.4"
3.17.208.125 - - [02/Jan/2023:13:00:50 +0800] "GET /v2/webhooks/.git/config HTTP/1.1" 404 1052 "-" "python-requests/2.18.4"
3.17.208.125 - - [02/Jan/2023:13:00:50 +0800] "GET //.git/config HTTP/1.1" 404 1052 "-" "python-requests/2.18.4"
3.17.208.125 - - [02/Jan/2023:13:00:50 +0800] "GET /api2/.git/config HTTP/1.1" 404 1052 "-" "python-requests/2.18.4"
3.17.208.125 - - [02/Jan/2023:13:00:51 +0800] "GET /rest/.git/config HTTP/1.1" 404 1052 "-" "python-requests/2.18.4"
3.17.208.125 - - [02/Jan/2023:13:00:51 +0800] "GET /apiv1/.git/config HTTP/1.1" 404 1052 "-" "python-requests/2.18.4"
3.17.208.125 - - [02/Jan/2023:13:00:51 +0800] "GET /api/v1/webhooks/.git/config HTTP/1.1" 404 1052 "-" "python-requests/2.18.4"
3.17.208.125 - - [02/Jan/2023:13:00:51 +0800] "GET /app/apiv1/.git/config HTTP/1.1" 404 1052 "-" "python-requests/2.18.4"
3.17.208.125 - - [02/Jan/2023:13:00:51 +0800] "GET /webhooks/.git/config HTTP/1.1" 404 1052 "-" "python-requests/2.18.4"
3.17.208.125 - - [02/Jan/2023:13:00:51 +0800] "GET /rest/apiv1/.git/config HTTP/1.1" 404 1052 "-" "python-requests/2.18.4"
3.17.208.125 - - [02/Jan/2023:13:00:51 +0800] "GET /api/.git/config HTTP/1.1" 404 1052 "-" "python-requests/2.18.4"
3.17.208.125 - - [02/Jan/2023:13:00:51 +0800] "GET /app/.git/config HTTP/1.1" 404 1052 "-" "python-requests/2.18.4"
3.17.208.125 - - [02/Jan/2023:13:00:51 +0800] "GET /api/webhooks/.git/config HTTP/1.1" 404 1052 "-" "python-requests/2.18.4"
3.17.208.125 - - [02/Jan/2023:13:00:51 +0800] "GET /api1/.git/config HTTP/1.1" 404 1052 "-" "python-requests/2.18.4"
3.17.208.125 - - [02/Jan/2023:13:00:51 +0800] "GET /apiv3/.git/config HTTP/1.1" 404 1052 "-" "python-requests/2.18.4"
3.17.208.125 - - [02/Jan/2023:13:00:51 +0800] "GET /apiv5/.git/config HTTP/1.1" 404 1052 "-" "python-requests/2.18.4"
3.17.208.125 - - [02/Jan/2023:13:00:51 +0800] "GET /home/.git/config HTTP/1.1" 404 1052 "-" "python-requests/2.18.4"
3.17.208.125 - - [02/Jan/2023:13:00:51 +0800] "GET /rest/v2/.git/config HTTP/1.1" 404 1052 "-" "python-requests/2.18.4"
3.17.208.125 - - [02/Jan/2023:13:00:51 +0800] "GET /hub/.git/config HTTP/1.1" 404 1052 "-" "python-requests/2.18.4"
3.17.208.125 - - [02/Jan/2023:13:00:51 +0800] "GET /rest/.git/config HTTP/1.1" 404 1052 "-" "python-requests/2.18.4"
3.17.208.125 - - [02/Jan/2023:13:00:51 +0800] "GET /front/.git/config HTTP/1.1" 404 1052 "-" "python-requests/2.18.4"
3.17.208.125 - - [02/Jan/2023:13:00:51 +0800] "GET /pro/.git/config HTTP/1.1" 404 1052 "-" "python-requests/2.18.4"
3.17.208.125 - - [02/Jan/2023:13:00:51 +0800] "GET /lang/.git/config HTTP/1.1" 404 1052 "-" "python-requests/2.18.4"
3.17.208.125 - - [02/Jan/2023:13:00:51 +0800] "GET /stag/.git/config HTTP/1.1" 404 1052 "-" "python-requests/2.18.4"
3.17.208.125 - - [02/Jan/2023:13:00:52 +0800] "GET /apiv4/.git/config HTTP/1.1" 404 1052 "-" "python-requests/2.18.4"
3.17.208.125 - - [02/Jan/2023:13:00:52 +0800] "GET /rest/v1/.git/config HTTP/1.1" 404 1052 "-" "python-requests/2.18.4"
3.17.208.125 - - [02/Jan/2023:13:00:52 +0800] "GET /model/.git/config HTTP/1.1" 404 1052 "-" "python-requests/2.18.4"
3.17.208.125 - - [02/Jan/2023:13:00:52 +0800] "GET /backend/.git/config HTTP/1.1" 404 1052 "-" "python-requests/2.18.4"
3.17.208.125 - - [02/Jan/2023:13:00:52 +0800] "GET /rest/v3/.git/config HTTP/1.1" 404 1052 "-" "python-requests/2.18.4"
3.17.208.125 - - [02/Jan/2023:13:00:52 +0800] "GET /admin/.git/config HTTP/1.1" 404 1052 "-" "python-requests/2.18.4"
3.17.208.125 - - [02/Jan/2023:13:00:52 +0800] "GET /web/.git/config HTTP/1.1" 404 1052 "-" "python-requests/2.18.4"
3.17.208.125 - - [02/Jan/2023:13:00:52 +0800] "GET /prod/.git/config HTTP/1.1" 404 1052 "-" "python-requests/2.18.4"
3.17.208.125 - - [02/Jan/2023:13:00:52 +0800] "GET /staging/.git/config HTTP/1.1" 404 1052 "-" "python-requests/2.18.4"
3.17.208.125 - - [02/Jan/2023:13:00:52 +0800] "GET /development/.git/config HTTP/1.1" 404 1052 "-" "python-requests/2.18.4"
3.17.208.125 - - [02/Jan/2023:13:00:52 +0800] "GET /dev/.git/config HTTP/1.1" 404 1052 "-" "python-requests/2.18.4"
3.17.208.125 - - [02/Jan/2023:13:00:52 +0800] "GET /tests/.git/config HTTP/1.1" 404 1052 "-" "python-requests/2.18.4"
3.17.208.125 - - [02/Jan/2023:13:00:52 +0800] "GET /V2/.git/config HTTP/1.1" 404 1052 "-" "python-requests/2.18.4"
3.17.208.125 - - [02/Jan/2023:13:00:52 +0800] "GET /deployment/.git/config HTTP/1.1" 404 1052 "-" "python-requests/2.18.4"
3.17.208.125 - - [02/Jan/2023:13:00:52 +0800] "GET /V3/.git/config HTTP/1.1" 404 1052 "-" "python-requests/2.18.4"
3.17.208.125 - - [02/Jan/2023:13:00:52 +0800] "GET /V1/.git/config HTTP/1.1" 404 1052 "-" "python-requests/2.18.4"
3.17.208.125 - - [02/Jan/2023:13:00:52 +0800] "GET /V4/.git/config HTTP/1.1" 404 1052 "-" "python-requests/2.18.4"
3.17.208.125 - - [02/Jan/2023:13:00:52 +0800] "GET /V5/.git/config HTTP/1.1" 404 1052 "-" "python-requests/2.18.4"
3.17.208.125 - - [02/Jan/2023:13:00:52 +0800] "GET /repo/.git/config HTTP/1.1" 404 1052 "-" "python-requests/2.18.4"
3.17.208.125 - - [02/Jan/2023:13:00:52 +0800] "GET /V6/.git/config HTTP/1.1" 404 1052 "-" "python-requests/2.18.4"
3.17.208.125 - - [02/Jan/2023:13:00:53 +0800] "GET /test/.git/config HTTP/1.1" 404 1052 "-" "python-requests/2.18.4"
3.17.208.125 - - [02/Jan/2023:13:00:53 +0800] "GET /v3/.git/config HTTP/1.1" 404 1052 "-" "python-requests/2.18.4"
3.17.208.125 - - [02/Jan/2023:13:00:53 +0800] "GET /deploy/.git/config HTTP/1.1" 404 1052 "-" "python-requests/2.18.4"
3.17.208.125 - - [02/Jan/2023:13:00:53 +0800] "GET /v2/.git/config HTTP/1.1" 404 1052 "-" "python-requests/2.18.4"
3.17.208.125 - - [02/Jan/2023:13:00:53 +0800] "GET /v4/.git/config HTTP/1.1" 404 1052 "-" "python-requests/2.18.4"
3.17.208.125 - - [02/Jan/2023:13:00:53 +0800] "GET /v5/.git/config HTTP/1.1" 404 1052 "-" "python-requests/2.18.4"
3.17.208.125 - - [02/Jan/2023:13:00:53 +0800] "GET /deploy/.git/config HTTP/1.1" 404 1052 "-" "python-requests/2.18.4"
3.17.208.125 - - [02/Jan/2023:13:00:53 +0800] "GET /v6/.git/config HTTP/1.1" 404 1052 "-" "python-requests/2.18.4"
3.17.208.125 - - [02/Jan/2023:13:00:53 +0800] "GET /git/.git/config HTTP/1.1" 404 1052 "-" "python-requests/2.18.4"
3.17.208.125 - - [02/Jan/2023:13:00:53 +0800] "GET /backup/.git/config HTTP/1.1" 404 1052 "-" "python-requests/2.18.4"
3.17.208.125 - - [02/Jan/2023:13:00:53 +0800] "GET /bq/.git/config HTTP/1.1" 404 1052 "-" "python-requests/2.18.4"
3.17.208.125 - - [02/Jan/2023:13:00:54 +0800] "GET /sources/.git/config HTTP/1.1" 404 1052 "-" "python-requests/2.18.4"
3.17.208.125 - - [02/Jan/2023:13:00:54 +0800] "GET /v1/.git/config HTTP/1.1" 404 1052 "-" "python-requests/2.18.4"
3.17.208.125 - - [02/Jan/2023:13:00:54 +0800] "GET /main/.git/config HTTP/1.1" 404 1052 "-" "python-requests/2.18.4"
3.17.208.125 - - [02/Jan/2023:13:00:54 +0800] "GET /source/.git/config HTTP/1.1" 404 1052 "-" "python-requests/2.18.4"
3.17.208.125 - - [02/Jan/2023:13:00:54 +0800] "GET /production/.git/config HTTP/1.1" 404 1052 "-" "python-requests/2.18.4"
3.17.208.125 - - [02/Jan/2023:13:00:54 +0800] "GET /master/.git/config HTTP/1.1" 404 1052 "-" "python-requests/2.18.4"
40.77.167.3 - - [02/Jan/2023:13:03:03 +0800] "GET /logs/ HTTP/1.1" 200 20786 "-" "Mozilla/5.0 AppleWebKit/537.36 (KHTML, like Gecko; compatible; bingbot/2.0; +http://www.bing.com/bingbot.htm) Chrome/103.0.5060.134 Safari/537.36"
167.99.201.224 - - [02/Jan/2023:13:42:42 +0800] "GET /logs/access_20210425.log HTTP/1.1" 404 1194 "http://ft.kidcastle.com.cn/" "Mozilla/5.0 (Windows NT 10.0; Win64; x64) AppleWebKit/537.36 (KHTML, like Gecko) Chrome/103.0.0.0 YaBrowser/22.7.0 Yowser/2.5 Safari/537.36"
167.99.201.224 - - [02/Jan/2023:13:42:43 +0800] "GET / HTTP/1.1" 200 794 "http://ft.kidcastle.com.cn" "Mozilla/5.0 (Windows NT 10.0; Win64; x64) AppleWebKit/537.36 (KHTML, like Gecko) Chrome/103.0.0.0 YaBrowser/22.7.0 Yowser/2.5 Safari/537.36"
40.77.167.3 - - [02/Jan/2023:13:46:27 +0800] "GET /logs/ HTTP/1.1" 200 20786 "-" "Mozilla/5.0 (compatible; bingbot/2.0; +http://www.bing.com/bingbot.htm)"
39.107.59.89 - - [02/Jan/2023:14:10:48 +0800] "GET / HTTP/1.1" 200 794 "-" "Mozilla/5.0 (Macintosh; Intel Mac OS X 10_15_1) AppleWebKit/537.36 (KHTML, like Gecko) Chrome/95.0.4638.54 Safari/537.36"
39.107.59.89 - - [02/Jan/2023:14:10:48 +0800] "GET /icons/blank.gif HTTP/1.1" 200 148 "http://ft.kidcastle.com.cn/" "Mozilla/5.0 (Macintosh; Intel Mac OS X 10_15_1) AppleWebKit/537.36 (KHTML, like Gecko) Chrome/95.0.4638.54 Safari/537.36"
39.107.59.89 - - [02/Jan/2023:14:10:48 +0800] "GET /icons/folder.gif HTTP/1.1" 200 225 "http://ft.kidcastle.com.cn/" "Mozilla/5.0 (Macintosh; Intel Mac OS X 10_15_1) AppleWebKit/537.36 (KHTML, like Gecko) Chrome/95.0.4638.54 Safari/537.36"
39.107.59.89 - - [02/Jan/2023:14:10:58 +0800] "GET /icons/blank.gif HTTP/1.1" 200 148 "http://ft.kidcastle.com.cn/" "Mozilla/5.0 (Windows NT 10.0; Win64; x64; rv:57.0) Gecko/20100101 Firefox/57.0"
39.107.59.89 - - [02/Jan/2023:14:10:58 +0800] "GET /icons/folder.gif HTTP/1.1" 200 225 "http://ft.kidcastle.com.cn/" "Mozilla/5.0 (Windows NT 10.0; Win64; x64; rv:57.0) Gecko/20100101 Firefox/57.0"
40.77.167.3 - - [02/Jan/2023:14:26:21 +0800] "GET / HTTP/1.1" 200 794 "-" "Mozilla/5.0 AppleWebKit/537.36 (KHTML, like Gecko; compatible; bingbot/2.0; +http://www.bing.com/bingbot.htm) Chrome/103.0.5060.134 Safari/537.36"
40.77.167.3 - - [02/Jan/2023:14:29:41 +0800] "GET /logs/ HTTP/1.1" 200 20786 "-" "Mozilla/5.0 (compatible; bingbot/2.0; +http://www.bing.com/bingbot.htm)"
40.77.167.3 - - [02/Jan/2023:15:12:46 +0800] "GET /logs/ HTTP/1.1" 200 20786 "-" "Mozilla/5.0 (compatible; bingbot/2.0; +http://www.bing.com/bingbot.htm)"
116.179.33.206 - - [02/Jan/2023:15:29:04 +0800] "GET /logs/?C=S;O=A HTTP/1.1" 200 20782 "-" "Mozilla/5.0 (Windows NT 10.0; WOW64) AppleWebKit/537.36 (KHTML, like Gecko) Chrome/48.0.2564.116 Safari/537.36"
40.77.167.3 - - [02/Jan/2023:15:55:50 +0800] "GET /logs/ HTTP/1.1" 200 20786 "-" "Mozilla/5.0 (compatible; bingbot/2.0; +http://www.bing.com/bingbot.htm)"
40.77.167.3 - - [02/Jan/2023:16:38:33 +0800] "GET /logs/ HTTP/1.1" 200 20786 "-" "Mozilla/5.0 (compatible; bingbot/2.0; +http://www.bing.com/bingbot.htm)"
207.46.13.218 - - [02/Jan/2023:17:09:39 +0800] "GET /logs/access_20200718.log HTTP/1.1" 404 1052 "-" "Mozilla/5.0 (compatible; bingbot/2.0; +http://www.bing.com/bingbot.htm)"
40.77.167.3 - - [02/Jan/2023:17:21:18 +0800] "GET /logs/ HTTP/1.1" 200 20786 "-" "Mozilla/5.0 (compatible; bingbot/2.0; +http://www.bing.com/bingbot.htm)"
40.77.167.3 - - [02/Jan/2023:18:04:12 +0800] "GET /logs/ HTTP/1.1" 200 20786 "-" "Mozilla/5.0 AppleWebKit/537.36 (KHTML, like Gecko; compatible; bingbot/2.0; +http://www.bing.com/bingbot.htm) Chrome/103.0.5060.134 Safari/537.36"
220.181.108.121 - - [02/Jan/2023:18:14:48 +0800] "GET /logs/?C=N;O=A HTTP/1.1" 200 20786 "-" "Mozilla/5.0 (compatible; Baiduspider/2.0; +http://www.baidu.com/search/spider.html)"
207.46.13.22 - - [02/Jan/2023:18:26:06 +0800] "GET /logs/access_20220621.log HTTP/1.1" 404 1052 "-" "Mozilla/5.0 AppleWebKit/537.36 (KHTML, like Gecko; compatible; bingbot/2.0; +http://www.bing.com/bingbot.htm) Chrome/103.0.5060.134 Safari/537.36"
207.46.13.218 - - [02/Jan/2023:18:35:46 +0800] "GET /logs/access_20211123.log HTTP/1.1" 404 1052 "-" "Mozilla/5.0 (compatible; bingbot/2.0; +http://www.bing.com/bingbot.htm)"
40.77.167.3 - - [02/Jan/2023:18:47:26 +0800] "GET /logs/ HTTP/1.1" 200 20786 "-" "Mozilla/5.0 (compatible; bingbot/2.0; +http://www.bing.com/bingbot.htm)"
64.124.8.32 - - [02/Jan/2023:19:14:51 +0800] "GET /icons/text.gif HTTP/1.1" 200 229 "-" "Mozilla/5.0 (Macintosh; Intel Mac OS X 10_15_7) AppleWebKit/537.36 (KHTML, like Gecko) Chrome/107.0.0.0 Safari/537.36"
40.77.167.3 - - [02/Jan/2023:19:30:40 +0800] "GET /logs/ HTTP/1.1" 200 20786 "-" "Mozilla/5.0 AppleWebKit/537.36 (KHTML, like Gecko; compatible; bingbot/2.0; +http://www.bing.com/bingbot.htm) Chrome/103.0.5060.134 Safari/537.36"
40.77.167.3 - - [02/Jan/2023:20:14:44 +0800] "GET /logs/ HTTP/1.1" 200 20786 "-" "Mozilla/5.0 AppleWebKit/537.36 (KHTML, like Gecko; compatible; bingbot/2.0; +http://www.bing.com/bingbot.htm) Chrome/103.0.5060.134 Safari/537.36"
40.77.167.3 - - [02/Jan/2023:20:57:39 +0800] "GET /logs/ HTTP/1.1" 200 20786 "-" "Mozilla/5.0 AppleWebKit/537.36 (KHTML, like Gecko; compatible; bingbot/2.0; +http://www.bing.com/bingbot.htm) Chrome/103.0.5060.134 Safari/537.36"
40.77.167.3 - - [02/Jan/2023:21:41:03 +0800] "GET /logs/ HTTP/1.1" 200 20786 "-" "Mozilla/5.0 AppleWebKit/537.36 (KHTML, like Gecko; compatible; bingbot/2.0; +http://www.bing.com/bingbot.htm) Chrome/103.0.5060.134 Safari/537.36"
139.99.123.187 - - [02/Jan/2023:21:57:45 +0800] "GET /logs/access_20211209.log HTTP/1.1" 404 1194 "http://ft.kidcastle.com.cn/" "Mozilla/5.0 (X11; Linux x86_64) AppleWebKit/537.36 (KHTML, like Gecko) Chrome/103.0.0.0 Safari/537.36 Vivaldi/5.3.2679.68"
139.99.123.187 - - [02/Jan/2023:22:00:43 +0800] "GET / HTTP/1.1" 200 794 "http://ft.kidcastle.com.cn" "Mozilla/5.0 (X11; Linux x86_64) AppleWebKit/537.36 (KHTML, like Gecko) Chrome/103.0.0.0 Safari/537.36 Vivaldi/5.3.2679.68"
139.99.123.187 - - [02/Jan/2023:22:00:50 +0800] "GET /?C=M;O=A HTTP/1.1" 200 794 "http://ft.kidcastle.com.cn" "Mozilla/5.0 (X11; Linux x86_64) AppleWebKit/537.36 (KHTML, like Gecko) Chrome/103.0.0.0 Safari/537.36 Vivaldi/5.3.2679.68"
40.77.167.3 - - [02/Jan/2023:22:24:06 +0800] "GET /logs/ HTTP/1.1" 200 20786 "-" "Mozilla/5.0 (compatible; bingbot/2.0; +http://www.bing.com/bingbot.htm)"
40.77.167.3 - - [02/Jan/2023:23:06:31 +0800] "GET /logs/ HTTP/1.1" 200 20786 "-" "Mozilla/5.0 AppleWebKit/537.36 (KHTML, like Gecko; compatible; bingbot/2.0; +http://www.bing.com/bingbot.htm) Chrome/103.0.5060.134 Safari/537.36"
114.119.144.127 - - [02/Jan/2023:23:11:36 +0800] "GET /robots.txt HTTP/1.1" 404 1052 "-" "Mozilla/5.0 (compatible;PetalBot;+https://webmaster.petalsearch.com/site/petalbot)"
64.124.8.24 - - [02/Jan/2023:23:40:00 +0800] "GET /icons/text.gif HTTP/1.1" 200 229 "-" "Mozilla/5.0 (Macintosh; Intel Mac OS X 10_15_7) AppleWebKit/537.36 (KHTML, like Gecko) Chrome/107.0.0.0 Safari/537.36"
40.77.167.3 - - [02/Jan/2023:23:49:45 +0800] "GET /logs/ HTTP/1.1" 200 20786 "-" "Mozilla/5.0 (compatible; bingbot/2.0; +http://www.bing.com/bingbot.htm)"