40.77.167.58 - - [22/Nov/2022:00:06:44 +0800] "GET /logs/access_20210627.log HTTP/1.1" 404 1052 "-" "Mozilla/5.0 (compatible; bingbot/2.0; +http://www.bing.com/bingbot.htm)"
216.244.66.195 - - [22/Nov/2022:00:17:11 +0800] "GET /robots.txt HTTP/1.1" 404 1052 "-" "Mozilla/5.0 (compatible; DotBot/1.2; +https://opensiteexplorer.org/dotbot; help@moz.com)"
207.46.13.1 - - [22/Nov/2022:00:18:14 +0800] "GET /logs/ HTTP/1.1" 200 11766 "-" "Mozilla/5.0 (compatible; bingbot/2.0; +http://www.bing.com/bingbot.htm)"
111.225.149.76 - - [22/Nov/2022:00:29:54 +0800] "GET /logs/access_20200729.log HTTP/1.1" 404 1052 "-" "Mozilla/5.0 (Linux; Android 5.0) AppleWebKit/537.36 (KHTML, like Gecko) Mobile Safari/537.36 (compatible; Bytespider; https://zhanzhang.toutiao.com/)"
216.244.66.195 - - [22/Nov/2022:00:30:34 +0800] "GET /logs/access_20220725.log HTTP/1.1" 404 1052 "-" "Mozilla/5.0 (compatible; DotBot/1.2; +https://opensiteexplorer.org/dotbot; help@moz.com)"
116.179.32.35 - - [22/Nov/2022:00:36:45 +0800] "GET /logs/access_20200406.log HTTP/1.1" 404 1048 "-" "Mozilla/5.0 (compatible; Baiduspider/2.0; +http://www.baidu.com/search/spider.html)"
216.244.66.195 - - [22/Nov/2022:00:48:55 +0800] "GET /logs/access_20220504.log HTTP/1.1" 404 1052 "-" "Mozilla/5.0 (compatible; DotBot/1.2; +https://opensiteexplorer.org/dotbot; help@moz.com)"
216.244.66.195 - - [22/Nov/2022:00:49:03 +0800] "GET /logs/access_20220507.log HTTP/1.1" 404 1052 "-" "Mozilla/5.0 (compatible; DotBot/1.2; +https://opensiteexplorer.org/dotbot; help@moz.com)"
207.46.13.1 - - [22/Nov/2022:00:58:47 +0800] "GET /logs/ HTTP/1.1" 200 11766 "-" "Mozilla/5.0 (compatible; bingbot/2.0; +http://www.bing.com/bingbot.htm)"
216.244.66.195 - - [22/Nov/2022:01:05:51 +0800] "GET /robots.txt HTTP/1.1" 404 1052 "-" "Mozilla/5.0 (compatible; DotBot/1.2; +https://opensiteexplorer.org/dotbot; help@moz.com)"
216.244.66.195 - - [22/Nov/2022:01:35:06 +0800] "GET /logs/access_20220601.log HTTP/1.1" 404 1052 "-" "Mozilla/5.0 (compatible; DotBot/1.2; +https://opensiteexplorer.org/dotbot; help@moz.com)"
220.181.108.167 - - [22/Nov/2022:01:37:06 +0800] "GET /logs/access_20201231.log HTTP/1.1" 404 1052 "-" "Mozilla/5.0 (compatible; Baiduspider/2.0; +http://www.baidu.com/search/spider.html)"
207.46.13.1 - - [22/Nov/2022:01:40:01 +0800] "GET /logs/ HTTP/1.1" 200 11766 "-" "Mozilla/5.0 AppleWebKit/537.36 (KHTML, like Gecko; compatible; bingbot/2.0; +http://www.bing.com/bingbot.htm) Chrome/103.0.5060.134 Safari/537.36"
116.179.32.93 - - [22/Nov/2022:02:06:45 +0800] "GET /logs/access_20200714.log HTTP/1.1" 404 1048 "-" "Mozilla/5.0 (compatible; Baiduspider/2.0; +http://www.baidu.com/search/spider.html)"
5.253.19.33 - - [22/Nov/2022:02:07:22 +0800] "GET /logs/access_20210425.log HTTP/1.1" 404 1194 "http://ft.kidcastle.com.cn/" "Mozilla/5.0 (X11; Fedora; Linux x86_64; rv:102.0) Gecko/20100101 Firefox/102.0"
5.253.19.33 - - [22/Nov/2022:02:07:23 +0800] "GET / HTTP/1.1" 200 794 "http://ft.kidcastle.com.cn" "Mozilla/5.0 (X11; Fedora; Linux x86_64; rv:102.0) Gecko/20100101 Firefox/102.0"
207.46.13.1 - - [22/Nov/2022:02:20:36 +0800] "GET /logs/ HTTP/1.1" 200 11766 "-" "Mozilla/5.0 (compatible; bingbot/2.0; +http://www.bing.com/bingbot.htm)"
23.254.49.137 - - [22/Nov/2022:02:33:10 +0800] "GET /logs/access_20210425.log HTTP/1.1" 404 1194 "http://ft.kidcastle.com.cn/" "Mozilla/5.0 (X11; Linux x86_64) AppleWebKit/537.36 (KHTML, like Gecko) Chrome/103.0.0.0 Safari/537.36"
23.254.49.137 - - [22/Nov/2022:02:33:10 +0800] "GET / HTTP/1.1" 200 794 "http://ft.kidcastle.com.cn" "Mozilla/5.0 (X11; Linux x86_64) AppleWebKit/537.36 (KHTML, like Gecko) Chrome/103.0.0.0 Safari/537.36"
66.249.72.187 - - [22/Nov/2022:03:01:24 +0800] "GET /robots.txt HTTP/1.1" 404 1052 "-" "Mozilla/5.0 (compatible; Googlebot/2.1; +http://www.google.com/bot.html)"
66.249.72.187 - - [22/Nov/2022:03:01:24 +0800] "GET /logs/access_20220617.log HTTP/1.1" 404 1052 "-" "Mozilla/5.0 (Linux; Android 6.0.1; Nexus 5X Build/MMB29P) AppleWebKit/537.36 (KHTML, like Gecko) Chrome/107.0.5304.110 Mobile Safari/537.36 (compatible; Googlebot/2.1; +http://www.google.com/bot.html)"
207.46.13.1 - - [22/Nov/2022:03:09:10 +0800] "GET /logs/ HTTP/1.1" 200 11766 "-" "Mozilla/5.0 AppleWebKit/537.36 (KHTML, like Gecko; compatible; bingbot/2.0; +http://www.bing.com/bingbot.htm) Chrome/103.0.5060.134 Safari/537.36"
216.244.66.195 - - [22/Nov/2022:03:13:30 +0800] "GET /robots.txt HTTP/1.1" 404 1052 "-" "Mozilla/5.0 (compatible; DotBot/1.2; +https://opensiteexplorer.org/dotbot; help@moz.com)"
216.244.66.195 - - [22/Nov/2022:03:39:08 +0800] "GET /logs/access_20220519.log HTTP/1.1" 404 1052 "-" "Mozilla/5.0 (compatible; DotBot/1.2; +https://opensiteexplorer.org/dotbot; help@moz.com)"
207.46.13.1 - - [22/Nov/2022:03:40:23 +0800] "GET /logs/ HTTP/1.1" 200 11766 "-" "Mozilla/5.0 (compatible; bingbot/2.0; +http://www.bing.com/bingbot.htm)"
216.244.66.195 - - [22/Nov/2022:04:06:04 +0800] "GET /robots.txt HTTP/1.1" 404 1052 "-" "Mozilla/5.0 (compatible; DotBot/1.2; +https://opensiteexplorer.org/dotbot; help@moz.com)"
66.249.72.187 - - [22/Nov/2022:04:08:07 +0800] "GET /logs/access_20210425.log HTTP/1.1" 404 1052 "-" "Mozilla/5.0 (Linux; Android 6.0.1; Nexus 5X Build/MMB29P) AppleWebKit/537.36 (KHTML, like Gecko) Chrome/107.0.5304.110 Mobile Safari/537.36 (compatible; Googlebot/2.1; +http://www.google.com/bot.html)"
110.249.201.150 - - [22/Nov/2022:04:10:23 +0800] "GET /robots.txt HTTP/1.1" 404 1052 "-" "Mozilla/5.0 (Linux; Android 5.0) AppleWebKit/537.36 (KHTML, like Gecko) Mobile Safari/537.36 (compatible; Bytespider; https://zhanzhang.toutiao.com/)"
207.46.13.1 - - [22/Nov/2022:04:20:07 +0800] "GET /logs/ HTTP/1.1" 200 11766 "-" "Mozilla/5.0 (compatible; bingbot/2.0; +http://www.bing.com/bingbot.htm)"
216.244.66.195 - - [22/Nov/2022:04:20:27 +0800] "GET /logs/access_20220702.log HTTP/1.1" 404 1052 "-" "Mozilla/5.0 (compatible; DotBot/1.2; +https://opensiteexplorer.org/dotbot; help@moz.com)"
220.181.51.120 - - [22/Nov/2022:04:28:03 +0800] "GET / HTTP/1.1" 200 790 "-" "Mozilla/5.0 (Windows NT 10.0; WOW64) AppleWebKit/537.36 (KHTML, like Gecko) Chrome/48.0.2564.116 Safari/537.36"
220.181.51.85 - - [22/Nov/2022:04:28:05 +0800] "GET / HTTP/1.1" 200 794 "-" "Mozilla/5.0 (Windows NT 10.0; WOW64) AppleWebKit/537.36 (KHTML, like Gecko) Chrome/48.0.2564.116 Safari/537.36"
117.158.150.189 - - [22/Nov/2022:04:28:07 +0800] "GET / HTTP/1.1" 200 790 "-" "Mozilla/5.0 (Windows NT 10.0; WOW64) AppleWebKit/537.36 (KHTML, like Gecko) Chrome/48.0.2564.116 Safari/537.36"
216.244.66.195 - - [22/Nov/2022:04:56:20 +0800] "GET /robots.txt HTTP/1.1" 404 1052 "-" "Mozilla/5.0 (compatible; DotBot/1.2; +https://opensiteexplorer.org/dotbot; help@moz.com)"
207.46.13.1 - - [22/Nov/2022:05:00:51 +0800] "GET /logs/ HTTP/1.1" 200 11766 "-" "Mozilla/5.0 AppleWebKit/537.36 (KHTML, like Gecko; compatible; bingbot/2.0; +http://www.bing.com/bingbot.htm) Chrome/103.0.5060.134 Safari/537.36"
144.168.228.122 - - [22/Nov/2022:05:04:29 +0800] "GET /logs/access_20210425.log HTTP/1.1" 404 1194 "http://ft.kidcastle.com.cn/" "Mozilla/5.0 (Macintosh; Intel Mac OS X 12_5) AppleWebKit/537.36 (KHTML, like Gecko) Chrome/103.0.0.0 Safari/537.36 OPR/89.0.4447.51"
144.168.228.122 - - [22/Nov/2022:05:04:30 +0800] "GET / HTTP/1.1" 200 794 "http://ft.kidcastle.com.cn" "Mozilla/5.0 (Macintosh; Intel Mac OS X 12_5) AppleWebKit/537.36 (KHTML, like Gecko) Chrome/103.0.0.0 Safari/537.36 OPR/89.0.4447.51"
116.179.32.158 - - [22/Nov/2022:05:06:45 +0800] "GET /logs/access_20200708.log HTTP/1.1" 404 1048 "-" "Mozilla/5.0 (compatible; Baiduspider/2.0; +http://www.baidu.com/search/spider.html)"
216.244.66.195 - - [22/Nov/2022:05:15:55 +0800] "GET /logs/access_20220612.log HTTP/1.1" 404 1052 "-" "Mozilla/5.0 (compatible; DotBot/1.2; +https://opensiteexplorer.org/dotbot; help@moz.com)"
207.46.13.1 - - [22/Nov/2022:05:43:55 +0800] "GET /logs/ HTTP/1.1" 200 11766 "-" "Mozilla/5.0 AppleWebKit/537.36 (KHTML, like Gecko; compatible; bingbot/2.0; +http://www.bing.com/bingbot.htm) Chrome/103.0.5060.134 Safari/537.36"
216.244.66.195 - - [22/Nov/2022:06:04:18 +0800] "GET /robots.txt HTTP/1.1" 404 1052 "-" "Mozilla/5.0 (compatible; DotBot/1.2; +https://opensiteexplorer.org/dotbot; help@moz.com)"
207.46.13.1 - - [22/Nov/2022:06:16:18 +0800] "GET /logs/access_20201221.log HTTP/1.1" 404 1052 "-" "Mozilla/5.0 (compatible; bingbot/2.0; +http://www.bing.com/bingbot.htm)"
216.244.66.195 - - [22/Nov/2022:06:21:02 +0800] "GET /logs/access_20220718.log HTTP/1.1" 404 1052 "-" "Mozilla/5.0 (compatible; DotBot/1.2; +https://opensiteexplorer.org/dotbot; help@moz.com)"
149.34.244.85 - - [22/Nov/2022:06:23:18 +0800] "GET /logs/access_20210425.log HTTP/1.1" 404 1194 "http://ft.kidcastle.com.cn/" "Mozilla/5.0 (X11; Linux x86_64) AppleWebKit/537.36 (KHTML, like Gecko) Chrome/103.0.0.0 Safari/537.36 OPR/89.0.4447.51"
149.34.244.85 - - [22/Nov/2022:06:23:18 +0800] "GET / HTTP/1.1" 200 794 "http://ft.kidcastle.com.cn" "Mozilla/5.0 (X11; Linux x86_64) AppleWebKit/537.36 (KHTML, like Gecko) Chrome/103.0.0.0 Safari/537.36 OPR/89.0.4447.51"
149.34.244.85 - - [22/Nov/2022:06:23:19 +0800] "GET /?C=M;O=A HTTP/1.1" 200 794 "http://ft.kidcastle.com.cn" "Mozilla/5.0 (X11; Linux x86_64) AppleWebKit/537.36 (KHTML, like Gecko) Chrome/103.0.0.0 Safari/537.36 OPR/89.0.4447.51"
216.244.66.195 - - [22/Nov/2022:06:24:43 +0800] "GET /logs/access_20220610.log HTTP/1.1" 404 1052 "-" "Mozilla/5.0 (compatible; DotBot/1.2; +https://opensiteexplorer.org/dotbot; help@moz.com)"
207.46.13.1 - - [22/Nov/2022:06:24:49 +0800] "GET /logs/ HTTP/1.1" 200 11766 "-" "Mozilla/5.0 AppleWebKit/537.36 (KHTML, like Gecko; compatible; bingbot/2.0; +http://www.bing.com/bingbot.htm) Chrome/103.0.5060.134 Safari/537.36"
65.21.48.92 - - [22/Nov/2022:06:34:37 +0800] "GET /logs/access_20211209.log HTTP/1.0" 404 1194 "http://ft.kidcastle.com.cn/" "Mozilla/5.0 (Windows NT 10.0; Win64; x64; Xbox; Xbox One) AppleWebKit/537.36 (KHTML, like Gecko) Chrome/103.0.0.0 Safari/537.36 Edge/44.18363.8131"
65.21.48.92 - - [22/Nov/2022:06:34:38 +0800] "GET / HTTP/1.0" 200 794 "http://ft.kidcastle.com.cn" "Mozilla/5.0 (Windows NT 10.0; Win64; x64; Xbox; Xbox One) AppleWebKit/537.36 (KHTML, like Gecko) Chrome/103.0.0.0 Safari/537.36 Edge/44.18363.8131"
65.21.48.92 - - [22/Nov/2022:06:34:40 +0800] "GET /?C=M;O=A HTTP/1.0" 200 794 "http://ft.kidcastle.com.cn" "Mozilla/5.0 (Windows NT 10.0; Win64; x64; Xbox; Xbox One) AppleWebKit/537.36 (KHTML, like Gecko) Chrome/103.0.0.0 Safari/537.36 Edge/44.18363.8131"
207.46.13.1 - - [22/Nov/2022:07:05:23 +0800] "GET /logs/ HTTP/1.1" 200 11766 "-" "Mozilla/5.0 AppleWebKit/537.36 (KHTML, like Gecko; compatible; bingbot/2.0; +http://www.bing.com/bingbot.htm) Chrome/103.0.5060.134 Safari/537.36"
157.55.39.146 - - [22/Nov/2022:07:12:08 +0800] "GET /logs/access_20210122.log HTTP/1.1" 404 1052 "-" "Mozilla/5.0 AppleWebKit/537.36 (KHTML, like Gecko; compatible; bingbot/2.0; +http://www.bing.com/bingbot.htm) Chrome/103.0.5060.134 Safari/537.36"
216.244.66.195 - - [22/Nov/2022:07:13:10 +0800] "GET /robots.txt HTTP/1.1" 404 1052 "-" "Mozilla/5.0 (compatible; DotBot/1.2; +https://opensiteexplorer.org/dotbot; help@moz.com)"
207.46.13.1 - - [22/Nov/2022:07:17:53 +0800] "GET /logs/access_20210924.log HTTP/1.1" 404 1052 "-" "Mozilla/5.0 AppleWebKit/537.36 (KHTML, like Gecko; compatible; bingbot/2.0; +http://www.bing.com/bingbot.htm) Chrome/103.0.5060.134 Safari/537.36"
216.244.66.195 - - [22/Nov/2022:07:27:04 +0800] "GET /logs/access_20220427.log HTTP/1.1" 404 1052 "-" "Mozilla/5.0 (compatible; DotBot/1.2; +https://opensiteexplorer.org/dotbot; help@moz.com)"
216.244.66.195 - - [22/Nov/2022:07:27:09 +0800] "GET /logs/access_20220529.log HTTP/1.1" 404 1052 "-" "Mozilla/5.0 (compatible; DotBot/1.2; +https://opensiteexplorer.org/dotbot; help@moz.com)"
207.46.13.237 - - [22/Nov/2022:07:46:04 +0800] "GET /robots.txt HTTP/1.1" 404 1052 "-" "Mozilla/5.0 (compatible; bingbot/2.0; +http://www.bing.com/bingbot.htm)"
207.46.13.1 - - [22/Nov/2022:07:46:08 +0800] "GET /logs/ HTTP/1.1" 200 11766 "-" "Mozilla/5.0 AppleWebKit/537.36 (KHTML, like Gecko; compatible; bingbot/2.0; +http://www.bing.com/bingbot.htm) Chrome/103.0.5060.134 Safari/537.36"
207.46.13.1 - - [22/Nov/2022:08:08:38 +0800] "GET / HTTP/1.1" 200 794 "-" "Mozilla/5.0 (compatible; bingbot/2.0; +http://www.bing.com/bingbot.htm)"
207.46.13.1 - - [22/Nov/2022:08:26:41 +0800] "GET /logs/ HTTP/1.1" 200 11766 "-" "Mozilla/5.0 (compatible; bingbot/2.0; +http://www.bing.com/bingbot.htm)"
116.179.32.24 - - [22/Nov/2022:08:45:21 +0800] "GET /logs/access_20201225.log HTTP/1.1" 404 1048 "-" "Mozilla/5.0 (compatible; Baiduspider/2.0; +http://www.baidu.com/search/spider.html)"
220.181.108.147 - - [22/Nov/2022:08:45:21 +0800] "GET /logs/access_20210414.log HTTP/1.1" 404 1048 "-" "Mozilla/5.0 (compatible; Baiduspider/2.0; +http://www.baidu.com/search/spider.html)"
220.181.108.177 - - [22/Nov/2022:08:45:21 +0800] "GET /logs/access_20200628.log HTTP/1.1" 404 1048 "-" "Mozilla/5.0 (compatible; Baiduspider/2.0; +http://www.baidu.com/search/spider.html)"
220.181.108.91 - - [22/Nov/2022:08:45:21 +0800] "GET /logs/access_20200629.log HTTP/1.1" 404 1048 "-" "Mozilla/5.0 (compatible; Baiduspider/2.0; +http://www.baidu.com/search/spider.html)"
116.179.32.113 - - [22/Nov/2022:08:45:21 +0800] "GET /logs/access_20221021.log HTTP/1.1" 200 28755 "-" "Mozilla/5.0 (compatible; Baiduspider/2.0; +http://www.baidu.com/search/spider.html)"
220.181.108.157 - - [22/Nov/2022:08:45:24 +0800] "GET /logs/ HTTP/1.1" 200 11762 "-" "Mozilla/5.0 (compatible; Baiduspider/2.0; +http://www.baidu.com/search/spider.html)"
207.46.13.198 - - [22/Nov/2022:08:49:25 +0800] "GET /logs/access_20201023.log HTTP/1.1" 404 1052 "-" "Mozilla/5.0 (compatible; bingbot/2.0; +http://www.bing.com/bingbot.htm)"
216.244.66.195 - - [22/Nov/2022:08:54:08 +0800] "GET /robots.txt HTTP/1.1" 404 1052 "-" "Mozilla/5.0 (compatible; DotBot/1.2; +https://opensiteexplorer.org/dotbot; help@moz.com)"
207.46.13.1 - - [22/Nov/2022:09:08:25 +0800] "GET /logs/ HTTP/1.1" 200 11766 "-" "Mozilla/5.0 (compatible; bingbot/2.0; +http://www.bing.com/bingbot.htm)"
216.244.66.195 - - [22/Nov/2022:09:11:15 +0800] "GET /logs/access_20220731.log HTTP/1.1" 404 1052 "-" "Mozilla/5.0 (compatible; DotBot/1.2; +https://opensiteexplorer.org/dotbot; help@moz.com)"
216.244.66.195 - - [22/Nov/2022:09:11:19 +0800] "GET /logs/access_20220819.log HTTP/1.1" 404 1052 "-" "Mozilla/5.0 (compatible; DotBot/1.2; +https://opensiteexplorer.org/dotbot; help@moz.com)"
216.244.66.195 - - [22/Nov/2022:09:14:29 +0800] "GET /logs/access_20220611.log HTTP/1.1" 404 1052 "-" "Mozilla/5.0 (compatible; DotBot/1.2; +https://opensiteexplorer.org/dotbot; help@moz.com)"
216.244.66.195 - - [22/Nov/2022:09:14:33 +0800] "GET /logs/access_20220701.log HTTP/1.1" 404 1052 "-" "Mozilla/5.0 (compatible; DotBot/1.2; +https://opensiteexplorer.org/dotbot; help@moz.com)"
216.244.66.195 - - [22/Nov/2022:09:14:37 +0800] "GET /logs/access_20220707.log HTTP/1.1" 404 1052 "-" "Mozilla/5.0 (compatible; DotBot/1.2; +https://opensiteexplorer.org/dotbot; help@moz.com)"
207.46.13.1 - - [22/Nov/2022:09:17:46 +0800] "GET /logs/ HTTP/1.1" 200 11766 "-" "Mozilla/5.0 AppleWebKit/537.36 (KHTML, like Gecko; compatible; bingbot/2.0; +http://www.bing.com/bingbot.htm) Chrome/103.0.5060.134 Safari/537.36"
220.181.108.158 - - [22/Nov/2022:09:23:25 +0800] "GET /logs/access_20221020.log HTTP/1.1" 200 62702 "-" "Mozilla/5.0 (compatible; Baiduspider/2.0; +http://www.baidu.com/search/spider.html)"
220.181.51.90 - - [22/Nov/2022:09:23:26 +0800] "GET /robots.txt HTTP/1.1" 404 1052 "-" "Mozilla/5.0 (Windows NT 10.0; WOW64) AppleWebKit/537.36 (KHTML, like Gecko) Chrome/48.0.2564.116 Safari/537.36"
220.181.51.88 - - [22/Nov/2022:09:23:40 +0800] "GET /robots.txt HTTP/1.1" 404 1052 "-" "Mozilla/5.0 (Windows NT 10.0; WOW64) AppleWebKit/537.36 (KHTML, like Gecko) Chrome/48.0.2564.116 Safari/537.36"
207.46.13.1 - - [22/Nov/2022:09:48:19 +0800] "GET /logs/ HTTP/1.1" 200 11766 "-" "Mozilla/5.0 (compatible; bingbot/2.0; +http://www.bing.com/bingbot.htm)"
216.244.66.195 - - [22/Nov/2022:10:15:58 +0800] "GET /robots.txt HTTP/1.1" 404 1052 "-" "Mozilla/5.0 (compatible; DotBot/1.2; +https://opensiteexplorer.org/dotbot; help@moz.com)"
207.46.13.1 - - [22/Nov/2022:10:30:03 +0800] "GET /logs/ HTTP/1.1" 200 11766 "-" "Mozilla/5.0 AppleWebKit/537.36 (KHTML, like Gecko; compatible; bingbot/2.0; +http://www.bing.com/bingbot.htm) Chrome/103.0.5060.134 Safari/537.36"
45.151.253.67 - - [22/Nov/2022:10:31:50 +0800] "GET /logs/access_20210425.log HTTP/1.1" 404 1194 "http://ft.kidcastle.com.cn/" "Mozilla/5.0 (Windows NT 10.0; WOW64; x64) AppleWebKit/537.36 (KHTML, like Gecko) Chrome/103.0.0.0 Safari/537.36 OPR/89.0.4447.51"
45.151.253.67 - - [22/Nov/2022:10:31:51 +0800] "GET / HTTP/1.1" 200 794 "http://ft.kidcastle.com.cn" "Mozilla/5.0 (Windows NT 10.0; WOW64; x64) AppleWebKit/537.36 (KHTML, like Gecko) Chrome/103.0.0.0 Safari/537.36 OPR/89.0.4447.51"
45.151.253.67 - - [22/Nov/2022:10:31:52 +0800] "GET /?C=M;O=A HTTP/1.1" 200 794 "http://ft.kidcastle.com.cn" "Mozilla/5.0 (Windows NT 10.0; WOW64; x64) AppleWebKit/537.36 (KHTML, like Gecko) Chrome/103.0.0.0 Safari/537.36 OPR/89.0.4447.51"
216.244.66.195 - - [22/Nov/2022:10:32:33 +0800] "GET /logs/access_20220728.log HTTP/1.1" 404 1052 "-" "Mozilla/5.0 (compatible; DotBot/1.2; +https://opensiteexplorer.org/dotbot; help@moz.com)"
216.244.66.195 - - [22/Nov/2022:10:35:31 +0800] "GET /logs/access_20220622.log HTTP/1.1" 404 1052 "-" "Mozilla/5.0 (compatible; DotBot/1.2; +https://opensiteexplorer.org/dotbot; help@moz.com)"
216.244.66.195 - - [22/Nov/2022:10:35:35 +0800] "GET /logs/access_20220705.log HTTP/1.1" 404 1052 "-" "Mozilla/5.0 (compatible; DotBot/1.2; +https://opensiteexplorer.org/dotbot; help@moz.com)"
116.179.32.79 - - [22/Nov/2022:10:53:25 +0800] "GET /logs/access_20200804.log HTTP/1.1" 404 1052 "-" "Mozilla/5.0 (compatible; Baiduspider/2.0; +http://www.baidu.com/search/spider.html)"
220.181.108.167 - - [22/Nov/2022:11:06:45 +0800] "GET /logs/access_20221122.log HTTP/1.1" 200 18001 "-" "Mozilla/5.0 (compatible; Baiduspider/2.0; +http://www.baidu.com/search/spider.html)"
207.46.13.1 - - [22/Nov/2022:11:10:27 +0800] "GET /logs/ HTTP/1.1" 200 11766 "-" "Mozilla/5.0 AppleWebKit/537.36 (KHTML, like Gecko; compatible; bingbot/2.0; +http://www.bing.com/bingbot.htm) Chrome/103.0.5060.134 Safari/537.36"
185.174.159.183 - - [22/Nov/2022:11:35:46 +0800] "GET /logs/access_20210425.log HTTP/1.1" 404 1194 "http://ft.kidcastle.com.cn/" "Mozilla/5.0 (Windows NT 10.0) AppleWebKit/537.36 (KHTML, like Gecko) Chrome/103.0.0.0 Safari/537.36"
185.174.159.183 - - [22/Nov/2022:11:35:47 +0800] "GET / HTTP/1.1" 200 794 "http://ft.kidcastle.com.cn" "Mozilla/5.0 (Windows NT 10.0) AppleWebKit/537.36 (KHTML, like Gecko) Chrome/103.0.0.0 Safari/537.36"
185.174.159.183 - - [22/Nov/2022:11:35:49 +0800] "GET /?C=M;O=A HTTP/1.1" 200 794 "http://ft.kidcastle.com.cn" "Mozilla/5.0 (Windows NT 10.0) AppleWebKit/537.36 (KHTML, like Gecko) Chrome/103.0.0.0 Safari/537.36"
207.46.13.1 - - [22/Nov/2022:11:53:41 +0800] "GET /logs/ HTTP/1.1" 200 11766 "-" "Mozilla/5.0 AppleWebKit/537.36 (KHTML, like Gecko; compatible; bingbot/2.0; +http://www.bing.com/bingbot.htm) Chrome/103.0.5060.134 Safari/537.36"
207.46.13.1 - - [22/Nov/2022:12:14:23 +0800] "GET /logs/ HTTP/1.1" 200 11766 "-" "Mozilla/5.0 AppleWebKit/537.36 (KHTML, like Gecko; compatible; bingbot/2.0; +http://www.bing.com/bingbot.htm) Chrome/103.0.5060.134 Safari/537.36"
59.110.29.164 - - [22/Nov/2022:12:22:35 +0800] "GET /system/cmd.json HTTP/1.1" 404 1052 "-" "Mozilla/5.0 (Windows; Intel Windows) AppleWebKit/537.36 (KHTML, like Gecko) Chrome/70.0.3538.67"
207.46.13.1 - - [22/Nov/2022:12:51:36 +0800] "GET /logs/ HTTP/1.1" 200 11766 "-" "Mozilla/5.0 AppleWebKit/537.36 (KHTML, like Gecko; compatible; bingbot/2.0; +http://www.bing.com/bingbot.htm) Chrome/103.0.5060.134 Safari/537.36"
139.99.123.53 - - [22/Nov/2022:13:04:57 +0800] "GET /logs/access_20211209.log HTTP/1.0" 404 1242 "http://ft.kidcastle.com.cn/logs/access_20211209.log" "Mozilla/5.0 (Windows NT 10.0; Win64; x64) AppleWebKit/537.36 (KHTML, like Gecko) Chrome/90.0.4430.85 Safari/537.36 Edg/90.0.818.49"
139.99.123.53 - - [22/Nov/2022:13:05:01 +0800] "GET / HTTP/1.0" 200 794 "http://ft.kidcastle.com.cn/" "Mozilla/5.0 (Windows NT 10.0; Win64; x64) AppleWebKit/537.36 (KHTML, like Gecko) Chrome/90.0.4430.85 Safari/537.36 Edg/90.0.818.49"
207.46.13.1 - - [22/Nov/2022:13:29:20 +0800] "GET /logs/ HTTP/1.1" 200 11766 "-" "Mozilla/5.0 (compatible; bingbot/2.0; +http://www.bing.com/bingbot.htm)"
207.46.13.1 - - [22/Nov/2022:14:03:43 +0800] "GET /logs/ HTTP/1.1" 200 11766 "-" "Mozilla/5.0 (compatible; bingbot/2.0; +http://www.bing.com/bingbot.htm)"
216.244.66.195 - - [22/Nov/2022:14:10:27 +0800] "GET /robots.txt HTTP/1.1" 404 1052 "-" "Mozilla/5.0 (compatible; DotBot/1.2; +https://opensiteexplorer.org/dotbot; help@moz.com)"
216.244.66.195 - - [22/Nov/2022:14:25:40 +0800] "GET /logs/access_20220722.log HTTP/1.1" 404 1052 "-" "Mozilla/5.0 (compatible; DotBot/1.2; +https://opensiteexplorer.org/dotbot; help@moz.com)"
66.249.72.187 - - [22/Nov/2022:14:37:28 +0800] "GET /logs/access_20220418.log HTTP/1.1" 404 1052 "-" "Mozilla/5.0 (Linux; Android 6.0.1; Nexus 5X Build/MMB29P) AppleWebKit/537.36 (KHTML, like Gecko) Chrome/107.0.5304.110 Mobile Safari/537.36 (compatible; Googlebot/2.1; +http://www.google.com/bot.html)"
207.46.13.1 - - [22/Nov/2022:14:41:37 +0800] "GET /logs/ HTTP/1.1" 200 11766 "-" "Mozilla/5.0 (compatible; bingbot/2.0; +http://www.bing.com/bingbot.htm)"
216.244.66.195 - - [22/Nov/2022:15:11:44 +0800] "GET /robots.txt HTTP/1.1" 404 1052 "-" "Mozilla/5.0 (compatible; DotBot/1.2; +https://opensiteexplorer.org/dotbot; help@moz.com)"
207.46.13.1 - - [22/Nov/2022:15:17:01 +0800] "GET /logs/ HTTP/1.1" 200 11766 "-" "Mozilla/5.0 AppleWebKit/537.36 (KHTML, like Gecko; compatible; bingbot/2.0; +http://www.bing.com/bingbot.htm) Chrome/103.0.5060.134 Safari/537.36"
207.46.13.1 - - [22/Nov/2022:15:22:31 +0800] "GET / HTTP/1.1" 200 794 "-" "Mozilla/5.0 (compatible; bingbot/2.0; +http://www.bing.com/bingbot.htm)"
216.244.66.195 - - [22/Nov/2022:15:23:55 +0800] "GET /logs/access_20220729.log HTTP/1.1" 404 1052 "-" "Mozilla/5.0 (compatible; DotBot/1.2; +https://opensiteexplorer.org/dotbot; help@moz.com)"
216.244.66.195 - - [22/Nov/2022:15:26:44 +0800] "GET /logs/access_20220511.log HTTP/1.1" 404 1052 "-" "Mozilla/5.0 (compatible; DotBot/1.2; +https://opensiteexplorer.org/dotbot; help@moz.com)"
216.244.66.195 - - [22/Nov/2022:15:26:49 +0800] "GET /logs/access_20220522.log HTTP/1.1" 404 1052 "-" "Mozilla/5.0 (compatible; DotBot/1.2; +https://opensiteexplorer.org/dotbot; help@moz.com)"
207.46.13.1 - - [22/Nov/2022:15:54:44 +0800] "GET /logs/ HTTP/1.1" 200 11766 "-" "Mozilla/5.0 (compatible; bingbot/2.0; +http://www.bing.com/bingbot.htm)"
216.244.66.195 - - [22/Nov/2022:16:17:16 +0800] "GET /robots.txt HTTP/1.1" 404 1052 "-" "Mozilla/5.0 (compatible; DotBot/1.2; +https://opensiteexplorer.org/dotbot; help@moz.com)"
207.46.13.1 - - [22/Nov/2022:16:29:27 +0800] "GET /logs/ HTTP/1.1" 200 11766 "-" "Mozilla/5.0 (compatible; bingbot/2.0; +http://www.bing.com/bingbot.htm)"
216.244.66.195 - - [22/Nov/2022:16:31:09 +0800] "GET /logs/access_20220604.log HTTP/1.1" 404 1052 "-" "Mozilla/5.0 (compatible; DotBot/1.2; +https://opensiteexplorer.org/dotbot; help@moz.com)"
207.46.13.1 - - [22/Nov/2022:17:06:51 +0800] "GET /logs/ HTTP/1.1" 200 11766 "-" "Mozilla/5.0 (compatible; bingbot/2.0; +http://www.bing.com/bingbot.htm)"
216.244.66.195 - - [22/Nov/2022:17:09:11 +0800] "GET /robots.txt HTTP/1.1" 404 1052 "-" "Mozilla/5.0 (compatible; DotBot/1.2; +https://opensiteexplorer.org/dotbot; help@moz.com)"
216.244.66.195 - - [22/Nov/2022:17:23:19 +0800] "GET /logs/access_20220715.log HTTP/1.1" 404 1052 "-" "Mozilla/5.0 (compatible; DotBot/1.2; +https://opensiteexplorer.org/dotbot; help@moz.com)"
40.77.167.58 - - [22/Nov/2022:17:26:17 +0800] "GET /logs/access_20220921.log HTTP/1.1" 404 1052 "-" "Mozilla/5.0 (compatible; bingbot/2.0; +http://www.bing.com/bingbot.htm)"
207.46.13.1 - - [22/Nov/2022:17:43:35 +0800] "GET /logs/ HTTP/1.1" 200 11766 "-" "Mozilla/5.0 (compatible; bingbot/2.0; +http://www.bing.com/bingbot.htm)"
157.55.39.185 - - [22/Nov/2022:17:51:21 +0800] "GET /logs/access_20210703.log HTTP/1.1" 404 1052 "-" "Mozilla/5.0 (compatible; bingbot/2.0; +http://www.bing.com/bingbot.htm)"
216.244.66.195 - - [22/Nov/2022:18:04:42 +0800] "GET /robots.txt HTTP/1.1" 404 1052 "-" "Mozilla/5.0 (compatible; DotBot/1.2; +https://opensiteexplorer.org/dotbot; help@moz.com)"
185.174.159.183 - - [22/Nov/2022:18:16:09 +0800] "GET /logs/access_20210425.log HTTP/1.1" 404 1194 "http://ft.kidcastle.com.cn/" "Mozilla/5.0 (Macintosh; Intel Mac OS X 12_5) AppleWebKit/537.36 (KHTML, like Gecko) Chrome/103.0.0.0 YaBrowser/22.7.0 Yowser/2.5 Safari/537.36"
185.174.159.183 - - [22/Nov/2022:18:16:09 +0800] "GET / HTTP/1.1" 200 794 "http://ft.kidcastle.com.cn" "Mozilla/5.0 (Macintosh; Intel Mac OS X 12_5) AppleWebKit/537.36 (KHTML, like Gecko) Chrome/103.0.0.0 YaBrowser/22.7.0 Yowser/2.5 Safari/537.36"
185.174.159.183 - - [22/Nov/2022:18:16:12 +0800] "GET /?C=M;O=A HTTP/1.1" 200 794 "http://ft.kidcastle.com.cn" "Mozilla/5.0 (Macintosh; Intel Mac OS X 12_5) AppleWebKit/537.36 (KHTML, like Gecko) Chrome/103.0.0.0 YaBrowser/22.7.0 Yowser/2.5 Safari/537.36"
207.46.13.1 - - [22/Nov/2022:18:19:48 +0800] "GET /logs/ HTTP/1.1" 200 11766 "-" "Mozilla/5.0 AppleWebKit/537.36 (KHTML, like Gecko; compatible; bingbot/2.0; +http://www.bing.com/bingbot.htm) Chrome/103.0.5060.134 Safari/537.36"
216.244.66.195 - - [22/Nov/2022:18:21:22 +0800] "GET /logs/access_20220424.log HTTP/1.1" 404 1052 "-" "Mozilla/5.0 (compatible; DotBot/1.2; +https://opensiteexplorer.org/dotbot; help@moz.com)"
220.181.108.80 - - [22/Nov/2022:18:27:41 +0800] "GET /logs/access_20200926.log HTTP/1.1" 404 1052 "-" "Mozilla/5.0 (compatible; Baiduspider/2.0; +http://www.baidu.com/search/spider.html)"
220.181.108.112 - - [22/Nov/2022:18:27:41 +0800] "GET /logs/access_20201210.log HTTP/1.1" 404 1052 "-" "Mozilla/5.0 (compatible; Baiduspider/2.0; +http://www.baidu.com/search/spider.html)"
220.181.108.175 - - [22/Nov/2022:18:27:41 +0800] "GET /logs/access_20201003.log HTTP/1.1" 404 1052 "-" "Mozilla/5.0 (compatible; Baiduspider/2.0; +http://www.baidu.com/search/spider.html)"
116.179.32.157 - - [22/Nov/2022:18:27:41 +0800] "GET /?C=S;O=A HTTP/1.1" 200 794 "-" "Mozilla/5.0 (compatible; Baiduspider/2.0; +http://www.baidu.com/search/spider.html)"
220.181.108.167 - - [22/Nov/2022:18:36:46 +0800] "GET /logs/?C=N;O=D HTTP/1.1" 200 11762 "-" "Mozilla/5.0 (compatible; Baiduspider/2.0; +http://www.baidu.com/search/spider.html)"
220.181.108.112 - - [22/Nov/2022:18:36:46 +0800] "GET /logs/access_20201008.log HTTP/1.1" 404 1048 "-" "Mozilla/5.0 (compatible; Baiduspider/2.0; +http://www.baidu.com/search/spider.html)"
220.181.108.157 - - [22/Nov/2022:18:36:46 +0800] "GET /logs/access_20210418.log HTTP/1.1" 404 1048 "-" "Mozilla/5.0 (compatible; Baiduspider/2.0; +http://www.baidu.com/search/spider.html)"
220.181.108.147 - - [22/Nov/2022:18:36:46 +0800] "GET /logs/access_20200706.log HTTP/1.1" 404 1048 "-" "Mozilla/5.0 (compatible; Baiduspider/2.0; +http://www.baidu.com/search/spider.html)"
220.181.108.101 - - [22/Nov/2022:18:54:46 +0800] "GET /logs/?O=D HTTP/1.1" 200 11762 "-" "Mozilla/5.0 (compatible; Baiduspider/2.0; +http://www.baidu.com/search/spider.html)"
207.46.13.1 - - [22/Nov/2022:18:55:32 +0800] "GET /logs/ HTTP/1.1" 200 11766 "-" "Mozilla/5.0 AppleWebKit/537.36 (KHTML, like Gecko; compatible; bingbot/2.0; +http://www.bing.com/bingbot.htm) Chrome/103.0.5060.134 Safari/537.36"
207.46.13.1 - - [22/Nov/2022:19:09:52 +0800] "GET / HTTP/1.1" 200 794 "-" "Mozilla/5.0 (compatible; bingbot/2.0; +http://www.bing.com/bingbot.htm)"
220.181.108.176 - - [22/Nov/2022:19:12:46 +0800] "GET /logs/access_20201029.log HTTP/1.1" 404 1048 "-" "Mozilla/5.0 (compatible; Baiduspider/2.0; +http://www.baidu.com/search/spider.html)"
216.244.66.195 - - [22/Nov/2022:19:18:44 +0800] "GET /robots.txt HTTP/1.1" 404 1052 "-" "Mozilla/5.0 (compatible; DotBot/1.2; +https://opensiteexplorer.org/dotbot; help@moz.com)"
216.244.66.195 - - [22/Nov/2022:19:31:31 +0800] "GET /logs/access_20220716.log HTTP/1.1" 404 1052 "-" "Mozilla/5.0 (compatible; DotBot/1.2; +https://opensiteexplorer.org/dotbot; help@moz.com)"
216.244.66.195 - - [22/Nov/2022:19:31:37 +0800] "GET /logs/access_20220811.log HTTP/1.1" 404 1052 "-" "Mozilla/5.0 (compatible; DotBot/1.2; +https://opensiteexplorer.org/dotbot; help@moz.com)"
207.46.13.1 - - [22/Nov/2022:19:32:16 +0800] "GET /logs/ HTTP/1.1" 200 11766 "-" "Mozilla/5.0 (compatible; bingbot/2.0; +http://www.bing.com/bingbot.htm)"
216.244.66.195 - - [22/Nov/2022:19:33:27 +0800] "GET /logs/access_20220619.log HTTP/1.1" 404 1052 "-" "Mozilla/5.0 (compatible; DotBot/1.2; +https://opensiteexplorer.org/dotbot; help@moz.com)"
216.244.66.195 - - [22/Nov/2022:19:33:30 +0800] "GET /logs/access_20220623.log HTTP/1.1" 404 1052 "-" "Mozilla/5.0 (compatible; DotBot/1.2; +https://opensiteexplorer.org/dotbot; help@moz.com)"
216.244.66.195 - - [22/Nov/2022:19:55:31 +0800] "GET /?C=S;O=A HTTP/1.1" 200 794 "-" "Mozilla/5.0 (compatible; DotBot/1.2; +https://opensiteexplorer.org/dotbot; help@moz.com)"
216.244.66.195 - - [22/Nov/2022:20:11:43 +0800] "GET /robots.txt HTTP/1.1" 404 1052 "-" "Mozilla/5.0 (compatible; DotBot/1.2; +https://opensiteexplorer.org/dotbot; help@moz.com)"
216.244.66.195 - - [22/Nov/2022:20:27:54 +0800] "GET /logs/access_20220813.log HTTP/1.1" 404 1052 "-" "Mozilla/5.0 (compatible; DotBot/1.2; +https://opensiteexplorer.org/dotbot; help@moz.com)"
220.181.108.90 - - [22/Nov/2022:20:39:44 +0800] "GET /logs/ HTTP/1.1" 200 11766 "-" "Mozilla/5.0 (compatible; Baiduspider/2.0; +http://www.baidu.com/search/spider.html)"
207.46.13.1 - - [22/Nov/2022:20:44:43 +0800] "GET /logs/ HTTP/1.1" 200 11766 "-" "Mozilla/5.0 AppleWebKit/537.36 (KHTML, like Gecko; compatible; bingbot/2.0; +http://www.bing.com/bingbot.htm) Chrome/103.0.5060.134 Safari/537.36"
220.181.108.144 - - [22/Nov/2022:21:00:46 +0800] "GET /logs/access_20200905.log HTTP/1.1" 404 1048 "-" "Mozilla/5.0 (compatible; Baiduspider/2.0; +http://www.baidu.com/search/spider.html)"
216.244.66.195 - - [22/Nov/2022:21:09:44 +0800] "GET /robots.txt HTTP/1.1" 404 1052 "-" "Mozilla/5.0 (compatible; DotBot/1.2; +https://opensiteexplorer.org/dotbot; help@moz.com)"
207.46.13.1 - - [22/Nov/2022:21:20:46 +0800] "GET /logs/ HTTP/1.1" 200 11766 "-" "Mozilla/5.0 (compatible; bingbot/2.0; +http://www.bing.com/bingbot.htm)"
216.244.66.195 - - [22/Nov/2022:21:33:24 +0800] "GET /logs/access_20220709.log HTTP/1.1" 404 1052 "-" "Mozilla/5.0 (compatible; DotBot/1.2; +https://opensiteexplorer.org/dotbot; help@moz.com)"
43.225.208.191 - - [22/Nov/2022:21:43:06 +0800] "GET / HTTP/1.1" 200 794 "https://m.sogou.com/web/sl?pid=sogou-mobb-ba7c5aeabab9e58d&keyword=kidcastle%E5%AE%98%E7%BD%91&entryScene=001&entryStatus=003&entryContent=kid%E6%98%AF%E4%BB%80%E4%B9%88%E6%84%8F%E6%80%9D&entryTime=1669124491873&searchPageStatus=002&searchPageContent=kid%E6%98%AF%E4%BB%80%E4%B9%88%E6%84%8F%E6%80%9D&jump_from=1_07_04_01&qb_c_bid=15" "Mozilla/5.0 (Linux; U; Android 11; zh-cn; Lenovo TB-J607F Build/RKQ1.201217.002) AppleWebKit/537.36 (KHTML, like Gecko) Version/4.0 Chrome/89.0.4389.72 MQQBrowser/13.3 Mobile Safari/537.36 COVC/046223"
43.225.208.191 - - [22/Nov/2022:21:43:06 +0800] "GET /icons/folder.gif HTTP/1.1" 200 225 "http://ft.kidcastle.com.cn/" "Mozilla/5.0 (Linux; U; Android 11; zh-cn; Lenovo TB-J607F Build/RKQ1.201217.002) AppleWebKit/537.36 (KHTML, like Gecko) Version/4.0 Chrome/89.0.4389.72 MQQBrowser/13.3 Mobile Safari/537.36 COVC/046223"
43.225.208.191 - - [22/Nov/2022:21:43:07 +0800] "GET /icons/blank.gif HTTP/1.1" 200 148 "http://ft.kidcastle.com.cn/" "Mozilla/5.0 (Linux; U; Android 11; zh-cn; Lenovo TB-J607F Build/RKQ1.201217.002) AppleWebKit/537.36 (KHTML, like Gecko) Version/4.0 Chrome/89.0.4389.72 MQQBrowser/13.3 Mobile Safari/537.36 COVC/046223"
43.225.208.191 - - [22/Nov/2022:21:43:07 +0800] "GET /favicon.ico HTTP/1.1" 404 1194 "http://ft.kidcastle.com.cn/" "Mozilla/5.0 (Linux; U; Android 11; zh-cn; Lenovo TB-J607F Build/RKQ1.201217.002) AppleWebKit/537.36 (KHTML, like Gecko) Version/4.0 Chrome/89.0.4389.72 MQQBrowser/13.3 Mobile Safari/537.36 COVC/046223"
207.46.13.1 - - [22/Nov/2022:21:57:29 +0800] "GET /logs/ HTTP/1.1" 200 11766 "-" "Mozilla/5.0 (compatible; bingbot/2.0; +http://www.bing.com/bingbot.htm)"
216.244.66.195 - - [22/Nov/2022:22:22:13 +0800] "GET /robots.txt HTTP/1.1" 404 1052 "-" "Mozilla/5.0 (compatible; DotBot/1.2; +https://opensiteexplorer.org/dotbot; help@moz.com)"
66.249.72.185 - - [22/Nov/2022:22:26:16 +0800] "GET /robots.txt HTTP/1.1" 404 1052 "-" "Mozilla/5.0 (compatible; Googlebot/2.1; +http://www.google.com/bot.html)"
66.249.72.187 - - [22/Nov/2022:22:26:17 +0800] "GET /logs/access_20220516.log HTTP/1.1" 404 1052 "-" "Mozilla/5.0 (compatible; Googlebot/2.1; +http://www.google.com/bot.html)"
185.174.159.183 - - [22/Nov/2022:22:32:39 +0800] "GET /logs/access_20210425.log HTTP/1.1" 404 1194 "http://ft.kidcastle.com.cn/" "Mozilla/5.0 (X11; Fedora; Linux x86_64; rv:102.0) Gecko/20100101 Firefox/102.0"
185.174.159.183 - - [22/Nov/2022:22:32:39 +0800] "GET / HTTP/1.1" 200 794 "http://ft.kidcastle.com.cn" "Mozilla/5.0 (X11; Fedora; Linux x86_64; rv:102.0) Gecko/20100101 Firefox/102.0"
185.174.159.183 - - [22/Nov/2022:22:32:41 +0800] "GET /?C=M;O=A HTTP/1.1" 200 794 "http://ft.kidcastle.com.cn" "Mozilla/5.0 (X11; Fedora; Linux x86_64; rv:102.0) Gecko/20100101 Firefox/102.0"
207.46.13.1 - - [22/Nov/2022:22:32:43 +0800] "GET /logs/ HTTP/1.1" 200 11766 "-" "Mozilla/5.0 AppleWebKit/537.36 (KHTML, like Gecko; compatible; bingbot/2.0; +http://www.bing.com/bingbot.htm) Chrome/103.0.5060.134 Safari/537.36"
216.244.66.195 - - [22/Nov/2022:22:42:07 +0800] "GET /logs/access_20220528.log HTTP/1.1" 404 1052 "-" "Mozilla/5.0 (compatible; DotBot/1.2; +https://opensiteexplorer.org/dotbot; help@moz.com)"
216.244.66.195 - - [22/Nov/2022:22:42:12 +0800] "GET /logs/access_20220615.log HTTP/1.1" 404 1052 "-" "Mozilla/5.0 (compatible; DotBot/1.2; +https://opensiteexplorer.org/dotbot; help@moz.com)"
207.46.13.1 - - [22/Nov/2022:23:11:06 +0800] "GET /logs/ HTTP/1.1" 200 11766 "-" "Mozilla/5.0 AppleWebKit/537.36 (KHTML, like Gecko; compatible; bingbot/2.0; +http://www.bing.com/bingbot.htm) Chrome/103.0.5060.134 Safari/537.36"
216.244.66.195 - - [22/Nov/2022:23:18:57 +0800] "GET /robots.txt HTTP/1.1" 404 1052 "-" "Mozilla/5.0 (compatible; DotBot/1.2; +https://opensiteexplorer.org/dotbot; help@moz.com)"
216.244.66.195 - - [22/Nov/2022:23:38:52 +0800] "GET /logs/access_20220506.log HTTP/1.1" 404 1052 "-" "Mozilla/5.0 (compatible; DotBot/1.2; +https://opensiteexplorer.org/dotbot; help@moz.com)"
216.244.66.195 - - [22/Nov/2022:23:38:57 +0800] "GET /logs/access_20220605.log HTTP/1.1" 404 1052 "-" "Mozilla/5.0 (compatible; DotBot/1.2; +https://opensiteexplorer.org/dotbot; help@moz.com)"
207.46.13.1 - - [22/Nov/2022:23:46:40 +0800] "GET /logs/ HTTP/1.1" 200 11766 "-" "Mozilla/5.0 AppleWebKit/537.36 (KHTML, like Gecko; compatible; bingbot/2.0; +http://www.bing.com/bingbot.htm) Chrome/103.0.5060.134 Safari/537.36"