40.77.167.82 - - [18/Nov/2022:00:04:58 +0800] "GET /logs/ HTTP/1.1" 200 10666 "-" "Mozilla/5.0 AppleWebKit/537.36 (KHTML, like Gecko; compatible; bingbot/2.0; +http://www.bing.com/bingbot.htm) Chrome/103.0.5060.134 Safari/537.36"
40.77.167.82 - - [18/Nov/2022:00:35:21 +0800] "GET /logs/ HTTP/1.1" 200 10886 "-" "Mozilla/5.0 AppleWebKit/537.36 (KHTML, like Gecko; compatible; bingbot/2.0; +http://www.bing.com/bingbot.htm) Chrome/103.0.5060.134 Safari/537.36"
5.181.86.92 - - [18/Nov/2022:00:59:01 +0800] "GET / HTTP/1.0" 200 794 "http://ft.kidcastle.com.cn" "Mozilla/4.0 (compatible; MSIE 6.0; Windows NT 5.1; SV1; .NET CLR 2.0.50727)"
40.77.167.82 - - [18/Nov/2022:01:05:43 +0800] "GET /logs/ HTTP/1.1" 200 10886 "-" "Mozilla/5.0 AppleWebKit/537.36 (KHTML, like Gecko; compatible; bingbot/2.0; +http://www.bing.com/bingbot.htm) Chrome/103.0.5060.134 Safari/537.36"
220.181.108.169 - - [18/Nov/2022:01:07:02 +0800] "GET /logs/?C=S;O=A HTTP/1.1" 200 10882 "-" "Mozilla/5.0 (compatible; Baiduspider/2.0; +http://www.baidu.com/search/spider.html)"
40.77.167.82 - - [18/Nov/2022:01:35:37 +0800] "GET /logs/ HTTP/1.1" 200 10886 "-" "Mozilla/5.0 AppleWebKit/537.36 (KHTML, like Gecko; compatible; bingbot/2.0; +http://www.bing.com/bingbot.htm) Chrome/103.0.5060.134 Safari/537.36"
40.77.167.82 - - [18/Nov/2022:02:04:59 +0800] "GET /logs/ HTTP/1.1" 200 10886 "-" "Mozilla/5.0 (compatible; bingbot/2.0; +http://www.bing.com/bingbot.htm)"
200.10.34.53 - - [18/Nov/2022:02:24:59 +0800] "GET /logs/access_20211209.log HTTP/1.1" 404 1194 "http://ft.kidcastle.com.cn/" "Mozilla/5.0 (X11; Linux i686; rv:102.0) Gecko/20100101 Firefox/102.0"
200.10.34.53 - - [18/Nov/2022:02:25:01 +0800] "GET / HTTP/1.1" 200 794 "http://ft.kidcastle.com.cn" "Mozilla/5.0 (X11; Linux i686; rv:102.0) Gecko/20100101 Firefox/102.0"
200.10.34.53 - - [18/Nov/2022:02:25:04 +0800] "GET /?C=M;O=A HTTP/1.1" 200 794 "http://ft.kidcastle.com.cn" "Mozilla/5.0 (X11; Linux i686; rv:102.0) Gecko/20100101 Firefox/102.0"
220.181.108.168 - - [18/Nov/2022:02:28:25 +0800] "GET /logs/access_20210521.log HTTP/1.1" 404 1052 "-" "Mozilla/5.0 (compatible; Baiduspider/2.0; +http://www.baidu.com/search/spider.html)"
40.77.167.82 - - [18/Nov/2022:02:36:02 +0800] "GET /logs/ HTTP/1.1" 200 10886 "-" "Mozilla/5.0 (compatible; bingbot/2.0; +http://www.bing.com/bingbot.htm)"
220.181.108.91 - - [18/Nov/2022:02:37:02 +0800] "GET /logs/access_20200510.log HTTP/1.1" 404 1048 "-" "Mozilla/5.0 (compatible; Baiduspider/2.0; +http://www.baidu.com/search/spider.html)"
40.77.167.82 - - [18/Nov/2022:03:07:55 +0800] "GET /logs/ HTTP/1.1" 200 10886 "-" "Mozilla/5.0 AppleWebKit/537.36 (KHTML, like Gecko; compatible; bingbot/2.0; +http://www.bing.com/bingbot.htm) Chrome/103.0.5060.134 Safari/537.36"
40.77.167.82 - - [18/Nov/2022:03:40:18 +0800] "GET /logs/ HTTP/1.1" 200 10886 "-" "Mozilla/5.0 (compatible; bingbot/2.0; +http://www.bing.com/bingbot.htm)"
220.181.108.112 - - [18/Nov/2022:04:07:02 +0800] "GET /logs/access_20221118.log HTTP/1.1" 200 2913 "-" "Mozilla/5.0 (compatible; Baiduspider/2.0; +http://www.baidu.com/search/spider.html)"
220.181.108.94 - - [18/Nov/2022:04:07:02 +0800] "GET /logs/access_20200505.log HTTP/1.1" 404 1048 "-" "Mozilla/5.0 (compatible; Baiduspider/2.0; +http://www.baidu.com/search/spider.html)"
220.181.108.113 - - [18/Nov/2022:04:07:02 +0800] "GET /logs/?C=N;O=D HTTP/1.1" 200 10882 "-" "Mozilla/5.0 (compatible; Baiduspider/2.0; +http://www.baidu.com/search/spider.html)"
116.179.32.15 - - [18/Nov/2022:04:07:02 +0800] "GET /logs/access_20210608.log HTTP/1.1" 404 1048 "-" "Mozilla/5.0 (compatible; Baiduspider/2.0; +http://www.baidu.com/search/spider.html)"
116.179.32.17 - - [18/Nov/2022:04:07:02 +0800] "GET /logs/access_20200429.log HTTP/1.1" 404 1048 "-" "Mozilla/5.0 (compatible; Baiduspider/2.0; +http://www.baidu.com/search/spider.html)"
40.77.167.82 - - [18/Nov/2022:04:21:02 +0800] "GET /logs/ HTTP/1.1" 200 10886 "-" "Mozilla/5.0 AppleWebKit/537.36 (KHTML, like Gecko; compatible; bingbot/2.0; +http://www.bing.com/bingbot.htm) Chrome/103.0.5060.134 Safari/537.36"
40.77.167.82 - - [18/Nov/2022:05:01:16 +0800] "GET /logs/ HTTP/1.1" 200 10886 "-" "Mozilla/5.0 AppleWebKit/537.36 (KHTML, like Gecko; compatible; bingbot/2.0; +http://www.bing.com/bingbot.htm) Chrome/103.0.5060.134 Safari/537.36"
116.179.32.206 - - [18/Nov/2022:05:11:42 +0800] "GET /logs/access_20200414.log HTTP/1.1" 404 1048 "-" "Mozilla/5.0 (compatible; Baiduspider/2.0; +http://www.baidu.com/search/spider.html)"
223.242.187.178 - - [18/Nov/2022:05:24:52 +0800] "GET / HTTP/1.1" 200 794 "-" "Mozilla/5.0 (Windows NT 10.0; WOW64) AppleWebKit/537.36 (KHTML, like Gecko) Chrome/48.0.2564.116 Safari/537.36"
220.181.51.85 - - [18/Nov/2022:05:24:52 +0800] "GET /robots.txt HTTP/1.1" 404 1052 "-" "Mozilla/5.0 (Windows NT 10.0; WOW64) AppleWebKit/537.36 (KHTML, like Gecko) Chrome/48.0.2564.116 Safari/537.36"
116.179.33.201 - - [18/Nov/2022:05:25:05 +0800] "GET / HTTP/1.1" 200 794 "-" "Mozilla/5.0 (Windows NT 10.0; WOW64) AppleWebKit/537.36 (KHTML, like Gecko) Chrome/48.0.2564.116 Safari/537.36"
207.46.13.237 - - [18/Nov/2022:05:38:26 +0800] "GET /robots.txt HTTP/1.1" 404 1052 "-" "Mozilla/5.0 (compatible; bingbot/2.0; +http://www.bing.com/bingbot.htm)"
40.77.167.82 - - [18/Nov/2022:05:38:30 +0800] "GET /logs/ HTTP/1.1" 200 10886 "-" "Mozilla/5.0 (compatible; bingbot/2.0; +http://www.bing.com/bingbot.htm)"
116.179.32.234 - - [18/Nov/2022:05:54:08 +0800] "GET /logs/access_20200808.log HTTP/1.1" 404 1052 "-" "Mozilla/5.0 (compatible; Baiduspider/2.0; +http://www.baidu.com/search/spider.html)"
23.229.88.161 - - [18/Nov/2022:05:58:57 +0800] "GET /logs/access_20211209.log HTTP/1.1" 404 1052 "-" "Mozilla/5.0 (Windows NT 6.3; Win64; x64) AppleWebKit/537.36 (KHTML, like Gecko) Chrome/102.0.0.0 Safari/537.36"
116.179.32.26 - - [18/Nov/2022:06:05:11 +0800] "GET /logs/access_20200506.log HTTP/1.1" 404 1048 "-" "Mozilla/5.0 (compatible; Baiduspider/2.0; +http://www.baidu.com/search/spider.html)"
40.77.167.82 - - [18/Nov/2022:06:17:14 +0800] "GET /logs/ HTTP/1.1" 200 10886 "-" "Mozilla/5.0 AppleWebKit/537.36 (KHTML, like Gecko; compatible; bingbot/2.0; +http://www.bing.com/bingbot.htm) Chrome/103.0.5060.134 Safari/537.36"
220.181.108.81 - - [18/Nov/2022:06:19:51 +0800] "GET /logs/access_20221016.log HTTP/1.1" 200 34603 "-" "Mozilla/5.0 (compatible; Baiduspider/2.0; +http://www.baidu.com/search/spider.html)"
51.222.197.126 - - [18/Nov/2022:06:24:12 +0800] "GET /logs/access_20211209.log HTTP/1.1" 404 1194 "http://ft.kidcastle.com.cn/" "Mozilla/5.0 (Windows NT 10.0; WOW64; x64) AppleWebKit/537.36 (KHTML, like Gecko) Chrome/103.0.0.0 Safari/537.36 OPR/89.0.4447.51"
51.222.197.126 - - [18/Nov/2022:06:24:12 +0800] "GET / HTTP/1.1" 200 794 "http://ft.kidcastle.com.cn" "Mozilla/5.0 (Windows NT 10.0; WOW64; x64) AppleWebKit/537.36 (KHTML, like Gecko) Chrome/103.0.0.0 Safari/537.36 OPR/89.0.4447.51"
51.222.197.126 - - [18/Nov/2022:06:24:13 +0800] "GET /?C=M;O=A HTTP/1.1" 200 794 "http://ft.kidcastle.com.cn" "Mozilla/5.0 (Windows NT 10.0; WOW64; x64) AppleWebKit/537.36 (KHTML, like Gecko) Chrome/103.0.0.0 Safari/537.36 OPR/89.0.4447.51"
154.12.114.49 - - [18/Nov/2022:06:28:10 +0800] "GET /logs/access_20211209.log HTTP/1.1" 404 1194 "http://ft.kidcastle.com.cn/" "Mozilla/5.0 (Windows NT 10.0; Win64; x64) AppleWebKit/537.36 (KHTML, like Gecko) Chrome/103.0.0.0 Safari/537.36"
154.12.114.49 - - [18/Nov/2022:06:28:11 +0800] "GET / HTTP/1.1" 200 794 "http://ft.kidcastle.com.cn" "Mozilla/5.0 (Windows NT 10.0; Win64; x64) AppleWebKit/537.36 (KHTML, like Gecko) Chrome/103.0.0.0 Safari/537.36"
154.12.114.49 - - [18/Nov/2022:06:28:16 +0800] "GET /?C=M;O=A HTTP/1.1" 200 794 "http://ft.kidcastle.com.cn" "Mozilla/5.0 (Windows NT 10.0; Win64; x64) AppleWebKit/537.36 (KHTML, like Gecko) Chrome/103.0.0.0 Safari/537.36"
88.227.48.207 - - [18/Nov/2022:06:34:01 +0800] "GET /logs/access_20211209.log HTTP/1.1" 404 1194 "http://ft.kidcastle.com.cn/" "Mozilla/5.0 (Windows NT 10.0; Win64; x64; Xbox; Xbox One) AppleWebKit/537.36 (KHTML, like Gecko) Chrome/103.0.0.0 Safari/537.36 Edge/44.18363.8131"
88.227.48.207 - - [18/Nov/2022:06:34:01 +0800] "GET / HTTP/1.1" 200 794 "http://ft.kidcastle.com.cn" "Mozilla/5.0 (Windows NT 10.0; Win64; x64; Xbox; Xbox One) AppleWebKit/537.36 (KHTML, like Gecko) Chrome/103.0.0.0 Safari/537.36 Edge/44.18363.8131"
220.181.108.102 - - [18/Nov/2022:06:45:34 +0800] "GET /logs/access_20210530.log HTTP/1.1" 404 1052 "-" "Mozilla/5.0 (compatible; Baiduspider/2.0; +http://www.baidu.com/search/spider.html)"
207.46.13.237 - - [18/Nov/2022:06:50:36 +0800] "GET /robots.txt HTTP/1.1" 404 1052 "-" "Mozilla/5.0 AppleWebKit/537.36 (KHTML, like Gecko; compatible; bingbot/2.0; +http://www.bing.com/bingbot.htm) Chrome/103.0.5060.134 Safari/537.36"
40.77.167.82 - - [18/Nov/2022:06:51:27 +0800] "GET /logs/ HTTP/1.1" 200 10886 "-" "Mozilla/5.0 (compatible; bingbot/2.0; +http://www.bing.com/bingbot.htm)"
220.181.108.81 - - [18/Nov/2022:07:11:17 +0800] "GET /logs/access_20221017.log HTTP/1.1" 200 32140 "-" "Mozilla/5.0 (compatible; Baiduspider/2.0; +http://www.baidu.com/search/spider.html)"
66.249.72.185 - - [18/Nov/2022:07:17:22 +0800] "GET /logs/access_20220418.log HTTP/1.1" 404 1052 "-" "Mozilla/5.0 (Linux; Android 6.0.1; Nexus 5X Build/MMB29P) AppleWebKit/537.36 (KHTML, like Gecko) Chrome/107.0.5304.110 Mobile Safari/537.36 (compatible; Googlebot/2.1; +http://www.google.com/bot.html)"
40.77.167.82 - - [18/Nov/2022:07:29:02 +0800] "GET /logs/ HTTP/1.1" 200 10886 "-" "Mozilla/5.0 AppleWebKit/537.36 (KHTML, like Gecko; compatible; bingbot/2.0; +http://www.bing.com/bingbot.htm) Chrome/103.0.5060.134 Safari/537.36"
116.179.32.44 - - [18/Nov/2022:08:13:09 +0800] "GET /logs/ HTTP/1.1" 200 10882 "-" "Mozilla/5.0 (compatible; Baiduspider/2.0; +http://www.baidu.com/search/spider.html)"
40.77.167.82 - - [18/Nov/2022:08:13:26 +0800] "GET /logs/ HTTP/1.1" 200 10886 "-" "Mozilla/5.0 AppleWebKit/537.36 (KHTML, like Gecko; compatible; bingbot/2.0; +http://www.bing.com/bingbot.htm) Chrome/103.0.5060.134 Safari/537.36"
40.77.167.82 - - [18/Nov/2022:08:39:28 +0800] "GET /logs/ HTTP/1.1" 200 10886 "-" "Mozilla/5.0 (compatible; bingbot/2.0; +http://www.bing.com/bingbot.htm)"
116.179.32.199 - - [18/Nov/2022:08:54:19 +0800] "GET /logs/ HTTP/1.1" 200 10886 "-" "Mozilla/5.0 (compatible; Baiduspider/2.0; +http://www.baidu.com/search/spider.html)"
175.6.142.116 - - [18/Nov/2022:08:57:33 +0800] "GET / HTTP/1.1" 200 790 "-" "Mozilla/5.0 (Macintosh; Intel Mac OS X 10_15_7) AppleWebKit/537.36 (KHTML, like Gecko) Chrome/96.0.4664.110 Safari/537.36"
175.6.142.116 - - [18/Nov/2022:08:57:33 +0800] "GET /favicon.ico HTTP/1.1" 404 1048 "-" "Mozilla/5.0 (Macintosh; Intel Mac OS X 10_15_7) AppleWebKit/537.36 (KHTML, like Gecko) Chrome/96.0.4664.110 Safari/537.36"
220.181.108.83 - - [18/Nov/2022:08:58:07 +0800] "GET /logs/?C=N;O=D HTTP/1.1" 200 10882 "-" "Mozilla/5.0 (compatible; Baiduspider/2.0; +http://www.baidu.com/search/spider.html)"
175.6.138.171 - - [18/Nov/2022:08:58:28 +0800] "GET / HTTP/1.1" 200 794 "-" "Mozilla/5.0 (Macintosh; Intel Mac OS X 10_15_7) AppleWebKit/537.36 (KHTML, like Gecko) Chrome/96.0.4664.110 Safari/537.36"
175.6.138.171 - - [18/Nov/2022:08:58:28 +0800] "GET /favicon.ico HTTP/1.1" 404 1052 "-" "Mozilla/5.0 (Macintosh; Intel Mac OS X 10_15_7) AppleWebKit/537.36 (KHTML, like Gecko) Chrome/96.0.4664.110 Safari/537.36"
40.77.167.82 - - [18/Nov/2022:09:17:22 +0800] "GET /logs/ HTTP/1.1" 200 10886 "-" "Mozilla/5.0 AppleWebKit/537.36 (KHTML, like Gecko; compatible; bingbot/2.0; +http://www.bing.com/bingbot.htm) Chrome/103.0.5060.134 Safari/537.36"
40.77.167.82 - - [18/Nov/2022:09:48:35 +0800] "GET /logs/ HTTP/1.1" 200 10886 "-" "Mozilla/5.0 AppleWebKit/537.36 (KHTML, like Gecko; compatible; bingbot/2.0; +http://www.bing.com/bingbot.htm) Chrome/103.0.5060.134 Safari/537.36"
40.77.167.82 - - [18/Nov/2022:10:23:09 +0800] "GET /logs/ HTTP/1.1" 200 10886 "-" "Mozilla/5.0 (compatible; bingbot/2.0; +http://www.bing.com/bingbot.htm)"
98.178.72.21 - - [18/Nov/2022:10:50:42 +0800] "GET /logs/access_20211209.log HTTP/1.0" 404 1242 "http://ft.kidcastle.com.cn/logs/access_20211209.log" "Mozilla/5.0 (Windows NT 10.0; Win64; x64) AppleWebKit/537.36 (KHTML, like Gecko) Chrome/90.0.4430.85 Safari/537.36 Edg/90.0.818.46"
98.178.72.21 - - [18/Nov/2022:10:50:43 +0800] "GET / HTTP/1.0" 200 794 "http://ft.kidcastle.com.cn/" "Mozilla/5.0 (Windows NT 10.0; Win64; x64) AppleWebKit/537.36 (KHTML, like Gecko) Chrome/90.0.4430.85 Safari/537.36 Edg/90.0.818.46"
40.77.167.82 - - [18/Nov/2022:10:59:33 +0800] "GET /logs/ HTTP/1.1" 200 10886 "-" "Mozilla/5.0 (compatible; bingbot/2.0; +http://www.bing.com/bingbot.htm)"
40.77.167.82 - - [18/Nov/2022:11:10:53 +0800] "GET / HTTP/1.1" 200 794 "-" "Mozilla/5.0 (compatible; bingbot/2.0; +http://www.bing.com/bingbot.htm)"
62.4.11.66 - - [18/Nov/2022:11:11:08 +0800] "GET /logs/access_20210425.log HTTP/1.1" 404 1194 "http://ft.kidcastle.com.cn/" "Mozilla/5.0 (X11; Linux x86_64) AppleWebKit/537.36 (KHTML, like Gecko) Chrome/103.0.0.0 Safari/537.36 Vivaldi/5.3.2679.68"
62.4.11.66 - - [18/Nov/2022:11:11:09 +0800] "GET / HTTP/1.1" 200 794 "http://ft.kidcastle.com.cn" "Mozilla/5.0 (X11; Linux x86_64) AppleWebKit/537.36 (KHTML, like Gecko) Chrome/103.0.0.0 Safari/537.36 Vivaldi/5.3.2679.68"
36.99.44.196 - - [18/Nov/2022:11:11:28 +0800] "GET /adadaddadad HTTP/1.1" 404 1052 "-" "python-requests/2.27.1"
194.165.17.27 - - [18/Nov/2022:11:23:15 +0800] "GET /wp-load.php HTTP/1.1" 404 1164 "www.bing.com" "wp_is_mobile"
194.165.17.27 - - [18/Nov/2022:11:23:19 +0800] "GET /style.php HTTP/1.1" 404 1164 "www.bing.com" "wp_is_mobile"
194.165.17.27 - - [18/Nov/2022:11:23:20 +0800] "GET /wp-admin/style.php HTTP/1.1" 404 1164 "www.bing.com" "wp_is_mobile"
194.165.17.27 - - [18/Nov/2022:11:23:22 +0800] "GET /s_e.php HTTP/1.1" 404 1164 "www.bing.com" "wp_is_mobile"
194.165.17.27 - - [18/Nov/2022:11:23:44 +0800] "GET /s_ne.php HTTP/1.1" 404 1164 "www.bing.com" "wp_is_mobile"
194.165.17.27 - - [18/Nov/2022:11:23:56 +0800] "GET /1index.php HTTP/1.1" 404 1164 "www.bing.com" "Mozilla/5.0 (Windows NT 10.0; Win64; x64) AppleWebKit/537.36 (KHTML, like Gecko) Chrome/90.0.4430.85 Safari/537.36"
194.165.17.27 - - [18/Nov/2022:11:25:18 +0800] "GET /3index.php?f=/NmRtJOUjAdutReQj/scRjKUhleBpzmTyO.txt HTTP/1.1" 404 1164 "www.bing.com" "Mozilla/5.0 (Windows NT 10.0; Win64; x64) AppleWebKit/537.36 (KHTML, like Gecko) Chrome/90.0.4430.85 Safari/537.36"
194.165.17.27 - - [18/Nov/2022:11:25:23 +0800] "GET /wikindex.php?f=/NmRtJOUjAdutReQj/scRjKUhleBpzmTyO.txt HTTP/1.1" 404 1164 "www.bing.com" "Mozilla/5.0 (Windows NT 10.0; Win64; x64) AppleWebKit/537.36 (KHTML, like Gecko) Chrome/90.0.4430.85 Safari/537.36"
194.165.17.27 - - [18/Nov/2022:11:25:27 +0800] "GET /wp-content/mu-plugins-old/index.php?f=/NmRtJOUjAdutReQj/scRjKUhleBpzmTyO.txt HTTP/1.1" 404 1164 "www.bing.com" "Mozilla/5.0 (Windows NT 10.0; Win64; x64) AppleWebKit/537.36 (KHTML, like Gecko) Chrome/90.0.4430.85 Safari/537.36"
194.165.17.27 - - [18/Nov/2022:11:25:32 +0800] "GET /radio.php HTTP/1.1" 404 1164 "www.bing.com" "wp_is_mobile"
194.165.17.27 - - [18/Nov/2022:11:25:36 +0800] "GET /lock360.php?daksldlkdsadas=1 HTTP/1.1" 404 1164 "www.bing.com" "wp_is_mobile"
194.165.17.27 - - [18/Nov/2022:11:25:41 +0800] "GET /wp-load.php?daksldlkdsadas=1 HTTP/1.1" 404 1164 "www.bing.com" "wp_is_mobile"
194.165.17.27 - - [18/Nov/2022:11:25:47 +0800] "GET /old-index.php?daksldlkdsadas=1 HTTP/1.1" 404 1164 "www.bing.com" "wp_is_mobile"
194.165.17.27 - - [18/Nov/2022:11:27:37 +0800] "GET /xmrlpc.php?daksldlkdsadas=1 HTTP/1.1" 404 1164 "www.bing.com" "wp_is_mobile"
194.165.17.27 - - [18/Nov/2022:11:27:53 +0800] "GET /xmlrpcs.php?daksldlkdsadas=1 HTTP/1.1" 404 1164 "www.bing.com" "wp_is_mobile"
194.165.17.27 - - [18/Nov/2022:11:27:59 +0800] "GET /wp-admin.php?daksldlkdsadas=1 HTTP/1.1" 404 1164 "www.bing.com" "wp_is_mobile"
194.165.17.27 - - [18/Nov/2022:11:28:35 +0800] "GET /qindex.php?daksldlkdsadas=1 HTTP/1.1" 404 1164 "www.bing.com" "wp_is_mobile"
194.165.17.27 - - [18/Nov/2022:11:28:52 +0800] "GET /doc.php HTTP/1.1" 404 1164 "www.bing.com" "wp_is_mobile"
194.165.17.27 - - [18/Nov/2022:11:29:44 +0800] "GET /wp_wrong_datlib.php HTTP/1.1" 404 1164 "www.bing.com" "Mozilla/5.0 (Windows NT 10.0; Win64; x64) AppleWebKit/537.36 (KHTML, like Gecko) Chrome/90.0.4430.85 Safari/537.36"
194.165.17.27 - - [18/Nov/2022:11:29:47 +0800] "GET /beence.php HTTP/1.1" 404 1164 "www.bing.com" "Mozilla/5.0 (Windows NT 10.0; Win64; x64) AppleWebKit/537.36 (KHTML, like Gecko) Chrome/90.0.4430.85 Safari/537.36"
194.165.17.27 - - [18/Nov/2022:11:29:50 +0800] "GET /ups.php HTTP/1.1" 404 1164 "www.bing.com" "wp_is_mobile"
194.165.17.27 - - [18/Nov/2022:11:29:55 +0800] "GET /wp-signin.php?dizo&ping HTTP/1.1" 404 1164 "www.bing.com" "wp_is_mobile"
194.165.17.27 - - [18/Nov/2022:11:29:58 +0800] "GET /media-admin.php HTTP/1.1" 404 1164 "www.bing.com" "wp_is_mobile"
194.165.17.27 - - [18/Nov/2022:11:30:01 +0800] "GET /export.php HTTP/1.1" 404 1164 "www.bing.com" "Mozilla/5.0 (Windows NT 10.0; Win64; x64) AppleWebKit/537.36 (KHTML, like Gecko) Chrome/90.0.4430.85 Safari/537.36"
194.165.17.27 - - [18/Nov/2022:11:30:02 +0800] "GET /wp-content/export.php HTTP/1.1" 404 1164 "www.bing.com" "Mozilla/5.0 (Windows NT 10.0; Win64; x64) AppleWebKit/537.36 (KHTML, like Gecko) Chrome/90.0.4430.85 Safari/537.36"
194.165.17.27 - - [18/Nov/2022:11:30:08 +0800] "GET /wp-includes/wp-class.php HTTP/1.1" 404 1164 "www.bing.com" "wp_is_mobile"
194.165.17.27 - - [18/Nov/2022:11:30:13 +0800] "GET /wp-includes/wp-atom.php HTTP/1.1" 404 1164 "www.bing.com" "Mozilla/5.0 (Windows NT 10.0; Win64; x64) AppleWebKit/537.36 (KHTML, like Gecko) Chrome/90.0.4430.85 Safari/537.36"
194.165.17.27 - - [18/Nov/2022:11:30:16 +0800] "GET /wp-includes/images/css.php HTTP/1.1" 404 1164 "www.bing.com" "Mozilla/5.0 (Windows NT 10.0; Win64; x64) AppleWebKit/537.36 (KHTML, like Gecko) Chrome/90.0.4430.85 Safari/537.36"
194.165.17.27 - - [18/Nov/2022:11:30:16 +0800] "GET /wp-includes/css/css.php HTTP/1.1" 404 1164 "www.bing.com" "Mozilla/5.0 (Windows NT 10.0; Win64; x64) AppleWebKit/537.36 (KHTML, like Gecko) Chrome/90.0.4430.85 Safari/537.36"
194.165.17.27 - - [18/Nov/2022:11:30:39 +0800] "GET /defau1t.php HTTP/1.1" 404 1164 "www.bing.com" "Mozilla/5.0 (Windows NT 10.0; Win64; x64) AppleWebKit/537.36 (KHTML, like Gecko) Chrome/90.0.4430.85 Safari/537.36"
194.165.17.27 - - [18/Nov/2022:11:31:10 +0800] "GET /css.php HTTP/1.1" 404 1164 "www.bing.com" "wp_is_mobile"
194.165.17.27 - - [18/Nov/2022:11:31:16 +0800] "GET /moduless.php HTTP/1.1" 404 1164 "www.bing.com" "Mozilla/5.0 (Windows NT 10.0; Win64; x64) AppleWebKit/537.36 (KHTML, like Gecko) Chrome/90.0.4430.85 Safari/537.36"
194.165.17.27 - - [18/Nov/2022:11:31:53 +0800] "GET /wp-booking.php HTTP/1.1" 404 1164 "www.bing.com" "wp_is_mobile"
194.165.17.27 - - [18/Nov/2022:11:31:56 +0800] "GET /wp-content/plugins/backup_index.php HTTP/1.1" 404 1164 "www.bing.com" "wp_is_mobile"
194.165.17.27 - - [18/Nov/2022:11:32:05 +0800] "GET /wp-content/mu-plugins/db-safe-mode.php HTTP/1.1" 404 1164 "www.bing.com" "wp_is_mobile"
194.165.17.27 - - [18/Nov/2022:11:32:12 +0800] "GET /wp-includes/css/wp-config.php HTTP/1.1" 404 1164 "www.bing.com" "wp_is_mobile"
194.165.17.27 - - [18/Nov/2022:11:32:15 +0800] "GET /config.bak.php HTTP/1.1" 404 1164 "www.bing.com" "wp_is_mobile"
194.165.17.27 - - [18/Nov/2022:11:32:15 +0800] "GET /wp-content/themes/config.bak.php HTTP/1.1" 404 1164 "www.bing.com" "wp_is_mobile"
194.165.17.27 - - [18/Nov/2022:11:32:19 +0800] "GET /legion.php HTTP/1.1" 404 1164 "www.bing.com" "wp_is_mobile"
194.165.17.27 - - [18/Nov/2022:11:32:28 +0800] "GET /wp-content/plugins/wpconfig.bak.php?act=sf HTTP/1.1" 404 1164 "www.bing.com" "Mozilla/5.0 (Windows NT 10.0; Win64; x64) AppleWebKit/537.36 (KHTML, like Gecko) Chrome/90.0.4430.85 Safari/537.36"
194.165.17.27 - - [18/Nov/2022:11:32:31 +0800] "GET /wp-plugins.php HTTP/1.1" 404 1164 "www.bing.com" "wp_is_mobile"
194.165.17.27 - - [18/Nov/2022:11:32:45 +0800] "GET /gank.php.PhP HTTP/1.1" 404 1164 "www.bing.com" "wp_is_mobile"
194.165.17.27 - - [18/Nov/2022:11:32:55 +0800] "GET /wp-content/db-cache.php HTTP/1.1" 404 1164 "www.bing.com" "wp_is_mobile"
194.165.17.27 - - [18/Nov/2022:11:33:01 +0800] "GET /archives.php HTTP/1.1" 404 1164 "www.bing.com" "Mozilla/5.0 (Windows NT 10.0; Win64; x64) AppleWebKit/537.36 (KHTML, like Gecko) Chrome/90.0.4430.85 Safari/537.36"
194.165.17.27 - - [18/Nov/2022:11:33:14 +0800] "GET /xindex.php HTTP/1.1" 404 1164 "www.bing.com" "wp_is_mobile"
194.165.17.27 - - [18/Nov/2022:11:33:21 +0800] "GET /defau11.php HTTP/1.1" 404 1164 "www.bing.com" "Mozilla/5.0 (Windows NT 10.0; Win64; x64) AppleWebKit/537.36 (KHTML, like Gecko) Chrome/90.0.4430.85 Safari/537.36"
194.165.17.27 - - [18/Nov/2022:11:33:26 +0800] "GET /wp-content/outcms.php?up HTTP/1.1" 404 1164 "www.bing.com" "wp_is_mobile"
194.165.17.27 - - [18/Nov/2022:11:33:38 +0800] "GET /system_log.php?bala=up HTTP/1.1" 404 1164 "www.bing.com" "wp_is_mobile"
194.165.17.27 - - [18/Nov/2022:11:33:41 +0800] "GET /wp-backup-sql-302.php HTTP/1.1" 404 1164 "www.bing.com" "wp_is_mobile"
194.165.17.27 - - [18/Nov/2022:11:33:44 +0800] "GET /error.php?phpshells HTTP/1.1" 404 1164 "www.bing.com" "wp_is_mobile"
194.165.17.27 - - [18/Nov/2022:11:34:55 +0800] "GET /ALFA_DATA HTTP/1.1" 404 1164 "www.bing.com" "wp_is_mobile"
194.165.17.27 - - [18/Nov/2022:11:34:56 +0800] "GET /alfacgiapi HTTP/1.1" 404 1164 "www.bing.com" "wp_is_mobile"
194.165.17.27 - - [18/Nov/2022:11:34:58 +0800] "GET /cgialfa HTTP/1.1" 404 1164 "www.bing.com" "wp_is_mobile"
194.165.17.27 - - [18/Nov/2022:11:34:59 +0800] "GET /.well-known/ALFA_DATA HTTP/1.1" 404 1164 "www.bing.com" "wp_is_mobile"
194.165.17.27 - - [18/Nov/2022:11:35:01 +0800] "GET /.well-known/alfacgiapi HTTP/1.1" 404 1164 "www.bing.com" "wp_is_mobile"
194.165.17.27 - - [18/Nov/2022:11:35:02 +0800] "GET /.well-known/cgialfa HTTP/1.1" 404 1164 "www.bing.com" "wp_is_mobile"
194.165.17.27 - - [18/Nov/2022:11:35:03 +0800] "GET /wp-content/uploads/ALFA_DATA HTTP/1.1" 404 1164 "www.bing.com" "wp_is_mobile"
194.165.17.27 - - [18/Nov/2022:11:35:05 +0800] "GET /wp-content/uploads/alfacgiapi HTTP/1.1" 404 1164 "www.bing.com" "wp_is_mobile"
194.165.17.27 - - [18/Nov/2022:11:35:06 +0800] "GET /wp-content/uploads/cgialfa HTTP/1.1" 404 1164 "www.bing.com" "wp_is_mobile"
194.165.17.27 - - [18/Nov/2022:11:35:07 +0800] "GET /wp-includes/ALFA_DATA HTTP/1.1" 404 1164 "www.bing.com" "wp_is_mobile"
194.165.17.27 - - [18/Nov/2022:11:35:08 +0800] "GET /wp-includes/alfacgiapi HTTP/1.1" 404 1164 "www.bing.com" "wp_is_mobile"
194.165.17.27 - - [18/Nov/2022:11:35:10 +0800] "GET /wp-includes/cgialfa HTTP/1.1" 404 1164 "www.bing.com" "wp_is_mobile"
194.165.17.27 - - [18/Nov/2022:11:35:11 +0800] "GET /wp-admin/ALFA_DATA HTTP/1.1" 404 1164 "www.bing.com" "wp_is_mobile"
194.165.17.27 - - [18/Nov/2022:11:35:12 +0800] "GET /wp-admin/alfacgiapi HTTP/1.1" 404 1164 "www.bing.com" "wp_is_mobile"
194.165.17.27 - - [18/Nov/2022:11:35:13 +0800] "GET /wp-admin/cgialfa HTTP/1.1" 404 1164 "www.bing.com" "wp_is_mobile"
194.165.17.27 - - [18/Nov/2022:11:35:15 +0800] "GET /wp-content/ALFA_DATA HTTP/1.1" 404 1164 "www.bing.com" "wp_is_mobile"
194.165.17.27 - - [18/Nov/2022:11:35:16 +0800] "GET /wp-content/alfacgiapi HTTP/1.1" 404 1164 "www.bing.com" "wp_is_mobile"
194.165.17.27 - - [18/Nov/2022:11:35:17 +0800] "GET /wp-content/cgialfa HTTP/1.1" 404 1164 "www.bing.com" "wp_is_mobile"
194.165.17.27 - - [18/Nov/2022:11:35:18 +0800] "GET /templates/beez3/ALFA_DATA HTTP/1.1" 404 1164 "www.bing.com" "wp_is_mobile"
194.165.17.27 - - [18/Nov/2022:11:35:19 +0800] "GET /templates/beez3/alfacgiapi HTTP/1.1" 404 1164 "www.bing.com" "wp_is_mobile"
194.165.17.27 - - [18/Nov/2022:11:35:21 +0800] "GET /templates/beez3/cgialfa HTTP/1.1" 404 1164 "www.bing.com" "wp_is_mobile"
194.165.17.27 - - [18/Nov/2022:11:35:22 +0800] "GET /sites/default/files/ALFA_DATA HTTP/1.1" 404 1164 "www.bing.com" "wp_is_mobile"
194.165.17.27 - - [18/Nov/2022:11:35:23 +0800] "GET /sites/default/files/alfacgiapi HTTP/1.1" 404 1164 "www.bing.com" "wp_is_mobile"
194.165.17.27 - - [18/Nov/2022:11:35:24 +0800] "GET /sites/default/files/cgialfa HTTP/1.1" 404 1164 "www.bing.com" "wp_is_mobile"
194.165.17.27 - - [18/Nov/2022:11:35:25 +0800] "GET /admin/controller/extension/extension/ALFA_DATA HTTP/1.1" 404 1164 "www.bing.com" "wp_is_mobile"
194.165.17.27 - - [18/Nov/2022:11:35:26 +0800] "GET /admin/controller/extension/extension/alfacgiapi HTTP/1.1" 404 1164 "www.bing.com" "wp_is_mobile"
194.165.17.27 - - [18/Nov/2022:11:35:27 +0800] "GET /admin/controller/extension/extension/cgialfa HTTP/1.1" 404 1164 "www.bing.com" "wp_is_mobile"
194.165.17.27 - - [18/Nov/2022:11:36:08 +0800] "GET /wp-content/plugins/ubh/up.php HTTP/1.1" 404 1164 "www.bing.com" "wp_is_mobile"
194.165.17.27 - - [18/Nov/2022:11:36:08 +0800] "GET /index.php?3x=3x HTTP/1.1" 404 1164 "www.bing.com" "wp_is_mobile"
194.165.17.27 - - [18/Nov/2022:11:36:09 +0800] "GET /about.php HTTP/1.1" 404 1164 "www.bing.com" "wp_is_mobile"
194.165.17.27 - - [18/Nov/2022:11:36:09 +0800] "GET /shells.php HTTP/1.1" 404 1164 "www.bing.com" "wp_is_mobile"
194.165.17.27 - - [18/Nov/2022:11:36:10 +0800] "GET /olux.php HTTP/1.1" 404 1164 "www.bing.com" "wp_is_mobile"
194.165.17.27 - - [18/Nov/2022:11:36:10 +0800] "GET /xleet.php HTTP/1.1" 404 1164 "www.bing.com" "wp_is_mobile"
194.165.17.27 - - [18/Nov/2022:11:36:11 +0800] "GET /wso.php HTTP/1.1" 404 1164 "www.bing.com" "wp_is_mobile"
194.165.17.27 - - [18/Nov/2022:11:36:12 +0800] "GET /shell.php HTTP/1.1" 404 1164 "www.bing.com" "wp_is_mobile"
194.165.17.27 - - [18/Nov/2022:11:36:13 +0800] "GET /up.php HTTP/1.1" 404 1164 "www.bing.com" "wp_is_mobile"
194.165.17.27 - - [18/Nov/2022:11:36:13 +0800] "GET /upload.php HTTP/1.1" 404 1164 "www.bing.com" "wp_is_mobile"
194.165.17.27 - - [18/Nov/2022:11:36:14 +0800] "GET /1.php HTTP/1.1" 404 1164 "www.bing.com" "wp_is_mobile"
194.165.17.27 - - [18/Nov/2022:11:36:15 +0800] "GET /x.php HTTP/1.1" 404 1164 "www.bing.com" "wp_is_mobile"
194.165.17.27 - - [18/Nov/2022:11:36:16 +0800] "GET /z.php HTTP/1.1" 404 1164 "www.bing.com" "wp_is_mobile"
194.165.17.27 - - [18/Nov/2022:11:36:16 +0800] "GET /a.php HTTP/1.1" 404 1164 "www.bing.com" "wp_is_mobile"
194.165.17.27 - - [18/Nov/2022:11:36:17 +0800] "GET /test.php HTTP/1.1" 404 1164 "www.bing.com" "wp_is_mobile"
194.165.17.27 - - [18/Nov/2022:11:36:18 +0800] "GET /wp.php HTTP/1.1" 404 1164 "www.bing.com" "wp_is_mobile"
194.165.17.27 - - [18/Nov/2022:11:36:18 +0800] "GET /alfa.php HTTP/1.1" 404 1164 "www.bing.com" "wp_is_mobile"
194.165.17.27 - - [18/Nov/2022:11:36:19 +0800] "GET /config.php HTTP/1.1" 404 1164 "www.bing.com" "wp_is_mobile"
194.165.17.27 - - [18/Nov/2022:11:36:20 +0800] "GET /templates/beez3/index.php HTTP/1.1" 404 1164 "www.bing.com" "wp_is_mobile"
171.35.98.32 - - [18/Nov/2022:11:54:11 +0800] "GET /logs/access_20210425.log HTTP/1.0" 404 1194 "http://ft.kidcastle.com.cn/" "Mozilla/5.0 (Macintosh; Intel Mac OS X 12_5) AppleWebKit/537.36 (KHTML, like Gecko) Chrome/103.0.0.0 Safari/537.36 Edg/103.0.1264.71"
171.35.98.32 - - [18/Nov/2022:11:54:11 +0800] "GET / HTTP/1.0" 200 794 "http://ft.kidcastle.com.cn" "Mozilla/5.0 (Macintosh; Intel Mac OS X 12_5) AppleWebKit/537.36 (KHTML, like Gecko) Chrome/103.0.0.0 Safari/537.36 Edg/103.0.1264.71"
171.35.98.32 - - [18/Nov/2022:11:54:17 +0800] "GET /?C=M;O=A HTTP/1.0" 200 794 "http://ft.kidcastle.com.cn" "Mozilla/5.0 (Macintosh; Intel Mac OS X 12_5) AppleWebKit/537.36 (KHTML, like Gecko) Chrome/103.0.0.0 Safari/537.36 Edg/103.0.1264.71"
40.77.167.82 - - [18/Nov/2022:12:16:35 +0800] "GET /logs/ HTTP/1.1" 200 10886 "-" "Mozilla/5.0 (compatible; bingbot/2.0; +http://www.bing.com/bingbot.htm)"
116.179.32.204 - - [18/Nov/2022:12:43:08 +0800] "GET /logs/access_20200424.log HTTP/1.1" 404 1048 "-" "Mozilla/5.0 (compatible; Baiduspider/2.0; +http://www.baidu.com/search/spider.html)"
40.77.167.82 - - [18/Nov/2022:12:51:59 +0800] "GET /logs/ HTTP/1.1" 200 10886 "-" "Mozilla/5.0 (compatible; bingbot/2.0; +http://www.bing.com/bingbot.htm)"
220.181.108.110 - - [18/Nov/2022:13:28:08 +0800] "GET /logs/access_20200428.log HTTP/1.1" 404 1048 "-" "Mozilla/5.0 (compatible; Baiduspider/2.0; +http://www.baidu.com/search/spider.html)"
220.181.108.158 - - [18/Nov/2022:13:28:08 +0800] "GET /logs/access_20200502.log HTTP/1.1" 404 1048 "-" "Mozilla/5.0 (compatible; Baiduspider/2.0; +http://www.baidu.com/search/spider.html)"
40.77.167.82 - - [18/Nov/2022:13:31:03 +0800] "GET /logs/ HTTP/1.1" 200 10886 "-" "Mozilla/5.0 AppleWebKit/537.36 (KHTML, like Gecko; compatible; bingbot/2.0; +http://www.bing.com/bingbot.htm) Chrome/103.0.5060.134 Safari/537.36"
42.236.10.73 - - [18/Nov/2022:13:36:48 +0800] "GET /robots.txt HTTP/1.1" 404 1214 "http://ft.kidcastle.com.cn/robots.txt" "Mozilla/5.0 (Windows NT 6.1; WOW64) AppleWebKit/537.36 (KHTML, like Gecko) Chrome/50.0.2661.102 Safari/537.36; 360Spider"
220.181.108.92 - - [18/Nov/2022:13:57:01 +0800] "GET /logs/access_20200523.log HTTP/1.1" 404 1048 "-" "Mozilla/5.0 (compatible; Baiduspider/2.0; +http://www.baidu.com/search/spider.html)"
40.77.167.82 - - [18/Nov/2022:14:02:37 +0800] "GET /logs/ HTTP/1.1" 200 10886 "-" "Mozilla/5.0 AppleWebKit/537.36 (KHTML, like Gecko; compatible; bingbot/2.0; +http://www.bing.com/bingbot.htm) Chrome/103.0.5060.134 Safari/537.36"
116.179.32.230 - - [18/Nov/2022:14:09:20 +0800] "GET /logs/access_20221118.log HTTP/1.1" 200 29474 "-" "Mozilla/5.0 (compatible; Baiduspider/2.0; +http://www.baidu.com/search/spider.html)"
116.179.32.89 - - [18/Nov/2022:14:10:31 +0800] "GET /logs/access_20210128.log HTTP/1.1" 404 1048 "-" "Mozilla/5.0 (compatible; Baiduspider/2.0; +http://www.baidu.com/search/spider.html)"
116.179.32.204 - - [18/Nov/2022:14:21:27 +0800] "GET /logs/access_20200519.log HTTP/1.1" 404 1048 "-" "Mozilla/5.0 (compatible; Baiduspider/2.0; +http://www.baidu.com/search/spider.html)"
40.77.167.82 - - [18/Nov/2022:14:43:51 +0800] "GET /logs/ HTTP/1.1" 200 10886 "-" "Mozilla/5.0 AppleWebKit/537.36 (KHTML, like Gecko; compatible; bingbot/2.0; +http://www.bing.com/bingbot.htm) Chrome/103.0.5060.134 Safari/537.36"
116.179.32.233 - - [18/Nov/2022:14:54:19 +0800] "GET /logs/access_20210519.log HTTP/1.1" 404 1052 "-" "Mozilla/5.0 (compatible; Baiduspider/2.0; +http://www.baidu.com/search/spider.html)"
40.77.167.82 - - [18/Nov/2022:15:18:14 +0800] "GET /logs/ HTTP/1.1" 200 10886 "-" "Mozilla/5.0 (compatible; bingbot/2.0; +http://www.bing.com/bingbot.htm)"
40.77.167.82 - - [18/Nov/2022:15:55:18 +0800] "GET /logs/ HTTP/1.1" 200 10886 "-" "Mozilla/5.0 AppleWebKit/537.36 (KHTML, like Gecko; compatible; bingbot/2.0; +http://www.bing.com/bingbot.htm) Chrome/103.0.5060.134 Safari/537.36"
118.113.111.32 - - [18/Nov/2022:16:11:53 +0800] "GET / HTTP/1.1" 200 790 "-" "Mozilla/5.0 (Windows NT 10.0; WOW64) AppleWebKit/537.36 (KHTML, like Gecko) Chrome/48.0.2564.116 Safari/537.36"
118.113.111.32 - - [18/Nov/2022:16:11:54 +0800] "GET /icons/folder.gif HTTP/1.1" 200 225 "http://ft.kidcastle.cn/" "Mozilla/5.0 (Windows NT 10.0; Win64; x64) AppleWebKit/537.36 (KHTML, like Gecko) Chrome/99.0.4844.51 Safari/537.36"
220.181.51.118 - - [18/Nov/2022:16:11:57 +0800] "GET / HTTP/1.1" 200 794 "-" "Mozilla/5.0 (Windows NT 10.0; WOW64) AppleWebKit/537.36 (KHTML, like Gecko) Chrome/48.0.2564.116 Safari/537.36"
220.181.108.102 - - [18/Nov/2022:16:12:10 +0800] "GET / HTTP/1.1" 200 794 "-" "Mozilla/5.0 (compatible; Baiduspider/2.0; +http://www.baidu.com/search/spider.html)"
220.181.108.101 - - [18/Nov/2022:16:12:12 +0800] "GET / HTTP/1.1" 200 790 "-" "Mozilla/5.0 (compatible; Baiduspider/2.0; +http://www.baidu.com/search/spider.html)"
36.99.44.196 - - [18/Nov/2022:16:16:58 +0800] "GET /css/album.css HTTP/1.1" 404 1052 "-" "Mozilla/5.0 (Windows NT 10.0; WOW64; rv:48.0) Gecko/20100101 Firefox/48.0"
36.99.44.196 - - [18/Nov/2022:16:17:15 +0800] "GET /demo/js/common.js HTTP/1.1" 404 1052 "-" "Mozilla/5.0 (Windows NT 10.0; WOW64; rv:48.0) Gecko/20100101 Firefox/48.0"
116.179.32.49 - - [18/Nov/2022:16:22:24 +0800] "GET /logs/access_20200630.log HTTP/1.1" 404 1048 "-" "Mozilla/5.0 (compatible; Baiduspider/2.0; +http://www.baidu.com/search/spider.html)"
40.77.167.82 - - [18/Nov/2022:16:33:42 +0800] "GET /logs/ HTTP/1.1" 200 10886 "-" "Mozilla/5.0 (compatible; bingbot/2.0; +http://www.bing.com/bingbot.htm)"
220.181.108.147 - - [18/Nov/2022:16:39:19 +0800] "GET /logs/access_20200330.log HTTP/1.1" 404 1052 "-" "Mozilla/5.0 (compatible; Baiduspider/2.0; +http://www.baidu.com/search/spider.html)"
220.181.108.176 - - [18/Nov/2022:17:07:24 +0800] "GET /logs/access_20200520.log HTTP/1.1" 404 1048 "-" "Mozilla/5.0 (compatible; Baiduspider/2.0; +http://www.baidu.com/search/spider.html)"
40.77.167.82 - - [18/Nov/2022:17:10:24 +0800] "GET /logs/ HTTP/1.1" 200 10886 "-" "Mozilla/5.0 AppleWebKit/537.36 (KHTML, like Gecko; compatible; bingbot/2.0; +http://www.bing.com/bingbot.htm) Chrome/103.0.5060.134 Safari/537.36"
40.77.167.82 - - [18/Nov/2022:17:23:05 +0800] "GET /logs/access_20200826.log HTTP/1.1" 404 1052 "-" "Mozilla/5.0 AppleWebKit/537.36 (KHTML, like Gecko; compatible; bingbot/2.0; +http://www.bing.com/bingbot.htm) Chrome/103.0.5060.134 Safari/537.36"
66.249.72.187 - - [18/Nov/2022:17:32:16 +0800] "GET /robots.txt HTTP/1.1" 404 1052 "-" "Mozilla/5.0 (compatible; Googlebot/2.1; +http://www.google.com/bot.html)"
66.249.72.187 - - [18/Nov/2022:17:32:17 +0800] "GET /logs/access_20220522.log HTTP/1.1" 404 1052 "-" "Mozilla/5.0 (compatible; Googlebot/2.1; +http://www.google.com/bot.html)"
40.77.167.83 - - [18/Nov/2022:17:49:13 +0800] "GET /logs/ HTTP/1.1" 200 10886 "-" "Mozilla/5.0 AppleWebKit/537.36 (KHTML, like Gecko; compatible; bingbot/2.0; +http://www.bing.com/bingbot.htm) Chrome/103.0.5060.134 Safari/537.36"
40.77.167.83 - - [18/Nov/2022:18:24:10 +0800] "GET /logs/ HTTP/1.1" 200 10886 "-" "Mozilla/5.0 AppleWebKit/537.36 (KHTML, like Gecko; compatible; bingbot/2.0; +http://www.bing.com/bingbot.htm) Chrome/103.0.5060.134 Safari/537.36"
220.181.108.105 - - [18/Nov/2022:18:37:24 +0800] "GET /logs/access_20200501.log HTTP/1.1" 404 1048 "-" "Mozilla/5.0 (compatible; Baiduspider/2.0; +http://www.baidu.com/search/spider.html)"
217.113.194.102 - - [18/Nov/2022:18:58:19 +0800] "GET /robots.txt HTTP/1.1" 404 1052 "-" "Mozilla/5.0 (compatible; Barkrowler/0.9; +https://babbar.tech/crawler)"
217.113.194.124 - - [18/Nov/2022:18:58:38 +0800] "GET /logs/access_20220303.log HTTP/1.1" 404 1052 "-" "Mozilla/5.0 (compatible; Barkrowler/0.9; +https://babbar.tech/crawler)"
138.36.95.224 - - [18/Nov/2022:19:01:58 +0800] "GET /logs/access_20211209.log HTTP/1.1" 404 1194 "http://ft.kidcastle.com.cn/" "Mozilla/5.0 (Macintosh; Intel Mac OS X 12_5) AppleWebKit/537.36 (KHTML, like Gecko) Chrome/103.0.0.0 Safari/537.36"
138.36.95.224 - - [18/Nov/2022:19:02:00 +0800] "GET / HTTP/1.1" 200 794 "http://ft.kidcastle.com.cn" "Mozilla/5.0 (Macintosh; Intel Mac OS X 12_5) AppleWebKit/537.36 (KHTML, like Gecko) Chrome/103.0.0.0 Safari/537.36"
138.36.95.224 - - [18/Nov/2022:19:02:02 +0800] "GET /?C=M;O=A HTTP/1.1" 200 794 "http://ft.kidcastle.com.cn" "Mozilla/5.0 (Macintosh; Intel Mac OS X 12_5) AppleWebKit/537.36 (KHTML, like Gecko) Chrome/103.0.0.0 Safari/537.36"
40.77.167.83 - - [18/Nov/2022:19:03:14 +0800] "GET /logs/ HTTP/1.1" 200 10886 "-" "Mozilla/5.0 (compatible; bingbot/2.0; +http://www.bing.com/bingbot.htm)"
220.181.108.176 - - [18/Nov/2022:19:09:19 +0800] "GET /logs/access_20210507.log HTTP/1.1" 404 1052 "-" "Mozilla/5.0 (compatible; Baiduspider/2.0; +http://www.baidu.com/search/spider.html)"
36.99.44.196 - - [18/Nov/2022:19:41:17 +0800] "GET /e/data/js/ajax.js HTTP/1.1" 404 1052 "-" "Mozilla/5.0 (Windows NT 10.0; WOW64; rv:48.0) Gecko/20100101 Firefox/48.0"
40.77.167.83 - - [18/Nov/2022:19:43:09 +0800] "GET /logs/ HTTP/1.1" 200 10886 "-" "Mozilla/5.0 (compatible; bingbot/2.0; +http://www.bing.com/bingbot.htm)"
40.77.167.83 - - [18/Nov/2022:20:22:04 +0800] "GET /logs/ HTTP/1.1" 200 10886 "-" "Mozilla/5.0 AppleWebKit/537.36 (KHTML, like Gecko; compatible; bingbot/2.0; +http://www.bing.com/bingbot.htm) Chrome/103.0.5060.134 Safari/537.36"
40.77.167.83 - - [18/Nov/2022:20:57:37 +0800] "GET /logs/ HTTP/1.1" 200 10886 "-" "Mozilla/5.0 (compatible; bingbot/2.0; +http://www.bing.com/bingbot.htm)"
66.249.72.189 - - [18/Nov/2022:20:57:48 +0800] "GET /logs/access_20220522.log HTTP/1.1" 404 1052 "-" "Mozilla/5.0 (Linux; Android 6.0.1; Nexus 5X Build/MMB29P) AppleWebKit/537.36 (KHTML, like Gecko) Chrome/107.0.5304.115 Mobile Safari/537.36 (compatible; Googlebot/2.1; +http://www.google.com/bot.html)"
36.99.44.196 - - [18/Nov/2022:21:15:06 +0800] "GET /data/admin/allowurl.txt HTTP/1.1" 404 1052 "-" "Mozilla/5.0 (Windows NT 10.0; WOW64; rv:48.0) Gecko/20100101 Firefox/48.0"
40.77.167.83 - - [18/Nov/2022:21:26:30 +0800] "GET /logs/ HTTP/1.1" 200 10886 "-" "Mozilla/5.0 AppleWebKit/537.36 (KHTML, like Gecko; compatible; bingbot/2.0; +http://www.bing.com/bingbot.htm) Chrome/103.0.5060.134 Safari/537.36"
40.77.167.83 - - [18/Nov/2022:22:04:44 +0800] "GET /logs/ HTTP/1.1" 200 10886 "-" "Mozilla/5.0 (compatible; bingbot/2.0; +http://www.bing.com/bingbot.htm)"
40.77.167.83 - - [18/Nov/2022:22:47:36 +0800] "GET /logs/ HTTP/1.1" 200 10886 "-" "Mozilla/5.0 AppleWebKit/537.36 (KHTML, like Gecko; compatible; bingbot/2.0; +http://www.bing.com/bingbot.htm) Chrome/103.0.5060.134 Safari/537.36"
40.77.167.83 - - [18/Nov/2022:22:47:37 +0800] "GET / HTTP/1.1" 200 794 "-" "Mozilla/5.0 AppleWebKit/537.36 (KHTML, like Gecko; compatible; bingbot/2.0; +http://www.bing.com/bingbot.htm) Chrome/103.0.5060.134 Safari/537.36"
66.249.72.187 - - [18/Nov/2022:22:59:22 +0800] "GET /logs/access_20220617.log HTTP/1.1" 404 1052 "-" "Mozilla/5.0 (compatible; Googlebot/2.1; +http://www.google.com/bot.html)"
40.77.167.83 - - [18/Nov/2022:23:25:00 +0800] "GET /logs/ HTTP/1.1" 200 10886 "-" "Mozilla/5.0 AppleWebKit/537.36 (KHTML, like Gecko; compatible; bingbot/2.0; +http://www.bing.com/bingbot.htm) Chrome/103.0.5060.134 Safari/537.36"
116.179.32.71 - - [18/Nov/2022:23:27:07 +0800] "GET /logs/access_20200525.log HTTP/1.1" 404 1048 "-" "Mozilla/5.0 (compatible; Baiduspider/2.0; +http://www.baidu.com/search/spider.html)"
116.179.32.195 - - [18/Nov/2022:23:27:07 +0800] "GET /logs/access_20200511.log HTTP/1.1" 404 1048 "-" "Mozilla/5.0 (compatible; Baiduspider/2.0; +http://www.baidu.com/search/spider.html)"
61.135.159.157 - - [18/Nov/2022:23:27:19 +0800] "GET /robots.txt HTTP/1.1" 404 1052 "-" "Sogou web spider/4.0(+http://www.sogou.com/docs/help/webmasters.htm#07)"
49.7.20.28 - - [18/Nov/2022:23:27:19 +0800] "GET /robots.txt HTTP/1.1" 404 1052 "-" "Sogou web spider/4.0(+http://www.sogou.com/docs/help/webmasters.htm#07)"
49.7.20.28 - - [18/Nov/2022:23:27:19 +0800] "GET /robots.txt HTTP/1.1" 404 1052 "-" "Mozilla/5.0 (Macintosh; Intel Mac OS X 10_15_1) AppleWebKit/537.36 (KHTML, like Gecko) Chrome/78.0.3904.97 Safari/537.36"