220.181.51.85 - - [03/Nov/2022:00:06:47 +0800] "GET /robots.txt HTTP/1.1" 404 1052 "-" "Mozilla/5.0 (Windows NT 10.0; WOW64) AppleWebKit/537.36 (KHTML, like Gecko) Chrome/48.0.2564.116 Safari/537.36"
116.179.33.21 - - [03/Nov/2022:00:06:47 +0800] "GET /robots.txt HTTP/1.1" 404 1052 "-" "Mozilla/5.0 (Windows NT 10.0; WOW64) AppleWebKit/537.36 (KHTML, like Gecko) Chrome/48.0.2564.116 Safari/537.36"
220.181.51.88 - - [03/Nov/2022:00:06:47 +0800] "GET /robots.txt HTTP/1.1" 404 1052 "-" "Mozilla/5.0 (Windows NT 10.0; WOW64) AppleWebKit/537.36 (KHTML, like Gecko) Chrome/48.0.2564.116 Safari/537.36"
220.181.108.81 - - [03/Nov/2022:00:06:47 +0800] "GET /logs/access_20220228.log HTTP/1.1" 404 1052 "-" "Mozilla/5.0 (compatible; Baiduspider/2.0; +http://www.baidu.com/search/spider.html)"
220.181.51.90 - - [03/Nov/2022:00:06:47 +0800] "GET /robots.txt HTTP/1.1" 404 1052 "-" "Mozilla/5.0 (Windows NT 10.0; WOW64) AppleWebKit/537.36 (KHTML, like Gecko) Chrome/48.0.2564.116 Safari/537.36"
220.181.108.111 - - [03/Nov/2022:00:06:47 +0800] "GET /logs/access_20220406.log HTTP/1.1" 404 1052 "-" "Mozilla/5.0 (compatible; Baiduspider/2.0; +http://www.baidu.com/search/spider.html)"
116.179.32.209 - - [03/Nov/2022:00:06:47 +0800] "GET /logs/access_20220219.log HTTP/1.1" 404 1052 "-" "Mozilla/5.0 (compatible; Baiduspider/2.0; +http://www.baidu.com/search/spider.html)"
116.179.32.26 - - [03/Nov/2022:00:06:47 +0800] "GET /logs/access_20220225.log HTTP/1.1" 404 1052 "-" "Mozilla/5.0 (compatible; Baiduspider/2.0; +http://www.baidu.com/search/spider.html)"
116.179.32.49 - - [03/Nov/2022:00:06:47 +0800] "GET /logs/access_20220218.log HTTP/1.1" 404 1052 "-" "Mozilla/5.0 (compatible; Baiduspider/2.0; +http://www.baidu.com/search/spider.html)"
40.77.167.36 - - [03/Nov/2022:00:08:06 +0800] "GET /logs/ HTTP/1.1" 200 7586 "-" "Mozilla/5.0 AppleWebKit/537.36 (KHTML, like Gecko; compatible; bingbot/2.0; +http://www.bing.com/bingbot.htm) Chrome/103.0.5060.134 Safari/537.36"
220.181.108.145 - - [03/Nov/2022:00:22:37 +0800] "GET /logs/access_20220830.log HTTP/1.1" 404 1048 "-" "Mozilla/5.0 (compatible; Baiduspider/2.0; +http://www.baidu.com/search/spider.html)"
40.77.167.36 - - [03/Nov/2022:00:37:58 +0800] "GET /logs/ HTTP/1.1" 200 7586 "-" "Mozilla/5.0 (compatible; bingbot/2.0; +http://www.bing.com/bingbot.htm)"
116.179.32.30 - - [03/Nov/2022:00:40:07 +0800] "GET /logs/access_20220112.log HTTP/1.1" 404 1052 "-" "Mozilla/5.0 (compatible; Baiduspider/2.0; +http://www.baidu.com/search/spider.html)"
220.181.108.149 - - [03/Nov/2022:00:40:07 +0800] "GET /logs/access_20220216.log HTTP/1.1" 404 1052 "-" "Mozilla/5.0 (compatible; Baiduspider/2.0; +http://www.baidu.com/search/spider.html)"
220.181.108.176 - - [03/Nov/2022:00:40:07 +0800] "GET /logs/access_20220405.log HTTP/1.1" 404 1052 "-" "Mozilla/5.0 (compatible; Baiduspider/2.0; +http://www.baidu.com/search/spider.html)"
23.19.248.144 - - [03/Nov/2022:00:43:02 +0800] "GET /logs/access_20211209.log HTTP/1.1" 404 1194 "http://ft.kidcastle.com.cn/" "Mozilla/5.0 (X11; Fedora; Linux x86_64; rv:102.0) Gecko/20100101 Firefox/102.0"
23.19.248.144 - - [03/Nov/2022:00:43:04 +0800] "GET / HTTP/1.1" 200 794 "http://ft.kidcastle.com.cn" "Mozilla/5.0 (X11; Fedora; Linux x86_64; rv:102.0) Gecko/20100101 Firefox/102.0"
23.19.248.144 - - [03/Nov/2022:00:43:07 +0800] "GET /?C=M;O=A HTTP/1.1" 200 794 "http://ft.kidcastle.com.cn" "Mozilla/5.0 (X11; Fedora; Linux x86_64; rv:102.0) Gecko/20100101 Firefox/102.0"
40.77.167.36 - - [03/Nov/2022:01:03:31 +0800] "GET / HTTP/1.1" 200 794 "-" "Mozilla/5.0 AppleWebKit/537.36 (KHTML, like Gecko; compatible; bingbot/2.0; +http://www.bing.com/bingbot.htm) Chrome/103.0.5060.134 Safari/537.36"
116.179.32.227 - - [03/Nov/2022:01:07:37 +0800] "GET /logs/access_20220524.log HTTP/1.1" 404 1048 "-" "Mozilla/5.0 (compatible; Baiduspider/2.0; +http://www.baidu.com/search/spider.html)"
40.77.167.36 - - [03/Nov/2022:01:08:21 +0800] "GET /logs/ HTTP/1.1" 200 7586 "-" "Mozilla/5.0 (compatible; bingbot/2.0; +http://www.bing.com/bingbot.htm)"
40.77.167.36 - - [03/Nov/2022:01:38:04 +0800] "GET /logs/ HTTP/1.1" 200 7586 "-" "Mozilla/5.0 (compatible; bingbot/2.0; +http://www.bing.com/bingbot.htm)"
77.68.86.212 - - [03/Nov/2022:01:46:14 +0800] "POST //administrator/components/com_jnewsletter/includes/openflashchart/php-ofc-library/ofc_upload_image.php?name=lobex21.php HTTP/1.1" 404 1052 "-" "libwww-perl/6.05"
77.68.86.212 - - [03/Nov/2022:01:46:14 +0800] "POST //administrator/components/com_civicrm/civicrm/packages/OpenFlashChart/php-ofc-library/ofc_upload_image.php?name=lobex21.php HTTP/1.1" 404 1052 "-" "libwww-perl/6.05"
77.68.86.212 - - [03/Nov/2022:01:46:14 +0800] "POST //administrator/components/com_acymailing/inc/openflash/php-ofc-library/ofc_upload_image.php?name=lobex21.php HTTP/1.1" 404 1052 "-" "libwww-perl/6.05"
77.68.86.212 - - [03/Nov/2022:01:46:14 +0800] "POST /logs//administrator/components/com_civicrm/civicrm/packages/OpenFlashChart/php-ofc-library/ofc_upload_image.php?name=lobex21.php HTTP/1.1" 404 1052 "-" "libwww-perl/6.05"
77.68.86.212 - - [03/Nov/2022:01:46:14 +0800] "GET //administrator/components/com_civicrm/civicrm/packages/OpenFlashChart/tmp-upload-images/lobex21.php?rf HTTP/1.1" 404 1052 "-" "Mozilla/5.0"
77.68.86.212 - - [03/Nov/2022:01:46:14 +0800] "GET //administrator/components/com_jnewsletter/includes/openflashchart/tmp-upload-images/lobex21.php?rf HTTP/1.1" 404 1052 "-" "Mozilla/5.0"
77.68.86.212 - - [03/Nov/2022:01:46:14 +0800] "GET //administrator/components/com_acymailing/inc/openflash/tmp-upload-images/lobex21.php?rf HTTP/1.1" 404 1052 "-" "Mozilla/5.0"
77.68.86.212 - - [03/Nov/2022:01:46:14 +0800] "POST //administrator/components/com_maianmedia/utilities/charts/php-ofc-library/ofc_upload_image.php?name=lobex21.php HTTP/1.1" 404 1052 "-" "libwww-perl/6.05"
77.68.86.212 - - [03/Nov/2022:01:46:14 +0800] "POST //administrator/components/com_jinc/classes/graphics/php-ofc-library/ofc_upload_image.php?name=lobex21.php HTTP/1.1" 404 1052 "-" "libwww-perl/6.05"
77.68.86.212 - - [03/Nov/2022:01:46:14 +0800] "POST //administrator/components/com_jnews/includes/openflashchart/php-ofc-library/ofc_upload_image.php?name=lobex21.php HTTP/1.1" 404 1052 "-" "libwww-perl/6.05"
77.68.86.212 - - [03/Nov/2022:01:46:14 +0800] "POST /logs//administrator/components/com_acymailing/inc/openflash/php-ofc-library/ofc_upload_image.php?name=lobex21.php HTTP/1.1" 404 1052 "-" "libwww-perl/6.05"
77.68.86.212 - - [03/Nov/2022:01:46:14 +0800] "GET /logs//administrator/components/com_civicrm/civicrm/packages/OpenFlashChart/tmp-upload-images/lobex21.php?rf HTTP/1.1" 404 1052 "-" "Mozilla/5.0"
77.68.86.212 - - [03/Nov/2022:01:46:14 +0800] "POST /logs//administrator/components/com_jnewsletter/includes/openflashchart/php-ofc-library/ofc_upload_image.php?name=lobex21.php HTTP/1.1" 404 1052 "-" "libwww-perl/6.05"
77.68.86.212 - - [03/Nov/2022:01:46:14 +0800] "GET //administrator/components/com_maianmedia/utilities/charts/tmp-upload-images/lobex21.php?rf HTTP/1.1" 404 1052 "-" "Mozilla/5.0"
77.68.86.212 - - [03/Nov/2022:01:46:14 +0800] "POST /logs//administrator/components/com_maianmedia/utilities/charts/php-ofc-library/ofc_upload_image.php?name=lobex21.php HTTP/1.1" 404 1052 "-" "libwww-perl/6.05"
77.68.86.212 - - [03/Nov/2022:01:46:15 +0800] "POST /logs//administrator/components/com_jinc/classes/graphics/php-ofc-library/ofc_upload_image.php?name=lobex21.php HTTP/1.1" 404 1052 "-" "libwww-perl/6.05"
77.68.86.212 - - [03/Nov/2022:01:46:15 +0800] "GET //administrator/components/com_jinc/classes/graphics/tmp-upload-images/lobex21.php?rf HTTP/1.1" 404 1052 "-" "Mozilla/5.0"
77.68.86.212 - - [03/Nov/2022:01:46:15 +0800] "POST /logs//administrator/components/com_jnews/includes/openflashchart/php-ofc-library/ofc_upload_image.php?name=lobex21.php HTTP/1.1" 404 1052 "-" "libwww-perl/6.05"
77.68.86.212 - - [03/Nov/2022:01:46:15 +0800] "GET /logs//administrator/components/com_acymailing/inc/openflash/tmp-upload-images/lobex21.php?rf HTTP/1.1" 404 1052 "-" "Mozilla/5.0"
77.68.86.212 - - [03/Nov/2022:01:46:15 +0800] "GET //administrator/components/com_jnews/includes/openflashchart/tmp-upload-images/lobex21.php?rf HTTP/1.1" 404 1052 "-" "Mozilla/5.0"
77.68.86.212 - - [03/Nov/2022:01:46:15 +0800] "GET /logs//administrator/components/com_jnewsletter/includes/openflashchart/tmp-upload-images/lobex21.php?rf HTTP/1.1" 404 1052 "-" "Mozilla/5.0"
77.68.86.212 - - [03/Nov/2022:01:46:15 +0800] "GET /logs//administrator/components/com_jinc/classes/graphics/tmp-upload-images/lobex21.php?rf HTTP/1.1" 404 1052 "-" "Mozilla/5.0"
77.68.86.212 - - [03/Nov/2022:01:46:15 +0800] "GET /logs//administrator/components/com_maianmedia/utilities/charts/tmp-upload-images/lobex21.php?rf HTTP/1.1" 404 1052 "-" "Mozilla/5.0"
77.68.86.212 - - [03/Nov/2022:01:46:15 +0800] "GET /logs//administrator/components/com_jnews/includes/openflashchart/tmp-upload-images/lobex21.php?rf HTTP/1.1" 404 1052 "-" "Mozilla/5.0"
77.68.86.212 - - [03/Nov/2022:01:46:18 +0800] "POST //administrator/components/com_civicrm/civicrm/packages/OpenFlashChart/php-ofc-library/ofc_upload_image.php?name=lobex21.php HTTP/1.1" 404 1052 "-" "libwww-perl/6.05"
77.68.86.212 - - [03/Nov/2022:01:46:18 +0800] "POST //administrator/components/com_maianmedia/utilities/charts/php-ofc-library/ofc_upload_image.php?name=lobex21.php HTTP/1.1" 404 1052 "-" "libwww-perl/6.05"
77.68.86.212 - - [03/Nov/2022:01:46:18 +0800] "POST //administrator/components/com_jnews/includes/openflashchart/php-ofc-library/ofc_upload_image.php?name=lobex21.php HTTP/1.1" 404 1052 "-" "libwww-perl/6.05"
77.68.86.212 - - [03/Nov/2022:01:46:18 +0800] "POST //administrator/components/com_jnewsletter/includes/openflashchart/php-ofc-library/ofc_upload_image.php?name=lobex21.php HTTP/1.1" 404 1052 "-" "libwww-perl/6.05"
77.68.86.212 - - [03/Nov/2022:01:46:18 +0800] "POST //administrator/components/com_acymailing/inc/openflash/php-ofc-library/ofc_upload_image.php?name=lobex21.php HTTP/1.1" 404 1052 "-" "libwww-perl/6.05"
77.68.86.212 - - [03/Nov/2022:01:46:18 +0800] "POST /logs//administrator/components/com_acymailing/inc/openflash/php-ofc-library/ofc_upload_image.php?name=lobex21.php HTTP/1.1" 404 1052 "-" "libwww-perl/6.05"
77.68.86.212 - - [03/Nov/2022:01:46:18 +0800] "POST //administrator/components/com_jinc/classes/graphics/php-ofc-library/ofc_upload_image.php?name=lobex21.php HTTP/1.1" 404 1052 "-" "libwww-perl/6.05"
77.68.86.212 - - [03/Nov/2022:01:46:18 +0800] "GET //administrator/components/com_civicrm/civicrm/packages/OpenFlashChart/tmp-upload-images/lobex21.php?rf HTTP/1.1" 404 1052 "-" "Mozilla/5.0"
77.68.86.212 - - [03/Nov/2022:01:46:18 +0800] "POST /logs//administrator/components/com_jnewsletter/includes/openflashchart/php-ofc-library/ofc_upload_image.php?name=lobex21.php HTTP/1.1" 404 1052 "-" "libwww-perl/6.05"
77.68.86.212 - - [03/Nov/2022:01:46:18 +0800] "POST /logs//administrator/components/com_civicrm/civicrm/packages/OpenFlashChart/php-ofc-library/ofc_upload_image.php?name=lobex21.php HTTP/1.1" 404 1052 "-" "libwww-perl/6.05"
77.68.86.212 - - [03/Nov/2022:01:46:18 +0800] "GET //administrator/components/com_maianmedia/utilities/charts/tmp-upload-images/lobex21.php?rf HTTP/1.1" 404 1052 "-" "Mozilla/5.0"
77.68.86.212 - - [03/Nov/2022:01:46:18 +0800] "GET //administrator/components/com_jnews/includes/openflashchart/tmp-upload-images/lobex21.php?rf HTTP/1.1" 404 1052 "-" "Mozilla/5.0"
77.68.86.212 - - [03/Nov/2022:01:46:19 +0800] "GET //administrator/components/com_jnewsletter/includes/openflashchart/tmp-upload-images/lobex21.php?rf HTTP/1.1" 404 1052 "-" "Mozilla/5.0"
77.68.86.212 - - [03/Nov/2022:01:46:19 +0800] "GET //administrator/components/com_acymailing/inc/openflash/tmp-upload-images/lobex21.php?rf HTTP/1.1" 404 1052 "-" "Mozilla/5.0"
77.68.86.212 - - [03/Nov/2022:01:46:19 +0800] "GET /logs//administrator/components/com_acymailing/inc/openflash/tmp-upload-images/lobex21.php?rf HTTP/1.1" 404 1052 "-" "Mozilla/5.0"
77.68.86.212 - - [03/Nov/2022:01:46:19 +0800] "POST /logs//administrator/components/com_jinc/classes/graphics/php-ofc-library/ofc_upload_image.php?name=lobex21.php HTTP/1.1" 404 1052 "-" "libwww-perl/6.05"
77.68.86.212 - - [03/Nov/2022:01:46:19 +0800] "GET //administrator/components/com_jinc/classes/graphics/tmp-upload-images/lobex21.php?rf HTTP/1.1" 404 1052 "-" "Mozilla/5.0"
77.68.86.212 - - [03/Nov/2022:01:46:19 +0800] "POST /logs//administrator/components/com_maianmedia/utilities/charts/php-ofc-library/ofc_upload_image.php?name=lobex21.php HTTP/1.1" 404 1052 "-" "libwww-perl/6.05"
77.68.86.212 - - [03/Nov/2022:01:46:19 +0800] "GET /logs//administrator/components/com_jinc/classes/graphics/tmp-upload-images/lobex21.php?rf HTTP/1.1" 404 1052 "-" "Mozilla/5.0"
77.68.86.212 - - [03/Nov/2022:01:46:19 +0800] "GET /logs//administrator/components/com_maianmedia/utilities/charts/tmp-upload-images/lobex21.php?rf HTTP/1.1" 404 1052 "-" "Mozilla/5.0"
77.68.86.212 - - [03/Nov/2022:01:46:23 +0800] "POST //administrator/components/com_civicrm/civicrm/packages/OpenFlashChart/php-ofc-library/ofc_upload_image.php?name=lobex21.php HTTP/1.1" 404 1052 "-" "libwww-perl/6.05"
77.68.86.212 - - [03/Nov/2022:01:46:24 +0800] "POST //administrator/components/com_jinc/classes/graphics/php-ofc-library/ofc_upload_image.php?name=lobex21.php HTTP/1.1" 404 1052 "-" "libwww-perl/6.05"
77.68.86.212 - - [03/Nov/2022:01:46:24 +0800] "POST //administrator/components/com_acymailing/inc/openflash/php-ofc-library/ofc_upload_image.php?name=lobex21.php HTTP/1.1" 404 1052 "-" "libwww-perl/6.05"
77.68.86.212 - - [03/Nov/2022:01:46:24 +0800] "POST //administrator/components/com_maianmedia/utilities/charts/php-ofc-library/ofc_upload_image.php?name=lobex21.php HTTP/1.1" 404 1052 "-" "libwww-perl/6.05"
77.68.86.212 - - [03/Nov/2022:01:46:24 +0800] "POST //administrator/components/com_jnews/includes/openflashchart/php-ofc-library/ofc_upload_image.php?name=lobex21.php HTTP/1.1" 404 1052 "-" "libwww-perl/6.05"
77.68.86.212 - - [03/Nov/2022:01:46:24 +0800] "GET //administrator/components/com_jinc/classes/graphics/tmp-upload-images/lobex21.php?rf HTTP/1.1" 404 1052 "-" "Mozilla/5.0"
77.68.86.212 - - [03/Nov/2022:01:46:24 +0800] "POST /logs//administrator/components/com_jinc/classes/graphics/php-ofc-library/ofc_upload_image.php?name=lobex21.php HTTP/1.1" 404 1052 "-" "libwww-perl/6.05"
77.68.86.212 - - [03/Nov/2022:01:46:24 +0800] "GET //administrator/components/com_acymailing/inc/openflash/tmp-upload-images/lobex21.php?rf HTTP/1.1" 404 1052 "-" "Mozilla/5.0"
77.68.86.212 - - [03/Nov/2022:01:46:24 +0800] "GET //administrator/components/com_maianmedia/utilities/charts/tmp-upload-images/lobex21.php?rf HTTP/1.1" 404 1052 "-" "Mozilla/5.0"
77.68.86.212 - - [03/Nov/2022:01:46:24 +0800] "GET //administrator/components/com_jnews/includes/openflashchart/tmp-upload-images/lobex21.php?rf HTTP/1.1" 404 1052 "-" "Mozilla/5.0"
77.68.86.212 - - [03/Nov/2022:01:46:24 +0800] "GET /logs//administrator/components/com_jnewsletter/includes/openflashchart/tmp-upload-images/lobex21.php?rf HTTP/1.1" 404 1052 "-" "Mozilla/5.0"
77.68.86.212 - - [03/Nov/2022:01:46:24 +0800] "POST /logs//administrator/components/com_maianmedia/utilities/charts/php-ofc-library/ofc_upload_image.php?name=lobex21.php HTTP/1.1" 404 1052 "-" "libwww-perl/6.05"
77.68.86.212 - - [03/Nov/2022:01:46:24 +0800] "POST /logs//administrator/components/com_jnews/includes/openflashchart/php-ofc-library/ofc_upload_image.php?name=lobex21.php HTTP/1.1" 404 1052 "-" "libwww-perl/6.05"
77.68.86.212 - - [03/Nov/2022:01:46:25 +0800] "POST /logs//administrator/components/com_jnews/includes/openflashchart/php-ofc-library/ofc_upload_image.php?name=lobex21.php HTTP/1.1" 404 1052 "-" "libwww-perl/6.05"
77.68.86.212 - - [03/Nov/2022:01:46:25 +0800] "GET /logs//administrator/components/com_jinc/classes/graphics/tmp-upload-images/lobex21.php?rf HTTP/1.1" 404 1052 "-" "Mozilla/5.0"
77.68.86.212 - - [03/Nov/2022:01:46:25 +0800] "GET /logs//administrator/components/com_maianmedia/utilities/charts/tmp-upload-images/lobex21.php?rf HTTP/1.1" 404 1052 "-" "Mozilla/5.0"
77.68.86.212 - - [03/Nov/2022:01:46:25 +0800] "GET /logs//administrator/components/com_jnews/includes/openflashchart/tmp-upload-images/lobex21.php?rf HTTP/1.1" 404 1052 "-" "Mozilla/5.0"
77.68.86.212 - - [03/Nov/2022:01:46:25 +0800] "GET /logs//administrator/components/com_jnews/includes/openflashchart/tmp-upload-images/lobex21.php?rf HTTP/1.1" 404 1052 "-" "Mozilla/5.0"
77.68.86.212 - - [03/Nov/2022:01:46:28 +0800] "POST //administrator/components/com_jnewsletter/includes/openflashchart/php-ofc-library/ofc_upload_image.php?name=lobex21.php HTTP/1.1" 404 1052 "-" "libwww-perl/6.05"
77.68.86.212 - - [03/Nov/2022:01:46:29 +0800] "POST /logs//administrator/components/com_jnewsletter/includes/openflashchart/php-ofc-library/ofc_upload_image.php?name=lobex21.php HTTP/1.1" 404 1052 "-" "libwww-perl/6.05"
77.68.86.212 - - [03/Nov/2022:01:46:29 +0800] "GET /logs//administrator/components/com_jnewsletter/includes/openflashchart/tmp-upload-images/lobex21.php?rf HTTP/1.1" 404 1052 "-" "Mozilla/5.0"
77.68.86.212 - - [03/Nov/2022:01:46:33 +0800] "POST //administrator/components/com_jnewsletter/includes/openflashchart/php-ofc-library/ofc_upload_image.php?name=lobex21.php HTTP/1.1" 404 1052 "-" "libwww-perl/6.05"
77.68.86.212 - - [03/Nov/2022:01:46:33 +0800] "POST //administrator/components/com_civicrm/civicrm/packages/OpenFlashChart/php-ofc-library/ofc_upload_image.php?name=lobex21.php HTTP/1.1" 404 1052 "-" "libwww-perl/6.05"
77.68.86.212 - - [03/Nov/2022:01:46:33 +0800] "POST //administrator/components/com_acymailing/inc/openflash/php-ofc-library/ofc_upload_image.php?name=lobex21.php HTTP/1.1" 404 1052 "-" "libwww-perl/6.05"
77.68.86.212 - - [03/Nov/2022:01:46:33 +0800] "POST //administrator/components/com_jnewsletter/includes/openflashchart/php-ofc-library/ofc_upload_image.php?name=lobex21.php HTTP/1.1" 404 1052 "-" "libwww-perl/6.05"
77.68.86.212 - - [03/Nov/2022:01:46:33 +0800] "POST //administrator/components/com_jinc/classes/graphics/php-ofc-library/ofc_upload_image.php?name=lobex21.php HTTP/1.1" 404 1052 "-" "libwww-perl/6.05"
77.68.86.212 - - [03/Nov/2022:01:46:33 +0800] "POST //administrator/components/com_acymailing/inc/openflash/php-ofc-library/ofc_upload_image.php?name=lobex21.php HTTP/1.1" 404 1052 "-" "libwww-perl/6.05"
77.68.86.212 - - [03/Nov/2022:01:46:33 +0800] "POST //administrator/components/com_maianmedia/utilities/charts/php-ofc-library/ofc_upload_image.php?name=lobex21.php HTTP/1.1" 404 1052 "-" "libwww-perl/6.05"
77.68.86.212 - - [03/Nov/2022:01:46:34 +0800] "GET //administrator/components/com_civicrm/civicrm/packages/OpenFlashChart/tmp-upload-images/lobex21.php?rf HTTP/1.1" 404 1052 "-" "Mozilla/5.0"
77.68.86.212 - - [03/Nov/2022:01:46:34 +0800] "POST //administrator/components/com_jnews/includes/openflashchart/php-ofc-library/ofc_upload_image.php?name=lobex21.php HTTP/1.1" 404 1052 "-" "libwww-perl/6.05"
77.68.86.212 - - [03/Nov/2022:01:46:34 +0800] "GET //administrator/components/com_acymailing/inc/openflash/tmp-upload-images/lobex21.php?rf HTTP/1.1" 404 1052 "-" "Mozilla/5.0"
77.68.86.212 - - [03/Nov/2022:01:46:34 +0800] "POST //administrator/components/com_maianmedia/utilities/charts/php-ofc-library/ofc_upload_image.php?name=lobex21.php HTTP/1.1" 404 1052 "-" "libwww-perl/6.05"
77.68.86.212 - - [03/Nov/2022:01:46:34 +0800] "POST /logs//administrator/components/com_civicrm/civicrm/packages/OpenFlashChart/php-ofc-library/ofc_upload_image.php?name=lobex21.php HTTP/1.1" 404 1052 "-" "libwww-perl/6.05"
77.68.86.212 - - [03/Nov/2022:01:46:34 +0800] "POST /logs//administrator/components/com_civicrm/civicrm/packages/OpenFlashChart/php-ofc-library/ofc_upload_image.php?name=lobex21.php HTTP/1.1" 404 1052 "-" "libwww-perl/6.05"
77.68.86.212 - - [03/Nov/2022:01:46:34 +0800] "GET //administrator/components/com_civicrm/civicrm/packages/OpenFlashChart/tmp-upload-images/lobex21.php?rf HTTP/1.1" 404 1052 "-" "Mozilla/5.0"
77.68.86.212 - - [03/Nov/2022:01:46:34 +0800] "POST /logs//administrator/components/com_acymailing/inc/openflash/php-ofc-library/ofc_upload_image.php?name=lobex21.php HTTP/1.1" 404 1052 "-" "libwww-perl/6.05"
77.68.86.212 - - [03/Nov/2022:01:46:34 +0800] "POST //administrator/components/com_jnews/includes/openflashchart/php-ofc-library/ofc_upload_image.php?name=lobex21.php HTTP/1.1" 404 1052 "-" "libwww-perl/6.05"
77.68.86.212 - - [03/Nov/2022:01:46:34 +0800] "GET //administrator/components/com_maianmedia/utilities/charts/tmp-upload-images/lobex21.php?rf HTTP/1.1" 404 1052 "-" "Mozilla/5.0"
77.68.86.212 - - [03/Nov/2022:01:46:34 +0800] "POST /logs//administrator/components/com_jnewsletter/includes/openflashchart/php-ofc-library/ofc_upload_image.php?name=lobex21.php HTTP/1.1" 404 1052 "-" "libwww-perl/6.05"
77.68.86.212 - - [03/Nov/2022:01:46:34 +0800] "POST /logs//administrator/components/com_jinc/classes/graphics/php-ofc-library/ofc_upload_image.php?name=lobex21.php HTTP/1.1" 404 1052 "-" "libwww-perl/6.05"
77.68.86.212 - - [03/Nov/2022:01:46:34 +0800] "POST /logs//administrator/components/com_jnewsletter/includes/openflashchart/php-ofc-library/ofc_upload_image.php?name=lobex21.php HTTP/1.1" 404 1052 "-" "libwww-perl/6.05"
77.68.86.212 - - [03/Nov/2022:01:46:34 +0800] "POST /logs//administrator/components/com_acymailing/inc/openflash/php-ofc-library/ofc_upload_image.php?name=lobex21.php HTTP/1.1" 404 1052 "-" "libwww-perl/6.05"
77.68.86.212 - - [03/Nov/2022:01:46:34 +0800] "GET //administrator/components/com_jnews/includes/openflashchart/tmp-upload-images/lobex21.php?rf HTTP/1.1" 404 1052 "-" "Mozilla/5.0"
77.68.86.212 - - [03/Nov/2022:01:46:34 +0800] "GET /logs//administrator/components/com_civicrm/civicrm/packages/OpenFlashChart/tmp-upload-images/lobex21.php?rf HTTP/1.1" 404 1052 "-" "Mozilla/5.0"
77.68.86.212 - - [03/Nov/2022:01:46:34 +0800] "GET /logs//administrator/components/com_civicrm/civicrm/packages/OpenFlashChart/tmp-upload-images/lobex21.php?rf HTTP/1.1" 404 1052 "-" "Mozilla/5.0"
77.68.86.212 - - [03/Nov/2022:01:46:34 +0800] "GET //administrator/components/com_maianmedia/utilities/charts/tmp-upload-images/lobex21.php?rf HTTP/1.1" 404 1052 "-" "Mozilla/5.0"
77.68.86.212 - - [03/Nov/2022:01:46:34 +0800] "GET //administrator/components/com_jnews/includes/openflashchart/tmp-upload-images/lobex21.php?rf HTTP/1.1" 404 1052 "-" "Mozilla/5.0"
77.68.86.212 - - [03/Nov/2022:01:46:34 +0800] "POST /logs//administrator/components/com_maianmedia/utilities/charts/php-ofc-library/ofc_upload_image.php?name=lobex21.php HTTP/1.1" 404 1052 "-" "libwww-perl/6.05"
77.68.86.212 - - [03/Nov/2022:01:46:34 +0800] "GET /logs//administrator/components/com_acymailing/inc/openflash/tmp-upload-images/lobex21.php?rf HTTP/1.1" 404 1052 "-" "Mozilla/5.0"
77.68.86.212 - - [03/Nov/2022:01:46:34 +0800] "POST /logs//administrator/components/com_jnews/includes/openflashchart/php-ofc-library/ofc_upload_image.php?name=lobex21.php HTTP/1.1" 404 1052 "-" "libwww-perl/6.05"
77.68.86.212 - - [03/Nov/2022:01:46:34 +0800] "GET /logs//administrator/components/com_jnewsletter/includes/openflashchart/tmp-upload-images/lobex21.php?rf HTTP/1.1" 404 1052 "-" "Mozilla/5.0"
77.68.86.212 - - [03/Nov/2022:01:46:34 +0800] "GET /logs//administrator/components/com_acymailing/inc/openflash/tmp-upload-images/lobex21.php?rf HTTP/1.1" 404 1052 "-" "Mozilla/5.0"
77.68.86.212 - - [03/Nov/2022:01:46:34 +0800] "GET /logs//administrator/components/com_jnewsletter/includes/openflashchart/tmp-upload-images/lobex21.php?rf HTTP/1.1" 404 1052 "-" "Mozilla/5.0"
77.68.86.212 - - [03/Nov/2022:01:46:34 +0800] "GET /logs//administrator/components/com_jinc/classes/graphics/tmp-upload-images/lobex21.php?rf HTTP/1.1" 404 1052 "-" "Mozilla/5.0"
77.68.86.212 - - [03/Nov/2022:01:46:35 +0800] "GET /logs//administrator/components/com_jnews/includes/openflashchart/tmp-upload-images/lobex21.php?rf HTTP/1.1" 404 1052 "-" "Mozilla/5.0"
77.68.86.212 - - [03/Nov/2022:01:46:35 +0800] "GET /logs//administrator/components/com_maianmedia/utilities/charts/tmp-upload-images/lobex21.php?rf HTTP/1.1" 404 1052 "-" "Mozilla/5.0"
77.68.86.212 - - [03/Nov/2022:01:46:38 +0800] "GET //administrator/components/com_jnewsletter/includes/openflashchart/tmp-upload-images/lobex21.php?rf HTTP/1.1" 404 1052 "-" "Mozilla/5.0"
77.68.86.212 - - [03/Nov/2022:01:46:39 +0800] "POST //administrator/components/com_jinc/classes/graphics/php-ofc-library/ofc_upload_image.php?name=lobex21.php HTTP/1.1" 404 1052 "-" "libwww-perl/6.05"
77.68.86.212 - - [03/Nov/2022:01:46:39 +0800] "GET //administrator/components/com_jnewsletter/includes/openflashchart/tmp-upload-images/lobex21.php?rf HTTP/1.1" 404 1052 "-" "Mozilla/5.0"
77.68.86.212 - - [03/Nov/2022:01:46:39 +0800] "GET //administrator/components/com_jnewsletter/includes/openflashchart/tmp-upload-images/lobex21.php?rf HTTP/1.1" 404 1052 "-" "Mozilla/5.0"
77.68.86.212 - - [03/Nov/2022:01:46:39 +0800] "GET //administrator/components/com_acymailing/inc/openflash/tmp-upload-images/lobex21.php?rf HTTP/1.1" 404 1052 "-" "Mozilla/5.0"
77.68.86.212 - - [03/Nov/2022:01:46:39 +0800] "GET //administrator/components/com_jinc/classes/graphics/tmp-upload-images/lobex21.php?rf HTTP/1.1" 404 1052 "-" "Mozilla/5.0"
77.68.86.212 - - [03/Nov/2022:01:46:39 +0800] "POST /logs//administrator/components/com_jnews/includes/openflashchart/php-ofc-library/ofc_upload_image.php?name=lobex21.php HTTP/1.1" 404 1052 "-" "libwww-perl/6.05"
77.68.86.212 - - [03/Nov/2022:01:46:39 +0800] "POST /logs//administrator/components/com_civicrm/civicrm/packages/OpenFlashChart/php-ofc-library/ofc_upload_image.php?name=lobex21.php HTTP/1.1" 404 1052 "-" "libwww-perl/6.05"
77.68.86.212 - - [03/Nov/2022:01:46:39 +0800] "GET /logs//administrator/components/com_jnews/includes/openflashchart/tmp-upload-images/lobex21.php?rf HTTP/1.1" 404 1052 "-" "Mozilla/5.0"
77.68.86.212 - - [03/Nov/2022:01:46:40 +0800] "GET /logs//administrator/components/com_civicrm/civicrm/packages/OpenFlashChart/tmp-upload-images/lobex21.php?rf HTTP/1.1" 404 1052 "-" "Mozilla/5.0"
77.68.86.212 - - [03/Nov/2022:01:46:44 +0800] "POST //administrator/components/com_civicrm/civicrm/packages/OpenFlashChart/php-ofc-library/ofc_upload_image.php?name=lobex21.php HTTP/1.1" 404 1052 "-" "libwww-perl/6.05"
77.68.86.212 - - [03/Nov/2022:01:46:44 +0800] "GET //administrator/components/com_jinc/classes/graphics/tmp-upload-images/lobex21.php?rf HTTP/1.1" 404 1052 "-" "Mozilla/5.0"
77.68.86.212 - - [03/Nov/2022:01:46:44 +0800] "GET //administrator/components/com_civicrm/civicrm/packages/OpenFlashChart/tmp-upload-images/lobex21.php?rf HTTP/1.1" 404 1052 "-" "Mozilla/5.0"
77.68.86.212 - - [03/Nov/2022:01:46:49 +0800] "POST /logs//administrator/components/com_acymailing/inc/openflash/php-ofc-library/ofc_upload_image.php?name=lobex21.php HTTP/1.1" 404 1052 "-" "libwww-perl/6.05"
77.68.86.212 - - [03/Nov/2022:01:46:49 +0800] "POST /logs//administrator/components/com_jinc/classes/graphics/php-ofc-library/ofc_upload_image.php?name=lobex21.php HTTP/1.1" 404 1052 "-" "libwww-perl/6.05"
77.68.86.212 - - [03/Nov/2022:01:46:49 +0800] "POST /logs//administrator/components/com_maianmedia/utilities/charts/php-ofc-library/ofc_upload_image.php?name=lobex21.php HTTP/1.1" 404 1052 "-" "libwww-perl/6.05"
77.68.86.212 - - [03/Nov/2022:01:46:49 +0800] "GET /logs//administrator/components/com_acymailing/inc/openflash/tmp-upload-images/lobex21.php?rf HTTP/1.1" 404 1052 "-" "Mozilla/5.0"
77.68.86.212 - - [03/Nov/2022:01:46:49 +0800] "GET /logs//administrator/components/com_jinc/classes/graphics/tmp-upload-images/lobex21.php?rf HTTP/1.1" 404 1052 "-" "Mozilla/5.0"
77.68.86.212 - - [03/Nov/2022:01:46:49 +0800] "GET /logs//administrator/components/com_maianmedia/utilities/charts/tmp-upload-images/lobex21.php?rf HTTP/1.1" 404 1052 "-" "Mozilla/5.0"
116.179.32.171 - - [03/Nov/2022:01:59:14 +0800] "GET /logs/error.log HTTP/1.1" 200 16523 "-" "Mozilla/5.0 (compatible; Baiduspider/2.0; +http://www.baidu.com/search/spider.html)"
40.77.167.36 - - [03/Nov/2022:02:08:06 +0800] "GET /logs/ HTTP/1.1" 200 7586 "-" "Mozilla/5.0 (compatible; bingbot/2.0; +http://www.bing.com/bingbot.htm)"
40.77.167.36 - - [03/Nov/2022:02:37:49 +0800] "GET /logs/ HTTP/1.1" 200 7586 "-" "Mozilla/5.0 AppleWebKit/537.36 (KHTML, like Gecko; compatible; bingbot/2.0; +http://www.bing.com/bingbot.htm) Chrome/103.0.5060.134 Safari/537.36"
220.181.108.104 - - [03/Nov/2022:02:44:14 +0800] "GET /logs/access_20220829.log HTTP/1.1" 404 1048 "-" "Mozilla/5.0 (compatible; Baiduspider/2.0; +http://www.baidu.com/search/spider.html)"
40.77.167.36 - - [03/Nov/2022:03:07:22 +0800] "GET /logs/ HTTP/1.1" 200 7586 "-" "Mozilla/5.0 AppleWebKit/537.36 (KHTML, like Gecko; compatible; bingbot/2.0; +http://www.bing.com/bingbot.htm) Chrome/103.0.5060.134 Safari/537.36"
116.179.32.228 - - [03/Nov/2022:03:29:14 +0800] "GET /logs/access_20221001.log HTTP/1.1" 404 1048 "-" "Mozilla/5.0 (compatible; Baiduspider/2.0; +http://www.baidu.com/search/spider.html)"
91.222.236.139 - - [03/Nov/2022:03:34:05 +0800] "GET /logs/access_20210425.log HTTP/1.0" 404 1194 "http://ft.kidcastle.com.cn/" "Mozilla/5.0 (Windows NT 10.0) AppleWebKit/537.36 (KHTML, like Gecko) Chrome/103.0.0.0 Safari/537.36"
91.222.236.139 - - [03/Nov/2022:03:34:05 +0800] "GET / HTTP/1.1" 200 794 "http://ft.kidcastle.com.cn" "Mozilla/5.0 (Windows NT 10.0) AppleWebKit/537.36 (KHTML, like Gecko) Chrome/103.0.0.0 Safari/537.36"
91.222.236.139 - - [03/Nov/2022:03:34:08 +0800] "GET /?C=M;O=A HTTP/1.1" 200 794 "http://ft.kidcastle.com.cn" "Mozilla/5.0 (Windows NT 10.0) AppleWebKit/537.36 (KHTML, like Gecko) Chrome/103.0.0.0 Safari/537.36"
40.77.167.36 - - [03/Nov/2022:03:37:35 +0800] "GET /logs/ HTTP/1.1" 200 7586 "-" "Mozilla/5.0 AppleWebKit/537.36 (KHTML, like Gecko; compatible; bingbot/2.0; +http://www.bing.com/bingbot.htm) Chrome/103.0.5060.134 Safari/537.36"
40.77.167.36 - - [03/Nov/2022:04:07:28 +0800] "GET /logs/ HTTP/1.1" 200 7586 "-" "Mozilla/5.0 AppleWebKit/537.36 (KHTML, like Gecko; compatible; bingbot/2.0; +http://www.bing.com/bingbot.htm) Chrome/103.0.5060.134 Safari/537.36"
116.179.33.83 - - [03/Nov/2022:04:12:45 +0800] "GET / HTTP/1.1" 200 790 "-" "Mozilla/5.0 (Windows NT 10.0; WOW64) AppleWebKit/537.36 (KHTML, like Gecko) Chrome/48.0.2564.116 Safari/537.36"
116.179.33.204 - - [03/Nov/2022:04:12:45 +0800] "GET /icons/folder.gif HTTP/1.1" 200 225 "http://ft.kidcastle.cn/" "Mozilla/5.0 (Windows NT 10.0; Win64; x64) AppleWebKit/537.36 (KHTML, like Gecko) Chrome/99.0.4844.51 Safari/537.36"
120.235.133.20 - - [03/Nov/2022:04:12:48 +0800] "GET / HTTP/1.1" 200 790 "-" "Mozilla/5.0 (Windows NT 10.0; WOW64) AppleWebKit/537.36 (KHTML, like Gecko) Chrome/48.0.2564.116 Safari/537.36"
220.181.108.102 - - [03/Nov/2022:04:15:40 +0800] "GET / HTTP/1.1" 200 790 "-" "Mozilla/5.0 (compatible; Baiduspider/2.0; +http://www.baidu.com/search/spider.html)"
40.77.167.36 - - [03/Nov/2022:04:37:01 +0800] "GET /logs/ HTTP/1.1" 200 7586 "-" "Mozilla/5.0 (compatible; bingbot/2.0; +http://www.bing.com/bingbot.htm)"
40.77.167.36 - - [03/Nov/2022:05:07:14 +0800] "GET /logs/ HTTP/1.1" 200 7586 "-" "Mozilla/5.0 AppleWebKit/537.36 (KHTML, like Gecko; compatible; bingbot/2.0; +http://www.bing.com/bingbot.htm) Chrome/103.0.5060.134 Safari/537.36"
40.77.167.22 - - [03/Nov/2022:05:27:33 +0800] "GET /logs/access_20210627.log HTTP/1.1" 404 1052 "-" "Mozilla/5.0 (compatible; bingbot/2.0; +http://www.bing.com/bingbot.htm)"
40.77.167.36 - - [03/Nov/2022:05:37:07 +0800] "GET /logs/ HTTP/1.1" 200 7586 "-" "Mozilla/5.0 AppleWebKit/537.36 (KHTML, like Gecko; compatible; bingbot/2.0; +http://www.bing.com/bingbot.htm) Chrome/103.0.5060.134 Safari/537.36"
40.77.167.36 - - [03/Nov/2022:06:06:49 +0800] "GET /logs/ HTTP/1.1" 200 7586 "-" "Mozilla/5.0 (compatible; bingbot/2.0; +http://www.bing.com/bingbot.htm)"
40.77.167.36 - - [03/Nov/2022:06:37:02 +0800] "GET /logs/ HTTP/1.1" 200 7586 "-" "Mozilla/5.0 (compatible; bingbot/2.0; +http://www.bing.com/bingbot.htm)"
40.77.167.36 - - [03/Nov/2022:07:06:15 +0800] "GET /logs/ HTTP/1.1" 200 7586 "-" "Mozilla/5.0 (compatible; bingbot/2.0; +http://www.bing.com/bingbot.htm)"
40.77.167.36 - - [03/Nov/2022:07:37:28 +0800] "GET /logs/ HTTP/1.1" 200 7586 "-" "Mozilla/5.0 (compatible; bingbot/2.0; +http://www.bing.com/bingbot.htm)"
40.77.167.36 - - [03/Nov/2022:08:07:00 +0800] "GET /logs/ HTTP/1.1" 200 7586 "-" "Mozilla/5.0 (compatible; bingbot/2.0; +http://www.bing.com/bingbot.htm)"
113.190.70.5 - - [03/Nov/2022:08:21:56 +0800] "GET /logs/access_20210425.log HTTP/1.1" 404 1194 "http://ft.kidcastle.com.cn/" "Mozilla/5.0 (Windows NT 10.0; WOW64) AppleWebKit/537.36 (KHTML, like Gecko) Chrome/103.0.0.0 YaBrowser/22.7.0 Yowser/2.5 Safari/537.36"
40.77.167.36 - - [03/Nov/2022:08:36:24 +0800] "GET /logs/ HTTP/1.1" 200 7586 "-" "Mozilla/5.0 AppleWebKit/537.36 (KHTML, like Gecko; compatible; bingbot/2.0; +http://www.bing.com/bingbot.htm) Chrome/103.0.5060.134 Safari/537.36"
40.77.167.36 - - [03/Nov/2022:09:06:18 +0800] "GET /logs/ HTTP/1.1" 200 7586 "-" "Mozilla/5.0 AppleWebKit/537.36 (KHTML, like Gecko; compatible; bingbot/2.0; +http://www.bing.com/bingbot.htm) Chrome/103.0.5060.134 Safari/537.36"
116.179.32.143 - - [03/Nov/2022:09:13:10 +0800] "GET /logs/access_20220318.log HTTP/1.1" 404 1052 "-" "Mozilla/5.0 (compatible; Baiduspider/2.0; +http://www.baidu.com/search/spider.html)"
40.77.167.36 - - [03/Nov/2022:09:48:23 +0800] "GET /logs/ HTTP/1.1" 200 7586 "-" "Mozilla/5.0 (compatible; bingbot/2.0; +http://www.bing.com/bingbot.htm)"
40.77.167.36 - - [03/Nov/2022:10:05:53 +0800] "GET /logs/ HTTP/1.1" 200 7586 "-" "Mozilla/5.0 (compatible; bingbot/2.0; +http://www.bing.com/bingbot.htm)"
40.77.167.36 - - [03/Nov/2022:10:25:26 +0800] "GET / HTTP/1.1" 200 794 "-" "Mozilla/5.0 AppleWebKit/537.36 (KHTML, like Gecko; compatible; bingbot/2.0; +http://www.bing.com/bingbot.htm) Chrome/103.0.5060.134 Safari/537.36"
40.77.167.36 - - [03/Nov/2022:10:36:18 +0800] "GET /logs/ HTTP/1.1" 200 7586 "-" "Mozilla/5.0 (compatible; bingbot/2.0; +http://www.bing.com/bingbot.htm)"
40.77.167.36 - - [03/Nov/2022:11:06:29 +0800] "GET /logs/ HTTP/1.1" 200 7586 "-" "Mozilla/5.0 (compatible; bingbot/2.0; +http://www.bing.com/bingbot.htm)"
40.77.167.36 - - [03/Nov/2022:11:36:53 +0800] "GET /logs/ HTTP/1.1" 200 7586 "-" "Mozilla/5.0 AppleWebKit/537.36 (KHTML, like Gecko; compatible; bingbot/2.0; +http://www.bing.com/bingbot.htm) Chrome/103.0.5060.134 Safari/537.36"
40.77.167.36 - - [03/Nov/2022:12:05:55 +0800] "GET /logs/ HTTP/1.1" 200 7586 "-" "Mozilla/5.0 (compatible; bingbot/2.0; +http://www.bing.com/bingbot.htm)"
40.77.167.36 - - [03/Nov/2022:12:36:39 +0800] "GET /logs/ HTTP/1.1" 200 7586 "-" "Mozilla/5.0 (compatible; bingbot/2.0; +http://www.bing.com/bingbot.htm)"
40.77.167.36 - - [03/Nov/2022:13:05:42 +0800] "GET /logs/ HTTP/1.1" 200 7586 "-" "Mozilla/5.0 AppleWebKit/537.36 (KHTML, like Gecko; compatible; bingbot/2.0; +http://www.bing.com/bingbot.htm) Chrome/103.0.5060.134 Safari/537.36"
40.77.167.36 - - [03/Nov/2022:13:35:43 +0800] "GET /logs/ HTTP/1.1" 200 7586 "-" "Mozilla/5.0 AppleWebKit/537.36 (KHTML, like Gecko; compatible; bingbot/2.0; +http://www.bing.com/bingbot.htm) Chrome/103.0.5060.134 Safari/537.36"
139.0.235.39 - - [03/Nov/2022:13:37:46 +0800] "GET /logs/access_20210425.log HTTP/1.1" 404 1194 "http://ft.kidcastle.com.cn/" "Mozilla/5.0 (X11; Linux x86_64) AppleWebKit/537.36 (KHTML, like Gecko) Chrome/103.0.0.0 Safari/537.36 Vivaldi/5.3.2679.68"
139.0.235.39 - - [03/Nov/2022:13:38:23 +0800] "GET / HTTP/1.1" 200 794 "http://ft.kidcastle.com.cn" "Mozilla/5.0 (X11; Linux x86_64) AppleWebKit/537.36 (KHTML, like Gecko) Chrome/103.0.0.0 Safari/537.36 Vivaldi/5.3.2679.68"
139.0.235.39 - - [03/Nov/2022:13:38:28 +0800] "GET /?C=M;O=A HTTP/1.1" 200 794 "http://ft.kidcastle.com.cn" "Mozilla/5.0 (X11; Linux x86_64) AppleWebKit/537.36 (KHTML, like Gecko) Chrome/103.0.0.0 Safari/537.36 Vivaldi/5.3.2679.68"
116.179.32.110 - - [03/Nov/2022:13:43:10 +0800] "GET /logs/access_20220126.log HTTP/1.1" 404 1052 "-" "Mozilla/5.0 (compatible; Baiduspider/2.0; +http://www.baidu.com/search/spider.html)"
116.179.32.95 - - [03/Nov/2022:13:43:11 +0800] "GET /logs/access_20220217.log HTTP/1.1" 404 1052 "-" "Mozilla/5.0 (compatible; Baiduspider/2.0; +http://www.baidu.com/search/spider.html)"
116.179.32.12 - - [03/Nov/2022:13:43:11 +0800] "GET /logs/access_20200618.log HTTP/1.1" 404 1052 "-" "Mozilla/5.0 (compatible; Baiduspider/2.0; +http://www.baidu.com/search/spider.html)"
220.181.108.157 - - [03/Nov/2022:13:43:11 +0800] "GET /logs/access_20220117.log HTTP/1.1" 404 1052 "-" "Mozilla/5.0 (compatible; Baiduspider/2.0; +http://www.baidu.com/search/spider.html)"
116.179.32.39 - - [03/Nov/2022:13:43:11 +0800] "GET /logs/access_20211229.log HTTP/1.1" 404 1052 "-" "Mozilla/5.0 (compatible; Baiduspider/2.0; +http://www.baidu.com/search/spider.html)"
220.181.108.178 - - [03/Nov/2022:13:46:30 +0800] "GET /logs/access_20220209.log HTTP/1.1" 404 1052 "-" "Mozilla/5.0 (compatible; Baiduspider/2.0; +http://www.baidu.com/search/spider.html)"
40.77.167.36 - - [03/Nov/2022:14:05:36 +0800] "GET /logs/ HTTP/1.1" 200 7586 "-" "Mozilla/5.0 (compatible; bingbot/2.0; +http://www.bing.com/bingbot.htm)"
220.181.108.159 - - [03/Nov/2022:14:13:08 +0800] "GET /logs/access_20220616.log HTTP/1.1" 404 1052 "-" "Mozilla/5.0 (compatible; Baiduspider/2.0; +http://www.baidu.com/search/spider.html)"
220.181.108.84 - - [03/Nov/2022:14:16:57 +0800] "GET /logs/access_20211120.log HTTP/1.1" 404 1048 "-" "Mozilla/5.0 (compatible; Baiduspider/2.0; +http://www.baidu.com/search/spider.html)"
220.181.108.155 - - [03/Nov/2022:14:18:18 +0800] "GET /logs/error.log HTTP/1.1" 200 16523 "-" "Mozilla/5.0 (compatible; Baiduspider/2.0; +http://www.baidu.com/search/spider.html)"
220.181.108.166 - - [03/Nov/2022:14:32:44 +0800] "GET /logs/access_20220411.log HTTP/1.1" 404 1052 "-" "Mozilla/5.0 (compatible; Baiduspider/2.0; +http://www.baidu.com/search/spider.html)"
40.77.167.36 - - [03/Nov/2022:14:35:09 +0800] "GET /logs/ HTTP/1.1" 200 7586 "-" "Mozilla/5.0 (compatible; bingbot/2.0; +http://www.bing.com/bingbot.htm)"
116.179.32.227 - - [03/Nov/2022:15:01:57 +0800] "GET /logs/access_20220618.log HTTP/1.1" 404 1048 "-" "Mozilla/5.0 (compatible; Baiduspider/2.0; +http://www.baidu.com/search/spider.html)"
40.77.167.36 - - [03/Nov/2022:15:05:02 +0800] "GET /logs/ HTTP/1.1" 200 7586 "-" "Mozilla/5.0 (compatible; bingbot/2.0; +http://www.bing.com/bingbot.htm)"
161.156.29.33 - - [03/Nov/2022:15:19:03 +0800] "GET /robots.txt HTTP/1.1" 404 1052 "-" "Mozilla/5.0 (compatible; oBot/2.3.1; http://www.xforce-security.com/crawler/)"
161.156.29.33 - - [03/Nov/2022:15:19:03 +0800] "GET / HTTP/1.1" 200 794 "-" "Mozilla/5.0 (compatible; oBot/2.3.1; http://www.xforce-security.com/crawler/)"
207.46.13.131 - - [03/Nov/2022:15:29:12 +0800] "GET /sitemap.xml HTTP/1.1" 404 1052 "-" "Mozilla/5.0 AppleWebKit/537.36 (KHTML, like Gecko; compatible; bingbot/2.0; +http://www.bing.com/bingbot.htm) Chrome/103.0.5060.134 Safari/537.36"
40.77.167.30 - - [03/Nov/2022:15:29:21 +0800] "GET /sitemap.xml.gz HTTP/1.1" 404 1052 "-" "Mozilla/5.0 AppleWebKit/537.36 (KHTML, like Gecko; compatible; bingbot/2.0; +http://www.bing.com/bingbot.htm) Chrome/103.0.5060.134 Safari/537.36"
40.77.167.36 - - [03/Nov/2022:15:34:05 +0800] "GET /logs/ HTTP/1.1" 200 7586 "-" "Mozilla/5.0 AppleWebKit/537.36 (KHTML, like Gecko; compatible; bingbot/2.0; +http://www.bing.com/bingbot.htm) Chrome/103.0.5060.134 Safari/537.36"
116.179.32.25 - - [03/Nov/2022:15:46:57 +0800] "GET /logs/?C=N;O=D HTTP/1.1" 200 7582 "-" "Mozilla/5.0 (compatible; Baiduspider/2.0; +http://www.baidu.com/search/spider.html)"
116.179.32.49 - - [03/Nov/2022:15:46:57 +0800] "GET /logs/access_20220622.log HTTP/1.1" 404 1048 "-" "Mozilla/5.0 (compatible; Baiduspider/2.0; +http://www.baidu.com/search/spider.html)"
116.179.32.236 - - [03/Nov/2022:15:46:59 +0800] "GET /logs/access_20211103.log HTTP/1.1" 404 1048 "-" "Mozilla/5.0 (compatible; Baiduspider/2.0; +http://www.baidu.com/search/spider.html)"
116.179.37.10 - - [03/Nov/2022:15:46:59 +0800] "GET /icons/text.gif HTTP/1.1" 200 229 "http://ft.kidcastle.cn/logs/?C=N;O=D" "Mozilla/5.0 (compatible; Baiduspider-render/2.0; +http://www.baidu.com/search/spider.html)"
116.179.37.188 - - [03/Nov/2022:15:46:59 +0800] "GET /icons/back.gif HTTP/1.1" 200 216 "http://ft.kidcastle.cn/logs/?C=N;O=D" "Mozilla/5.0 (compatible; Baiduspider-render/2.0; +http://www.baidu.com/search/spider.html)"
116.179.32.16 - - [03/Nov/2022:15:50:17 +0800] "GET /logs/access_20221103.log HTTP/1.1" 200 40572 "-" "Mozilla/5.0 (compatible; Baiduspider/2.0; +http://www.baidu.com/search/spider.html)"
40.77.167.36 - - [03/Nov/2022:16:04:18 +0800] "GET /logs/ HTTP/1.1" 200 7586 "-" "Mozilla/5.0 (compatible; bingbot/2.0; +http://www.bing.com/bingbot.htm)"
183.217.173.204 - - [03/Nov/2022:16:06:11 +0800] "GET / HTTP/1.1" 200 790 "-" "Mozilla/5.0 (Windows NT 10.0; WOW64) AppleWebKit/537.36 (KHTML, like Gecko) Chrome/48.0.2564.116 Safari/537.36"
14.124.113.145 - - [03/Nov/2022:16:06:14 +0800] "GET / HTTP/1.1" 200 794 "-" "Mozilla/5.0 (Windows NT 10.0; WOW64) AppleWebKit/537.36 (KHTML, like Gecko) Chrome/48.0.2564.116 Safari/537.36"
14.124.113.145 - - [03/Nov/2022:16:06:16 +0800] "GET /icons/blank.gif HTTP/1.1" 200 148 "http://ft.kidcastle.com.cn/" "Mozilla/5.0 (Windows NT 10.0; Win64; x64) AppleWebKit/537.36 (KHTML, like Gecko) Chrome/99.0.4844.51 Safari/537.36"
116.179.32.242 - - [03/Nov/2022:16:21:28 +0800] "GET /logs/?C=N;O=D HTTP/1.1" 200 7586 "-" "Mozilla/5.0 (compatible; Baiduspider/2.0; +http://www.baidu.com/search/spider.html)"
116.179.37.93 - - [03/Nov/2022:16:21:29 +0800] "GET /icons/text.gif HTTP/1.1" 200 229 "http://ft.kidcastle.com.cn/logs/?C=N;O=D" "Mozilla/5.0 (compatible; Baiduspider-render/2.0; +http://www.baidu.com/search/spider.html)"
116.179.37.118 - - [03/Nov/2022:16:21:29 +0800] "GET /icons/back.gif HTTP/1.1" 200 216 "http://ft.kidcastle.com.cn/logs/?C=N;O=D" "Mozilla/5.0 (compatible; Baiduspider-render/2.0; +http://www.baidu.com/search/spider.html)"
40.77.167.36 - - [03/Nov/2022:16:33:50 +0800] "GET /logs/ HTTP/1.1" 200 7586 "-" "Mozilla/5.0 (compatible; bingbot/2.0; +http://www.bing.com/bingbot.htm)"
66.249.70.57 - - [03/Nov/2022:16:34:44 +0800] "GET /robots.txt HTTP/1.1" 404 1052 "-" "Mozilla/5.0 (compatible; Googlebot/2.1; +http://www.google.com/bot.html)"
66.249.70.57 - - [03/Nov/2022:16:34:44 +0800] "GET /favicon.ico HTTP/1.1" 404 1052 "-" "Googlebot-Image/1.0"
116.179.32.41 - - [03/Nov/2022:16:57:28 +0800] "GET /logs/access_20221103.log HTTP/1.1" 200 42589 "-" "Mozilla/5.0 (compatible; Baiduspider/2.0; +http://www.baidu.com/search/spider.html)"
40.77.167.36 - - [03/Nov/2022:17:03:13 +0800] "GET /logs/ HTTP/1.1" 200 7586 "-" "Mozilla/5.0 (compatible; bingbot/2.0; +http://www.bing.com/bingbot.htm)"
220.181.108.174 - - [03/Nov/2022:17:12:32 +0800] "GET /logs/access_20220617.log HTTP/1.1" 404 1048 "-" "Mozilla/5.0 (compatible; Baiduspider/2.0; +http://www.baidu.com/search/spider.html)"
40.77.167.36 - - [03/Nov/2022:17:32:36 +0800] "GET /logs/ HTTP/1.1" 200 7586 "-" "Mozilla/5.0 (compatible; bingbot/2.0; +http://www.bing.com/bingbot.htm)"
40.77.167.36 - - [03/Nov/2022:18:02:09 +0800] "GET /logs/ HTTP/1.1" 200 7586 "-" "Mozilla/5.0 AppleWebKit/537.36 (KHTML, like Gecko; compatible; bingbot/2.0; +http://www.bing.com/bingbot.htm) Chrome/103.0.5060.134 Safari/537.36"
116.179.32.95 - - [03/Nov/2022:18:20:39 +0800] "GET /logs/ HTTP/1.1" 200 7582 "-" "Mozilla/5.0 (compatible; Baiduspider/2.0; +http://www.baidu.com/search/spider.html)"
40.77.167.36 - - [03/Nov/2022:18:32:01 +0800] "GET /logs/ HTTP/1.1" 200 7586 "-" "Mozilla/5.0 AppleWebKit/537.36 (KHTML, like Gecko; compatible; bingbot/2.0; +http://www.bing.com/bingbot.htm) Chrome/103.0.5060.134 Safari/537.36"
40.77.167.36 - - [03/Nov/2022:19:00:54 +0800] "GET /logs/ HTTP/1.1" 200 7586 "-" "Mozilla/5.0 (compatible; bingbot/2.0; +http://www.bing.com/bingbot.htm)"
40.77.167.36 - - [03/Nov/2022:19:30:27 +0800] "GET /logs/ HTTP/1.1" 200 7586 "-" "Mozilla/5.0 AppleWebKit/537.36 (KHTML, like Gecko; compatible; bingbot/2.0; +http://www.bing.com/bingbot.htm) Chrome/103.0.5060.134 Safari/537.36"
165.231.95.72 - - [03/Nov/2022:19:39:33 +0800] "GET /logs/access_20211209.log HTTP/1.1" 404 1194 "http://ft.kidcastle.com.cn/" "Mozilla/5.0 (Windows NT 10.0) AppleWebKit/537.36 (KHTML, like Gecko) Chrome/103.0.0.0 Safari/537.36"
165.231.95.72 - - [03/Nov/2022:19:39:34 +0800] "GET / HTTP/1.1" 200 794 "http://ft.kidcastle.com.cn" "Mozilla/5.0 (Windows NT 10.0) AppleWebKit/537.36 (KHTML, like Gecko) Chrome/103.0.0.0 Safari/537.36"
40.77.167.36 - - [03/Nov/2022:20:00:50 +0800] "GET /logs/ HTTP/1.1" 200 7586 "-" "Mozilla/5.0 AppleWebKit/537.36 (KHTML, like Gecko; compatible; bingbot/2.0; +http://www.bing.com/bingbot.htm) Chrome/103.0.5060.134 Safari/537.36"
40.77.167.36 - - [03/Nov/2022:20:30:13 +0800] "GET /logs/ HTTP/1.1" 200 7586 "-" "Mozilla/5.0 (compatible; bingbot/2.0; +http://www.bing.com/bingbot.htm)"
40.77.167.36 - - [03/Nov/2022:21:00:26 +0800] "GET /logs/ HTTP/1.1" 200 7586 "-" "Mozilla/5.0 AppleWebKit/537.36 (KHTML, like Gecko; compatible; bingbot/2.0; +http://www.bing.com/bingbot.htm) Chrome/103.0.5060.134 Safari/537.36"
40.77.167.36 - - [03/Nov/2022:21:29:53 +0800] "GET /logs/ HTTP/1.1" 200 7586 "-" "Mozilla/5.0 AppleWebKit/537.36 (KHTML, like Gecko; compatible; bingbot/2.0; +http://www.bing.com/bingbot.htm) Chrome/103.0.5060.134 Safari/537.36"
116.179.32.153 - - [03/Nov/2022:21:49:23 +0800] "GET /logs/access_20220711.log HTTP/1.1" 404 1048 "-" "Mozilla/5.0 (compatible; Baiduspider/2.0; +http://www.baidu.com/search/spider.html)"
40.77.167.36 - - [03/Nov/2022:22:12:47 +0800] "GET /logs/ HTTP/1.1" 200 7586 "-" "Mozilla/5.0 AppleWebKit/537.36 (KHTML, like Gecko; compatible; bingbot/2.0; +http://www.bing.com/bingbot.htm) Chrome/103.0.5060.134 Safari/537.36"
40.77.167.36 - - [03/Nov/2022:22:30:08 +0800] "GET /logs/ HTTP/1.1" 200 7586 "-" "Mozilla/5.0 AppleWebKit/537.36 (KHTML, like Gecko; compatible; bingbot/2.0; +http://www.bing.com/bingbot.htm) Chrome/103.0.5060.134 Safari/537.36"
216.244.66.195 - - [03/Nov/2022:23:11:51 +0800] "GET /robots.txt HTTP/1.1" 404 1052 "-" "Mozilla/5.0 (compatible; DotBot/1.2; +https://opensiteexplorer.org/dotbot; help@moz.com)"
40.77.167.36 - - [03/Nov/2022:23:16:33 +0800] "GET /logs/ HTTP/1.1" 200 7586 "-" "Mozilla/5.0 AppleWebKit/537.36 (KHTML, like Gecko; compatible; bingbot/2.0; +http://www.bing.com/bingbot.htm) Chrome/103.0.5060.134 Safari/537.36"
150.158.135.103 - - [03/Nov/2022:23:21:48 +0800] "GET /xmlrpc.php HTTP/1.1" 404 1052 "-" "Mozilla/5.0 (Windows NT 6.1; WOW64; rv:45.0) Gecko/20100101 Firefox/45.0"
216.244.66.195 - - [03/Nov/2022:23:34:07 +0800] "GET /logs/access_20221006.log HTTP/1.1" 200 45086 "-" "Mozilla/5.0 (compatible; DotBot/1.2; +https://opensiteexplorer.org/dotbot; help@moz.com)"
40.77.167.36 - - [03/Nov/2022:23:48:06 +0800] "GET / HTTP/1.1" 200 794 "-" "Mozilla/5.0 AppleWebKit/537.36 (KHTML, like Gecko; compatible; bingbot/2.0; +http://www.bing.com/bingbot.htm) Chrome/103.0.5060.134 Safari/537.36"
40.77.167.36 - - [03/Nov/2022:23:53:27 +0800] "GET /logs/ HTTP/1.1" 200 7586 "-" "Mozilla/5.0 AppleWebKit/537.36 (KHTML, like Gecko; compatible; bingbot/2.0; +http://www.bing.com/bingbot.htm) Chrome/103.0.5060.134 Safari/537.36"
94.249.224.241 - - [03/Nov/2022:23:56:57 +0800] "GET /logs/access_20211209.log HTTP/1.1" 404 1194 "http://ft.kidcastle.com.cn/" "Mozilla/5.0 (Macintosh; Intel Mac OS X 12_5) AppleWebKit/537.36 (KHTML, like Gecko) Chrome/103.0.0.0 Safari/537.36 OPR/89.0.4447.51"
94.249.224.241 - - [03/Nov/2022:23:56:58 +0800] "GET / HTTP/1.1" 200 794 "http://ft.kidcastle.com.cn" "Mozilla/5.0 (Macintosh; Intel Mac OS X 12_5) AppleWebKit/537.36 (KHTML, like Gecko) Chrome/103.0.0.0 Safari/537.36 OPR/89.0.4447.51"