40.77.167.36 - - [31/Oct/2022:00:12:21 +0800] "GET /logs/ HTTP/1.1" 200 6706 "-" "Mozilla/5.0 (compatible; bingbot/2.0; +http://www.bing.com/bingbot.htm)"
40.77.167.36 - - [31/Oct/2022:00:25:42 +0800] "GET /logs/ HTTP/1.1" 200 6926 "-" "Mozilla/5.0 (compatible; bingbot/2.0; +http://www.bing.com/bingbot.htm)"
116.179.32.103 - - [31/Oct/2022:00:38:16 +0800] "GET /logs/access_20211031.log HTTP/1.1" 404 1048 "-" "Mozilla/5.0 (compatible; Baiduspider/2.0; +http://www.baidu.com/search/spider.html)"
40.77.167.36 - - [31/Oct/2022:00:38:53 +0800] "GET /logs/ HTTP/1.1" 200 6926 "-" "Mozilla/5.0 (compatible; bingbot/2.0; +http://www.bing.com/bingbot.htm)"
40.77.167.36 - - [31/Oct/2022:00:52:35 +0800] "GET /logs/ HTTP/1.1" 200 6926 "-" "Mozilla/5.0 AppleWebKit/537.36 (KHTML, like Gecko; compatible; bingbot/2.0; +http://www.bing.com/bingbot.htm) Chrome/103.0.5060.134 Safari/537.36"
207.236.12.214 - - [31/Oct/2022:01:03:22 +0800] "GET /logs/access_20210425.log HTTP/1.1" 404 1194 "http://ft.kidcastle.com.cn/" "Mozilla/5.0 (Macintosh; Intel Mac OS X 12_5) AppleWebKit/605.1.15 (KHTML, like Gecko) Version/15.4 Safari/605.1.15"
207.236.12.214 - - [31/Oct/2022:01:03:32 +0800] "GET / HTTP/1.1" 200 794 "http://ft.kidcastle.com.cn" "Mozilla/5.0 (Macintosh; Intel Mac OS X 12_5) AppleWebKit/605.1.15 (KHTML, like Gecko) Version/15.4 Safari/605.1.15"
207.236.12.214 - - [31/Oct/2022:01:03:38 +0800] "GET /?C=M;O=A HTTP/1.1" 200 794 "http://ft.kidcastle.com.cn" "Mozilla/5.0 (Macintosh; Intel Mac OS X 12_5) AppleWebKit/605.1.15 (KHTML, like Gecko) Version/15.4 Safari/605.1.15"
220.181.108.83 - - [31/Oct/2022:01:05:39 +0800] "GET /logs/?C=S;O=A HTTP/1.1" 200 6926 "-" "Mozilla/5.0 (compatible; Baiduspider/2.0; +http://www.baidu.com/search/spider.html)"
40.77.167.36 - - [31/Oct/2022:01:06:05 +0800] "GET /logs/ HTTP/1.1" 200 6926 "-" "Mozilla/5.0 AppleWebKit/537.36 (KHTML, like Gecko; compatible; bingbot/2.0; +http://www.bing.com/bingbot.htm) Chrome/103.0.5060.134 Safari/537.36"
40.77.167.36 - - [31/Oct/2022:01:19:47 +0800] "GET /logs/ HTTP/1.1" 200 6926 "-" "Mozilla/5.0 (compatible; bingbot/2.0; +http://www.bing.com/bingbot.htm)"
40.77.167.36 - - [31/Oct/2022:01:33:29 +0800] "GET /logs/ HTTP/1.1" 200 6926 "-" "Mozilla/5.0 AppleWebKit/537.36 (KHTML, like Gecko; compatible; bingbot/2.0; +http://www.bing.com/bingbot.htm) Chrome/103.0.5060.134 Safari/537.36"
116.179.32.142 - - [31/Oct/2022:01:38:16 +0800] "GET /logs/ HTTP/1.1" 200 6922 "-" "Mozilla/5.0 (compatible; Baiduspider/2.0; +http://www.baidu.com/search/spider.html)"
40.77.167.36 - - [31/Oct/2022:01:47:19 +0800] "GET /logs/ HTTP/1.1" 200 6926 "-" "Mozilla/5.0 AppleWebKit/537.36 (KHTML, like Gecko; compatible; bingbot/2.0; +http://www.bing.com/bingbot.htm) Chrome/103.0.5060.134 Safari/537.36"
40.77.167.36 - - [31/Oct/2022:02:00:31 +0800] "GET /logs/ HTTP/1.1" 200 6926 "-" "Mozilla/5.0 AppleWebKit/537.36 (KHTML, like Gecko; compatible; bingbot/2.0; +http://www.bing.com/bingbot.htm) Chrome/103.0.5060.134 Safari/537.36"
116.179.32.227 - - [31/Oct/2022:02:05:39 +0800] "GET /logs/access_20200920.log HTTP/1.1" 404 1052 "-" "Mozilla/5.0 (compatible; Baiduspider/2.0; +http://www.baidu.com/search/spider.html)"
40.77.167.36 - - [31/Oct/2022:02:14:12 +0800] "GET /logs/ HTTP/1.1" 200 6926 "-" "Mozilla/5.0 AppleWebKit/537.36 (KHTML, like Gecko; compatible; bingbot/2.0; +http://www.bing.com/bingbot.htm) Chrome/103.0.5060.134 Safari/537.36"
40.77.167.36 - - [31/Oct/2022:02:28:13 +0800] "GET /logs/ HTTP/1.1" 200 6926 "-" "Mozilla/5.0 AppleWebKit/537.36 (KHTML, like Gecko; compatible; bingbot/2.0; +http://www.bing.com/bingbot.htm) Chrome/103.0.5060.134 Safari/537.36"
220.181.108.158 - - [31/Oct/2022:02:38:16 +0800] "GET /logs/access_20220505.log HTTP/1.1" 404 1048 "-" "Mozilla/5.0 (compatible; Baiduspider/2.0; +http://www.baidu.com/search/spider.html)"
40.77.167.36 - - [31/Oct/2022:02:41:05 +0800] "GET /logs/ HTTP/1.1" 200 6926 "-" "Mozilla/5.0 (compatible; bingbot/2.0; +http://www.bing.com/bingbot.htm)"
119.7.135.19 - - [31/Oct/2022:02:43:29 +0800] "GET / HTTP/1.0" 200 794 "http://ft.kidcastle.com.cn" "Mozilla/5.0 (Windows NT 10.0; Win64; x64) AppleWebKit/537.36 (KHTML, like Gecko) Chrome/103.0.0.0 Safari/537.36 Vivaldi/5.3.2679.68"
119.7.135.19 - - [31/Oct/2022:02:43:42 +0800] "GET /?C=M;O=A HTTP/1.0" 200 794 "http://ft.kidcastle.com.cn" "Mozilla/5.0 (Windows NT 10.0; Win64; x64) AppleWebKit/537.36 (KHTML, like Gecko) Chrome/103.0.0.0 Safari/537.36 Vivaldi/5.3.2679.68"
40.77.167.36 - - [31/Oct/2022:02:54:35 +0800] "GET /logs/ HTTP/1.1" 200 6926 "-" "Mozilla/5.0 AppleWebKit/537.36 (KHTML, like Gecko; compatible; bingbot/2.0; +http://www.bing.com/bingbot.htm) Chrome/103.0.5060.134 Safari/537.36"
220.181.108.90 - - [31/Oct/2022:03:05:39 +0800] "GET /logs/access_20201002.log HTTP/1.1" 404 1052 "-" "Mozilla/5.0 (compatible; Baiduspider/2.0; +http://www.baidu.com/search/spider.html)"
40.77.167.36 - - [31/Oct/2022:03:09:07 +0800] "GET /logs/ HTTP/1.1" 200 6926 "-" "Mozilla/5.0 AppleWebKit/537.36 (KHTML, like Gecko; compatible; bingbot/2.0; +http://www.bing.com/bingbot.htm) Chrome/103.0.5060.134 Safari/537.36"
165.227.185.213 - - [31/Oct/2022:03:19:11 +0800] "GET /wp-content/themes/seotheme/db.php?u HTTP/1.1" 404 1052 "-" "Mozilla/5.0 (Windows NT 6.0; WOW64) AppleWebKit/537.36 (KHTML, like Gecko) Chrome/41.0.2224.3 Safari/537.36"
40.77.167.36 - - [31/Oct/2022:03:22:08 +0800] "GET /logs/ HTTP/1.1" 200 6926 "-" "Mozilla/5.0 AppleWebKit/537.36 (KHTML, like Gecko; compatible; bingbot/2.0; +http://www.bing.com/bingbot.htm) Chrome/103.0.5060.134 Safari/537.36"
40.77.167.36 - - [31/Oct/2022:03:35:20 +0800] "GET /logs/ HTTP/1.1" 200 6926 "-" "Mozilla/5.0 (compatible; bingbot/2.0; +http://www.bing.com/bingbot.htm)"
116.179.32.92 - - [31/Oct/2022:03:38:16 +0800] "GET /logs/access_20221031.log HTTP/1.1" 200 5738 "-" "Mozilla/5.0 (compatible; Baiduspider/2.0; +http://www.baidu.com/search/spider.html)"
116.179.32.158 - - [31/Oct/2022:03:38:16 +0800] "GET /logs/access_20210827.log HTTP/1.1" 404 1048 "-" "Mozilla/5.0 (compatible; Baiduspider/2.0; +http://www.baidu.com/search/spider.html)"
40.77.167.36 - - [31/Oct/2022:03:49:01 +0800] "GET /logs/ HTTP/1.1" 200 6926 "-" "Mozilla/5.0 (compatible; bingbot/2.0; +http://www.bing.com/bingbot.htm)"
40.77.167.36 - - [31/Oct/2022:04:02:32 +0800] "GET /logs/ HTTP/1.1" 200 6926 "-" "Mozilla/5.0 AppleWebKit/537.36 (KHTML, like Gecko; compatible; bingbot/2.0; +http://www.bing.com/bingbot.htm) Chrome/103.0.5060.134 Safari/537.36"
220.181.108.168 - - [31/Oct/2022:04:05:39 +0800] "GET /logs/access_20201228.log HTTP/1.1" 404 1052 "-" "Mozilla/5.0 (compatible; Baiduspider/2.0; +http://www.baidu.com/search/spider.html)"
40.77.167.36 - - [31/Oct/2022:04:16:23 +0800] "GET /logs/ HTTP/1.1" 200 6926 "-" "Mozilla/5.0 (compatible; bingbot/2.0; +http://www.bing.com/bingbot.htm)"
40.77.167.36 - - [31/Oct/2022:04:29:35 +0800] "GET /logs/ HTTP/1.1" 200 6926 "-" "Mozilla/5.0 (compatible; bingbot/2.0; +http://www.bing.com/bingbot.htm)"
220.181.51.92 - - [31/Oct/2022:04:30:22 +0800] "GET / HTTP/1.1" 200 790 "-" "Mozilla/5.0 (Windows NT 10.0; WOW64) AppleWebKit/537.36 (KHTML, like Gecko) Chrome/48.0.2564.116 Safari/537.36"
116.179.32.20 - - [31/Oct/2022:04:32:38 +0800] "GET / HTTP/1.1" 200 790 "-" "Mozilla/5.0 (compatible; Baiduspider/2.0; +http://www.baidu.com/search/spider.html)"
185.104.218.111 - - [31/Oct/2022:04:32:59 +0800] "GET /logs/access_20210425.log HTTP/1.1" 404 1194 "http://ft.kidcastle.com.cn/" "Mozilla/5.0 (X11; Linux i686) AppleWebKit/537.36 (KHTML, like Gecko) Chrome/103.0.0.0 Safari/537.36 Vivaldi/5.3.2679.68"
185.104.218.111 - - [31/Oct/2022:04:33:00 +0800] "GET / HTTP/1.1" 200 794 "http://ft.kidcastle.com.cn" "Mozilla/5.0 (X11; Linux i686) AppleWebKit/537.36 (KHTML, like Gecko) Chrome/103.0.0.0 Safari/537.36 Vivaldi/5.3.2679.68"
185.104.218.111 - - [31/Oct/2022:04:33:01 +0800] "GET /?C=M;O=A HTTP/1.1" 200 794 "http://ft.kidcastle.com.cn" "Mozilla/5.0 (X11; Linux i686) AppleWebKit/537.36 (KHTML, like Gecko) Chrome/103.0.0.0 Safari/537.36 Vivaldi/5.3.2679.68"
220.181.108.114 - - [31/Oct/2022:04:35:39 +0800] "GET /logs/access_20210206.log HTTP/1.1" 404 1052 "-" "Mozilla/5.0 (compatible; Baiduspider/2.0; +http://www.baidu.com/search/spider.html)"
138.201.249.41 - - [31/Oct/2022:04:37:59 +0800] "GET /logs/access_20210425.log HTTP/1.1" 404 1194 "http://ft.kidcastle.com.cn/" "Mozilla/5.0 (X11; Linux x86_64) AppleWebKit/537.36 (KHTML, like Gecko) Chrome/103.0.0.0 Safari/537.36 Vivaldi/5.3.2679.68"
138.201.249.41 - - [31/Oct/2022:04:38:00 +0800] "GET / HTTP/1.1" 200 794 "http://ft.kidcastle.com.cn" "Mozilla/5.0 (X11; Linux x86_64) AppleWebKit/537.36 (KHTML, like Gecko) Chrome/103.0.0.0 Safari/537.36 Vivaldi/5.3.2679.68"
138.201.249.41 - - [31/Oct/2022:04:38:01 +0800] "GET /?C=M;O=A HTTP/1.1" 200 794 "http://ft.kidcastle.com.cn" "Mozilla/5.0 (X11; Linux x86_64) AppleWebKit/537.36 (KHTML, like Gecko) Chrome/103.0.0.0 Safari/537.36 Vivaldi/5.3.2679.68"
40.77.167.36 - - [31/Oct/2022:04:42:37 +0800] "GET /logs/ HTTP/1.1" 200 6926 "-" "Mozilla/5.0 (compatible; bingbot/2.0; +http://www.bing.com/bingbot.htm)"
40.77.167.36 - - [31/Oct/2022:04:56:08 +0800] "GET /logs/ HTTP/1.1" 200 6926 "-" "Mozilla/5.0 AppleWebKit/537.36 (KHTML, like Gecko; compatible; bingbot/2.0; +http://www.bing.com/bingbot.htm) Chrome/103.0.5060.134 Safari/537.36"
27.42.75.9 - - [31/Oct/2022:05:02:45 +0800] "GET / HTTP/1.1" 200 794 "-" "Mozilla/4.0 (compatible; MSIE 7.0; Windows NT 5.1; TencentTraveler ; EmbeddedWB 14.52 from: http://www.bsalsa.com/ EmbeddedWB 14.52; .NET CLR 2.0.50727; InfoPath.2; .NET CLR 3.0.04506.30; .NET CLR 3.0.04506.590; .NET CLR 3.0.04506.648; .NET CLR 3.5.21022)"
27.42.75.9 - - [31/Oct/2022:05:02:45 +0800] "GET / HTTP/1.1" 200 794 "-" "Mozilla/5.0 (Windows NT 6.1; WOW64) AppleWebKit/537.36 (KHTML, like Gecko) Chrome/50.0.2661.102 Safari/537.36"
27.42.75.9 - - [31/Oct/2022:05:02:45 +0800] "GET / HTTP/1.1" 200 794 "-" "Mozilla/5.0 (Windows NT 6.1; WOW64) AppleWebKit/537.36 (KHTML, like Gecko) Chrome/50.0.2661.102 Safari/537.36"
220.181.108.144 - - [31/Oct/2022:05:05:40 +0800] "GET /logs/access_20220123.log HTTP/1.1" 404 1052 "-" "Mozilla/5.0 (compatible; Baiduspider/2.0; +http://www.baidu.com/search/spider.html)"
40.77.167.36 - - [31/Oct/2022:05:09:09 +0800] "GET /logs/ HTTP/1.1" 200 6926 "-" "Mozilla/5.0 AppleWebKit/537.36 (KHTML, like Gecko; compatible; bingbot/2.0; +http://www.bing.com/bingbot.htm) Chrome/103.0.5060.134 Safari/537.36"
40.77.167.36 - - [31/Oct/2022:05:22:30 +0800] "GET /logs/ HTTP/1.1" 200 6926 "-" "Mozilla/5.0 (compatible; bingbot/2.0; +http://www.bing.com/bingbot.htm)"
220.181.108.111 - - [31/Oct/2022:05:35:39 +0800] "GET /logs/access_20211209.log HTTP/1.1" 404 1052 "-" "Mozilla/5.0 (compatible; Baiduspider/2.0; +http://www.baidu.com/search/spider.html)"
40.77.167.36 - - [31/Oct/2022:05:36:01 +0800] "GET /logs/ HTTP/1.1" 200 6926 "-" "Mozilla/5.0 (compatible; bingbot/2.0; +http://www.bing.com/bingbot.htm)"
40.77.167.36 - - [31/Oct/2022:05:49:32 +0800] "GET /logs/ HTTP/1.1" 200 6926 "-" "Mozilla/5.0 AppleWebKit/537.36 (KHTML, like Gecko; compatible; bingbot/2.0; +http://www.bing.com/bingbot.htm) Chrome/103.0.5060.134 Safari/537.36"
220.181.108.111 - - [31/Oct/2022:06:03:10 +0800] "GET /logs/access_20220828.log HTTP/1.1" 404 1048 "-" "Mozilla/5.0 (compatible; Baiduspider/2.0; +http://www.baidu.com/search/spider.html)"
40.77.167.36 - - [31/Oct/2022:06:03:14 +0800] "GET /logs/ HTTP/1.1" 200 6926 "-" "Mozilla/5.0 AppleWebKit/537.36 (KHTML, like Gecko; compatible; bingbot/2.0; +http://www.bing.com/bingbot.htm) Chrome/103.0.5060.134 Safari/537.36"
220.181.108.157 - - [31/Oct/2022:06:05:39 +0800] "GET /logs/access_20220211.log HTTP/1.1" 404 1052 "-" "Mozilla/5.0 (compatible; Baiduspider/2.0; +http://www.baidu.com/search/spider.html)"
185.28.183.7 - - [31/Oct/2022:06:09:56 +0800] "GET /logs/access_20211209.log HTTP/1.1" 404 1194 "http://ft.kidcastle.com.cn/" "Mozilla/5.0 (Windows NT 10.0; WOW64; x64) AppleWebKit/537.36 (KHTML, like Gecko) Chrome/103.0.0.0 Safari/537.36 OPR/89.0.4447.51"
185.28.183.7 - - [31/Oct/2022:06:09:57 +0800] "GET / HTTP/1.1" 200 794 "http://ft.kidcastle.com.cn" "Mozilla/5.0 (Windows NT 10.0; WOW64; x64) AppleWebKit/537.36 (KHTML, like Gecko) Chrome/103.0.0.0 Safari/537.36 OPR/89.0.4447.51"
40.77.167.36 - - [31/Oct/2022:06:14:55 +0800] "GET /logs/ HTTP/1.1" 200 6926 "-" "Mozilla/5.0 (compatible; bingbot/2.0; +http://www.bing.com/bingbot.htm)"
40.77.167.36 - - [31/Oct/2022:06:29:36 +0800] "GET /logs/ HTTP/1.1" 200 6926 "-" "Mozilla/5.0 (compatible; bingbot/2.0; +http://www.bing.com/bingbot.htm)"
116.179.32.231 - - [31/Oct/2022:06:35:39 +0800] "GET /logs/access_20220130.log HTTP/1.1" 404 1052 "-" "Mozilla/5.0 (compatible; Baiduspider/2.0; +http://www.baidu.com/search/spider.html)"
220.181.108.81 - - [31/Oct/2022:06:36:30 +0800] "GET /logs/ HTTP/1.1" 200 6922 "-" "Mozilla/5.0 (compatible; Baiduspider/2.0; +http://www.baidu.com/search/spider.html)"
40.77.167.36 - - [31/Oct/2022:06:42:48 +0800] "GET /logs/ HTTP/1.1" 200 6926 "-" "Mozilla/5.0 (compatible; bingbot/2.0; +http://www.bing.com/bingbot.htm)"
45.87.240.29 - - [31/Oct/2022:06:43:23 +0800] "GET /logs/access_20211209.log HTTP/1.1" 404 1194 "http://ft.kidcastle.com.cn/" "Mozilla/5.0 (Macintosh; Intel Mac OS X 12_5) AppleWebKit/537.36 (KHTML, like Gecko) Chrome/103.0.0.0 Safari/537.36"
45.87.240.29 - - [31/Oct/2022:06:43:24 +0800] "GET / HTTP/1.1" 200 794 "http://ft.kidcastle.com.cn" "Mozilla/5.0 (Macintosh; Intel Mac OS X 12_5) AppleWebKit/537.36 (KHTML, like Gecko) Chrome/103.0.0.0 Safari/537.36"
45.87.240.29 - - [31/Oct/2022:06:43:24 +0800] "GET /?C=M;O=A HTTP/1.1" 200 794 "http://ft.kidcastle.com.cn" "Mozilla/5.0 (Macintosh; Intel Mac OS X 12_5) AppleWebKit/537.36 (KHTML, like Gecko) Chrome/103.0.0.0 Safari/537.36"
40.77.167.36 - - [31/Oct/2022:06:55:09 +0800] "GET /logs/ HTTP/1.1" 200 6926 "-" "Mozilla/5.0 (compatible; bingbot/2.0; +http://www.bing.com/bingbot.htm)"
220.181.108.93 - - [31/Oct/2022:07:05:39 +0800] "GET /logs/access_20220208.log HTTP/1.1" 404 1052 "-" "Mozilla/5.0 (compatible; Baiduspider/2.0; +http://www.baidu.com/search/spider.html)"
40.77.167.36 - - [31/Oct/2022:07:08:50 +0800] "GET /logs/ HTTP/1.1" 200 6926 "-" "Mozilla/5.0 (compatible; bingbot/2.0; +http://www.bing.com/bingbot.htm)"
192.198.124.187 - - [31/Oct/2022:07:20:19 +0800] "GET /logs/access_20211209.log HTTP/1.1" 404 1194 "http://ft.kidcastle.com.cn/" "Mozilla/5.0 (Windows NT 10.0; Win64; x64; rv:102.0) Gecko/20100101 Firefox/102.0"
192.198.124.187 - - [31/Oct/2022:07:20:19 +0800] "GET / HTTP/1.1" 200 794 "http://ft.kidcastle.com.cn" "Mozilla/5.0 (Windows NT 10.0; Win64; x64; rv:102.0) Gecko/20100101 Firefox/102.0"
192.198.124.187 - - [31/Oct/2022:07:20:23 +0800] "GET /?C=M;O=A HTTP/1.1" 200 794 "http://ft.kidcastle.com.cn" "Mozilla/5.0 (Windows NT 10.0; Win64; x64; rv:102.0) Gecko/20100101 Firefox/102.0"
40.77.167.36 - - [31/Oct/2022:07:22:41 +0800] "GET /logs/ HTTP/1.1" 200 6926 "-" "Mozilla/5.0 (compatible; bingbot/2.0; +http://www.bing.com/bingbot.htm)"
40.77.167.36 - - [31/Oct/2022:07:36:32 +0800] "GET /logs/ HTTP/1.1" 200 6926 "-" "Mozilla/5.0 (compatible; bingbot/2.0; +http://www.bing.com/bingbot.htm)"
40.77.167.36 - - [31/Oct/2022:07:49:34 +0800] "GET /logs/ HTTP/1.1" 200 6926 "-" "Mozilla/5.0 (compatible; bingbot/2.0; +http://www.bing.com/bingbot.htm)"
40.77.167.36 - - [31/Oct/2022:08:16:46 +0800] "GET /logs/ HTTP/1.1" 200 6926 "-" "Mozilla/5.0 AppleWebKit/537.36 (KHTML, like Gecko; compatible; bingbot/2.0; +http://www.bing.com/bingbot.htm) Chrome/103.0.5060.134 Safari/537.36"
85.214.105.197 - - [31/Oct/2022:08:29:58 +0800] "GET /logs/access_20210425.log HTTP/1.1" 404 1194 "http://ft.kidcastle.com.cn/" "Mozilla/5.0 (X11; Ubuntu; Linux i686; rv:102.0) Gecko/20100101 Firefox/102.0"
85.214.105.197 - - [31/Oct/2022:08:29:59 +0800] "GET / HTTP/1.1" 200 794 "http://ft.kidcastle.com.cn" "Mozilla/5.0 (X11; Ubuntu; Linux i686; rv:102.0) Gecko/20100101 Firefox/102.0"
40.77.167.36 - - [31/Oct/2022:08:30:08 +0800] "GET /logs/ HTTP/1.1" 200 6926 "-" "Mozilla/5.0 (compatible; bingbot/2.0; +http://www.bing.com/bingbot.htm)"
40.77.167.36 - - [31/Oct/2022:08:42:29 +0800] "GET /logs/ HTTP/1.1" 200 6926 "-" "Mozilla/5.0 (compatible; bingbot/2.0; +http://www.bing.com/bingbot.htm)"
223.62.175.108 - - [31/Oct/2022:08:44:28 +0800] "GET /logs/error.log HTTP/1.1" 200 15187 "https://www.google.com/" "Mozilla/5.0 (Windows NT 10.0; Win64; x64) AppleWebKit/537.36 (KHTML, like Gecko) Chrome/107.0.0.0 Safari/537.36"
223.62.175.108 - - [31/Oct/2022:08:44:29 +0800] "GET /favicon.ico HTTP/1.1" 404 1313 "http://ft.kidcastle.com.cn/logs/error.log" "Mozilla/5.0 (Windows NT 10.0; Win64; x64) AppleWebKit/537.36 (KHTML, like Gecko) Chrome/107.0.0.0 Safari/537.36"
220.181.108.103 - - [31/Oct/2022:08:54:33 +0800] "GET /logs/access_20211106.log HTTP/1.1" 404 1048 "-" "Mozilla/5.0 (compatible; Baiduspider/2.0; +http://www.baidu.com/search/spider.html)"
40.77.167.36 - - [31/Oct/2022:08:55:10 +0800] "GET /logs/ HTTP/1.1" 200 6926 "-" "Mozilla/5.0 (compatible; bingbot/2.0; +http://www.bing.com/bingbot.htm)"
40.77.167.36 - - [31/Oct/2022:09:08:50 +0800] "GET /logs/ HTTP/1.1" 200 6926 "-" "Mozilla/5.0 AppleWebKit/537.36 (KHTML, like Gecko; compatible; bingbot/2.0; +http://www.bing.com/bingbot.htm) Chrome/103.0.5060.134 Safari/537.36"
40.77.167.36 - - [31/Oct/2022:09:22:13 +0800] "GET /logs/ HTTP/1.1" 200 6926 "-" "Mozilla/5.0 (compatible; bingbot/2.0; +http://www.bing.com/bingbot.htm)"
40.77.167.36 - - [31/Oct/2022:09:36:14 +0800] "GET /logs/ HTTP/1.1" 200 6926 "-" "Mozilla/5.0 (compatible; bingbot/2.0; +http://www.bing.com/bingbot.htm)"
40.77.167.36 - - [31/Oct/2022:09:48:56 +0800] "GET /logs/ HTTP/1.1" 200 6926 "-" "Mozilla/5.0 (compatible; bingbot/2.0; +http://www.bing.com/bingbot.htm)"
40.77.167.36 - - [31/Oct/2022:10:03:06 +0800] "GET /logs/ HTTP/1.1" 200 6926 "-" "Mozilla/5.0 (compatible; bingbot/2.0; +http://www.bing.com/bingbot.htm)"
40.77.167.36 - - [31/Oct/2022:10:16:18 +0800] "GET /logs/ HTTP/1.1" 200 6926 "-" "Mozilla/5.0 (compatible; bingbot/2.0; +http://www.bing.com/bingbot.htm)"
116.179.32.114 - - [31/Oct/2022:10:16:26 +0800] "GET /logs/access_20220128.log HTTP/1.1" 404 1052 "-" "Mozilla/5.0 (compatible; Baiduspider/2.0; +http://www.baidu.com/search/spider.html)"
23.94.75.165 - - [31/Oct/2022:10:22:31 +0800] "GET /logs/access_20211209.log HTTP/1.1" 404 1194 "http://ft.kidcastle.com.cn/" "Mozilla/5.0 (Linux x86_64; rv:102.0) Gecko/20100101 Firefox/102.0"
23.94.75.165 - - [31/Oct/2022:10:22:32 +0800] "GET / HTTP/1.1" 200 794 "http://ft.kidcastle.com.cn" "Mozilla/5.0 (Linux x86_64; rv:102.0) Gecko/20100101 Firefox/102.0"
23.94.75.165 - - [31/Oct/2022:10:22:35 +0800] "GET /?C=M;O=A HTTP/1.1" 200 794 "http://ft.kidcastle.com.cn" "Mozilla/5.0 (Linux x86_64; rv:102.0) Gecko/20100101 Firefox/102.0"
40.77.167.36 - - [31/Oct/2022:10:29:49 +0800] "GET /logs/ HTTP/1.1" 200 6926 "-" "Mozilla/5.0 (compatible; bingbot/2.0; +http://www.bing.com/bingbot.htm)"
220.181.108.90 - - [31/Oct/2022:10:34:10 +0800] "GET /logs/ HTTP/1.1" 200 6926 "-" "Mozilla/5.0 (compatible; Baiduspider/2.0; +http://www.baidu.com/search/spider.html)"
220.181.108.84 - - [31/Oct/2022:10:34:11 +0800] "GET /logs/access_20220121.log HTTP/1.1" 404 1052 "-" "Mozilla/5.0 (compatible; Baiduspider/2.0; +http://www.baidu.com/search/spider.html)"
40.77.167.36 - - [31/Oct/2022:10:43:10 +0800] "GET /logs/ HTTP/1.1" 200 6926 "-" "Mozilla/5.0 (compatible; bingbot/2.0; +http://www.bing.com/bingbot.htm)"
40.77.167.36 - - [31/Oct/2022:10:56:31 +0800] "GET /logs/ HTTP/1.1" 200 6926 "-" "Mozilla/5.0 (compatible; bingbot/2.0; +http://www.bing.com/bingbot.htm)"
40.77.167.36 - - [31/Oct/2022:11:10:22 +0800] "GET /logs/ HTTP/1.1" 200 6926 "-" "Mozilla/5.0 (compatible; bingbot/2.0; +http://www.bing.com/bingbot.htm)"
116.179.32.132 - - [31/Oct/2022:11:16:28 +0800] "GET /logs/access_20220401.log HTTP/1.1" 404 1052 "-" "Mozilla/5.0 (compatible; Baiduspider/2.0; +http://www.baidu.com/search/spider.html)"
220.181.108.165 - - [31/Oct/2022:11:16:28 +0800] "GET /logs/?C=N;O=D HTTP/1.1" 200 6926 "-" "Mozilla/5.0 (compatible; Baiduspider/2.0; +http://www.baidu.com/search/spider.html)"
40.77.167.36 - - [31/Oct/2022:11:24:05 +0800] "GET /logs/ HTTP/1.1" 200 6926 "-" "Mozilla/5.0 AppleWebKit/537.36 (KHTML, like Gecko; compatible; bingbot/2.0; +http://www.bing.com/bingbot.htm) Chrome/103.0.5060.134 Safari/537.36"
40.77.167.36 - - [31/Oct/2022:11:37:35 +0800] "GET /logs/ HTTP/1.1" 200 6926 "-" "Mozilla/5.0 (compatible; bingbot/2.0; +http://www.bing.com/bingbot.htm)"
40.77.167.36 - - [31/Oct/2022:11:50:37 +0800] "GET /logs/ HTTP/1.1" 200 6926 "-" "Mozilla/5.0 AppleWebKit/537.36 (KHTML, like Gecko; compatible; bingbot/2.0; +http://www.bing.com/bingbot.htm) Chrome/103.0.5060.134 Safari/537.36"
40.77.167.36 - - [31/Oct/2022:12:04:08 +0800] "GET /logs/ HTTP/1.1" 200 6926 "-" "Mozilla/5.0 (compatible; bingbot/2.0; +http://www.bing.com/bingbot.htm)"
40.77.167.36 - - [31/Oct/2022:12:17:49 +0800] "GET /logs/ HTTP/1.1" 200 6926 "-" "Mozilla/5.0 (compatible; bingbot/2.0; +http://www.bing.com/bingbot.htm)"
220.181.108.157 - - [31/Oct/2022:12:25:47 +0800] "GET /logs/access_20211213.log HTTP/1.1" 404 1048 "-" "Mozilla/5.0 (compatible; Baiduspider/2.0; +http://www.baidu.com/search/spider.html)"
40.77.167.36 - - [31/Oct/2022:12:31:00 +0800] "GET /logs/ HTTP/1.1" 200 6926 "-" "Mozilla/5.0 AppleWebKit/537.36 (KHTML, like Gecko; compatible; bingbot/2.0; +http://www.bing.com/bingbot.htm) Chrome/103.0.5060.134 Safari/537.36"
23.236.203.110 - - [31/Oct/2022:12:41:27 +0800] "GET /logs/access_20211209.log HTTP/1.1" 404 1052 "-" "Mozilla/5.0 (Windows NT 6.3; Win64; x64) AppleWebKit/537.36 (KHTML, like Gecko) Chrome/102.0.0.0 Safari/537.36"
40.77.167.36 - - [31/Oct/2022:12:44:21 +0800] "GET /logs/ HTTP/1.1" 200 6926 "-" "Mozilla/5.0 AppleWebKit/537.36 (KHTML, like Gecko; compatible; bingbot/2.0; +http://www.bing.com/bingbot.htm) Chrome/103.0.5060.134 Safari/537.36"
40.77.167.36 - - [31/Oct/2022:12:58:13 +0800] "GET /logs/ HTTP/1.1" 200 6926 "-" "Mozilla/5.0 (compatible; bingbot/2.0; +http://www.bing.com/bingbot.htm)"
40.77.167.36 - - [31/Oct/2022:13:11:43 +0800] "GET /logs/ HTTP/1.1" 200 6926 "-" "Mozilla/5.0 (compatible; bingbot/2.0; +http://www.bing.com/bingbot.htm)"
40.77.167.36 - - [31/Oct/2022:13:25:16 +0800] "GET /logs/ HTTP/1.1" 200 6926 "-" "Mozilla/5.0 (compatible; bingbot/2.0; +http://www.bing.com/bingbot.htm)"
220.181.108.103 - - [31/Oct/2022:13:25:47 +0800] "GET /logs/access_20210710.log HTTP/1.1" 404 1048 "-" "Mozilla/5.0 (compatible; Baiduspider/2.0; +http://www.baidu.com/search/spider.html)"
220.181.108.94 - - [31/Oct/2022:13:25:47 +0800] "GET /logs/access_20210623.log HTTP/1.1" 404 1048 "-" "Mozilla/5.0 (compatible; Baiduspider/2.0; +http://www.baidu.com/search/spider.html)"
220.181.108.80 - - [31/Oct/2022:13:25:47 +0800] "GET /logs/ HTTP/1.1" 200 6922 "-" "Mozilla/5.0 (compatible; Baiduspider/2.0; +http://www.baidu.com/search/spider.html)"
40.77.167.36 - - [31/Oct/2022:13:38:17 +0800] "GET /logs/ HTTP/1.1" 200 6926 "-" "Mozilla/5.0 AppleWebKit/537.36 (KHTML, like Gecko; compatible; bingbot/2.0; +http://www.bing.com/bingbot.htm) Chrome/103.0.5060.134 Safari/537.36"
40.77.167.36 - - [31/Oct/2022:13:52:08 +0800] "GET /logs/ HTTP/1.1" 200 6926 "-" "Mozilla/5.0 AppleWebKit/537.36 (KHTML, like Gecko; compatible; bingbot/2.0; +http://www.bing.com/bingbot.htm) Chrome/103.0.5060.134 Safari/537.36"
220.181.108.166 - - [31/Oct/2022:14:02:32 +0800] "GET /logs/access_20220625.log HTTP/1.1" 404 1048 "-" "Mozilla/5.0 (compatible; Baiduspider/2.0; +http://www.baidu.com/search/spider.html)"
116.179.32.115 - - [31/Oct/2022:14:05:41 +0800] "GET /logs/access_20221031.log HTTP/1.1" 200 23698 "-" "Mozilla/5.0 (compatible; Baiduspider/2.0; +http://www.baidu.com/search/spider.html)"
40.77.167.36 - - [31/Oct/2022:14:05:50 +0800] "GET /logs/ HTTP/1.1" 200 6926 "-" "Mozilla/5.0 AppleWebKit/537.36 (KHTML, like Gecko; compatible; bingbot/2.0; +http://www.bing.com/bingbot.htm) Chrome/103.0.5060.134 Safari/537.36"
40.77.167.36 - - [31/Oct/2022:14:18:31 +0800] "GET /logs/ HTTP/1.1" 200 6926 "-" "Mozilla/5.0 AppleWebKit/537.36 (KHTML, like Gecko; compatible; bingbot/2.0; +http://www.bing.com/bingbot.htm) Chrome/103.0.5060.134 Safari/537.36"
40.77.167.36 - - [31/Oct/2022:14:31:42 +0800] "GET /logs/ HTTP/1.1" 200 6926 "-" "Mozilla/5.0 (compatible; bingbot/2.0; +http://www.bing.com/bingbot.htm)"
150.158.75.140 - - [31/Oct/2022:14:31:56 +0800] "GET /xmlrpc.php HTTP/1.1" 404 1052 "-" "Mozilla/5.0 (Windows NT 6.1; WOW64; rv:45.0) Gecko/20100101 Firefox/45.0"
116.179.32.39 - - [31/Oct/2022:14:35:40 +0800] "GET /logs/access_20221030.log HTTP/1.1" 200 47887 "-" "Mozilla/5.0 (compatible; Baiduspider/2.0; +http://www.baidu.com/search/spider.html)"
116.179.32.47 - - [31/Oct/2022:14:45:12 +0800] "GET /logs/access_20210612.log HTTP/1.1" 404 1048 "-" "Mozilla/5.0 (compatible; Baiduspider/2.0; +http://www.baidu.com/search/spider.html)"
40.77.167.36 - - [31/Oct/2022:14:45:23 +0800] "GET /logs/ HTTP/1.1" 200 6926 "-" "Mozilla/5.0 AppleWebKit/537.36 (KHTML, like Gecko; compatible; bingbot/2.0; +http://www.bing.com/bingbot.htm) Chrome/103.0.5060.134 Safari/537.36"
40.77.167.36 - - [31/Oct/2022:14:59:14 +0800] "GET /logs/ HTTP/1.1" 200 6926 "-" "Mozilla/5.0 AppleWebKit/537.36 (KHTML, like Gecko; compatible; bingbot/2.0; +http://www.bing.com/bingbot.htm) Chrome/103.0.5060.134 Safari/537.36"
220.181.108.103 - - [31/Oct/2022:15:05:39 +0800] "GET /logs/access_20220201.log HTTP/1.1" 404 1052 "-" "Mozilla/5.0 (compatible; Baiduspider/2.0; +http://www.baidu.com/search/spider.html)"
40.77.167.36 - - [31/Oct/2022:15:16:05 +0800] "GET /logs/ HTTP/1.1" 200 6926 "-" "Mozilla/5.0 (compatible; bingbot/2.0; +http://www.bing.com/bingbot.htm)"
179.107.52.86 - - [31/Oct/2022:15:26:43 +0800] "GET /logs/access_20211209.log HTTP/1.1" 404 1194 "http://ft.kidcastle.com.cn/" "Mozilla/5.0 (Windows NT 10.0; Win64; x64) AppleWebKit/537.36 (KHTML, like Gecko) Chrome/103.0.0.0 Safari/537.36 Vivaldi/5.3.2679.68"
179.107.52.86 - - [31/Oct/2022:15:26:45 +0800] "GET / HTTP/1.1" 200 794 "http://ft.kidcastle.com.cn" "Mozilla/5.0 (Windows NT 10.0; Win64; x64) AppleWebKit/537.36 (KHTML, like Gecko) Chrome/103.0.0.0 Safari/537.36 Vivaldi/5.3.2679.68"
40.77.167.103 - - [31/Oct/2022:15:30:25 +0800] "GET /robots.txt HTTP/1.1" 404 1052 "-" "Mozilla/5.0 (compatible; bingbot/2.0; +http://www.bing.com/bingbot.htm)"
40.77.167.36 - - [31/Oct/2022:15:30:27 +0800] "GET /logs/ HTTP/1.1" 200 6926 "-" "Mozilla/5.0 AppleWebKit/537.36 (KHTML, like Gecko; compatible; bingbot/2.0; +http://www.bing.com/bingbot.htm) Chrome/103.0.5060.134 Safari/537.36"
40.77.167.36 - - [31/Oct/2022:15:45:19 +0800] "GET /logs/ HTTP/1.1" 200 6926 "-" "Mozilla/5.0 AppleWebKit/537.36 (KHTML, like Gecko; compatible; bingbot/2.0; +http://www.bing.com/bingbot.htm) Chrome/103.0.5060.134 Safari/537.36"
64.33.196.11 - - [31/Oct/2022:15:46:49 +0800] "GET /logs/access_20210425.log HTTP/1.1" 404 1194 "http://ft.kidcastle.com.cn/" "Mozilla/5.0 (Windows NT 10.0; Win64; x64; rv:102.0) Gecko/20100101 Firefox/102.0"
64.33.196.11 - - [31/Oct/2022:15:46:50 +0800] "GET / HTTP/1.1" 200 794 "http://ft.kidcastle.com.cn" "Mozilla/5.0 (Windows NT 10.0; Win64; x64; rv:102.0) Gecko/20100101 Firefox/102.0"
64.33.196.11 - - [31/Oct/2022:15:46:52 +0800] "GET /?C=M;O=A HTTP/1.1" 200 794 "http://ft.kidcastle.com.cn" "Mozilla/5.0 (Windows NT 10.0; Win64; x64; rv:102.0) Gecko/20100101 Firefox/102.0"
40.77.167.36 - - [31/Oct/2022:15:59:01 +0800] "GET /logs/ HTTP/1.1" 200 6926 "-" "Mozilla/5.0 AppleWebKit/537.36 (KHTML, like Gecko; compatible; bingbot/2.0; +http://www.bing.com/bingbot.htm) Chrome/103.0.5060.134 Safari/537.36"
116.179.32.108 - - [31/Oct/2022:16:01:23 +0800] "GET /logs/access_20220116.log HTTP/1.1" 404 1052 "-" "Mozilla/5.0 (compatible; Baiduspider/2.0; +http://www.baidu.com/search/spider.html)"
40.77.167.36 - - [31/Oct/2022:16:13:21 +0800] "GET /logs/ HTTP/1.1" 200 6926 "-" "Mozilla/5.0 (compatible; bingbot/2.0; +http://www.bing.com/bingbot.htm)"
116.179.33.73 - - [31/Oct/2022:16:27:05 +0800] "GET /robots.txt HTTP/1.1" 404 1052 "-" "Mozilla/5.0 (Windows NT 10.0; WOW64) AppleWebKit/537.36 (KHTML, like Gecko) Chrome/48.0.2564.116 Safari/537.36"
220.181.108.144 - - [31/Oct/2022:16:27:05 +0800] "GET /logs/ HTTP/1.1" 200 6926 "-" "Mozilla/5.0 (compatible; Baiduspider/2.0; +http://www.baidu.com/search/spider.html)"
40.77.167.36 - - [31/Oct/2022:16:30:03 +0800] "GET /logs/ HTTP/1.1" 200 6926 "-" "Mozilla/5.0 (compatible; bingbot/2.0; +http://www.bing.com/bingbot.htm)"
40.77.167.36 - - [31/Oct/2022:16:45:04 +0800] "GET /logs/ HTTP/1.1" 200 6926 "-" "Mozilla/5.0 AppleWebKit/537.36 (KHTML, like Gecko; compatible; bingbot/2.0; +http://www.bing.com/bingbot.htm) Chrome/103.0.5060.134 Safari/537.36"
220.181.108.147 - - [31/Oct/2022:16:52:48 +0800] "GET /logs/access_20220210.log HTTP/1.1" 404 1052 "-" "Mozilla/5.0 (compatible; Baiduspider/2.0; +http://www.baidu.com/search/spider.html)"
40.77.167.36 - - [31/Oct/2022:16:59:36 +0800] "GET /logs/ HTTP/1.1" 200 6926 "-" "Mozilla/5.0 AppleWebKit/537.36 (KHTML, like Gecko; compatible; bingbot/2.0; +http://www.bing.com/bingbot.htm) Chrome/103.0.5060.134 Safari/537.36"
40.77.167.36 - - [31/Oct/2022:17:15:07 +0800] "GET /logs/ HTTP/1.1" 200 6926 "-" "Mozilla/5.0 AppleWebKit/537.36 (KHTML, like Gecko; compatible; bingbot/2.0; +http://www.bing.com/bingbot.htm) Chrome/103.0.5060.134 Safari/537.36"
116.179.32.239 - - [31/Oct/2022:17:16:29 +0800] "GET / HTTP/1.1" 200 790 "-" "Mozilla/5.0 (compatible; Baiduspider/2.0; +http://www.baidu.com/search/spider.html)"
202.105.205.106 - - [31/Oct/2022:17:17:16 +0800] "GET / HTTP/1.1" 200 790 "-" "Mozilla/5.0 (Windows NT 10.0; WOW64) AppleWebKit/537.36 (KHTML, like Gecko) Chrome/48.0.2564.116 Safari/537.36"
40.77.167.36 - - [31/Oct/2022:17:30:19 +0800] "GET /logs/ HTTP/1.1" 200 6926 "-" "Mozilla/5.0 AppleWebKit/537.36 (KHTML, like Gecko; compatible; bingbot/2.0; +http://www.bing.com/bingbot.htm) Chrome/103.0.5060.134 Safari/537.36"
40.77.167.103 - - [31/Oct/2022:17:45:24 +0800] "GET /robots.txt HTTP/1.1" 404 1052 "-" "Mozilla/5.0 (compatible; bingbot/2.0; +http://www.bing.com/bingbot.htm)"
40.77.167.36 - - [31/Oct/2022:17:45:29 +0800] "GET /logs/ HTTP/1.1" 200 6926 "-" "Mozilla/5.0 AppleWebKit/537.36 (KHTML, like Gecko; compatible; bingbot/2.0; +http://www.bing.com/bingbot.htm) Chrome/103.0.5060.134 Safari/537.36"
220.181.108.114 - - [31/Oct/2022:17:57:12 +0800] "GET /logs/access_20211024.log HTTP/1.1" 404 1048 "-" "Mozilla/5.0 (compatible; Baiduspider/2.0; +http://www.baidu.com/search/spider.html)"
40.77.167.36 - - [31/Oct/2022:18:01:22 +0800] "GET /logs/ HTTP/1.1" 200 6926 "-" "Mozilla/5.0 (compatible; bingbot/2.0; +http://www.bing.com/bingbot.htm)"
38.2.193.44 - - [31/Oct/2022:18:03:24 +0800] "GET /logs/access_20210425.log HTTP/1.1" 404 1194 "http://ft.kidcastle.com.cn/" "Mozilla/5.0 (Windows NT 10.0; Win64; x64) AppleWebKit/537.36 (KHTML, like Gecko) Chrome/103.0.0.0 YaBrowser/22.7.0 Yowser/2.5 Safari/537.36"
38.2.193.44 - - [31/Oct/2022:18:03:26 +0800] "GET / HTTP/1.1" 200 794 "http://ft.kidcastle.com.cn" "Mozilla/5.0 (Windows NT 10.0; Win64; x64) AppleWebKit/537.36 (KHTML, like Gecko) Chrome/103.0.0.0 YaBrowser/22.7.0 Yowser/2.5 Safari/537.36"
38.2.193.44 - - [31/Oct/2022:18:03:34 +0800] "GET /?C=M;O=A HTTP/1.1" 200 794 "http://ft.kidcastle.com.cn" "Mozilla/5.0 (Windows NT 10.0; Win64; x64) AppleWebKit/537.36 (KHTML, like Gecko) Chrome/103.0.0.0 YaBrowser/22.7.0 Yowser/2.5 Safari/537.36"
40.77.167.36 - - [31/Oct/2022:18:15:42 +0800] "GET /logs/ HTTP/1.1" 200 6926 "-" "Mozilla/5.0 (compatible; bingbot/2.0; +http://www.bing.com/bingbot.htm)"
220.181.108.80 - - [31/Oct/2022:18:22:55 +0800] "GET /logs/ HTTP/1.1" 200 6922 "-" "Mozilla/5.0 (compatible; Baiduspider/2.0; +http://www.baidu.com/search/spider.html)"
40.77.167.36 - - [31/Oct/2022:18:30:14 +0800] "GET /logs/ HTTP/1.1" 200 6926 "-" "Mozilla/5.0 (compatible; bingbot/2.0; +http://www.bing.com/bingbot.htm)"
40.77.167.36 - - [31/Oct/2022:18:45:55 +0800] "GET /logs/ HTTP/1.1" 200 6926 "-" "Mozilla/5.0 AppleWebKit/537.36 (KHTML, like Gecko; compatible; bingbot/2.0; +http://www.bing.com/bingbot.htm) Chrome/103.0.5060.134 Safari/537.36"
220.181.108.110 - - [31/Oct/2022:18:48:37 +0800] "GET /logs/access_20210928.log HTTP/1.1" 404 1048 "-" "Mozilla/5.0 (compatible; Baiduspider/2.0; +http://www.baidu.com/search/spider.html)"
85.72.235.249 - - [31/Oct/2022:18:58:28 +0800] "GET / HTTP/1.0" 200 794 "-" "Mozilla/5.0 (Windows NT 6.3; Win64; x64) AppleWebKit/537.36 (KHTML, like Gecko) Chrome/102.0.0.0 Safari/537.36"
40.77.167.36 - - [31/Oct/2022:19:00:48 +0800] "GET /logs/ HTTP/1.1" 200 6926 "-" "Mozilla/5.0 AppleWebKit/537.36 (KHTML, like Gecko; compatible; bingbot/2.0; +http://www.bing.com/bingbot.htm) Chrome/103.0.5060.134 Safari/537.36"
216.244.66.195 - - [31/Oct/2022:19:09:12 +0800] "GET /robots.txt HTTP/1.1" 404 1052 "-" "Mozilla/5.0 (compatible; DotBot/1.2; +https://opensiteexplorer.org/dotbot; help@moz.com)"
40.77.167.36 - - [31/Oct/2022:19:10:28 +0800] "GET / HTTP/1.1" 200 794 "-" "Mozilla/5.0 (compatible; bingbot/2.0; +http://www.bing.com/bingbot.htm)"
40.77.167.36 - - [31/Oct/2022:19:15:09 +0800] "GET /logs/ HTTP/1.1" 200 6926 "-" "Mozilla/5.0 (compatible; bingbot/2.0; +http://www.bing.com/bingbot.htm)"
220.181.108.105 - - [31/Oct/2022:19:22:52 +0800] "GET /logs/access_20220930.log HTTP/1.1" 404 1048 "-" "Mozilla/5.0 (compatible; Baiduspider/2.0; +http://www.baidu.com/search/spider.html)"
216.244.66.195 - - [31/Oct/2022:19:29:40 +0800] "GET /logs/access_20221007.log HTTP/1.1" 200 37988 "-" "Mozilla/5.0 (compatible; DotBot/1.2; +https://opensiteexplorer.org/dotbot; help@moz.com)"
40.77.167.36 - - [31/Oct/2022:19:32:01 +0800] "GET /logs/ HTTP/1.1" 200 6926 "-" "Mozilla/5.0 (compatible; bingbot/2.0; +http://www.bing.com/bingbot.htm)"
40.77.167.36 - - [31/Oct/2022:20:00:23 +0800] "GET /logs/ HTTP/1.1" 200 6926 "-" "Mozilla/5.0 AppleWebKit/537.36 (KHTML, like Gecko; compatible; bingbot/2.0; +http://www.bing.com/bingbot.htm) Chrome/103.0.5060.134 Safari/537.36"
40.77.167.36 - - [31/Oct/2022:20:15:24 +0800] "GET /logs/ HTTP/1.1" 200 6926 "-" "Mozilla/5.0 (compatible; bingbot/2.0; +http://www.bing.com/bingbot.htm)"
220.181.108.83 - - [31/Oct/2022:20:18:31 +0800] "GET /logs/access_20220713.log HTTP/1.1" 404 1052 "-" "Mozilla/5.0 (compatible; Baiduspider/2.0; +http://www.baidu.com/search/spider.html)"
40.77.167.36 - - [31/Oct/2022:20:30:06 +0800] "GET /logs/ HTTP/1.1" 200 6926 "-" "Mozilla/5.0 AppleWebKit/537.36 (KHTML, like Gecko; compatible; bingbot/2.0; +http://www.bing.com/bingbot.htm) Chrome/103.0.5060.134 Safari/537.36"
40.77.167.36 - - [31/Oct/2022:20:45:17 +0800] "GET /logs/ HTTP/1.1" 200 6926 "-" "Mozilla/5.0 (compatible; bingbot/2.0; +http://www.bing.com/bingbot.htm)"
40.77.167.36 - - [31/Oct/2022:21:00:19 +0800] "GET /logs/ HTTP/1.1" 200 6926 "-" "Mozilla/5.0 AppleWebKit/537.36 (KHTML, like Gecko; compatible; bingbot/2.0; +http://www.bing.com/bingbot.htm) Chrome/103.0.5060.134 Safari/537.36"
40.77.167.36 - - [31/Oct/2022:21:15:20 +0800] "GET /logs/ HTTP/1.1" 200 6926 "-" "Mozilla/5.0 (compatible; bingbot/2.0; +http://www.bing.com/bingbot.htm)"
40.77.167.36 - - [31/Oct/2022:21:30:12 +0800] "GET /logs/ HTTP/1.1" 200 6926 "-" "Mozilla/5.0 AppleWebKit/537.36 (KHTML, like Gecko; compatible; bingbot/2.0; +http://www.bing.com/bingbot.htm) Chrome/103.0.5060.134 Safari/537.36"
220.181.108.83 - - [31/Oct/2022:21:39:10 +0800] "GET /logs/access_20210625.log HTTP/1.1" 404 1048 "-" "Mozilla/5.0 (compatible; Baiduspider/2.0; +http://www.baidu.com/search/spider.html)"
40.77.167.36 - - [31/Oct/2022:21:44:23 +0800] "GET /logs/ HTTP/1.1" 200 6926 "-" "Mozilla/5.0 AppleWebKit/537.36 (KHTML, like Gecko; compatible; bingbot/2.0; +http://www.bing.com/bingbot.htm) Chrome/103.0.5060.134 Safari/537.36"
40.77.167.36 - - [31/Oct/2022:21:58:25 +0800] "GET /logs/ HTTP/1.1" 200 6926 "-" "Mozilla/5.0 (compatible; bingbot/2.0; +http://www.bing.com/bingbot.htm)"
40.77.167.36 - - [31/Oct/2022:22:13:25 +0800] "GET /logs/ HTTP/1.1" 200 6926 "-" "Mozilla/5.0 AppleWebKit/537.36 (KHTML, like Gecko; compatible; bingbot/2.0; +http://www.bing.com/bingbot.htm) Chrome/103.0.5060.134 Safari/537.36"
116.179.32.13 - - [31/Oct/2022:22:16:23 +0800] "GET /logs/access_20210925.log HTTP/1.1" 404 1052 "-" "Mozilla/5.0 (compatible; Baiduspider/2.0; +http://www.baidu.com/search/spider.html)"
116.179.32.19 - - [31/Oct/2022:22:16:23 +0800] "GET /logs/access_20220202.log HTTP/1.1" 404 1052 "-" "Mozilla/5.0 (compatible; Baiduspider/2.0; +http://www.baidu.com/search/spider.html)"
220.181.108.145 - - [31/Oct/2022:22:16:24 +0800] "GET /logs/access_20210830.log HTTP/1.1" 404 1052 "-" "Mozilla/5.0 (compatible; Baiduspider/2.0; +http://www.baidu.com/search/spider.html)"
116.179.32.132 - - [31/Oct/2022:22:21:24 +0800] "GET /logs/access_20210712.log HTTP/1.1" 404 1048 "-" "Mozilla/5.0 (compatible; Baiduspider/2.0; +http://www.baidu.com/search/spider.html)"
40.77.167.36 - - [31/Oct/2022:22:28:28 +0800] "GET /logs/ HTTP/1.1" 200 6926 "-" "Mozilla/5.0 AppleWebKit/537.36 (KHTML, like Gecko; compatible; bingbot/2.0; +http://www.bing.com/bingbot.htm) Chrome/103.0.5060.134 Safari/537.36"
40.77.167.36 - - [31/Oct/2022:22:43:59 +0800] "GET /logs/ HTTP/1.1" 200 6926 "-" "Mozilla/5.0 (compatible; bingbot/2.0; +http://www.bing.com/bingbot.htm)"
40.77.167.36 - - [31/Oct/2022:22:58:50 +0800] "GET /logs/ HTTP/1.1" 200 6926 "-" "Mozilla/5.0 AppleWebKit/537.36 (KHTML, like Gecko; compatible; bingbot/2.0; +http://www.bing.com/bingbot.htm) Chrome/103.0.5060.134 Safari/537.36"
40.77.167.36 - - [31/Oct/2022:23:13:42 +0800] "GET /logs/ HTTP/1.1" 200 6926 "-" "Mozilla/5.0 (compatible; bingbot/2.0; +http://www.bing.com/bingbot.htm)"
40.77.167.36 - - [31/Oct/2022:23:28:13 +0800] "GET /logs/ HTTP/1.1" 200 6926 "-" "Mozilla/5.0 AppleWebKit/537.36 (KHTML, like Gecko; compatible; bingbot/2.0; +http://www.bing.com/bingbot.htm) Chrome/103.0.5060.134 Safari/537.36"
40.77.167.36 - - [31/Oct/2022:23:42:54 +0800] "GET /logs/ HTTP/1.1" 200 6926 "-" "Mozilla/5.0 (compatible; bingbot/2.0; +http://www.bing.com/bingbot.htm)"
85.72.235.249 - - [31/Oct/2022:23:54:54 +0800] "GET / HTTP/1.0" 200 794 "-" "Mozilla/5.0 (Windows NT 6.3; Win64; x64) AppleWebKit/537.36 (KHTML, like Gecko) Chrome/102.0.0.0 Safari/537.36"
40.77.167.36 - - [31/Oct/2022:23:58:16 +0800] "GET /logs/ HTTP/1.1" 200 6926 "-" "Mozilla/5.0 AppleWebKit/537.36 (KHTML, like Gecko; compatible; bingbot/2.0; +http://www.bing.com/bingbot.htm) Chrome/103.0.5060.134 Safari/537.36"