40.77.167.36 - - [27/Oct/2022:00:13:15 +0800] "GET /logs/ HTTP/1.1" 200 5826 "-" "Mozilla/5.0 AppleWebKit/537.36 (KHTML, like Gecko; compatible; bingbot/2.0; +http://www.bing.com/bingbot.htm) Chrome/103.0.5060.134 Safari/537.36"
40.77.167.36 - - [27/Oct/2022:00:40:28 +0800] "GET /logs/ HTTP/1.1" 200 6046 "-" "Mozilla/5.0 (compatible; bingbot/2.0; +http://www.bing.com/bingbot.htm)"
162.240.212.238 - - [27/Oct/2022:00:53:35 +0800] "POST //vendor/phpunit/phpunit/src/Util/PHP/eval-stdin.php HTTP/1.1" 404 1052 "-" "Mozilla/5.0 (iPad; CPU OS 5_1 like Mac OS X) AppleWebKit/534.46 (KHTML, like Gecko) Version/5.1 Mobile/9B176 Safari/7534.48.3"
162.240.212.238 - - [27/Oct/2022:00:53:35 +0800] "GET //vendor/phpunit/phpunit/src/Util/Log/crimelink.php?cls HTTP/1.1" 404 1052 "-" "libwww-perl/6.67"
162.240.212.238 - - [27/Oct/2022:00:53:35 +0800] "POST //vendor/phpunit/phpunit/src/Util/PHP/eval-stdin.php HTTP/1.1" 404 1052 "-" "Mozilla/5.0 (Windows; U; Windows NT 5.1; en-US; rv:1.9.2) Gecko/20100115 Firefox/3.6"
162.240.212.238 - - [27/Oct/2022:00:53:36 +0800] "GET //.env HTTP/1.1" 404 1052 "-" "libwww-perl/6.67"
162.240.212.238 - - [27/Oct/2022:00:53:36 +0800] "POST /logs//vendor/phpunit/phpunit/src/Util/PHP/eval-stdin.php HTTP/1.1" 404 1052 "-" "Mozilla/5.0 (iPad; CPU OS 5_1 like Mac OS X) AppleWebKit/534.46 (KHTML, like Gecko) Version/5.1 Mobile/9B176 Safari/7534.48.3"
162.240.212.238 - - [27/Oct/2022:00:53:36 +0800] "GET /logs//vendor/phpunit/phpunit/src/Util/Log/crimelink.php?cls HTTP/1.1" 404 1052 "-" "libwww-perl/6.67"
162.240.212.238 - - [27/Oct/2022:00:53:37 +0800] "POST /logs//vendor/phpunit/phpunit/src/Util/PHP/eval-stdin.php HTTP/1.1" 404 1052 "-" "Mozilla/5.0 (Windows; U; Windows NT 5.1; en-US; rv:1.9.2) Gecko/20100115 Firefox/3.6"
162.240.212.238 - - [27/Oct/2022:00:53:37 +0800] "GET /logs//.env HTTP/1.1" 404 1052 "-" "libwww-perl/6.67"
40.77.167.36 - - [27/Oct/2022:01:06:19 +0800] "GET / HTTP/1.1" 200 794 "-" "Mozilla/5.0 AppleWebKit/537.36 (KHTML, like Gecko; compatible; bingbot/2.0; +http://www.bing.com/bingbot.htm) Chrome/103.0.5060.134 Safari/537.36"
40.77.167.36 - - [27/Oct/2022:01:07:41 +0800] "GET /logs/ HTTP/1.1" 200 6046 "-" "Mozilla/5.0 AppleWebKit/537.36 (KHTML, like Gecko; compatible; bingbot/2.0; +http://www.bing.com/bingbot.htm) Chrome/103.0.5060.134 Safari/537.36"
220.181.108.80 - - [27/Oct/2022:01:26:10 +0800] "GET /logs/access_20220719.log HTTP/1.1" 404 1048 "-" "Mozilla/5.0 (compatible; Baiduspider/2.0; +http://www.baidu.com/search/spider.html)"
40.77.167.36 - - [27/Oct/2022:01:34:12 +0800] "GET /logs/ HTTP/1.1" 200 6046 "-" "Mozilla/5.0 AppleWebKit/537.36 (KHTML, like Gecko; compatible; bingbot/2.0; +http://www.bing.com/bingbot.htm) Chrome/103.0.5060.134 Safari/537.36"
40.77.167.22 - - [27/Oct/2022:01:39:57 +0800] "GET /logs/access_20200507.log HTTP/1.1" 404 1052 "-" "Mozilla/5.0 AppleWebKit/537.36 (KHTML, like Gecko; compatible; bingbot/2.0; +http://www.bing.com/bingbot.htm) Chrome/103.0.5060.134 Safari/537.36"
40.77.167.36 - - [27/Oct/2022:01:56:44 +0800] "GET /logs/ HTTP/1.1" 200 6046 "-" "Mozilla/5.0 (compatible; bingbot/2.0; +http://www.bing.com/bingbot.htm)"
40.77.167.36 - - [27/Oct/2022:02:23:47 +0800] "GET /logs/ HTTP/1.1" 200 6046 "-" "Mozilla/5.0 AppleWebKit/537.36 (KHTML, like Gecko; compatible; bingbot/2.0; +http://www.bing.com/bingbot.htm) Chrome/103.0.5060.134 Safari/537.36"
157.55.39.153 - - [27/Oct/2022:02:37:28 +0800] "GET /logs/access_20210419.log HTTP/1.1" 404 1052 "-" "Mozilla/5.0 AppleWebKit/537.36 (KHTML, like Gecko; compatible; bingbot/2.0; +http://www.bing.com/bingbot.htm) Chrome/103.0.5060.134 Safari/537.36"
85.72.235.249 - - [27/Oct/2022:02:44:39 +0800] "GET / HTTP/1.0" 200 794 "-" "Mozilla/5.0 (Windows NT 6.3; Win64; x64) AppleWebKit/537.36 (KHTML, like Gecko) Chrome/102.0.0.0 Safari/537.36"
40.77.167.36 - - [27/Oct/2022:02:51:50 +0800] "GET /logs/ HTTP/1.1" 200 6046 "-" "Mozilla/5.0 AppleWebKit/537.36 (KHTML, like Gecko; compatible; bingbot/2.0; +http://www.bing.com/bingbot.htm) Chrome/103.0.5060.134 Safari/537.36"
40.77.167.22 - - [27/Oct/2022:03:09:46 +0800] "GET /logs/access_20210628.log HTTP/1.1" 404 1052 "-" "Mozilla/5.0 AppleWebKit/537.36 (KHTML, like Gecko; compatible; bingbot/2.0; +http://www.bing.com/bingbot.htm) Chrome/103.0.5060.134 Safari/537.36"
40.77.167.36 - - [27/Oct/2022:03:19:03 +0800] "GET /logs/ HTTP/1.1" 200 6046 "-" "Mozilla/5.0 AppleWebKit/537.36 (KHTML, like Gecko; compatible; bingbot/2.0; +http://www.bing.com/bingbot.htm) Chrome/103.0.5060.134 Safari/537.36"
40.77.167.36 - - [27/Oct/2022:03:47:15 +0800] "GET /logs/ HTTP/1.1" 200 6046 "-" "Mozilla/5.0 (compatible; bingbot/2.0; +http://www.bing.com/bingbot.htm)"
207.46.13.131 - - [27/Oct/2022:04:08:02 +0800] "GET /logs/access_20201121.log HTTP/1.1" 404 1052 "-" "Mozilla/5.0 (compatible; bingbot/2.0; +http://www.bing.com/bingbot.htm)"
40.77.167.36 - - [27/Oct/2022:04:16:38 +0800] "GET /logs/ HTTP/1.1" 200 6046 "-" "Mozilla/5.0 (compatible; bingbot/2.0; +http://www.bing.com/bingbot.htm)"
116.179.32.130 - - [27/Oct/2022:04:38:51 +0800] "GET /logs/access_20220623.log HTTP/1.1" 404 1048 "-" "Mozilla/5.0 (compatible; Baiduspider/2.0; +http://www.baidu.com/search/spider.html)"
40.77.167.36 - - [27/Oct/2022:04:44:11 +0800] "GET /logs/ HTTP/1.1" 200 6046 "-" "Mozilla/5.0 AppleWebKit/537.36 (KHTML, like Gecko; compatible; bingbot/2.0; +http://www.bing.com/bingbot.htm) Chrome/103.0.5060.134 Safari/537.36"
220.181.108.91 - - [27/Oct/2022:05:05:30 +0800] "GET /logs/?C=N;O=D HTTP/1.1" 200 6046 "-" "Mozilla/5.0 (compatible; Baiduspider/2.0; +http://www.baidu.com/search/spider.html)"
40.77.167.36 - - [27/Oct/2022:05:11:43 +0800] "GET /logs/ HTTP/1.1" 200 6046 "-" "Mozilla/5.0 AppleWebKit/537.36 (KHTML, like Gecko; compatible; bingbot/2.0; +http://www.bing.com/bingbot.htm) Chrome/103.0.5060.134 Safari/537.36"
85.72.235.249 - - [27/Oct/2022:05:24:40 +0800] "GET / HTTP/1.0" 200 794 "-" "Mozilla/5.0 (Windows NT 6.3; Win64; x64) AppleWebKit/537.36 (KHTML, like Gecko) Chrome/102.0.0.0 Safari/537.36"
40.77.167.36 - - [27/Oct/2022:05:39:46 +0800] "GET /logs/ HTTP/1.1" 200 6046 "-" "Mozilla/5.0 AppleWebKit/537.36 (KHTML, like Gecko; compatible; bingbot/2.0; +http://www.bing.com/bingbot.htm) Chrome/103.0.5060.134 Safari/537.36"
107.175.65.47 - - [27/Oct/2022:05:45:05 +0800] "GET /logs/access_20211209.log HTTP/1.1" 404 1194 "http://ft.kidcastle.com.cn/" "Mozilla/5.0 (Windows NT 10.0; Win64; x64) AppleWebKit/537.36 (KHTML, like Gecko) Chrome/103.0.0.0 Safari/537.36 Vivaldi/5.3.2679.68"
107.175.65.47 - - [27/Oct/2022:05:45:06 +0800] "GET / HTTP/1.1" 200 794 "http://ft.kidcastle.com.cn" "Mozilla/5.0 (Windows NT 10.0; Win64; x64) AppleWebKit/537.36 (KHTML, like Gecko) Chrome/103.0.0.0 Safari/537.36 Vivaldi/5.3.2679.68"
107.175.65.47 - - [27/Oct/2022:05:45:08 +0800] "GET /?C=M;O=A HTTP/1.1" 200 794 "http://ft.kidcastle.com.cn" "Mozilla/5.0 (Windows NT 10.0; Win64; x64) AppleWebKit/537.36 (KHTML, like Gecko) Chrome/103.0.0.0 Safari/537.36 Vivaldi/5.3.2679.68"
40.77.167.30 - - [27/Oct/2022:05:47:48 +0800] "GET /logs/access_20210717.log HTTP/1.1" 404 1052 "-" "Mozilla/5.0 AppleWebKit/537.36 (KHTML, like Gecko; compatible; bingbot/2.0; +http://www.bing.com/bingbot.htm) Chrome/103.0.5060.134 Safari/537.36"
104.144.7.228 - - [27/Oct/2022:06:01:18 +0800] "GET /logs/access_20211209.log HTTP/1.1" 404 1052 "-" "Mozilla/5.0 (Windows NT 6.3; Win64; x64) AppleWebKit/537.36 (KHTML, like Gecko) Chrome/102.0.0.0 Safari/537.36"
104.144.7.228 - - [27/Oct/2022:06:01:19 +0800] "GET /logs/access_20211209.log HTTP/1.1" 404 1052 "-" "Mozilla/5.0 (Windows NT 6.3; Win64; x64) AppleWebKit/537.36 (KHTML, like Gecko) Chrome/102.0.0.0 Safari/537.36"
104.144.7.228 - - [27/Oct/2022:06:01:21 +0800] "GET /logs/access_20211209.log HTTP/1.1" 404 1052 "-" "Mozilla/5.0 (Windows NT 6.3; Win64; x64) AppleWebKit/537.36 (KHTML, like Gecko) Chrome/102.0.0.0 Safari/537.36"
104.144.7.228 - - [27/Oct/2022:06:01:25 +0800] "GET /logs/access_20211209.log HTTP/1.1" 404 1052 "-" "Mozilla/5.0 (Windows NT 6.3; Win64; x64) AppleWebKit/537.36 (KHTML, like Gecko) Chrome/102.0.0.0 Safari/537.36"
104.144.7.228 - - [27/Oct/2022:06:01:27 +0800] "GET /logs/access_20211209.log HTTP/1.1" 404 1052 "-" "Mozilla/5.0 (Windows NT 6.3; Win64; x64) AppleWebKit/537.36 (KHTML, like Gecko) Chrome/102.0.0.0 Safari/537.36"
104.144.7.228 - - [27/Oct/2022:06:01:29 +0800] "GET /logs/access_20211209.log HTTP/1.1" 404 1052 "-" "Mozilla/5.0 (Windows NT 6.3; Win64; x64) AppleWebKit/537.36 (KHTML, like Gecko) Chrome/102.0.0.0 Safari/537.36"
40.77.167.36 - - [27/Oct/2022:06:06:29 +0800] "GET /logs/ HTTP/1.1" 200 6046 "-" "Mozilla/5.0 AppleWebKit/537.36 (KHTML, like Gecko; compatible; bingbot/2.0; +http://www.bing.com/bingbot.htm) Chrome/103.0.5060.134 Safari/537.36"
220.181.108.114 - - [27/Oct/2022:06:13:36 +0800] "GET /logs/ HTTP/1.1" 200 6042 "-" "Mozilla/5.0 (compatible; Baiduspider/2.0; +http://www.baidu.com/search/spider.html)"
40.77.167.36 - - [27/Oct/2022:06:35:51 +0800] "GET /logs/ HTTP/1.1" 200 6046 "-" "Mozilla/5.0 AppleWebKit/537.36 (KHTML, like Gecko; compatible; bingbot/2.0; +http://www.bing.com/bingbot.htm) Chrome/103.0.5060.134 Safari/537.36"
40.77.167.36 - - [27/Oct/2022:07:03:35 +0800] "GET /logs/ HTTP/1.1" 200 6046 "-" "Mozilla/5.0 AppleWebKit/537.36 (KHTML, like Gecko; compatible; bingbot/2.0; +http://www.bing.com/bingbot.htm) Chrome/103.0.5060.134 Safari/537.36"
150.158.91.123 - - [27/Oct/2022:07:30:06 +0800] "GET /xmlrpc.php HTTP/1.1" 404 1052 "-" "Mozilla/5.0 (Windows NT 6.1; WOW64; rv:45.0) Gecko/20100101 Firefox/45.0"
40.77.167.36 - - [27/Oct/2022:07:30:16 +0800] "GET /logs/ HTTP/1.1" 200 6046 "-" "Mozilla/5.0 AppleWebKit/537.36 (KHTML, like Gecko; compatible; bingbot/2.0; +http://www.bing.com/bingbot.htm) Chrome/103.0.5060.134 Safari/537.36"
220.181.108.83 - - [27/Oct/2022:07:43:36 +0800] "GET /logs/access_20221027.log HTTP/1.1" 200 9806 "-" "Mozilla/5.0 (compatible; Baiduspider/2.0; +http://www.baidu.com/search/spider.html)"
220.181.108.94 - - [27/Oct/2022:07:46:10 +0800] "GET /logs/access_20210215.log HTTP/1.1" 404 1052 "-" "Mozilla/5.0 (compatible; Baiduspider/2.0; +http://www.baidu.com/search/spider.html)"
116.179.32.112 - - [27/Oct/2022:07:46:10 +0800] "GET /logs/access_20200521.log HTTP/1.1" 404 1052 "-" "Mozilla/5.0 (compatible; Baiduspider/2.0; +http://www.baidu.com/search/spider.html)"
116.179.32.44 - - [27/Oct/2022:07:46:10 +0800] "GET /logs/access_20210321.log HTTP/1.1" 404 1052 "-" "Mozilla/5.0 (compatible; Baiduspider/2.0; +http://www.baidu.com/search/spider.html)"
116.179.32.96 - - [27/Oct/2022:07:46:10 +0800] "GET /logs/access_20210711.log HTTP/1.1" 404 1052 "-" "Mozilla/5.0 (compatible; Baiduspider/2.0; +http://www.baidu.com/search/spider.html)"
220.181.108.111 - - [27/Oct/2022:07:46:11 +0800] "GET /logs/access_20200811.log HTTP/1.1" 404 1052 "-" "Mozilla/5.0 (compatible; Baiduspider/2.0; +http://www.baidu.com/search/spider.html)"
40.77.167.36 - - [27/Oct/2022:07:57:09 +0800] "GET /logs/ HTTP/1.1" 200 6046 "-" "Mozilla/5.0 (compatible; bingbot/2.0; +http://www.bing.com/bingbot.htm)"
40.77.167.36 - - [27/Oct/2022:08:26:32 +0800] "GET /logs/ HTTP/1.1" 200 6046 "-" "Mozilla/5.0 (compatible; bingbot/2.0; +http://www.bing.com/bingbot.htm)"
116.179.32.195 - - [27/Oct/2022:08:41:15 +0800] "GET /logs/access_20210809.log HTTP/1.1" 404 1048 "-" "Mozilla/5.0 (compatible; Baiduspider/2.0; +http://www.baidu.com/search/spider.html)"
40.77.167.36 - - [27/Oct/2022:08:54:34 +0800] "GET /logs/ HTTP/1.1" 200 6046 "-" "Mozilla/5.0 (compatible; bingbot/2.0; +http://www.bing.com/bingbot.htm)"
116.179.32.163 - - [27/Oct/2022:09:13:36 +0800] "GET /logs/?C=N;O=D HTTP/1.1" 200 6042 "-" "Mozilla/5.0 (compatible; Baiduspider/2.0; +http://www.baidu.com/search/spider.html)"
40.77.167.36 - - [27/Oct/2022:09:23:27 +0800] "GET /logs/ HTTP/1.1" 200 6046 "-" "Mozilla/5.0 (compatible; bingbot/2.0; +http://www.bing.com/bingbot.htm)"
206.217.141.227 - - [27/Oct/2022:09:32:53 +0800] "GET /logs/access_20210425.log HTTP/1.1" 404 1194 "http://ft.kidcastle.com.cn/" "Mozilla/5.0 (Windows NT 10.0; Win64; x64) AppleWebKit/537.36 (KHTML, like Gecko) Chrome/67.0.3396.87 Safari/537.36,gzip(gfe)"
206.217.141.227 - - [27/Oct/2022:09:32:54 +0800] "GET / HTTP/1.1" 200 794 "http://ft.kidcastle.com.cn" "Mozilla/5.0 (Windows NT 10.0; Win64; x64) AppleWebKit/537.36 (KHTML, like Gecko) Chrome/67.0.3396.87 Safari/537.36,gzip(gfe)"
39.107.59.89 - - [27/Oct/2022:09:44:05 +0800] "GET / HTTP/1.1" 200 794 "-" "Mozilla/5.0 (Macintosh; Intel Mac OS X 10_15_1) AppleWebKit/537.36 (KHTML, like Gecko) Chrome/95.0.4638.54 Safari/537.36"
39.107.59.89 - - [27/Oct/2022:09:44:05 +0800] "GET /icons/blank.gif HTTP/1.1" 200 148 "http://ft.kidcastle.com.cn/" "Mozilla/5.0 (Macintosh; Intel Mac OS X 10_15_1) AppleWebKit/537.36 (KHTML, like Gecko) Chrome/95.0.4638.54 Safari/537.36"
39.107.59.89 - - [27/Oct/2022:09:44:05 +0800] "GET /icons/folder.gif HTTP/1.1" 200 225 "http://ft.kidcastle.com.cn/" "Mozilla/5.0 (Macintosh; Intel Mac OS X 10_15_1) AppleWebKit/537.36 (KHTML, like Gecko) Chrome/95.0.4638.54 Safari/537.36"
39.107.59.89 - - [27/Oct/2022:09:44:15 +0800] "GET /icons/blank.gif HTTP/1.1" 200 148 "http://ft.kidcastle.com.cn/" "Mozilla/5.0 (Windows NT 10.0; Win64; x64; rv:57.0) Gecko/20100101 Firefox/57.0"
39.107.59.89 - - [27/Oct/2022:09:44:15 +0800] "GET /icons/folder.gif HTTP/1.1" 200 225 "http://ft.kidcastle.com.cn/" "Mozilla/5.0 (Windows NT 10.0; Win64; x64; rv:57.0) Gecko/20100101 Firefox/57.0"
40.77.167.36 - - [27/Oct/2022:09:51:00 +0800] "GET /logs/ HTTP/1.1" 200 6046 "-" "Mozilla/5.0 (compatible; bingbot/2.0; +http://www.bing.com/bingbot.htm)"
191.102.182.154 - - [27/Oct/2022:09:59:36 +0800] "GET /logs/access_20210425.log HTTP/1.1" 404 1194 "http://ft.kidcastle.com.cn/" "Mozilla/5.0 (Windows NT 10.0; Win64; x64) AppleWebKit/537.36 (KHTML, like Gecko) Chrome/103.0.0.0 Safari/537.36"
191.102.182.154 - - [27/Oct/2022:09:59:38 +0800] "GET / HTTP/1.1" 200 794 "http://ft.kidcastle.com.cn" "Mozilla/5.0 (Windows NT 10.0; Win64; x64) AppleWebKit/537.36 (KHTML, like Gecko) Chrome/103.0.0.0 Safari/537.36"
191.102.182.154 - - [27/Oct/2022:09:59:41 +0800] "GET /?C=M;O=A HTTP/1.1" 200 794 "http://ft.kidcastle.com.cn" "Mozilla/5.0 (Windows NT 10.0; Win64; x64) AppleWebKit/537.36 (KHTML, like Gecko) Chrome/103.0.0.0 Safari/537.36"
207.46.13.131 - - [27/Oct/2022:10:05:47 +0800] "GET /logs/access_20210930.log HTTP/1.1" 404 1052 "-" "Mozilla/5.0 (compatible; bingbot/2.0; +http://www.bing.com/bingbot.htm)"
40.77.167.36 - - [27/Oct/2022:10:19:33 +0800] "GET /logs/ HTTP/1.1" 200 6046 "-" "Mozilla/5.0 AppleWebKit/537.36 (KHTML, like Gecko; compatible; bingbot/2.0; +http://www.bing.com/bingbot.htm) Chrome/103.0.5060.134 Safari/537.36"
194.31.162.160 - - [27/Oct/2022:10:32:58 +0800] "GET /logs/access_20210425.log HTTP/1.1" 404 1194 "http://ft.kidcastle.com.cn/" "Mozilla/5.0 (Windows NT 10.0; Win64; x64) AppleWebKit/537.36 (KHTML, like Gecko) Chrome/103.0.0.0 Safari/537.36 OPR/89.0.4447.51"
194.31.162.160 - - [27/Oct/2022:10:32:59 +0800] "GET / HTTP/1.1" 200 794 "http://ft.kidcastle.com.cn" "Mozilla/5.0 (Windows NT 10.0; Win64; x64) AppleWebKit/537.36 (KHTML, like Gecko) Chrome/103.0.0.0 Safari/537.36 OPR/89.0.4447.51"
194.31.162.160 - - [27/Oct/2022:10:33:00 +0800] "GET /?C=M;O=A HTTP/1.1" 200 794 "http://ft.kidcastle.com.cn" "Mozilla/5.0 (Windows NT 10.0; Win64; x64) AppleWebKit/537.36 (KHTML, like Gecko) Chrome/103.0.0.0 Safari/537.36 OPR/89.0.4447.51"
220.181.108.83 - - [27/Oct/2022:10:43:36 +0800] "GET /logs/access_20211020.log HTTP/1.1" 404 1048 "-" "Mozilla/5.0 (compatible; Baiduspider/2.0; +http://www.baidu.com/search/spider.html)"
40.77.167.36 - - [27/Oct/2022:10:47:15 +0800] "GET /logs/ HTTP/1.1" 200 6046 "-" "Mozilla/5.0 (compatible; bingbot/2.0; +http://www.bing.com/bingbot.htm)"
116.179.32.151 - - [27/Oct/2022:11:05:30 +0800] "GET /logs/?C=N;O=D HTTP/1.1" 200 6046 "-" "Mozilla/5.0 (compatible; Baiduspider/2.0; +http://www.baidu.com/search/spider.html)"
40.77.167.36 - - [27/Oct/2022:11:42:01 +0800] "GET /logs/ HTTP/1.1" 200 6046 "-" "Mozilla/5.0 (compatible; bingbot/2.0; +http://www.bing.com/bingbot.htm)"
116.179.32.207 - - [27/Oct/2022:11:54:53 +0800] "GET /logs/access_20201213.log HTTP/1.1" 404 1048 "-" "Mozilla/5.0 (compatible; Baiduspider/2.0; +http://www.baidu.com/search/spider.html)"
40.77.167.103 - - [27/Oct/2022:12:10:47 +0800] "GET /robots.txt HTTP/1.1" 404 1052 "-" "Mozilla/5.0 (compatible; bingbot/2.0; +http://www.bing.com/bingbot.htm)"
40.77.167.36 - - [27/Oct/2022:12:10:54 +0800] "GET /logs/ HTTP/1.1" 200 6046 "-" "Mozilla/5.0 (compatible; bingbot/2.0; +http://www.bing.com/bingbot.htm)"
42.236.10.125 - - [27/Oct/2022:12:34:09 +0800] "GET / HTTP/1.1" 200 794 "-" "Mozilla/5.0 (Linux; U; Android 8.0.0; zh-cn; Mi Note 2 Build/OPR1.170623.032) AppleWebKit/537.36 (KHTML, like Gecko) Version/4.0 Chrome/61.0.3163.128 Mobile Safari/537.36 XiaoMi/MiuiBrowser/10.1.1"
42.236.10.125 - - [27/Oct/2022:12:34:09 +0800] "GET / HTTP/1.1" 200 794 "http://baidu.com/" "Mozilla/5.0 (Linux; U; Android 8.0.0; zh-cn; Mi Note 2 Build/OPR1.170623.032) AppleWebKit/537.36 (KHTML, like Gecko) Version/4.0 Chrome/61.0.3163.128 Mobile Safari/537.36 XiaoMi/MiuiBrowser/10.1.1"
42.236.10.125 - - [27/Oct/2022:12:34:10 +0800] "GET /icons/blank.gif HTTP/1.1" 200 148 "http://ft.kidcastle.com.cn/" "Mozilla/5.0 (Linux; U; Android 8.0.0; zh-cn; Mi Note 2 Build/OPR1.170623.032) AppleWebKit/537.36 (KHTML, like Gecko) Version/4.0 Chrome/61.0.3163.128 Mobile Safari/537.36 XiaoMi/MiuiBrowser/10.1.1"
42.236.10.125 - - [27/Oct/2022:12:34:10 +0800] "GET /icons/folder.gif HTTP/1.1" 200 225 "http://ft.kidcastle.com.cn/" "Mozilla/5.0 (Linux; U; Android 8.0.0; zh-cn; Mi Note 2 Build/OPR1.170623.032) AppleWebKit/537.36 (KHTML, like Gecko) Version/4.0 Chrome/61.0.3163.128 Mobile Safari/537.36 XiaoMi/MiuiBrowser/10.1.1"
40.77.167.36 - - [27/Oct/2022:12:38:26 +0800] "GET /logs/ HTTP/1.1" 200 6046 "-" "Mozilla/5.0 (compatible; bingbot/2.0; +http://www.bing.com/bingbot.htm)"
40.77.167.36 - - [27/Oct/2022:13:05:59 +0800] "GET /logs/ HTTP/1.1" 200 6046 "-" "Mozilla/5.0 AppleWebKit/537.36 (KHTML, like Gecko; compatible; bingbot/2.0; +http://www.bing.com/bingbot.htm) Chrome/103.0.5060.134 Safari/537.36"
40.77.167.22 - - [27/Oct/2022:13:16:44 +0800] "GET /logs/access_20211017.log HTTP/1.1" 404 1052 "-" "Mozilla/5.0 AppleWebKit/537.36 (KHTML, like Gecko; compatible; bingbot/2.0; +http://www.bing.com/bingbot.htm) Chrome/103.0.5060.134 Safari/537.36"
198.46.206.41 - - [27/Oct/2022:13:19:17 +0800] "GET /logs/access_20210425.log HTTP/1.1" 404 1194 "http://ft.kidcastle.com.cn/" "Mozilla/5.0 (Macintosh; Intel Mac OS X 12_5) AppleWebKit/537.36 (KHTML, like Gecko) Chrome/103.0.0.0 Safari/537.36 Edg/103.0.1264.71"
198.46.206.41 - - [27/Oct/2022:13:19:18 +0800] "GET / HTTP/1.1" 200 794 "http://ft.kidcastle.com.cn" "Mozilla/5.0 (Macintosh; Intel Mac OS X 12_5) AppleWebKit/537.36 (KHTML, like Gecko) Chrome/103.0.0.0 Safari/537.36 Edg/103.0.1264.71"
198.46.206.41 - - [27/Oct/2022:13:19:20 +0800] "GET /?C=M;O=A HTTP/1.1" 200 794 "http://ft.kidcastle.com.cn" "Mozilla/5.0 (Macintosh; Intel Mac OS X 12_5) AppleWebKit/537.36 (KHTML, like Gecko) Chrome/103.0.0.0 Safari/537.36 Edg/103.0.1264.71"
116.179.32.112 - - [27/Oct/2022:13:24:53 +0800] "GET /logs/?C=S;O=A HTTP/1.1" 200 6042 "-" "Mozilla/5.0 (compatible; Baiduspider/2.0; +http://www.baidu.com/search/spider.html)"
40.77.167.36 - - [27/Oct/2022:13:34:11 +0800] "GET /logs/ HTTP/1.1" 200 6046 "-" "Mozilla/5.0 AppleWebKit/537.36 (KHTML, like Gecko; compatible; bingbot/2.0; +http://www.bing.com/bingbot.htm) Chrome/103.0.5060.134 Safari/537.36"
40.77.167.36 - - [27/Oct/2022:14:00:34 +0800] "GET /logs/ HTTP/1.1" 200 6046 "-" "Mozilla/5.0 AppleWebKit/537.36 (KHTML, like Gecko; compatible; bingbot/2.0; +http://www.bing.com/bingbot.htm) Chrome/103.0.5060.134 Safari/537.36"
220.181.108.91 - - [27/Oct/2022:14:05:32 +0800] "GET /logs/access_20210324.log HTTP/1.1" 404 1052 "-" "Mozilla/5.0 (compatible; Baiduspider/2.0; +http://www.baidu.com/search/spider.html)"
40.77.167.36 - - [27/Oct/2022:14:11:54 +0800] "GET / HTTP/1.1" 200 794 "-" "Mozilla/5.0 (compatible; bingbot/2.0; +http://www.bing.com/bingbot.htm)"
40.77.167.36 - - [27/Oct/2022:14:28:17 +0800] "GET /logs/ HTTP/1.1" 200 6046 "-" "Mozilla/5.0 AppleWebKit/537.36 (KHTML, like Gecko; compatible; bingbot/2.0; +http://www.bing.com/bingbot.htm) Chrome/103.0.5060.134 Safari/537.36"
40.77.167.22 - - [27/Oct/2022:14:44:42 +0800] "GET /logs/access_20220224.log HTTP/1.1" 404 1052 "-" "Mozilla/5.0 AppleWebKit/537.36 (KHTML, like Gecko; compatible; bingbot/2.0; +http://www.bing.com/bingbot.htm) Chrome/103.0.5060.134 Safari/537.36"
198.46.227.149 - - [27/Oct/2022:14:50:09 +0800] "GET /logs/access_20211209.log HTTP/1.1" 404 1194 "http://ft.kidcastle.com.cn/" "Mozilla/5.0 (Windows NT 10.0; WOW64; x64) AppleWebKit/537.36 (KHTML, like Gecko) Chrome/103.0.0.0 Safari/537.36 OPR/89.0.4447.51"
198.46.227.149 - - [27/Oct/2022:14:50:14 +0800] "GET / HTTP/1.1" 200 794 "http://ft.kidcastle.com.cn" "Mozilla/5.0 (Windows NT 10.0; WOW64; x64) AppleWebKit/537.36 (KHTML, like Gecko) Chrome/103.0.0.0 Safari/537.36 OPR/89.0.4447.51"
198.46.227.149 - - [27/Oct/2022:14:50:19 +0800] "GET /?C=M;O=A HTTP/1.1" 200 794 "http://ft.kidcastle.com.cn" "Mozilla/5.0 (Windows NT 10.0; WOW64; x64) AppleWebKit/537.36 (KHTML, like Gecko) Chrome/103.0.0.0 Safari/537.36 OPR/89.0.4447.51"
101.200.61.139 - - [27/Oct/2022:14:51:43 +0800] "HEAD / HTTP/1.1" 200 - "-" "python-requests/2.28.1"
101.200.61.139 - - [27/Oct/2022:14:51:48 +0800] "GET / HTTP/1.1" 200 794 "-" "python-requests/2.28.1"
101.200.61.139 - - [27/Oct/2022:14:51:48 +0800] "GET / HTTP/1.1" 200 794 "-" "python-requests/2.28.1"
101.200.61.139 - - [27/Oct/2022:14:51:48 +0800] "GET / HTTP/1.1" 200 794 "-" "python-requests/2.28.1"
101.200.61.139 - - [27/Oct/2022:14:51:49 +0800] "GET / HTTP/1.1" 200 794 "-" "Mozilla/5.0 (X11; Linux x86_64) AppleWebKit/537.36 (KHTML, like Gecko) HeadlessChrome/104.0.5112.101 Safari/537.36"
101.200.61.139 - - [27/Oct/2022:14:51:49 +0800] "GET /icons/blank.gif HTTP/1.1" 200 148 "http://ft.kidcastle.com.cn/" "Mozilla/5.0 (X11; Linux x86_64) AppleWebKit/537.36 (KHTML, like Gecko) HeadlessChrome/104.0.5112.101 Safari/537.36"
101.200.61.139 - - [27/Oct/2022:14:51:49 +0800] "GET /icons/folder.gif HTTP/1.1" 200 225 "http://ft.kidcastle.com.cn/" "Mozilla/5.0 (X11; Linux x86_64) AppleWebKit/537.36 (KHTML, like Gecko) HeadlessChrome/104.0.5112.101 Safari/537.36"
101.200.61.139 - - [27/Oct/2022:14:52:25 +0800] "GET /icons/folder.gif HTTP/1.1" 200 225 "-" "python-requests/2.28.1"
101.200.61.139 - - [27/Oct/2022:14:52:25 +0800] "GET /icons/blank.gif HTTP/1.1" 200 148 "-" "python-requests/2.28.1"
183.129.153.157 - - [27/Oct/2022:14:52:34 +0800] "GET / HTTP/1.1" 200 794 "-" "Mozilla/5.0 (Windows NT 10.0; Win64; x64) AppleWebKit/537.36 (KHTML, like Gecko) Chrome/63.0.3239.108 Safari/537.36"
220.181.108.156 - - [27/Oct/2022:14:54:53 +0800] "GET /logs/access_20201211.log HTTP/1.1" 404 1048 "-" "Mozilla/5.0 (compatible; Baiduspider/2.0; +http://www.baidu.com/search/spider.html)"
40.77.167.36 - - [27/Oct/2022:14:56:09 +0800] "GET /logs/ HTTP/1.1" 200 6046 "-" "Mozilla/5.0 AppleWebKit/537.36 (KHTML, like Gecko; compatible; bingbot/2.0; +http://www.bing.com/bingbot.htm) Chrome/103.0.5060.134 Safari/537.36"
207.46.13.179 - - [27/Oct/2022:14:57:08 +0800] "GET /logs/access_20210830.log HTTP/1.1" 404 1052 "-" "Mozilla/5.0 (compatible; bingbot/2.0; +http://www.bing.com/bingbot.htm)"
40.77.167.36 - - [27/Oct/2022:15:24:01 +0800] "GET /logs/ HTTP/1.1" 200 6046 "-" "Mozilla/5.0 (compatible; bingbot/2.0; +http://www.bing.com/bingbot.htm)"
207.46.13.179 - - [27/Oct/2022:15:26:11 +0800] "GET /logs/access_20201127.log HTTP/1.1" 404 1052 "-" "Mozilla/5.0 AppleWebKit/537.36 (KHTML, like Gecko; compatible; bingbot/2.0; +http://www.bing.com/bingbot.htm) Chrome/103.0.5060.134 Safari/537.36"
40.77.167.36 - - [27/Oct/2022:15:51:24 +0800] "GET /logs/ HTTP/1.1" 200 6046 "-" "Mozilla/5.0 AppleWebKit/537.36 (KHTML, like Gecko; compatible; bingbot/2.0; +http://www.bing.com/bingbot.htm) Chrome/103.0.5060.134 Safari/537.36"
40.77.167.36 - - [27/Oct/2022:16:18:27 +0800] "GET /logs/ HTTP/1.1" 200 6046 "-" "Mozilla/5.0 (compatible; bingbot/2.0; +http://www.bing.com/bingbot.htm)"
220.181.108.177 - - [27/Oct/2022:16:24:53 +0800] "GET /logs/?C=N;O=D HTTP/1.1" 200 6042 "-" "Mozilla/5.0 (compatible; Baiduspider/2.0; +http://www.baidu.com/search/spider.html)"
40.77.167.36 - - [27/Oct/2022:16:46:29 +0800] "GET /logs/ HTTP/1.1" 200 6046 "-" "Mozilla/5.0 AppleWebKit/537.36 (KHTML, like Gecko; compatible; bingbot/2.0; +http://www.bing.com/bingbot.htm) Chrome/103.0.5060.134 Safari/537.36"
223.80.101.21 - - [27/Oct/2022:17:01:01 +0800] "GET /logs/?C=N;O=A HTTP/1.1" 200 6046 "https://www.baidu.com/link?url=Uci8FDbqv9fYuqCXIdn_XtsO3fO0WQZa95Qx6Od0JZcAjiNdQpf5fZ0GjMGemcgeEzu6B3URshTrOkdA1kivRK&wd=&eqid=a970f193001485be00000003635a48c8" "Mozilla/5.0 (Windows NT 6.1; Win64; x64; rv:106.0) Gecko/20100101 Firefox/106.0"
223.80.101.21 - - [27/Oct/2022:17:01:01 +0800] "GET /icons/blank.gif HTTP/1.1" 200 148 "http://ft.kidcastle.com.cn/logs/?C=N;O=A" "Mozilla/5.0 (Windows NT 6.1; Win64; x64; rv:106.0) Gecko/20100101 Firefox/106.0"
223.80.101.21 - - [27/Oct/2022:17:01:01 +0800] "GET /icons/back.gif HTTP/1.1" 200 216 "http://ft.kidcastle.com.cn/logs/?C=N;O=A" "Mozilla/5.0 (Windows NT 6.1; Win64; x64; rv:106.0) Gecko/20100101 Firefox/106.0"
223.80.101.21 - - [27/Oct/2022:17:01:01 +0800] "GET /icons/text.gif HTTP/1.1" 200 229 "http://ft.kidcastle.com.cn/logs/?C=N;O=A" "Mozilla/5.0 (Windows NT 6.1; Win64; x64; rv:106.0) Gecko/20100101 Firefox/106.0"
223.80.101.21 - - [27/Oct/2022:17:01:01 +0800] "GET /favicon.ico HTTP/1.1" 404 1228 "http://ft.kidcastle.com.cn/logs/?C=N;O=A" "Mozilla/5.0 (Windows NT 6.1; Win64; x64; rv:106.0) Gecko/20100101 Firefox/106.0"
116.179.33.142 - - [27/Oct/2022:17:05:30 +0800] "GET /robots.txt HTTP/1.1" 404 1052 "-" "Mozilla/5.0 (Windows NT 10.0; WOW64) AppleWebKit/537.36 (KHTML, like Gecko) Chrome/48.0.2564.116 Safari/537.36"
220.181.108.105 - - [27/Oct/2022:17:05:32 +0800] "GET /logs/access_20200814.log HTTP/1.1" 404 1052 "-" "Mozilla/5.0 (compatible; Baiduspider/2.0; +http://www.baidu.com/search/spider.html)"
40.77.167.36 - - [27/Oct/2022:17:14:32 +0800] "GET /logs/ HTTP/1.1" 200 6046 "-" "Mozilla/5.0 AppleWebKit/537.36 (KHTML, like Gecko; compatible; bingbot/2.0; +http://www.bing.com/bingbot.htm) Chrome/103.0.5060.134 Safari/537.36"
40.77.167.36 - - [27/Oct/2022:17:41:25 +0800] "GET /logs/ HTTP/1.1" 200 6046 "-" "Mozilla/5.0 AppleWebKit/537.36 (KHTML, like Gecko; compatible; bingbot/2.0; +http://www.bing.com/bingbot.htm) Chrome/103.0.5060.134 Safari/537.36"
220.181.51.120 - - [27/Oct/2022:17:54:45 +0800] "GET / HTTP/1.1" 200 790 "-" "Mozilla/5.0 (Windows NT 10.0; WOW64) AppleWebKit/537.36 (KHTML, like Gecko) Chrome/48.0.2564.116 Safari/537.36"
116.179.33.141 - - [27/Oct/2022:17:54:49 +0800] "GET /icons/folder.gif HTTP/1.1" 200 225 "http://ft.kidcastle.cn/" "Mozilla/5.0 (Windows NT 10.0; Win64; x64) AppleWebKit/537.36 (KHTML, like Gecko) Chrome/99.0.4844.51 Safari/537.36"
220.181.108.103 - - [27/Oct/2022:17:54:56 +0800] "GET / HTTP/1.1" 200 790 "-" "Mozilla/5.0 (compatible; Baiduspider/2.0; +http://www.baidu.com/search/spider.html)"
112.53.66.123 - - [27/Oct/2022:17:56:20 +0800] "GET / HTTP/1.1" 200 790 "-" "Mozilla/5.0 (Windows NT 10.0; WOW64) AppleWebKit/537.36 (KHTML, like Gecko) Chrome/48.0.2564.116 Safari/537.36"
40.77.167.36 - - [27/Oct/2022:18:08:58 +0800] "GET /logs/ HTTP/1.1" 200 6046 "-" "Mozilla/5.0 AppleWebKit/537.36 (KHTML, like Gecko; compatible; bingbot/2.0; +http://www.bing.com/bingbot.htm) Chrome/103.0.5060.134 Safari/537.36"
116.179.32.34 - - [27/Oct/2022:18:14:05 +0800] "GET /logs/access_20220510.log HTTP/1.1" 404 1048 "-" "Mozilla/5.0 (compatible; Baiduspider/2.0; +http://www.baidu.com/search/spider.html)"
40.77.167.36 - - [27/Oct/2022:18:35:49 +0800] "GET /logs/ HTTP/1.1" 200 6046 "-" "Mozilla/5.0 AppleWebKit/537.36 (KHTML, like Gecko; compatible; bingbot/2.0; +http://www.bing.com/bingbot.htm) Chrome/103.0.5060.134 Safari/537.36"
40.77.167.36 - - [27/Oct/2022:19:03:13 +0800] "GET /logs/ HTTP/1.1" 200 6046 "-" "Mozilla/5.0 (compatible; bingbot/2.0; +http://www.bing.com/bingbot.htm)"
220.181.108.114 - - [27/Oct/2022:19:05:36 +0800] "GET /logs/access_20210502.log HTTP/1.1" 404 1052 "-" "Mozilla/5.0 (compatible; Baiduspider/2.0; +http://www.baidu.com/search/spider.html)"
116.179.32.107 - - [27/Oct/2022:19:05:36 +0800] "GET /logs/access_20220823.log HTTP/1.1" 404 1052 "-" "Mozilla/5.0 (compatible; Baiduspider/2.0; +http://www.baidu.com/search/spider.html)"
40.77.167.36 - - [27/Oct/2022:19:30:05 +0800] "GET /logs/ HTTP/1.1" 200 6046 "-" "Mozilla/5.0 AppleWebKit/537.36 (KHTML, like Gecko; compatible; bingbot/2.0; +http://www.bing.com/bingbot.htm) Chrome/103.0.5060.134 Safari/537.36"
175.6.64.113 - - [27/Oct/2022:19:39:44 +0800] "GET / HTTP/1.1" 200 794 "-" "Mozilla/5.0 (Macintosh; Intel Mac OS X 10_15_7) AppleWebKit/537.36 (KHTML, like Gecko) Chrome/96.0.4664.110 Safari/537.36"
175.6.64.113 - - [27/Oct/2022:19:39:44 +0800] "GET /favicon.ico HTTP/1.1" 404 1052 "-" "Mozilla/5.0 (Macintosh; Intel Mac OS X 10_15_7) AppleWebKit/537.36 (KHTML, like Gecko) Chrome/96.0.4664.110 Safari/537.36"
40.77.167.36 - - [27/Oct/2022:19:58:08 +0800] "GET /logs/ HTTP/1.1" 200 6046 "-" "Mozilla/5.0 (compatible; bingbot/2.0; +http://www.bing.com/bingbot.htm)"
40.77.167.36 - - [27/Oct/2022:20:24:20 +0800] "GET /logs/ HTTP/1.1" 200 6046 "-" "Mozilla/5.0 AppleWebKit/537.36 (KHTML, like Gecko; compatible; bingbot/2.0; +http://www.bing.com/bingbot.htm) Chrome/103.0.5060.134 Safari/537.36"
40.77.167.36 - - [27/Oct/2022:20:51:33 +0800] "GET /logs/ HTTP/1.1" 200 6046 "-" "Mozilla/5.0 (compatible; bingbot/2.0; +http://www.bing.com/bingbot.htm)"
220.181.108.111 - - [27/Oct/2022:21:02:52 +0800] "GET /logs/access_20211117.log HTTP/1.1" 404 1048 "-" "Mozilla/5.0 (compatible; Baiduspider/2.0; +http://www.baidu.com/search/spider.html)"
40.77.167.36 - - [27/Oct/2022:21:49:58 +0800] "GET /logs/ HTTP/1.1" 200 6046 "-" "Mozilla/5.0 (compatible; bingbot/2.0; +http://www.bing.com/bingbot.htm)"
40.77.167.36 - - [27/Oct/2022:22:17:11 +0800] "GET /logs/ HTTP/1.1" 200 6046 "-" "Mozilla/5.0 (compatible; bingbot/2.0; +http://www.bing.com/bingbot.htm)"
85.72.235.249 - - [27/Oct/2022:22:25:23 +0800] "GET / HTTP/1.0" 200 794 "-" "Mozilla/5.0 (Windows NT 6.3; Win64; x64) AppleWebKit/537.36 (KHTML, like Gecko) Chrome/102.0.0.0 Safari/537.36"
116.179.32.14 - - [27/Oct/2022:22:32:53 +0800] "GET /logs/access_20210717.log HTTP/1.1" 404 1048 "-" "Mozilla/5.0 (compatible; Baiduspider/2.0; +http://www.baidu.com/search/spider.html)"
220.181.108.113 - - [27/Oct/2022:23:05:31 +0800] "GET /logs/ HTTP/1.1" 200 6046 "-" "Mozilla/5.0 (compatible; Baiduspider/2.0; +http://www.baidu.com/search/spider.html)"
40.77.167.36 - - [27/Oct/2022:23:12:45 +0800] "GET /logs/ HTTP/1.1" 200 6046 "-" "Mozilla/5.0 AppleWebKit/537.36 (KHTML, like Gecko; compatible; bingbot/2.0; +http://www.bing.com/bingbot.htm) Chrome/103.0.5060.134 Safari/537.36"
40.77.167.36 - - [27/Oct/2022:23:39:59 +0800] "GET /logs/ HTTP/1.1" 200 6046 "-" "Mozilla/5.0 AppleWebKit/537.36 (KHTML, like Gecko; compatible; bingbot/2.0; +http://www.bing.com/bingbot.htm) Chrome/103.0.5060.134 Safari/537.36"