40.77.167.36 - - [15/Oct/2022:00:02:14 +0800] "GET /logs/ HTTP/1.1" 200 3186 "-" "Mozilla/5.0 (compatible; bingbot/2.0; +http://www.bing.com/bingbot.htm)"
220.181.108.168 - - [15/Oct/2022:00:15:55 +0800] "GET /logs/access_20201228.log HTTP/1.1" 404 1048 "-" "Mozilla/5.0 (compatible; Baiduspider/2.0; +http://www.baidu.com/search/spider.html)"
40.77.167.36 - - [15/Oct/2022:00:29:45 +0800] "GET /logs/ HTTP/1.1" 200 3406 "-" "Mozilla/5.0 (compatible; bingbot/2.0; +http://www.bing.com/bingbot.htm)"
220.181.108.144 - - [15/Oct/2022:00:36:12 +0800] "GET /logs/access_20211108.log HTTP/1.1" 404 1052 "-" "Mozilla/5.0 (compatible; Baiduspider/2.0; +http://www.baidu.com/search/spider.html)"
40.77.167.36 - - [15/Oct/2022:00:56:48 +0800] "GET /logs/ HTTP/1.1" 200 3406 "-" "Mozilla/5.0 (compatible; bingbot/2.0; +http://www.bing.com/bingbot.htm)"
116.179.32.160 - - [15/Oct/2022:01:00:56 +0800] "GET /logs/?C=S;O=A HTTP/1.1" 200 3402 "-" "Mozilla/5.0 (compatible; Baiduspider/2.0; +http://www.baidu.com/search/spider.html)"
66.249.79.50 - - [15/Oct/2022:01:01:13 +0800] "GET /logs/access_20220418.log HTTP/1.1" 404 1052 "-" "Mozilla/5.0 (Linux; Android 6.0.1; Nexus 5X Build/MMB29P) AppleWebKit/537.36 (KHTML, like Gecko) Chrome/106.0.5249.103 Mobile Safari/537.36 (compatible; Googlebot/2.1; +http://www.google.com/bot.html)"
40.77.167.36 - - [15/Oct/2022:01:24:21 +0800] "GET /logs/ HTTP/1.1" 200 3406 "-" "Mozilla/5.0 (compatible; bingbot/2.0; +http://www.bing.com/bingbot.htm)"
138.201.198.117 - - [15/Oct/2022:01:40:50 +0800] "GET /logs/access_20210425.log HTTP/1.1" 404 1194 "http://ft.kidcastle.com.cn/" "Mozilla/5.0 (Windows NT 10.0; Win64; x64) AppleWebKit/537.36 (KHTML, like Gecko) Chrome/103.0.0.0 Safari/537.36 OPR/89.0.4447.51"
138.201.198.117 - - [15/Oct/2022:01:40:50 +0800] "GET / HTTP/1.1" 200 794 "http://ft.kidcastle.com.cn" "Mozilla/5.0 (Windows NT 10.0; Win64; x64) AppleWebKit/537.36 (KHTML, like Gecko) Chrome/103.0.0.0 Safari/537.36 OPR/89.0.4447.51"
138.201.198.117 - - [15/Oct/2022:01:40:52 +0800] "GET /?C=M;O=A HTTP/1.1" 200 794 "http://ft.kidcastle.com.cn" "Mozilla/5.0 (Windows NT 10.0; Win64; x64) AppleWebKit/537.36 (KHTML, like Gecko) Chrome/103.0.0.0 Safari/537.36 OPR/89.0.4447.51"
40.77.167.36 - - [15/Oct/2022:01:51:33 +0800] "GET /logs/ HTTP/1.1" 200 3406 "-" "Mozilla/5.0 (compatible; bingbot/2.0; +http://www.bing.com/bingbot.htm)"
40.77.167.36 - - [15/Oct/2022:02:19:44 +0800] "GET /logs/ HTTP/1.1" 200 3406 "-" "Mozilla/5.0 (compatible; bingbot/2.0; +http://www.bing.com/bingbot.htm)"
116.179.32.240 - - [15/Oct/2022:02:21:11 +0800] "GET /logs/access_20211106.log HTTP/1.1" 404 1052 "-" "Mozilla/5.0 (compatible; Baiduspider/2.0; +http://www.baidu.com/search/spider.html)"
52.163.254.101 - - [15/Oct/2022:02:30:46 +0800] "GET / HTTP/1.1" 200 794 "-" "Mozilla/5.0 (Windows NT 10.0; Win64; x64) AppleWebKit/537.36 (KHTML, like Gecko) Chrome/95.0.4638.69 Safari/537.36"
52.163.254.101 - - [15/Oct/2022:02:30:52 +0800] "GET /wp-includes/ID3/license.txt HTTP/1.1" 404 1052 "-" "Mozilla/5.0 (Windows NT 10.0; Win64; x64) AppleWebKit/537.36 (KHTML, like Gecko) Chrome/95.0.4638.69 Safari/537.36"
52.163.254.101 - - [15/Oct/2022:02:30:57 +0800] "GET /feed/ HTTP/1.1" 404 1052 "-" "Mozilla/5.0 (Windows NT 10.0; Win64; x64) AppleWebKit/537.36 (KHTML, like Gecko) Chrome/95.0.4638.69 Safari/537.36"
52.163.254.101 - - [15/Oct/2022:02:31:03 +0800] "GET /xmlrpc.php?rsd HTTP/1.1" 404 1052 "-" "Mozilla/5.0 (Windows NT 10.0; Win64; x64) AppleWebKit/537.36 (KHTML, like Gecko) Chrome/95.0.4638.69 Safari/537.36"
52.163.254.101 - - [15/Oct/2022:02:31:09 +0800] "GET /web/wp-includes/wlwmanifest.xml HTTP/1.1" 404 1052 "-" "Mozilla/5.0 (Windows NT 10.0; Win64; x64) AppleWebKit/537.36 (KHTML, like Gecko) Chrome/95.0.4638.69 Safari/537.36"
52.163.254.101 - - [15/Oct/2022:02:31:14 +0800] "GET /wordpress/wp-includes/wlwmanifest.xml HTTP/1.1" 404 1052 "-" "Mozilla/5.0 (Windows NT 10.0; Win64; x64) AppleWebKit/537.36 (KHTML, like Gecko) Chrome/95.0.4638.69 Safari/537.36"
52.163.254.101 - - [15/Oct/2022:02:31:20 +0800] "GET /wp/wp-includes/wlwmanifest.xml HTTP/1.1" 404 1052 "-" "Mozilla/5.0 (Windows NT 10.0; Win64; x64) AppleWebKit/537.36 (KHTML, like Gecko) Chrome/95.0.4638.69 Safari/537.36"
52.163.254.101 - - [15/Oct/2022:02:31:26 +0800] "GET /2020/wp-includes/wlwmanifest.xml HTTP/1.1" 404 1052 "-" "Mozilla/5.0 (Windows NT 10.0; Win64; x64) AppleWebKit/537.36 (KHTML, like Gecko) Chrome/95.0.4638.69 Safari/537.36"
52.163.254.101 - - [15/Oct/2022:02:31:31 +0800] "GET /2019/wp-includes/wlwmanifest.xml HTTP/1.1" 404 1052 "-" "Mozilla/5.0 (Windows NT 10.0; Win64; x64) AppleWebKit/537.36 (KHTML, like Gecko) Chrome/95.0.4638.69 Safari/537.36"
52.163.254.101 - - [15/Oct/2022:02:31:37 +0800] "GET /2021/wp-includes/wlwmanifest.xml HTTP/1.1" 404 1052 "-" "Mozilla/5.0 (Windows NT 10.0; Win64; x64) AppleWebKit/537.36 (KHTML, like Gecko) Chrome/95.0.4638.69 Safari/537.36"
52.163.254.101 - - [15/Oct/2022:02:31:43 +0800] "GET /shop/wp-includes/wlwmanifest.xml HTTP/1.1" 404 1052 "-" "Mozilla/5.0 (Windows NT 10.0; Win64; x64) AppleWebKit/537.36 (KHTML, like Gecko) Chrome/95.0.4638.69 Safari/537.36"
52.163.254.101 - - [15/Oct/2022:02:31:48 +0800] "GET /wp1/wp-includes/wlwmanifest.xml HTTP/1.1" 404 1052 "-" "Mozilla/5.0 (Windows NT 10.0; Win64; x64) AppleWebKit/537.36 (KHTML, like Gecko) Chrome/95.0.4638.69 Safari/537.36"
52.163.254.101 - - [15/Oct/2022:02:31:54 +0800] "GET /test/wp-includes/wlwmanifest.xml HTTP/1.1" 404 1052 "-" "Mozilla/5.0 (Windows NT 10.0; Win64; x64) AppleWebKit/537.36 (KHTML, like Gecko) Chrome/95.0.4638.69 Safari/537.36"
52.163.254.101 - - [15/Oct/2022:02:32:00 +0800] "GET /site/wp-includes/wlwmanifest.xml HTTP/1.1" 404 1052 "-" "Mozilla/5.0 (Windows NT 10.0; Win64; x64) AppleWebKit/537.36 (KHTML, like Gecko) Chrome/95.0.4638.69 Safari/537.36"
52.163.254.101 - - [15/Oct/2022:02:32:05 +0800] "GET /cms/wp-includes/wlwmanifest.xml HTTP/1.1" 404 1052 "-" "Mozilla/5.0 (Windows NT 10.0; Win64; x64) AppleWebKit/537.36 (KHTML, like Gecko) Chrome/95.0.4638.69 Safari/537.36"
38.242.216.92 - - [15/Oct/2022:02:40:48 +0800] "GET /logs/access_20210425.log HTTP/1.1" 404 1194 "http://ft.kidcastle.com.cn/" "Mozilla/5.0 (Windows NT 10.0; WOW64; x64) AppleWebKit/537.36 (KHTML, like Gecko) Chrome/103.0.0.0 Safari/537.36 OPR/89.0.4447.51"
38.242.216.92 - - [15/Oct/2022:02:40:48 +0800] "GET / HTTP/1.1" 200 794 "http://ft.kidcastle.com.cn" "Mozilla/5.0 (Windows NT 10.0; WOW64; x64) AppleWebKit/537.36 (KHTML, like Gecko) Chrome/103.0.0.0 Safari/537.36 OPR/89.0.4447.51"
38.242.216.92 - - [15/Oct/2022:02:40:52 +0800] "GET /?C=M;O=A HTTP/1.1" 200 794 "http://ft.kidcastle.com.cn" "Mozilla/5.0 (Windows NT 10.0; WOW64; x64) AppleWebKit/537.36 (KHTML, like Gecko) Chrome/103.0.0.0 Safari/537.36 OPR/89.0.4447.51"
220.181.108.145 - - [15/Oct/2022:02:45:55 +0800] "GET /logs/access_20210106.log HTTP/1.1" 404 1048 "-" "Mozilla/5.0 (compatible; Baiduspider/2.0; +http://www.baidu.com/search/spider.html)"
40.77.167.36 - - [15/Oct/2022:02:52:37 +0800] "GET /logs/ HTTP/1.1" 200 3406 "-" "Mozilla/5.0 AppleWebKit/537.36 (KHTML, like Gecko; compatible; bingbot/2.0; +http://www.bing.com/bingbot.htm) Chrome/103.0.5060.134 Safari/537.36"
66.249.79.50 - - [15/Oct/2022:02:53:40 +0800] "GET /logs/access_20211230.log HTTP/1.1" 404 1052 "-" "Mozilla/5.0 (Linux; Android 6.0.1; Nexus 5X Build/MMB29P) AppleWebKit/537.36 (KHTML, like Gecko) Chrome/106.0.5249.103 Mobile Safari/537.36 (compatible; Googlebot/2.1; +http://www.google.com/bot.html)"
66.249.79.45 - - [15/Oct/2022:02:53:40 +0800] "GET /robots.txt HTTP/1.1" 404 1052 "-" "Mozilla/5.0 (compatible; Googlebot/2.1; +http://www.google.com/bot.html)"
39.104.82.17 - - [15/Oct/2022:02:54:48 +0800] "HEAD / HTTP/1.1" 200 - "-" "Mozilla/5.0 (Windows NT 6.1; Win64; x64) AppleWebKit/537.36 (KHTML, like Gecko) Chrome/89.0.4389.128"
39.104.82.17 - - [15/Oct/2022:02:54:48 +0800] "HEAD /xxxxfsfsfsfadsafdafdfdaasffasf.txt HTTP/1.1" 404 - "-" "Mozilla/5.0 (Windows NT 6.1; Win64; x64) AppleWebKit/537.36 (KHTML, like Gecko) Chrome/89.0.4389.128"
39.104.82.17 - - [15/Oct/2022:02:54:49 +0800] "HEAD /wp-login.php HTTP/1.1" 404 - "-" "Mozilla/5.0 (Windows NT 6.1; Win64; x64) AppleWebKit/537.36 (KHTML, like Gecko) Chrome/89.0.4389.128"
40.77.167.36 - - [15/Oct/2022:03:21:21 +0800] "GET /logs/ HTTP/1.1" 200 3406 "-" "Mozilla/5.0 (compatible; bingbot/2.0; +http://www.bing.com/bingbot.htm)"
40.77.167.36 - - [15/Oct/2022:03:45:32 +0800] "GET /logs/ HTTP/1.1" 200 3406 "-" "Mozilla/5.0 AppleWebKit/537.36 (KHTML, like Gecko; compatible; bingbot/2.0; +http://www.bing.com/bingbot.htm) Chrome/103.0.5060.134 Safari/537.36"
20.199.116.177 - - [15/Oct/2022:04:04:22 +0800] "GET //.env HTTP/1.1" 404 1052 "-" "Mozilla/5.0 (Macintosh; Intel Mac OS X 10.15; rv:77.0) Gecko/20100101 Firefox/77.0"
40.77.167.36 - - [15/Oct/2022:04:16:45 +0800] "GET /logs/ HTTP/1.1" 200 3406 "-" "Mozilla/5.0 (compatible; bingbot/2.0; +http://www.bing.com/bingbot.htm)"
116.179.32.71 - - [15/Oct/2022:04:21:10 +0800] "GET /logs/access_20200402.log HTTP/1.1" 404 1052 "-" "Mozilla/5.0 (compatible; Baiduspider/2.0; +http://www.baidu.com/search/spider.html)"
192.186.186.53 - - [15/Oct/2022:04:26:54 +0800] "GET /logs/access_20211209.log HTTP/1.1" 404 1194 "http://ft.kidcastle.com.cn/" "Mozilla/5.0 (Macintosh; Intel Mac OS X 12_5) AppleWebKit/537.36 (KHTML, like Gecko) Chrome/103.0.0.0 YaBrowser/22.7.0 Yowser/2.5 Safari/537.36"
192.186.186.53 - - [15/Oct/2022:04:26:55 +0800] "GET / HTTP/1.1" 200 794 "http://ft.kidcastle.com.cn" "Mozilla/5.0 (Macintosh; Intel Mac OS X 12_5) AppleWebKit/537.36 (KHTML, like Gecko) Chrome/103.0.0.0 YaBrowser/22.7.0 Yowser/2.5 Safari/537.36"
20.199.116.177 - - [15/Oct/2022:04:40:21 +0800] "GET /.env HTTP/1.1" 404 1052 "-" "Mozilla/5.0 (Macintosh; Intel Mac OS X 10.15; rv:77.0) Gecko/20100101 Firefox/77.0"
40.77.167.36 - - [15/Oct/2022:04:46:39 +0800] "GET /logs/ HTTP/1.1" 200 3406 "-" "Mozilla/5.0 AppleWebKit/537.36 (KHTML, like Gecko; compatible; bingbot/2.0; +http://www.bing.com/bingbot.htm) Chrome/103.0.5060.134 Safari/537.36"
40.77.167.36 - - [15/Oct/2022:05:09:20 +0800] "GET /logs/ HTTP/1.1" 200 3406 "-" "Mozilla/5.0 (compatible; bingbot/2.0; +http://www.bing.com/bingbot.htm)"
164.132.170.100 - - [15/Oct/2022:05:25:14 +0800] "GET /logs/access_20211209.log HTTP/1.1" 404 1194 "http://ft.kidcastle.com.cn/" "Mozilla/5.0 (X11; Linux x86_64) AppleWebKit/537.36 (KHTML, like Gecko) Chrome/103.0.0.0 Safari/537.36"
40.77.167.36 - - [15/Oct/2022:05:54:55 +0800] "GET /logs/ HTTP/1.1" 200 3406 "-" "Mozilla/5.0 AppleWebKit/537.36 (KHTML, like Gecko; compatible; bingbot/2.0; +http://www.bing.com/bingbot.htm) Chrome/103.0.5060.134 Safari/537.36"
101.42.233.199 - - [15/Oct/2022:06:01:35 +0800] "HEAD / HTTP/1.1" 200 - "http://ft.kidcastle.com.cn" "Mozilla/5.0 (compatible; MSIE 9.0; Windows NT 6.1; Trident/5.0); 360Spider"
101.42.233.199 - - [15/Oct/2022:06:01:35 +0800] "HEAD /index.php/admin/Login/index.html HTTP/1.1" 404 - "http://ft.kidcastle.com.cn/index.php/admin/Login/index.html" "Mozilla/5.0 (compatible; MSIE 9.0; Windows NT 6.1; Trident/5.0); 360Spider"
101.42.233.199 - - [15/Oct/2022:06:01:36 +0800] "HEAD /setup/css/install.css HTTP/1.1" 404 - "http://ft.kidcastle.com.cn/setup/css/install.css" "Mozilla/5.0 (compatible; MSIE 9.0; Windows NT 6.1; Trident/5.0); 360Spider"
101.42.233.199 - - [15/Oct/2022:06:01:36 +0800] "HEAD /public/setup/css/install.css HTTP/1.1" 404 - "http://ft.kidcastle.com.cn/public/setup/css/install.css" "Mozilla/5.0 (compatible; MSIE 9.0; Windows NT 6.1; Trident/5.0); 360Spider"
102.156.10.63 - - [15/Oct/2022:06:04:40 +0800] "GET /logs/access_20210425.log HTTP/1.1" 404 1052 "-" "Mozilla/5.0 (Windows NT 10.0; WOW64; Rv:50.0) Gecko/20100101 Firefox/50.0"
40.77.167.36 - - [15/Oct/2022:06:10:26 +0800] "GET /logs/ HTTP/1.1" 200 3406 "-" "Mozilla/5.0 AppleWebKit/537.36 (KHTML, like Gecko; compatible; bingbot/2.0; +http://www.bing.com/bingbot.htm) Chrome/103.0.5060.134 Safari/537.36"
220.181.108.112 - - [15/Oct/2022:06:24:32 +0800] "GET /logs/access_20221015.log HTTP/1.1" 200 11990 "-" "Mozilla/5.0 (compatible; Baiduspider/2.0; +http://www.baidu.com/search/spider.html)"
116.179.32.198 - - [15/Oct/2022:06:24:33 +0800] "GET /logs/access_20210205.log HTTP/1.1" 404 1048 "-" "Mozilla/5.0 (compatible; Baiduspider/2.0; +http://www.baidu.com/search/spider.html)"
116.179.32.214 - - [15/Oct/2022:06:24:34 +0800] "GET /logs/ HTTP/1.1" 200 3402 "-" "Mozilla/5.0 (compatible; Baiduspider/2.0; +http://www.baidu.com/search/spider.html)"
220.181.108.159 - - [15/Oct/2022:06:24:35 +0800] "GET /logs/access_20210202.log HTTP/1.1" 404 1048 "-" "Mozilla/5.0 (compatible; Baiduspider/2.0; +http://www.baidu.com/search/spider.html)"
220.181.108.177 - - [15/Oct/2022:06:24:35 +0800] "GET /logs/?C=N;O=D HTTP/1.1" 200 3402 "-" "Mozilla/5.0 (compatible; Baiduspider/2.0; +http://www.baidu.com/search/spider.html)"
116.179.32.150 - - [15/Oct/2022:06:24:37 +0800] "GET /logs/access_20201223.log HTTP/1.1" 404 1048 "-" "Mozilla/5.0 (compatible; Baiduspider/2.0; +http://www.baidu.com/search/spider.html)"
40.77.167.36 - - [15/Oct/2022:06:33:58 +0800] "GET /logs/ HTTP/1.1" 200 3406 "-" "Mozilla/5.0 AppleWebKit/537.36 (KHTML, like Gecko; compatible; bingbot/2.0; +http://www.bing.com/bingbot.htm) Chrome/103.0.5060.134 Safari/537.36"
39.104.82.17 - - [15/Oct/2022:06:35:43 +0800] "HEAD / HTTP/1.1" 200 - "-" "Mozilla/5.0 (Windows NT 6.1; Win64; x64) AppleWebKit/537.36 (KHTML, like Gecko) Chrome/89.0.4389.128"
39.104.82.17 - - [15/Oct/2022:06:35:43 +0800] "HEAD /xxxxfsfsfsfadsafdafdfdaasffasf.txt HTTP/1.1" 404 - "-" "Mozilla/5.0 (Windows NT 6.1; Win64; x64) AppleWebKit/537.36 (KHTML, like Gecko) Chrome/89.0.4389.128"
39.104.82.17 - - [15/Oct/2022:06:35:43 +0800] "HEAD /VanCheerManagement/login.aspx HTTP/1.1" 404 - "-" "Mozilla/5.0 (Windows NT 6.1; Win64; x64) AppleWebKit/537.36 (KHTML, like Gecko) Chrome/89.0.4389.128"
39.104.82.17 - - [15/Oct/2022:06:35:43 +0800] "HEAD /Web_Admin/admin_login.asp HTTP/1.1" 404 - "-" "Mozilla/5.0 (Windows NT 6.1; Win64; x64) AppleWebKit/537.36 (KHTML, like Gecko) Chrome/89.0.4389.128"
39.104.82.17 - - [15/Oct/2022:06:35:43 +0800] "HEAD /Web_Admin/admin_login.aspx HTTP/1.1" 404 - "-" "Mozilla/5.0 (Windows NT 6.1; Win64; x64) AppleWebKit/537.36 (KHTML, like Gecko) Chrome/89.0.4389.128"
39.104.82.17 - - [15/Oct/2022:06:35:43 +0800] "HEAD /Web_Admin/admin_login.php HTTP/1.1" 404 - "-" "Mozilla/5.0 (Windows NT 6.1; Win64; x64) AppleWebKit/537.36 (KHTML, like Gecko) Chrome/89.0.4389.128"
39.104.82.17 - - [15/Oct/2022:06:35:43 +0800] "HEAD /Web_Admin/login.asp HTTP/1.1" 404 - "-" "Mozilla/5.0 (Windows NT 6.1; Win64; x64) AppleWebKit/537.36 (KHTML, like Gecko) Chrome/89.0.4389.128"
39.104.82.17 - - [15/Oct/2022:06:35:44 +0800] "HEAD /Web_Admin/login.aspx HTTP/1.1" 404 - "-" "Mozilla/5.0 (Windows NT 6.1; Win64; x64) AppleWebKit/537.36 (KHTML, like Gecko) Chrome/89.0.4389.128"
39.104.82.17 - - [15/Oct/2022:06:35:44 +0800] "HEAD /Web_Admin/login.php HTTP/1.1" 404 - "-" "Mozilla/5.0 (Windows NT 6.1; Win64; x64) AppleWebKit/537.36 (KHTML, like Gecko) Chrome/89.0.4389.128"
39.104.82.17 - - [15/Oct/2022:06:35:44 +0800] "HEAD /adm/admin_login.asp HTTP/1.1" 404 - "-" "Mozilla/5.0 (Windows NT 6.1; Win64; x64) AppleWebKit/537.36 (KHTML, like Gecko) Chrome/89.0.4389.128"
39.104.82.17 - - [15/Oct/2022:06:35:44 +0800] "HEAD /adm/admin_login.aspx HTTP/1.1" 404 - "-" "Mozilla/5.0 (Windows NT 6.1; Win64; x64) AppleWebKit/537.36 (KHTML, like Gecko) Chrome/89.0.4389.128"
39.104.82.17 - - [15/Oct/2022:06:35:44 +0800] "HEAD /adm/admin_login.php HTTP/1.1" 404 - "-" "Mozilla/5.0 (Windows NT 6.1; Win64; x64) AppleWebKit/537.36 (KHTML, like Gecko) Chrome/89.0.4389.128"
39.104.82.17 - - [15/Oct/2022:06:35:44 +0800] "HEAD /adm/login.asp HTTP/1.1" 404 - "-" "Mozilla/5.0 (Windows NT 6.1; Win64; x64) AppleWebKit/537.36 (KHTML, like Gecko) Chrome/89.0.4389.128"
39.104.82.17 - - [15/Oct/2022:06:35:44 +0800] "HEAD /adm/login.aspx HTTP/1.1" 404 - "-" "Mozilla/5.0 (Windows NT 6.1; Win64; x64) AppleWebKit/537.36 (KHTML, like Gecko) Chrome/89.0.4389.128"
39.104.82.17 - - [15/Oct/2022:06:35:45 +0800] "HEAD /adm/login.php HTTP/1.1" 404 - "-" "Mozilla/5.0 (Windows NT 6.1; Win64; x64) AppleWebKit/537.36 (KHTML, like Gecko) Chrome/89.0.4389.128"
39.104.82.17 - - [15/Oct/2022:06:35:45 +0800] "HEAD /admin.php HTTP/1.1" 404 - "-" "Mozilla/5.0 (Windows NT 6.1; Win64; x64) AppleWebKit/537.36 (KHTML, like Gecko) Chrome/89.0.4389.128"
39.104.82.17 - - [15/Oct/2022:06:35:45 +0800] "HEAD /admin/ad_login.asp HTTP/1.1" 404 - "-" "Mozilla/5.0 (Windows NT 6.1; Win64; x64) AppleWebKit/537.36 (KHTML, like Gecko) Chrome/89.0.4389.128"
39.104.82.17 - - [15/Oct/2022:06:35:45 +0800] "HEAD /admin/admin_login.asp HTTP/1.1" 404 - "-" "Mozilla/5.0 (Windows NT 6.1; Win64; x64) AppleWebKit/537.36 (KHTML, like Gecko) Chrome/89.0.4389.128"
39.104.82.17 - - [15/Oct/2022:06:35:45 +0800] "HEAD /admin/admin_login.aspx HTTP/1.1" 404 - "-" "Mozilla/5.0 (Windows NT 6.1; Win64; x64) AppleWebKit/537.36 (KHTML, like Gecko) Chrome/89.0.4389.128"
39.104.82.17 - - [15/Oct/2022:06:35:45 +0800] "HEAD /admin/admin_login.php HTTP/1.1" 404 - "-" "Mozilla/5.0 (Windows NT 6.1; Win64; x64) AppleWebKit/537.36 (KHTML, like Gecko) Chrome/89.0.4389.128"
39.104.82.17 - - [15/Oct/2022:06:35:45 +0800] "HEAD /admin/adminlogin.asp HTTP/1.1" 404 - "-" "Mozilla/5.0 (Windows NT 6.1; Win64; x64) AppleWebKit/537.36 (KHTML, like Gecko) Chrome/89.0.4389.128"
39.104.82.17 - - [15/Oct/2022:06:35:46 +0800] "HEAD /admin/adminlogin.aspx HTTP/1.1" 404 - "-" "Mozilla/5.0 (Windows NT 6.1; Win64; x64) AppleWebKit/537.36 (KHTML, like Gecko) Chrome/89.0.4389.128"
39.104.82.17 - - [15/Oct/2022:06:35:46 +0800] "HEAD /admin/adminlogin.php HTTP/1.1" 404 - "-" "Mozilla/5.0 (Windows NT 6.1; Win64; x64) AppleWebKit/537.36 (KHTML, like Gecko) Chrome/89.0.4389.128"
39.104.82.17 - - [15/Oct/2022:06:35:46 +0800] "HEAD /admin/editor/admin_login.asp HTTP/1.1" 404 - "-" "Mozilla/5.0 (Windows NT 6.1; Win64; x64) AppleWebKit/537.36 (KHTML, like Gecko) Chrome/89.0.4389.128"
39.104.82.17 - - [15/Oct/2022:06:35:46 +0800] "HEAD /admin/eweb/admin/login.asp HTTP/1.1" 404 - "-" "Mozilla/5.0 (Windows NT 6.1; Win64; x64) AppleWebKit/537.36 (KHTML, like Gecko) Chrome/89.0.4389.128"
39.104.82.17 - - [15/Oct/2022:06:35:46 +0800] "HEAD /admin/htmedit/admin_login.asp HTTP/1.1" 404 - "-" "Mozilla/5.0 (Windows NT 6.1; Win64; x64) AppleWebKit/537.36 (KHTML, like Gecko) Chrome/89.0.4389.128"
39.104.82.17 - - [15/Oct/2022:06:35:46 +0800] "HEAD /admin/htmedit/admin_login.aspx HTTP/1.1" 404 - "-" "Mozilla/5.0 (Windows NT 6.1; Win64; x64) AppleWebKit/537.36 (KHTML, like Gecko) Chrome/89.0.4389.128"
39.104.82.17 - - [15/Oct/2022:06:35:47 +0800] "HEAD /admin/login.asp HTTP/1.1" 404 - "-" "Mozilla/5.0 (Windows NT 6.1; Win64; x64) AppleWebKit/537.36 (KHTML, like Gecko) Chrome/89.0.4389.128"
39.104.82.17 - - [15/Oct/2022:06:35:47 +0800] "HEAD /admin/login.aspx HTTP/1.1" 404 - "-" "Mozilla/5.0 (Windows NT 6.1; Win64; x64) AppleWebKit/537.36 (KHTML, like Gecko) Chrome/89.0.4389.128"
39.104.82.17 - - [15/Oct/2022:06:35:47 +0800] "HEAD /admin/login.php HTTP/1.1" 404 - "-" "Mozilla/5.0 (Windows NT 6.1; Win64; x64) AppleWebKit/537.36 (KHTML, like Gecko) Chrome/89.0.4389.128"
39.104.82.17 - - [15/Oct/2022:06:35:47 +0800] "HEAD /admin/southidceditor/admin_login.asp HTTP/1.1" 404 - "-" "Mozilla/5.0 (Windows NT 6.1; Win64; x64) AppleWebKit/537.36 (KHTML, like Gecko) Chrome/89.0.4389.128"
39.104.82.17 - - [15/Oct/2022:06:35:47 +0800] "HEAD /admin/sys_login.asp HTTP/1.1" 404 - "-" "Mozilla/5.0 (Windows NT 6.1; Win64; x64) AppleWebKit/537.36 (KHTML, like Gecko) Chrome/89.0.4389.128"
39.104.82.17 - - [15/Oct/2022:06:35:48 +0800] "HEAD /admin/syslogin.asp HTTP/1.1" 404 - "-" "Mozilla/5.0 (Windows NT 6.1; Win64; x64) AppleWebKit/537.36 (KHTML, like Gecko) Chrome/89.0.4389.128"
39.104.82.17 - - [15/Oct/2022:06:35:48 +0800] "HEAD /admin_manage/login.asp HTTP/1.1" 404 - "-" "Mozilla/5.0 (Windows NT 6.1; Win64; x64) AppleWebKit/537.36 (KHTML, like Gecko) Chrome/89.0.4389.128"
39.104.82.17 - - [15/Oct/2022:06:35:48 +0800] "HEAD /admin_manage/login.aspx HTTP/1.1" 404 - "-" "Mozilla/5.0 (Windows NT 6.1; Win64; x64) AppleWebKit/537.36 (KHTML, like Gecko) Chrome/89.0.4389.128"
39.104.82.17 - - [15/Oct/2022:06:35:48 +0800] "HEAD /admin_manage/login.php HTTP/1.1" 404 - "-" "Mozilla/5.0 (Windows NT 6.1; Win64; x64) AppleWebKit/537.36 (KHTML, like Gecko) Chrome/89.0.4389.128"
39.104.82.17 - - [15/Oct/2022:06:35:48 +0800] "HEAD /administrator/admin_login.asp HTTP/1.1" 404 - "-" "Mozilla/5.0 (Windows NT 6.1; Win64; x64) AppleWebKit/537.36 (KHTML, like Gecko) Chrome/89.0.4389.128"
39.104.82.17 - - [15/Oct/2022:06:35:48 +0800] "HEAD /administrator/admin_login.aspx HTTP/1.1" 404 - "-" "Mozilla/5.0 (Windows NT 6.1; Win64; x64) AppleWebKit/537.36 (KHTML, like Gecko) Chrome/89.0.4389.128"
39.104.82.17 - - [15/Oct/2022:06:35:48 +0800] "HEAD /administrator/admin_login.php HTTP/1.1" 404 - "-" "Mozilla/5.0 (Windows NT 6.1; Win64; x64) AppleWebKit/537.36 (KHTML, like Gecko) Chrome/89.0.4389.128"
39.104.82.17 - - [15/Oct/2022:06:35:49 +0800] "HEAD /administrator/login.asp HTTP/1.1" 404 - "-" "Mozilla/5.0 (Windows NT 6.1; Win64; x64) AppleWebKit/537.36 (KHTML, like Gecko) Chrome/89.0.4389.128"
39.104.82.17 - - [15/Oct/2022:06:35:49 +0800] "HEAD /administrator/login.aspx HTTP/1.1" 404 - "-" "Mozilla/5.0 (Windows NT 6.1; Win64; x64) AppleWebKit/537.36 (KHTML, like Gecko) Chrome/89.0.4389.128"
39.104.82.17 - - [15/Oct/2022:06:35:49 +0800] "HEAD /administrator/login.php HTTP/1.1" 404 - "-" "Mozilla/5.0 (Windows NT 6.1; Win64; x64) AppleWebKit/537.36 (KHTML, like Gecko) Chrome/89.0.4389.128"
39.104.82.17 - - [15/Oct/2022:06:35:49 +0800] "HEAD /adminmanage/admin_login.asp HTTP/1.1" 404 - "-" "Mozilla/5.0 (Windows NT 6.1; Win64; x64) AppleWebKit/537.36 (KHTML, like Gecko) Chrome/89.0.4389.128"
39.104.82.17 - - [15/Oct/2022:06:35:49 +0800] "HEAD /adminmanage/admin_login.aspx HTTP/1.1" 404 - "-" "Mozilla/5.0 (Windows NT 6.1; Win64; x64) AppleWebKit/537.36 (KHTML, like Gecko) Chrome/89.0.4389.128"
39.104.82.17 - - [15/Oct/2022:06:35:49 +0800] "HEAD /adminmanage/admin_login.php HTTP/1.1" 404 - "-" "Mozilla/5.0 (Windows NT 6.1; Win64; x64) AppleWebKit/537.36 (KHTML, like Gecko) Chrome/89.0.4389.128"
39.104.82.17 - - [15/Oct/2022:06:35:50 +0800] "HEAD /dede/login.php HTTP/1.1" 404 - "-" "Mozilla/5.0 (Windows NT 6.1; Win64; x64) AppleWebKit/537.36 (KHTML, like Gecko) Chrome/89.0.4389.128"
39.104.82.17 - - [15/Oct/2022:06:35:50 +0800] "HEAD /e/admin/login.php HTTP/1.1" 404 - "-" "Mozilla/5.0 (Windows NT 6.1; Win64; x64) AppleWebKit/537.36 (KHTML, like Gecko) Chrome/89.0.4389.128"
39.104.82.17 - - [15/Oct/2022:06:35:50 +0800] "HEAD /eWebEditorNet/admin/login.aspx HTTP/1.1" 404 - "-" "Mozilla/5.0 (Windows NT 6.1; Win64; x64) AppleWebKit/537.36 (KHTML, like Gecko) Chrome/89.0.4389.128"
39.104.82.17 - - [15/Oct/2022:06:35:50 +0800] "HEAD /eWebEditorNet/admin_login.aspx HTTP/1.1" 404 - "-" "Mozilla/5.0 (Windows NT 6.1; Win64; x64) AppleWebKit/537.36 (KHTML, like Gecko) Chrome/89.0.4389.128"
39.104.82.17 - - [15/Oct/2022:06:35:50 +0800] "HEAD /editor/admin_login.asp HTTP/1.1" 404 - "-" "Mozilla/5.0 (Windows NT 6.1; Win64; x64) AppleWebKit/537.36 (KHTML, like Gecko) Chrome/89.0.4389.128"
39.104.82.17 - - [15/Oct/2022:06:35:50 +0800] "HEAD /editor/admin_login.aspx HTTP/1.1" 404 - "-" "Mozilla/5.0 (Windows NT 6.1; Win64; x64) AppleWebKit/537.36 (KHTML, like Gecko) Chrome/89.0.4389.128"
39.104.82.17 - - [15/Oct/2022:06:35:51 +0800] "HEAD /editor/admin_login.php HTTP/1.1" 404 - "-" "Mozilla/5.0 (Windows NT 6.1; Win64; x64) AppleWebKit/537.36 (KHTML, like Gecko) Chrome/89.0.4389.128"
39.104.82.17 - - [15/Oct/2022:06:35:51 +0800] "HEAD /editor/eWebEditorNet/admin/login.aspx HTTP/1.1" 404 - "-" "Mozilla/5.0 (Windows NT 6.1; Win64; x64) AppleWebKit/537.36 (KHTML, like Gecko) Chrome/89.0.4389.128"
39.104.82.17 - - [15/Oct/2022:06:35:51 +0800] "HEAD /editor/eWebEditorNet/admin_login.aspx HTTP/1.1" 404 - "-" "Mozilla/5.0 (Windows NT 6.1; Win64; x64) AppleWebKit/537.36 (KHTML, like Gecko) Chrome/89.0.4389.128"
39.104.82.17 - - [15/Oct/2022:06:35:51 +0800] "HEAD /editor1/admin_login.asp HTTP/1.1" 404 - "-" "Mozilla/5.0 (Windows NT 6.1; Win64; x64) AppleWebKit/537.36 (KHTML, like Gecko) Chrome/89.0.4389.128"
39.104.82.17 - - [15/Oct/2022:06:35:51 +0800] "HEAD /eweb/admin/login.asp HTTP/1.1" 404 - "-" "Mozilla/5.0 (Windows NT 6.1; Win64; x64) AppleWebKit/537.36 (KHTML, like Gecko) Chrome/89.0.4389.128"
39.104.82.17 - - [15/Oct/2022:06:35:51 +0800] "HEAD /eweb/admin/login.aspx HTTP/1.1" 404 - "-" "Mozilla/5.0 (Windows NT 6.1; Win64; x64) AppleWebKit/537.36 (KHTML, like Gecko) Chrome/89.0.4389.128"
39.104.82.17 - - [15/Oct/2022:06:35:52 +0800] "HEAD /eweb/admin/login.php HTTP/1.1" 404 - "-" "Mozilla/5.0 (Windows NT 6.1; Win64; x64) AppleWebKit/537.36 (KHTML, like Gecko) Chrome/89.0.4389.128"
39.104.82.17 - - [15/Oct/2022:06:35:52 +0800] "HEAD /ewebeditor/admin/login.asp HTTP/1.1" 404 - "-" "Mozilla/5.0 (Windows NT 6.1; Win64; x64) AppleWebKit/537.36 (KHTML, like Gecko) Chrome/89.0.4389.128"
39.104.82.17 - - [15/Oct/2022:06:35:52 +0800] "HEAD /ewebeditor/admin/login.aspx HTTP/1.1" 404 - "-" "Mozilla/5.0 (Windows NT 6.1; Win64; x64) AppleWebKit/537.36 (KHTML, like Gecko) Chrome/89.0.4389.128"
39.104.82.17 - - [15/Oct/2022:06:35:52 +0800] "HEAD /ewebeditor/admin/login.php HTTP/1.1" 404 - "-" "Mozilla/5.0 (Windows NT 6.1; Win64; x64) AppleWebKit/537.36 (KHTML, like Gecko) Chrome/89.0.4389.128"
39.104.82.17 - - [15/Oct/2022:06:35:52 +0800] "HEAD /ewebeditor/admin_login.asp HTTP/1.1" 404 - "-" "Mozilla/5.0 (Windows NT 6.1; Win64; x64) AppleWebKit/537.36 (KHTML, like Gecko) Chrome/89.0.4389.128"
39.104.82.17 - - [15/Oct/2022:06:35:53 +0800] "HEAD /gigicms/login.aspx HTTP/1.1" 404 - "-" "Mozilla/5.0 (Windows NT 6.1; Win64; x64) AppleWebKit/537.36 (KHTML, like Gecko) Chrome/89.0.4389.128"
39.104.82.17 - - [15/Oct/2022:06:35:53 +0800] "HEAD /gly/admin_login.asp HTTP/1.1" 404 - "-" "Mozilla/5.0 (Windows NT 6.1; Win64; x64) AppleWebKit/537.36 (KHTML, like Gecko) Chrome/89.0.4389.128"
39.104.82.17 - - [15/Oct/2022:06:35:53 +0800] "HEAD /gly/admin_login.aspx HTTP/1.1" 404 - "-" "Mozilla/5.0 (Windows NT 6.1; Win64; x64) AppleWebKit/537.36 (KHTML, like Gecko) Chrome/89.0.4389.128"
39.104.82.17 - - [15/Oct/2022:06:35:53 +0800] "HEAD /gly/admin_login.php HTTP/1.1" 404 - "-" "Mozilla/5.0 (Windows NT 6.1; Win64; x64) AppleWebKit/537.36 (KHTML, like Gecko) Chrome/89.0.4389.128"
39.104.82.17 - - [15/Oct/2022:06:35:53 +0800] "HEAD /gly/login.asp HTTP/1.1" 404 - "-" "Mozilla/5.0 (Windows NT 6.1; Win64; x64) AppleWebKit/537.36 (KHTML, like Gecko) Chrome/89.0.4389.128"
39.104.82.17 - - [15/Oct/2022:06:35:53 +0800] "HEAD /gly/login.aspx HTTP/1.1" 404 - "-" "Mozilla/5.0 (Windows NT 6.1; Win64; x64) AppleWebKit/537.36 (KHTML, like Gecko) Chrome/89.0.4389.128"
39.104.82.17 - - [15/Oct/2022:06:35:53 +0800] "HEAD /gly/login.php HTTP/1.1" 404 - "-" "Mozilla/5.0 (Windows NT 6.1; Win64; x64) AppleWebKit/537.36 (KHTML, like Gecko) Chrome/89.0.4389.128"
39.104.82.17 - - [15/Oct/2022:06:35:54 +0800] "HEAD /guanli/admin_login.asp HTTP/1.1" 404 - "-" "Mozilla/5.0 (Windows NT 6.1; Win64; x64) AppleWebKit/537.36 (KHTML, like Gecko) Chrome/89.0.4389.128"
39.104.82.17 - - [15/Oct/2022:06:35:54 +0800] "HEAD /guanli/admin_login.aspx HTTP/1.1" 404 - "-" "Mozilla/5.0 (Windows NT 6.1; Win64; x64) AppleWebKit/537.36 (KHTML, like Gecko) Chrome/89.0.4389.128"
39.104.82.17 - - [15/Oct/2022:06:35:54 +0800] "HEAD /guanli/admin_login.php HTTP/1.1" 404 - "-" "Mozilla/5.0 (Windows NT 6.1; Win64; x64) AppleWebKit/537.36 (KHTML, like Gecko) Chrome/89.0.4389.128"
39.104.82.17 - - [15/Oct/2022:06:35:54 +0800] "HEAD /guanli/editor/admin_login.asp HTTP/1.1" 404 - "-" "Mozilla/5.0 (Windows NT 6.1; Win64; x64) AppleWebKit/537.36 (KHTML, like Gecko) Chrome/89.0.4389.128"
39.104.82.17 - - [15/Oct/2022:06:35:54 +0800] "HEAD /guanli/ewebeditor/admin_login.asp HTTP/1.1" 404 - "-" "Mozilla/5.0 (Windows NT 6.1; Win64; x64) AppleWebKit/537.36 (KHTML, like Gecko) Chrome/89.0.4389.128"
39.104.82.17 - - [15/Oct/2022:06:35:54 +0800] "HEAD /guanli/login.asp HTTP/1.1" 404 - "-" "Mozilla/5.0 (Windows NT 6.1; Win64; x64) AppleWebKit/537.36 (KHTML, like Gecko) Chrome/89.0.4389.128"
39.104.82.17 - - [15/Oct/2022:06:35:55 +0800] "HEAD /guanli/login.aspx HTTP/1.1" 404 - "-" "Mozilla/5.0 (Windows NT 6.1; Win64; x64) AppleWebKit/537.36 (KHTML, like Gecko) Chrome/89.0.4389.128"
39.104.82.17 - - [15/Oct/2022:06:35:55 +0800] "HEAD /guanli/login.php HTTP/1.1" 404 - "-" "Mozilla/5.0 (Windows NT 6.1; Win64; x64) AppleWebKit/537.36 (KHTML, like Gecko) Chrome/89.0.4389.128"
39.104.82.17 - - [15/Oct/2022:06:35:55 +0800] "HEAD /guanli/sys_login.asp HTTP/1.1" 404 - "-" "Mozilla/5.0 (Windows NT 6.1; Win64; x64) AppleWebKit/537.36 (KHTML, like Gecko) Chrome/89.0.4389.128"
39.104.82.17 - - [15/Oct/2022:06:35:55 +0800] "HEAD /houtai/admin_login.asp HTTP/1.1" 404 - "-" "Mozilla/5.0 (Windows NT 6.1; Win64; x64) AppleWebKit/537.36 (KHTML, like Gecko) Chrome/89.0.4389.128"
39.104.82.17 - - [15/Oct/2022:06:35:55 +0800] "HEAD /houtai/admin_login.aspx HTTP/1.1" 404 - "-" "Mozilla/5.0 (Windows NT 6.1; Win64; x64) AppleWebKit/537.36 (KHTML, like Gecko) Chrome/89.0.4389.128"
39.104.82.17 - - [15/Oct/2022:06:35:55 +0800] "HEAD /houtai/admin_login.php HTTP/1.1" 404 - "-" "Mozilla/5.0 (Windows NT 6.1; Win64; x64) AppleWebKit/537.36 (KHTML, like Gecko) Chrome/89.0.4389.128"
39.104.82.17 - - [15/Oct/2022:06:35:56 +0800] "HEAD /houtai/adminlogin.asp HTTP/1.1" 404 - "-" "Mozilla/5.0 (Windows NT 6.1; Win64; x64) AppleWebKit/537.36 (KHTML, like Gecko) Chrome/89.0.4389.128"
39.104.82.17 - - [15/Oct/2022:06:35:56 +0800] "HEAD /houtai/adminlogin.aspx HTTP/1.1" 404 - "-" "Mozilla/5.0 (Windows NT 6.1; Win64; x64) AppleWebKit/537.36 (KHTML, like Gecko) Chrome/89.0.4389.128"
39.104.82.17 - - [15/Oct/2022:06:35:56 +0800] "HEAD /houtai/adminlogin.php HTTP/1.1" 404 - "-" "Mozilla/5.0 (Windows NT 6.1; Win64; x64) AppleWebKit/537.36 (KHTML, like Gecko) Chrome/89.0.4389.128"
39.104.82.17 - - [15/Oct/2022:06:35:56 +0800] "HEAD /houtai/login.asp HTTP/1.1" 404 - "-" "Mozilla/5.0 (Windows NT 6.1; Win64; x64) AppleWebKit/537.36 (KHTML, like Gecko) Chrome/89.0.4389.128"
39.104.82.17 - - [15/Oct/2022:06:35:56 +0800] "HEAD /houtai/login.aspx HTTP/1.1" 404 - "-" "Mozilla/5.0 (Windows NT 6.1; Win64; x64) AppleWebKit/537.36 (KHTML, like Gecko) Chrome/89.0.4389.128"
39.104.82.17 - - [15/Oct/2022:06:35:56 +0800] "HEAD /houtai/login.php HTTP/1.1" 404 - "-" "Mozilla/5.0 (Windows NT 6.1; Win64; x64) AppleWebKit/537.36 (KHTML, like Gecko) Chrome/89.0.4389.128"
39.104.82.17 - - [15/Oct/2022:06:35:57 +0800] "HEAD /htmedit/admin_login.asp HTTP/1.1" 404 - "-" "Mozilla/5.0 (Windows NT 6.1; Win64; x64) AppleWebKit/537.36 (KHTML, like Gecko) Chrome/89.0.4389.128"
39.104.82.17 - - [15/Oct/2022:06:35:57 +0800] "HEAD /htmedit/admin_login.aspx HTTP/1.1" 404 - "-" "Mozilla/5.0 (Windows NT 6.1; Win64; x64) AppleWebKit/537.36 (KHTML, like Gecko) Chrome/89.0.4389.128"
39.104.82.17 - - [15/Oct/2022:06:35:57 +0800] "HEAD /manage/admin_login.asp HTTP/1.1" 404 - "-" "Mozilla/5.0 (Windows NT 6.1; Win64; x64) AppleWebKit/537.36 (KHTML, like Gecko) Chrome/89.0.4389.128"
39.104.82.17 - - [15/Oct/2022:06:35:57 +0800] "HEAD /manage/admin_login.aspx HTTP/1.1" 404 - "-" "Mozilla/5.0 (Windows NT 6.1; Win64; x64) AppleWebKit/537.36 (KHTML, like Gecko) Chrome/89.0.4389.128"
39.104.82.17 - - [15/Oct/2022:06:35:57 +0800] "HEAD /manage/admin_login.php HTTP/1.1" 404 - "-" "Mozilla/5.0 (Windows NT 6.1; Win64; x64) AppleWebKit/537.36 (KHTML, like Gecko) Chrome/89.0.4389.128"
39.104.82.17 - - [15/Oct/2022:06:35:57 +0800] "HEAD /manage/login.asp HTTP/1.1" 404 - "-" "Mozilla/5.0 (Windows NT 6.1; Win64; x64) AppleWebKit/537.36 (KHTML, like Gecko) Chrome/89.0.4389.128"
39.104.82.17 - - [15/Oct/2022:06:35:57 +0800] "HEAD /manage/login.aspx HTTP/1.1" 404 - "-" "Mozilla/5.0 (Windows NT 6.1; Win64; x64) AppleWebKit/537.36 (KHTML, like Gecko) Chrome/89.0.4389.128"
39.104.82.17 - - [15/Oct/2022:06:35:58 +0800] "HEAD /manage/login.php HTTP/1.1" 404 - "-" "Mozilla/5.0 (Windows NT 6.1; Win64; x64) AppleWebKit/537.36 (KHTML, like Gecko) Chrome/89.0.4389.128"
39.104.82.17 - - [15/Oct/2022:06:35:58 +0800] "HEAD /manage/sys_login.asp HTTP/1.1" 404 - "-" "Mozilla/5.0 (Windows NT 6.1; Win64; x64) AppleWebKit/537.36 (KHTML, like Gecko) Chrome/89.0.4389.128"
39.104.82.17 - - [15/Oct/2022:06:35:58 +0800] "HEAD /manager/admin_login.asp HTTP/1.1" 404 - "-" "Mozilla/5.0 (Windows NT 6.1; Win64; x64) AppleWebKit/537.36 (KHTML, like Gecko) Chrome/89.0.4389.128"
39.104.82.17 - - [15/Oct/2022:06:35:58 +0800] "HEAD /manager/admin_login.aspx HTTP/1.1" 404 - "-" "Mozilla/5.0 (Windows NT 6.1; Win64; x64) AppleWebKit/537.36 (KHTML, like Gecko) Chrome/89.0.4389.128"
39.104.82.17 - - [15/Oct/2022:06:35:58 +0800] "HEAD /manager/admin_login.php HTTP/1.1" 404 - "-" "Mozilla/5.0 (Windows NT 6.1; Win64; x64) AppleWebKit/537.36 (KHTML, like Gecko) Chrome/89.0.4389.128"
39.104.82.17 - - [15/Oct/2022:06:35:58 +0800] "HEAD /manager/login.asp HTTP/1.1" 404 - "-" "Mozilla/5.0 (Windows NT 6.1; Win64; x64) AppleWebKit/537.36 (KHTML, like Gecko) Chrome/89.0.4389.128"
39.104.82.17 - - [15/Oct/2022:06:35:58 +0800] "HEAD /manager/login.aspx HTTP/1.1" 404 - "-" "Mozilla/5.0 (Windows NT 6.1; Win64; x64) AppleWebKit/537.36 (KHTML, like Gecko) Chrome/89.0.4389.128"
39.104.82.17 - - [15/Oct/2022:06:35:58 +0800] "HEAD /manager/login.php HTTP/1.1" 404 - "-" "Mozilla/5.0 (Windows NT 6.1; Win64; x64) AppleWebKit/537.36 (KHTML, like Gecko) Chrome/89.0.4389.128"
39.104.82.17 - - [15/Oct/2022:06:35:58 +0800] "HEAD /manager/sys_login.asp HTTP/1.1" 404 - "-" "Mozilla/5.0 (Windows NT 6.1; Win64; x64) AppleWebKit/537.36 (KHTML, like Gecko) Chrome/89.0.4389.128"
39.104.82.17 - - [15/Oct/2022:06:35:59 +0800] "HEAD /siteserver/login.aspx HTTP/1.1" 404 - "-" "Mozilla/5.0 (Windows NT 6.1; Win64; x64) AppleWebKit/537.36 (KHTML, like Gecko) Chrome/89.0.4389.128"
39.104.82.17 - - [15/Oct/2022:06:35:59 +0800] "HEAD /sys/admin_login.asp HTTP/1.1" 404 - "-" "Mozilla/5.0 (Windows NT 6.1; Win64; x64) AppleWebKit/537.36 (KHTML, like Gecko) Chrome/89.0.4389.128"
39.104.82.17 - - [15/Oct/2022:06:35:59 +0800] "HEAD /sys/admin_login.aspx HTTP/1.1" 404 - "-" "Mozilla/5.0 (Windows NT 6.1; Win64; x64) AppleWebKit/537.36 (KHTML, like Gecko) Chrome/89.0.4389.128"
39.104.82.17 - - [15/Oct/2022:06:35:59 +0800] "HEAD /sys/admin_login.php HTTP/1.1" 404 - "-" "Mozilla/5.0 (Windows NT 6.1; Win64; x64) AppleWebKit/537.36 (KHTML, like Gecko) Chrome/89.0.4389.128"
39.104.82.17 - - [15/Oct/2022:06:35:59 +0800] "HEAD /sys/login.asp HTTP/1.1" 404 - "-" "Mozilla/5.0 (Windows NT 6.1; Win64; x64) AppleWebKit/537.36 (KHTML, like Gecko) Chrome/89.0.4389.128"
39.104.82.17 - - [15/Oct/2022:06:35:59 +0800] "HEAD /sys/login.aspx HTTP/1.1" 404 - "-" "Mozilla/5.0 (Windows NT 6.1; Win64; x64) AppleWebKit/537.36 (KHTML, like Gecko) Chrome/89.0.4389.128"
39.104.82.17 - - [15/Oct/2022:06:35:59 +0800] "HEAD /sys/login.php HTTP/1.1" 404 - "-" "Mozilla/5.0 (Windows NT 6.1; Win64; x64) AppleWebKit/537.36 (KHTML, like Gecko) Chrome/89.0.4389.128"
39.104.82.17 - - [15/Oct/2022:06:35:59 +0800] "HEAD /sysadm/admin_index.asp HTTP/1.1" 404 - "-" "Mozilla/5.0 (Windows NT 6.1; Win64; x64) AppleWebKit/537.36 (KHTML, like Gecko) Chrome/89.0.4389.128"
39.104.82.17 - - [15/Oct/2022:06:35:59 +0800] "HEAD /sysadm/admin_login.asp HTTP/1.1" 404 - "-" "Mozilla/5.0 (Windows NT 6.1; Win64; x64) AppleWebKit/537.36 (KHTML, like Gecko) Chrome/89.0.4389.128"
39.104.82.17 - - [15/Oct/2022:06:35:59 +0800] "HEAD /sysadmin/admin_login.asp HTTP/1.1" 404 - "-" "Mozilla/5.0 (Windows NT 6.1; Win64; x64) AppleWebKit/537.36 (KHTML, like Gecko) Chrome/89.0.4389.128"
39.104.82.17 - - [15/Oct/2022:06:35:59 +0800] "HEAD /sysadmin/admin_login.aspx HTTP/1.1" 404 - "-" "Mozilla/5.0 (Windows NT 6.1; Win64; x64) AppleWebKit/537.36 (KHTML, like Gecko) Chrome/89.0.4389.128"
39.104.82.17 - - [15/Oct/2022:06:35:59 +0800] "HEAD /sysadmin/admin_login.php HTTP/1.1" 404 - "-" "Mozilla/5.0 (Windows NT 6.1; Win64; x64) AppleWebKit/537.36 (KHTML, like Gecko) Chrome/89.0.4389.128"
39.104.82.17 - - [15/Oct/2022:06:35:59 +0800] "HEAD /sysadmin/login.asp HTTP/1.1" 404 - "-" "Mozilla/5.0 (Windows NT 6.1; Win64; x64) AppleWebKit/537.36 (KHTML, like Gecko) Chrome/89.0.4389.128"
39.104.82.17 - - [15/Oct/2022:06:35:59 +0800] "HEAD /sysadmin/login.aspx HTTP/1.1" 404 - "-" "Mozilla/5.0 (Windows NT 6.1; Win64; x64) AppleWebKit/537.36 (KHTML, like Gecko) Chrome/89.0.4389.128"
39.104.82.17 - - [15/Oct/2022:06:36:00 +0800] "HEAD /sysadmin/login.php HTTP/1.1" 404 - "-" "Mozilla/5.0 (Windows NT 6.1; Win64; x64) AppleWebKit/537.36 (KHTML, like Gecko) Chrome/89.0.4389.128"
39.104.82.17 - - [15/Oct/2022:06:36:00 +0800] "HEAD /system/admin_login.asp HTTP/1.1" 404 - "-" "Mozilla/5.0 (Windows NT 6.1; Win64; x64) AppleWebKit/537.36 (KHTML, like Gecko) Chrome/89.0.4389.128"
39.104.82.17 - - [15/Oct/2022:06:36:00 +0800] "HEAD /system/admin_login.aspx HTTP/1.1" 404 - "-" "Mozilla/5.0 (Windows NT 6.1; Win64; x64) AppleWebKit/537.36 (KHTML, like Gecko) Chrome/89.0.4389.128"
39.104.82.17 - - [15/Oct/2022:06:36:00 +0800] "HEAD /system/admin_login.php HTTP/1.1" 404 - "-" "Mozilla/5.0 (Windows NT 6.1; Win64; x64) AppleWebKit/537.36 (KHTML, like Gecko) Chrome/89.0.4389.128"
39.104.82.17 - - [15/Oct/2022:06:36:00 +0800] "HEAD /system/login.asp HTTP/1.1" 404 - "-" "Mozilla/5.0 (Windows NT 6.1; Win64; x64) AppleWebKit/537.36 (KHTML, like Gecko) Chrome/89.0.4389.128"
39.104.82.17 - - [15/Oct/2022:06:36:00 +0800] "HEAD /system/login.aspx HTTP/1.1" 404 - "-" "Mozilla/5.0 (Windows NT 6.1; Win64; x64) AppleWebKit/537.36 (KHTML, like Gecko) Chrome/89.0.4389.128"
39.104.82.17 - - [15/Oct/2022:06:36:00 +0800] "HEAD /system/login.php HTTP/1.1" 404 - "-" "Mozilla/5.0 (Windows NT 6.1; Win64; x64) AppleWebKit/537.36 (KHTML, like Gecko) Chrome/89.0.4389.128"
39.104.82.17 - - [15/Oct/2022:06:36:00 +0800] "HEAD /system/sys_login.asp HTTP/1.1" 404 - "-" "Mozilla/5.0 (Windows NT 6.1; Win64; x64) AppleWebKit/537.36 (KHTML, like Gecko) Chrome/89.0.4389.128"
39.104.82.17 - - [15/Oct/2022:06:36:00 +0800] "HEAD /webadmin/admin_login.asp HTTP/1.1" 404 - "-" "Mozilla/5.0 (Windows NT 6.1; Win64; x64) AppleWebKit/537.36 (KHTML, like Gecko) Chrome/89.0.4389.128"
39.104.82.17 - - [15/Oct/2022:06:36:00 +0800] "HEAD /webadmin/admin_login.aspx HTTP/1.1" 404 - "-" "Mozilla/5.0 (Windows NT 6.1; Win64; x64) AppleWebKit/537.36 (KHTML, like Gecko) Chrome/89.0.4389.128"
39.104.82.17 - - [15/Oct/2022:06:36:00 +0800] "HEAD /webadmin/admin_login.php HTTP/1.1" 404 - "-" "Mozilla/5.0 (Windows NT 6.1; Win64; x64) AppleWebKit/537.36 (KHTML, like Gecko) Chrome/89.0.4389.128"
39.104.82.17 - - [15/Oct/2022:06:36:00 +0800] "HEAD /webadmin/login.asp HTTP/1.1" 404 - "-" "Mozilla/5.0 (Windows NT 6.1; Win64; x64) AppleWebKit/537.36 (KHTML, like Gecko) Chrome/89.0.4389.128"
39.104.82.17 - - [15/Oct/2022:06:36:00 +0800] "HEAD /webadmin/login.aspx HTTP/1.1" 404 - "-" "Mozilla/5.0 (Windows NT 6.1; Win64; x64) AppleWebKit/537.36 (KHTML, like Gecko) Chrome/89.0.4389.128"
39.104.82.17 - - [15/Oct/2022:06:36:01 +0800] "HEAD /webadmin/login.php HTTP/1.1" 404 - "-" "Mozilla/5.0 (Windows NT 6.1; Win64; x64) AppleWebKit/537.36 (KHTML, like Gecko) Chrome/89.0.4389.128"
39.104.82.17 - - [15/Oct/2022:06:36:01 +0800] "HEAD /webeditor/admin_login.asp HTTP/1.1" 404 - "-" "Mozilla/5.0 (Windows NT 6.1; Win64; x64) AppleWebKit/537.36 (KHTML, like Gecko) Chrome/89.0.4389.128"
39.104.82.17 - - [15/Oct/2022:06:36:01 +0800] "HEAD /webmaster/admin_login.asp HTTP/1.1" 404 - "-" "Mozilla/5.0 (Windows NT 6.1; Win64; x64) AppleWebKit/537.36 (KHTML, like Gecko) Chrome/89.0.4389.128"
39.104.82.17 - - [15/Oct/2022:06:36:01 +0800] "HEAD /webmaster/admin_login.aspx HTTP/1.1" 404 - "-" "Mozilla/5.0 (Windows NT 6.1; Win64; x64) AppleWebKit/537.36 (KHTML, like Gecko) Chrome/89.0.4389.128"
39.104.82.17 - - [15/Oct/2022:06:36:01 +0800] "HEAD /webmaster/admin_login.php HTTP/1.1" 404 - "-" "Mozilla/5.0 (Windows NT 6.1; Win64; x64) AppleWebKit/537.36 (KHTML, like Gecko) Chrome/89.0.4389.128"
39.104.82.17 - - [15/Oct/2022:06:36:01 +0800] "HEAD /webmaster/login.asp HTTP/1.1" 404 - "-" "Mozilla/5.0 (Windows NT 6.1; Win64; x64) AppleWebKit/537.36 (KHTML, like Gecko) Chrome/89.0.4389.128"
39.104.82.17 - - [15/Oct/2022:06:36:01 +0800] "HEAD /webmaster/login.aspx HTTP/1.1" 404 - "-" "Mozilla/5.0 (Windows NT 6.1; Win64; x64) AppleWebKit/537.36 (KHTML, like Gecko) Chrome/89.0.4389.128"
39.104.82.17 - - [15/Oct/2022:06:36:01 +0800] "HEAD /webmaster/login.php HTTP/1.1" 404 - "-" "Mozilla/5.0 (Windows NT 6.1; Win64; x64) AppleWebKit/537.36 (KHTML, like Gecko) Chrome/89.0.4389.128"
39.104.82.17 - - [15/Oct/2022:06:36:01 +0800] "HEAD /weboffices/login.aspx HTTP/1.1" 404 - "-" "Mozilla/5.0 (Windows NT 6.1; Win64; x64) AppleWebKit/537.36 (KHTML, like Gecko) Chrome/89.0.4389.128"
39.104.82.17 - - [15/Oct/2022:06:36:01 +0800] "HEAD /whir_system/module/security/ezEIP_login.aspx HTTP/1.1" 404 - "-" "Mozilla/5.0 (Windows NT 6.1; Win64; x64) AppleWebKit/537.36 (KHTML, like Gecko) Chrome/89.0.4389.128"
39.104.82.17 - - [15/Oct/2022:06:36:01 +0800] "HEAD /wp-login.php HTTP/1.1" 404 - "-" "Mozilla/5.0 (Windows NT 6.1; Win64; x64) AppleWebKit/537.36 (KHTML, like Gecko) Chrome/89.0.4389.128"
20.199.116.177 - - [15/Oct/2022:06:53:05 +0800] "GET /.env HTTP/1.1" 404 1052 "-" "Mozilla/5.0 (Macintosh; Intel Mac OS X 10.15; rv:77.0) Gecko/20100101 Firefox/77.0"
40.77.167.36 - - [15/Oct/2022:07:05:31 +0800] "GET /logs/ HTTP/1.1" 200 3406 "-" "Mozilla/5.0 (compatible; bingbot/2.0; +http://www.bing.com/bingbot.htm)"
40.77.167.36 - - [15/Oct/2022:07:34:34 +0800] "GET /logs/ HTTP/1.1" 200 3406 "-" "Mozilla/5.0 (compatible; bingbot/2.0; +http://www.bing.com/bingbot.htm)"
40.77.167.36 - - [15/Oct/2022:07:58:46 +0800] "GET /logs/ HTTP/1.1" 200 3406 "-" "Mozilla/5.0 AppleWebKit/537.36 (KHTML, like Gecko; compatible; bingbot/2.0; +http://www.bing.com/bingbot.htm) Chrome/103.0.5060.134 Safari/537.36"
220.181.108.105 - - [15/Oct/2022:08:15:55 +0800] "GET /logs/access_20201227.log HTTP/1.1" 404 1048 "-" "Mozilla/5.0 (compatible; Baiduspider/2.0; +http://www.baidu.com/search/spider.html)"
116.179.32.98 - - [15/Oct/2022:08:21:09 +0800] "GET /logs/access_20211101.log HTTP/1.1" 404 1052 "-" "Mozilla/5.0 (compatible; Baiduspider/2.0; +http://www.baidu.com/search/spider.html)"
40.77.167.36 - - [15/Oct/2022:08:30:49 +0800] "GET /logs/ HTTP/1.1" 200 3406 "-" "Mozilla/5.0 (compatible; bingbot/2.0; +http://www.bing.com/bingbot.htm)"
20.1.163.197 - - [15/Oct/2022:08:43:39 +0800] "GET //vendor/phpunit/phpunit/src/Util/PHP/eval-stdin.php HTTP/1.1" 404 1052 "-" "python-requests/2.27.1"
20.1.163.197 - - [15/Oct/2022:08:53:13 +0800] "GET //vendor/phpunit/phpunit/src/Util/PHP/eval-stdin.php HTTP/1.1" 404 1052 "-" "python-requests/2.27.1"
40.77.167.36 - - [15/Oct/2022:08:58:21 +0800] "GET /logs/ HTTP/1.1" 200 3406 "-" "Mozilla/5.0 AppleWebKit/537.36 (KHTML, like Gecko; compatible; bingbot/2.0; +http://www.bing.com/bingbot.htm) Chrome/103.0.5060.134 Safari/537.36"
66.249.79.50 - - [15/Oct/2022:09:02:49 +0800] "GET /logs/access_20220429.log HTTP/1.1" 404 1052 "-" "Mozilla/5.0 (compatible; Googlebot/2.1; +http://www.google.com/bot.html)"
40.77.167.36 - - [15/Oct/2022:09:23:16 +0800] "GET /logs/ HTTP/1.1" 200 3406 "-" "Mozilla/5.0 AppleWebKit/537.36 (KHTML, like Gecko; compatible; bingbot/2.0; +http://www.bing.com/bingbot.htm) Chrome/103.0.5060.134 Safari/537.36"
40.77.167.36 - - [15/Oct/2022:09:55:07 +0800] "GET /logs/ HTTP/1.1" 200 3406 "-" "Mozilla/5.0 AppleWebKit/537.36 (KHTML, like Gecko; compatible; bingbot/2.0; +http://www.bing.com/bingbot.htm) Chrome/103.0.5060.134 Safari/537.36"
40.77.167.36 - - [15/Oct/2022:10:04:48 +0800] "GET / HTTP/1.1" 200 794 "-" "Mozilla/5.0 AppleWebKit/537.36 (KHTML, like Gecko; compatible; bingbot/2.0; +http://www.bing.com/bingbot.htm) Chrome/103.0.5060.134 Safari/537.36"
40.77.167.36 - - [15/Oct/2022:10:27:01 +0800] "GET /logs/ HTTP/1.1" 200 3406 "-" "Mozilla/5.0 AppleWebKit/537.36 (KHTML, like Gecko; compatible; bingbot/2.0; +http://www.bing.com/bingbot.htm) Chrome/103.0.5060.134 Safari/537.36"
220.181.108.102 - - [15/Oct/2022:10:38:14 +0800] "GET /logs/access_20220217.log HTTP/1.1" 404 1048 "-" "Mozilla/5.0 (compatible; Baiduspider/2.0; +http://www.baidu.com/search/spider.html)"
220.181.108.110 - - [15/Oct/2022:10:38:14 +0800] "GET /logs/access_20210129.log HTTP/1.1" 404 1048 "-" "Mozilla/5.0 (compatible; Baiduspider/2.0; +http://www.baidu.com/search/spider.html)"
40.77.167.36 - - [15/Oct/2022:10:58:34 +0800] "GET /logs/ HTTP/1.1" 200 3406 "-" "Mozilla/5.0 AppleWebKit/537.36 (KHTML, like Gecko; compatible; bingbot/2.0; +http://www.bing.com/bingbot.htm) Chrome/103.0.5060.134 Safari/537.36"
40.77.167.36 - - [15/Oct/2022:11:30:27 +0800] "GET /logs/ HTTP/1.1" 200 3406 "-" "Mozilla/5.0 (compatible; bingbot/2.0; +http://www.bing.com/bingbot.htm)"
220.181.108.84 - - [15/Oct/2022:11:40:40 +0800] "GET /logs/access_20210426.log HTTP/1.1" 404 1052 "-" "Mozilla/5.0 (compatible; Baiduspider/2.0; +http://www.baidu.com/search/spider.html)"
220.181.108.149 - - [15/Oct/2022:12:00:11 +0800] "GET /logs/access_20220312.log HTTP/1.1" 404 1052 "-" "Mozilla/5.0 (compatible; Baiduspider/2.0; +http://www.baidu.com/search/spider.html)"
40.77.167.36 - - [15/Oct/2022:12:00:50 +0800] "GET /logs/ HTTP/1.1" 200 3406 "-" "Mozilla/5.0 AppleWebKit/537.36 (KHTML, like Gecko; compatible; bingbot/2.0; +http://www.bing.com/bingbot.htm) Chrome/103.0.5060.134 Safari/537.36"
220.181.108.102 - - [15/Oct/2022:12:19:41 +0800] "GET /logs/access_20210207.log HTTP/1.1" 404 1052 "-" "Mozilla/5.0 (compatible; Baiduspider/2.0; +http://www.baidu.com/search/spider.html)"
40.77.167.36 - - [15/Oct/2022:12:33:33 +0800] "GET /logs/ HTTP/1.1" 200 3406 "-" "Mozilla/5.0 (compatible; bingbot/2.0; +http://www.bing.com/bingbot.htm)"
116.179.32.205 - - [15/Oct/2022:12:35:40 +0800] "GET /logs/access_20210211.log HTTP/1.1" 404 1048 "-" "Mozilla/5.0 (compatible; Baiduspider/2.0; +http://www.baidu.com/search/spider.html)"
220.181.108.149 - - [15/Oct/2022:12:35:41 +0800] "GET /logs/access_20220309.log HTTP/1.1" 404 1048 "-" "Mozilla/5.0 (compatible; Baiduspider/2.0; +http://www.baidu.com/search/spider.html)"
220.181.108.157 - - [15/Oct/2022:12:35:41 +0800] "GET /logs/ HTTP/1.1" 200 3402 "-" "Mozilla/5.0 (compatible; Baiduspider/2.0; +http://www.baidu.com/search/spider.html)"
220.181.108.159 - - [15/Oct/2022:12:35:42 +0800] "GET /logs/access_20210118.log HTTP/1.1" 404 1048 "-" "Mozilla/5.0 (compatible; Baiduspider/2.0; +http://www.baidu.com/search/spider.html)"
220.181.108.158 - - [15/Oct/2022:12:35:42 +0800] "GET /logs/?C=N;O=D HTTP/1.1" 200 3402 "-" "Mozilla/5.0 (compatible; Baiduspider/2.0; +http://www.baidu.com/search/spider.html)"
220.181.108.110 - - [15/Oct/2022:12:35:42 +0800] "GET /logs/access_20220223.log HTTP/1.1" 404 1048 "-" "Mozilla/5.0 (compatible; Baiduspider/2.0; +http://www.baidu.com/search/spider.html)"
116.179.32.138 - - [15/Oct/2022:12:39:12 +0800] "GET /logs/access_20200915.log HTTP/1.1" 404 1052 "-" "Mozilla/5.0 (compatible; Baiduspider/2.0; +http://www.baidu.com/search/spider.html)"
116.179.32.72 - - [15/Oct/2022:12:45:55 +0800] "GET /logs/access_20220302.log HTTP/1.1" 404 1048 "-" "Mozilla/5.0 (compatible; Baiduspider/2.0; +http://www.baidu.com/search/spider.html)"
220.181.108.149 - - [15/Oct/2022:12:45:55 +0800] "GET /logs/access_20220130.log HTTP/1.1" 404 1048 "-" "Mozilla/5.0 (compatible; Baiduspider/2.0; +http://www.baidu.com/search/spider.html)"
116.179.32.89 - - [15/Oct/2022:12:45:56 +0800] "GET /logs/access_20220914.log HTTP/1.1" 404 1048 "-" "Mozilla/5.0 (compatible; Baiduspider/2.0; +http://www.baidu.com/search/spider.html)"
116.179.32.36 - - [15/Oct/2022:12:45:56 +0800] "GET /logs/access_20220206.log HTTP/1.1" 404 1048 "-" "Mozilla/5.0 (compatible; Baiduspider/2.0; +http://www.baidu.com/search/spider.html)"
116.179.32.232 - - [15/Oct/2022:12:58:44 +0800] "GET /logs/?C=N;O=D HTTP/1.1" 200 3406 "-" "Mozilla/5.0 (compatible; Baiduspider/2.0; +http://www.baidu.com/search/spider.html)"
40.77.167.36 - - [15/Oct/2022:13:04:26 +0800] "GET /logs/ HTTP/1.1" 200 3406 "-" "Mozilla/5.0 AppleWebKit/537.36 (KHTML, like Gecko; compatible; bingbot/2.0; +http://www.bing.com/bingbot.htm) Chrome/103.0.5060.134 Safari/537.36"
66.249.79.50 - - [15/Oct/2022:13:24:48 +0800] "GET /logs/access_20211201.log HTTP/1.1" 404 1052 "-" "Mozilla/5.0 (Linux; Android 6.0.1; Nexus 5X Build/MMB29P) AppleWebKit/537.36 (KHTML, like Gecko) Chrome/106.0.5249.103 Mobile Safari/537.36 (compatible; Googlebot/2.1; +http://www.google.com/bot.html)"
40.77.167.36 - - [15/Oct/2022:13:35:49 +0800] "GET /logs/ HTTP/1.1" 200 3406 "-" "Mozilla/5.0 AppleWebKit/537.36 (KHTML, like Gecko; compatible; bingbot/2.0; +http://www.bing.com/bingbot.htm) Chrome/103.0.5060.134 Safari/537.36"
187.16.46.232 - - [15/Oct/2022:13:51:03 +0800] "GET / HTTP/1.1" 200 794 "http://ft.kidcastle.com.cn" "Mozilla/5.0 (Windows NT 10.0; Win64; x64) AppleWebKit/537.36 (KHTML, like Gecko) Chrome/103.0.0.0 YaBrowser/22.7.0 Yowser/2.5 Safari/537.36"
40.77.167.36 - - [15/Oct/2022:14:07:31 +0800] "GET /logs/ HTTP/1.1" 200 3406 "-" "Mozilla/5.0 (compatible; bingbot/2.0; +http://www.bing.com/bingbot.htm)"
36.85.221.3 - - [15/Oct/2022:14:16:05 +0800] "GET /logs/access_20220413.log HTTP/1.1" 404 1186 "https://www.google.com/" "Mozilla/5.0 (Windows NT 10.0; Win64; x64) AppleWebKit/537.36 (KHTML, like Gecko) Chrome/106.0.0.0 Safari/537.36"
36.85.221.3 - - [15/Oct/2022:14:16:06 +0800] "GET /favicon.ico HTTP/1.1" 404 1242 "http://ft.kidcastle.com.cn/logs/access_20220413.log" "Mozilla/5.0 (Windows NT 10.0; Win64; x64) AppleWebKit/537.36 (KHTML, like Gecko) Chrome/106.0.0.0 Safari/537.36"
220.181.108.155 - - [15/Oct/2022:14:18:14 +0800] "GET /logs/access_20210823.log HTTP/1.1" 404 1052 "-" "Mozilla/5.0 (compatible; Baiduspider/2.0; +http://www.baidu.com/search/spider.html)"
